12-22 19:08:47.107 D/alsa_ucm(251): Setting mixer control: LINEOUT4 Volume, value: 83
12-22 19:08:47.107 D/alsa_ucm(251): Setting multi value: RX5 Digital Volume
12-22 19:08:47.107 D/alsa_ucm(251): Set mixer controls for HiFi enable 1
12-22 19:08:47.107 D/alsa_ucm(251): Setting mixer control: SLIMBUS_0_RX Audio Mixer MultiMedia1, value: 1
12-22 19:08:47.107 D/ALSADevice(251): close: handle 0xb6056680 h 0x0
12-22 19:08:47.107 D/ALSADevice(251): open: handle 0xb6056680, format 0x2
12-22 19:08:47.107 D/ALSADevice(251): Device value returned is hw:0,0
12-22 19:08:47.117 D/ALSADevice(251): handle->format: 0x2
12-22 19:08:47.117 D/ALSADevice(251): setHardwareParams: reqBuffSize 2048 channels 2 sampleRate 48000
12-22 19:08:47.117 D/ALSADevice(251): setHardwareParams: buffer_size 16384, period_size 2048, period_cnt 8
12-22 19:08:47.187 I/iu.UploadsManager(1389): INFO: /storage/sdcard1/DCIM/Camera/20140105_131500.jpg does not contain any EXIF data
12-22 19:08:47.187 I/iu.UploadsManager(1389): #reloadSettings(); account: -1; IU: disabled; IS: disabled; IS account: -1; photoWiFi: true; videoWiFi: true; roam: false; battery: true; size: FULL; maxMobile: 157286400
12-22 19:08:47.247 I/iu.UploadsManager(1389): NEW; upload media id: 33713; iu: -1
12-22 19:08:47.247 I/iu.UploadsManager(1389): NEW; add media id: 33713
12-22 19:08:47.388 I/iu.UploadsManager(1389): INFO: /storage/sdcard1/DCIM/Camera/20140105_131505.jpg does not contain any EXIF data
12-22 19:08:47.398 I/iu.UploadsManager(1389): #reloadSettings(); account: -1; IU: disabled; IS: disabled; IS account: -1; photoWiFi: true; videoWiFi: true; roam: false; battery: true; size: FULL; maxMobile: 157286400
12-22 19:08:47.418 I/iu.UploadsManager(1389): NEW; upload media id: 33714; iu: -1
12-22 19:08:47.418 I/iu.UploadsManager(1389): NEW; add media id: 33714
12-22 19:08:47.518 I/iu.UploadsManager(1389): INFO: /storage/sdcard1/DCIM/Camera/20140105_131643.jpg does not contain any EXIF data
12-22 19:08:47.518 I/iu.UploadsManager(1389): #reloadSettings(); account: -1; IU: disabled; IS: disabled; IS account: -1; photoWiFi: true; videoWiFi: true; roam: false; battery: true; size: FULL; maxMobile: 157286400
12-22 19:08:47.548 I/iu.UploadsManager(1389): NEW; upload media id: 33715; iu: -1
12-22 19:08:47.548 I/iu.UploadsManager(1389): NEW; add media id: 33715
12-22 19:08:47.598 D/TaskPersister(647): removeObsoleteFile: deleting file=94_task.xml
12-22 19:08:47.598 D/TaskPersister(647): removeObsoleteFile: deleting file=94_task_thumbnail.png
12-22 19:08:47.668 I/art     (25463): Explicit concurrent mark sweep GC freed 5208(387KB) AllocSpace objects, 0(0B) LOS objects, 25% free, 15MB/20MB, paused 579us total 29.510ms
12-22 19:08:47.708 I/iu.UploadsManager(1389): INFO: /storage/sdcard1/DCIM/Camera/20140105_131648.jpg does not contain any EXIF data
12-22 19:08:47.708 I/iu.UploadsManager(1389): #reloadSettings(); account: -1; IU: disabled; IS: disabled; IS account: -1; photoWiFi: true; videoWiFi: true; roam: false; battery: true; size: FULL; maxMobile: 157286400
12-22 19:08:47.718 E/PowerHAL(647): touch_boost: failed to send: No such file or directory
12-22 19:08:47.718 E/PowerHAL(647): touch_boost: failed to send: No such file or directory
12-22 19:08:47.718 E/PowerHAL(647): touch_boost: failed to send: No such file or directory
12-22 19:08:47.738 E/PowerHAL(647): touch_boost: failed to send: No such file or directory
12-22 19:08:47.738 E/PowerHAL(647): touch_boost: failed to send: No such file or directory
12-22 19:08:47.738 I/iu.UploadsManager(1389): NEW; upload media id: 33716; iu: -1
12-22 19:08:47.738 I/iu.UploadsManager(1389): NEW; add media id: 33716
12-22 19:08:47.748 E/PowerHAL(647): touch_boost: failed to send: No such file or directory
12-22 19:08:47.748 E/PowerHAL(647): touch_boost: failed to send: No such file or directory
12-22 19:08:47.768 E/PowerHAL(647): touch_boost: failed to send: No such file or directory
12-22 19:08:47.768 E/PowerHAL(647): touch_boost: failed to send: No such file or directory
12-22 19:08:47.778 I/Timeline(1146): Timeline: Activity_launch_request id:com.estrongs.android.pop time:9623324
12-22 19:08:47.778 I/ActivityManager(647): START u0 {act=android.intent.action.MAIN cat=[android.intent.category.LAUNCHER] flg=0x10200000 cmp=com.estrongs.android.pop/.view.FileExplorerActivity bnds=[174,839][408,1101] (has extras)} from uid 10014 on display 0
12-22 19:08:47.788 E/AudioTrack(647): AudioTrack::set : Exit
12-22 19:08:47.788 W/BroadcastQueue(647): Permission Denial: broadcasting Intent { act=com.android.launcher3.action.LAUNCH flg=0x10 (has extras) } from com.cyanogenmod.trebuchet (pid=1146, uid=10014) requires com.google.android.launcher.permission.RECEIVE_LAUNCH_BROADCASTS due to receiver com.google.android.googlequicksearchbox/com.google.android.search.core.icingsync.ApplicationLaunchReceiver
12-22 19:08:47.788 W/BroadcastQueue(647): Permission Denial: receiving Intent { act=com.android.launcher3.action.LAUNCH flg=0x10 (has extras) } to com.google.android.googlequicksearchbox/com.google.android.search.core.icingsync.ApplicationLaunchReceiver requires com.android.launcher3.permission.RECEIVE_LAUNCH_BROADCASTS due to sender com.cyanogenmod.trebuchet (uid 10014)
12-22 19:08:47.848 W/Zygote  (25910): createProcessGroup failed, kernel missing CONFIG_CGROUP_CPUACCT?
12-22 19:08:47.848 E/libprocessgroup(25910): failed to make and chown /acct/uid_10079: Read-only file system
12-22 19:08:47.848 I/ActivityManager(647): Start proc com.estrongs.android.pop for activity com.estrongs.android.pop/.view.FileExplorerActivity: pid=25910 uid=10079 gids={50079, 9997, 3003, 3002, 3001, 1028, 1015, 1023} abi=armeabi
12-22 19:08:47.968 I/iu.UploadsManager(1389): INFO: /storage/sdcard1/DCIM/Camera/20140105_131651.jpg does not contain any EXIF data
12-22 19:08:47.968 I/iu.UploadsManager(1389): #reloadSettings(); account: -1; IU: disabled; IS: disabled; IS account: -1; photoWiFi: true; videoWiFi: true; roam: false; battery: true; size: FULL; maxMobile: 157286400
12-22 19:08:47.968 E/ObjectHelper(25910): Can't find method:setCompatibilityInfo
12-22 19:08:47.988 I/iu.UploadsManager(1389): NEW; upload media id: 33717; iu: -1
12-22 19:08:47.988 I/iu.UploadsManager(1389): NEW; add media id: 33717
12-22 19:08:48.048 D/am      (25910): Refresh storage info done.25
12-22 19:08:48.168 I/iu.UploadsManager(1389): INFO: /storage/sdcard1/DCIM/Camera/20140105_131654.jpg does not contain any EXIF data
12-22 19:08:48.168 I/iu.UploadsManager(1389): #reloadSettings(); account: -1; IU: disabled; IS: disabled; IS account: -1; photoWiFi: true; videoWiFi: true; roam: false; battery: true; size: FULL; maxMobile: 157286400
12-22 19:08:48.188 D/BluetoothManagerService(647): Message: 20
12-22 19:08:48.188 D/BluetoothManagerService(647): Added callback: android.bluetooth.IBluetoothManagerCallback$Stub$Proxy@1f699096:true
12-22 19:08:48.198 I/iu.UploadsManager(1389): NEW; upload media id: 33718; iu: -1
12-22 19:08:48.198 I/iu.UploadsManager(1389): NEW; add media id: 33718
12-22 19:08:48.318 I/iu.UploadsManager(1389): INFO: /storage/sdcard1/DCIM/Camera/20140105_210648.jpg does not contain any EXIF data
12-22 19:08:48.318 I/iu.UploadsManager(1389): #reloadSettings(); account: -1; IU: disabled; IS: disabled; IS account: -1; photoWiFi: true; videoWiFi: true; roam: false; battery: true; size: FULL; maxMobile: 157286400
12-22 19:08:48.378 I/art     (1389): Explicit concurrent mark sweep GC freed 17215(990KB) AllocSpace objects, 0(0B) LOS objects, 24% free, 19MB/26MB, paused 854us total 46.295ms
12-22 19:08:48.399 I/iu.UploadsManager(1389): NEW; upload media id: 33719; iu: -1
12-22 19:08:48.399 I/iu.UploadsManager(1389): NEW; add media id: 33719
12-22 19:08:48.419 D/am      (25910): Refresh storage info done.25
12-22 19:08:48.499 I/iu.UploadsManager(1389): INFO: /storage/sdcard1/DCIM/Camera/20140106_143437.jpg does not contain any EXIF data
12-22 19:08:48.509 I/iu.UploadsManager(1389): #reloadSettings(); account: -1; IU: disabled; IS: disabled; IS account: -1; photoWiFi: true; videoWiFi: true; roam: false; battery: true; size: FULL; maxMobile: 157286400
12-22 19:08:48.519 I/iu.UploadsManager(1389): NEW; upload media id: 33720; iu: -1
12-22 19:08:48.519 I/iu.UploadsManager(1389): NEW; add media id: 33720
12-22 19:08:48.609 I/iu.UploadsManager(1389): INFO: /storage/sdcard1/DCIM/Camera/20140106_143454.jpg does not contain any EXIF data
12-22 19:08:48.619 I/iu.UploadsManager(1389): #reloadSettings(); account: -1; IU: disabled; IS: disabled; IS account: -1; photoWiFi: true; videoWiFi: true; roam: false; battery: true; size: FULL; maxMobile: 157286400
12-22 19:08:48.639 I/iu.UploadsManager(1389): NEW; upload media id: 33721; iu: -1
12-22 19:08:48.639 I/iu.UploadsManager(1389): NEW; add media id: 33721
12-22 19:08:48.649 D/WifiService(647): New client listening to asynchronous messages
12-22 19:08:48.689 D/OpenGLRenderer(25910): Render dirty regions requested: true
12-22 19:08:48.699 D/Atlas   (25910): Validating map...
12-22 19:08:48.819 I/art     (647): Explicit concurrent mark sweep GC freed 8614(362KB) AllocSpace objects, 1(1296KB) LOS objects, 30% free, 35MB/51MB, paused 1.556ms total 113.372ms
12-22 19:08:48.879 I/Adreno-EGL(25910): <qeglDrvAPI_eglInitialize:320>: EGL 1.4 QUALCOMM build: _msm8960_kk_2.7__release_AU ()
12-22 19:08:48.879 I/Adreno-EGL(25910): OpenGL ES Shader Compiler Version: 20.00.01
12-22 19:08:48.879 I/Adreno-EGL(25910): Build Date: 11/07/13 Thu
12-22 19:08:48.879 I/Adreno-EGL(25910): Local Branch: klp
12-22 19:08:48.879 I/Adreno-EGL(25910): Remote Branch: quic/hammerhead_klp
12-22 19:08:48.879 I/Adreno-EGL(25910): Local Patches: NONE
12-22 19:08:48.879 I/Adreno-EGL(25910): Reconstruct Branch: NOTHING
12-22 19:08:48.879 I/OpenGLRenderer(25910): Initialized EGL, version 1.4
12-22 19:08:48.889 I/iu.UploadsManager(1389): INFO: /storage/sdcard1/DCIM/Camera/20140106_144837.jpg does not contain any EXIF data
12-22 19:08:48.889 I/iu.UploadsManager(1389): #reloadSettings(); account: -1; IU: disabled; IS: disabled; IS account: -1; photoWiFi: true; videoWiFi: true; roam: false; battery: true; size: FULL; maxMobile: 157286400
12-22 19:08:48.909 I/iu.UploadsManager(1389): NEW; upload media id: 33722; iu: -1
12-22 19:08:48.909 I/iu.UploadsManager(1389): NEW; add media id: 33722
12-22 19:08:48.909 D/OpenGLRenderer(25910): Enabling debug mode 0
12-22 19:08:49.019 I/iu.UploadsManager(1389): INFO: /storage/sdcard1/DCIM/Camera/20140106_161423.jpg does not contain any EXIF data
12-22 19:08:49.019 I/iu.UploadsManager(1389): #reloadSettings(); account: -1; IU: disabled; IS: disabled; IS account: -1; photoWiFi: true; videoWiFi: true; roam: false; battery: true; size: FULL; maxMobile: 157286400
12-22 19:08:49.039 I/iu.UploadsManager(1389): NEW; upload media id: 33723; iu: -1
12-22 19:08:49.039 I/iu.UploadsManager(1389): NEW; add media id: 33723
12-22 19:08:49.099 I/ActivityManager(647): Displayed com.estrongs.android.pop/.view.FileExplorerActivity: +1s282ms
12-22 19:08:49.099 I/Timeline(647): Timeline: Activity_windows_visible id: ActivityRecord{3f851ac3 u0 com.estrongs.android.pop/.view.FileExplorerActivity t95} time:9624642
12-22 19:08:49.169 I/iu.UploadsManager(1389): INFO: /storage/sdcard1/DCIM/Camera/20140106_161604.jpg does not contain any EXIF data
12-22 19:08:49.169 I/iu.UploadsManager(1389): #reloadSettings(); account: -1; IU: disabled; IS: disabled; IS account: -1; photoWiFi: true; videoWiFi: true; roam: false; battery: true; size: FULL; maxMobile: 157286400
12-22 19:08:49.189 I/iu.UploadsManager(1389): NEW; upload media id: 33724; iu: -1
12-22 19:08:49.189 I/iu.UploadsManager(1389): NEW; add media id: 33724
12-22 19:08:49.319 I/iu.UploadsManager(1389): INFO: /storage/sdcard1/DCIM/Camera/20140106_173158.jpg does not contain any EXIF data
12-22 19:08:49.319 I/iu.UploadsManager(1389): #reloadSettings(); account: -1; IU: disabled; IS: disabled; IS account: -1; photoWiFi: true; videoWiFi: true; roam: false; battery: true; size: FULL; maxMobile: 157286400
12-22 19:08:49.399 I/iu.UploadsManager(1389): NEW; upload media id: 33725; iu: -1
12-22 19:08:49.399 I/iu.UploadsManager(1389): NEW; add media id: 33725
12-22 19:08:49.409 W/ResourceType(25910): No package identifier when getting value for resource number 0x00000000
12-22 19:08:49.470 W/ResourceType(25910): No package identifier when getting value for resource number 0x00000000
12-22 19:08:49.470 W/ResourceType(25910): No package identifier when getting value for resource number 0x00000000
12-22 19:08:49.470 W/ResourceType(25910): No package identifier when getting value for resource number 0x00000000
12-22 19:08:49.470 W/ResourceType(25910): No package identifier when getting value for resource number 0x00000000
12-22 19:08:49.470 W/ResourceType(25910): No package identifier when getting value for resource number 0x00000000
12-22 19:08:49.470 W/ResourceType(25910): No package identifier when getting value for resource number 0x00000000
12-22 19:08:49.470 W/ResourceType(25910): No package identifier when getting value for resource number 0x00000000
12-22 19:08:49.470 W/ResourceType(25910): No package identifier when getting value for resource number 0x00000000
12-22 19:08:49.470 W/ResourceType(25910): No package identifier when getting value for resource number 0x00000000
12-22 19:08:49.470 W/ResourceType(25910): No package identifier when getting value for resource number 0x00000000
12-22 19:08:49.480 W/ResourceType(25910): No package identifier when getting value for resource number 0x00000000
12-22 19:08:49.480 W/ResourceType(25910): No package identifier when getting value for resource number 0x00000000
12-22 19:08:49.480 W/ResourceType(25910): No package identifier when getting value for resource number 0x00000000
12-22 19:08:49.480 W/ResourceType(25910): No package identifier when getting value for resource number 0x00000000
12-22 19:08:49.480 W/ResourceType(25910): No package identifier when getting value for resource number 0x00000000
12-22 19:08:49.480 W/ResourceType(25910): No package identifier when getting value for resource number 0x00000000
12-22 19:08:49.480 W/ResourceType(25910): No package identifier when getting value for resource number 0x00000000
12-22 19:08:49.490 W/ResourceType(25910): No package identifier when getting value for resource number 0x00000000
12-22 19:08:49.490 W/ResourceType(25910): No package identifier when getting value for resource number 0x00000000
12-22 19:08:49.490 W/ResourceType(25910): No package identifier when getting value for resource number 0x00000000
12-22 19:08:49.490 W/ResourceType(25910): No package identifier when getting value for resource number 0x00000000
12-22 19:08:49.490 W/ResourceType(25910): No package identifier when getting value for resource number 0x00000000
12-22 19:08:49.570 W/System.err(25910): javax.crypto.IllegalBlockSizeException: last block incomplete in decryption
12-22 19:08:49.570 W/System.err(25910): 	at com.android.org.bouncycastle.jcajce.provider.symmetric.util.BaseBlockCipher.engineDoFinal(BaseBlockCipher.java:850)
12-22 19:08:49.570 W/System.err(25910): 	at javax.crypto.Cipher.doFinal(Cipher.java:1340)
12-22 19:08:49.570 W/System.err(25910): 	at com.estrongs.android.util.j.c(Unknown Source)
12-22 19:08:49.570 W/System.err(25910): 	at com.estrongs.android.util.bc.b(Unknown Source)
12-22 19:08:49.570 W/System.err(25910): 	at com.estrongs.android.util.bc.d(Unknown Source)
12-22 19:08:49.570 W/System.err(25910): 	at com.estrongs.android.util.am.bA(Unknown Source)
12-22 19:08:49.570 W/System.err(25910): 	at com.estrongs.android.util.bd.i(Unknown Source)
12-22 19:08:49.570 W/System.err(25910): 	at com.estrongs.android.util.bd.b(Unknown Source)
12-22 19:08:49.570 W/System.err(25910): 	at com.estrongs.android.pop.view.FileExplorerActivity.J(Unknown Source)
12-22 19:08:49.570 W/System.err(25910): 	at com.estrongs.android.pop.view.ai.run(Unknown Source)
12-22 19:08:49.570 W/System.err(25910): 	at java.lang.Thread.run(Thread.java:818)
12-22 19:08:49.580 W/System.err(25910): javax.crypto.IllegalBlockSizeException: last block incomplete in decryption
12-22 19:08:49.580 W/System.err(25910): 	at com.android.org.bouncycastle.jcajce.provider.symmetric.util.BaseBlockCipher.engineDoFinal(BaseBlockCipher.java:850)
12-22 19:08:49.580 W/System.err(25910): 	at javax.crypto.Cipher.doFinal(Cipher.java:1340)
12-22 19:08:49.580 W/System.err(25910): 	at com.estrongs.android.util.j.c(Unknown Source)
12-22 19:08:49.580 W/System.err(25910): 	at com.estrongs.android.util.bc.b(Unknown Source)
12-22 19:08:49.580 W/System.err(25910): 	at com.estrongs.android.util.bc.d(Unknown Source)
12-22 19:08:49.580 W/System.err(25910): 	at com.estrongs.android.util.am.bA(Unknown Source)
12-22 19:08:49.580 W/System.err(25910): 	at com.estrongs.android.util.bd.i(Unknown Source)
12-22 19:08:49.580 W/System.err(25910): 	at com.estrongs.android.util.bd.b(Unknown Source)
12-22 19:08:49.580 W/System.err(25910): 	at com.estrongs.android.pop.view.FileExplorerActivity.J(Unknown Source)
12-22 19:08:49.580 W/System.err(25910): 	at com.estrongs.android.pop.view.ai.run(Unknown Source)
12-22 19:08:49.580 W/System.err(25910): 	at java.lang.Thread.run(Thread.java:818)
12-22 19:08:49.610 I/iu.UploadsManager(1389): INFO: /storage/sdcard1/DCIM/Camera/20140106_173202.jpg does not contain any EXIF data
12-22 19:08:49.610 I/iu.UploadsManager(1389): #reloadSettings(); account: -1; IU: disabled; IS: disabled; IS account: -1; photoWiFi: true; videoWiFi: true; roam: false; battery: true; size: FULL; maxMobile: 157286400
12-22 19:08:49.620 I/WebViewFactory(25910): Loading com.android.webview version 37 (5a5659bb7b-arm) (code 100001)
12-22 19:08:49.640 I/iu.UploadsManager(1389): NEW; upload media id: 33726; iu: -1
12-22 19:08:49.640 I/iu.UploadsManager(1389): NEW; add media id: 33726
12-22 19:08:49.660 I/LibraryLoader(25910): Loading: webviewchromium
12-22 19:08:49.670 I/LibraryLoader(25910): Time to load native libraries: 18 ms (timestamps 5200-5218)
12-22 19:08:49.680 I/LibraryLoader(25910): Expected native library version number "",actual native library version number ""
12-22 19:08:49.680 V/WebViewChromiumFactoryProvider(25910): Binding Chromium to main looper Looper (main, tid 1) {15e9e690}
12-22 19:08:49.680 I/LibraryLoader(25910): Expected native library version number "",actual native library version number ""
12-22 19:08:49.680 I/chromium(25910): [INFO:library_loader_hooks.cc(106)] Chromium logging enabled: level = 0, default verbosity = 0
12-22 19:08:49.710 I/art     (25910): Background sticky concurrent mark sweep GC freed 38886(2MB) AllocSpace objects, 33(806KB) LOS objects, 12% free, 22MB/25MB, paused 5.706ms total 72.784ms
12-22 19:08:49.710 I/BrowserStartupController(25910): Initializing chromium process, renderers=0
12-22 19:08:49.710 W/art     (25910): Attempt to remove local handle scope entry from IRT, ignoring
12-22 19:08:49.710 W/Zygote  (25984): createProcessGroup failed, kernel missing CONFIG_CGROUP_CPUACCT?
12-22 19:08:49.710 I/ActivityManager(647): Start proc com.android.externalstorage for content provider com.android.externalstorage/.ExternalStorageProvider: pid=25984 uid=10024 gids={50024, 9997, 1028, 1015, 1023} abi=armeabi-v7a
12-22 19:08:49.710 E/libprocessgroup(25984): failed to make and chown /acct/uid_10024: Read-only file system
12-22 19:08:49.750 W/chromium(25910): [WARNING:resource_bundle.cc(315)] locale_file_path.empty()
12-22 19:08:49.750 I/chromium(25910): [INFO:aw_browser_main_parts.cc(63)] Load from apk succesful, fd=72 off=33308 len=3488
12-22 19:08:49.750 I/chromium(25910): [INFO:aw_browser_main_parts.cc(78)] Loading webviewchromium.pak from, fd:74 off:228796 len:643667
12-22 19:08:49.770 D/BluetoothAdapter(25910): 1010252681: getState() :  mService = null. Returning STATE_OFF
12-22 19:08:49.780 D/ExternalStorage(25984): After updating volumes, found 2 active roots
12-22 19:08:49.800 E/DatabaseUtils(25984): Writing exception to parcel
12-22 19:08:49.800 E/DatabaseUtils(25984): java.lang.IllegalStateException: Failed call android:createDocument
12-22 19:08:49.800 E/DatabaseUtils(25984): 	at android.provider.DocumentsProvider.call(DocumentsProvider.java:688)
12-22 19:08:49.800 E/DatabaseUtils(25984): 	at android.content.ContentProvider$Transport.call(ContentProvider.java:370)
12-22 19:08:49.800 E/DatabaseUtils(25984): 	at android.content.ContentProviderNative.onTransact(ContentProviderNative.java:282)
12-22 19:08:49.800 E/DatabaseUtils(25984): 	at android.os.Binder.execTransact(Binder.java:446)
12-22 19:08:49.800 E/DatabaseUtils(25984): Caused by: java.io.FileNotFoundException: Missing file for B208-0685: at /storage/sdcard1
12-22 19:08:49.800 E/DatabaseUtils(25984): 	at com.android.externalstorage.ExternalStorageProvider.getFileForDocId(ExternalStorageProvider.java:232)
12-22 19:08:49.800 E/DatabaseUtils(25984): 	at com.android.externalstorage.ExternalStorageProvider.createDocument(ExternalStorageProvider.java:316)
12-22 19:08:49.800 E/DatabaseUtils(25984): 	at android.provider.DocumentsProvider.call(DocumentsProvider.java:644)
12-22 19:08:49.800 E/DatabaseUtils(25984): 	... 3 more
12-22 19:08:49.810 W/Documents(25910): Failed to create document
12-22 19:08:49.810 W/Documents(25910): java.lang.IllegalStateException: Failed call android:createDocument
12-22 19:08:49.810 W/Documents(25910): 	at android.os.Parcel.readException(Parcel.java:1548)
12-22 19:08:49.810 W/Documents(25910): 	at android.database.DatabaseUtils.readExceptionFromParcel(DatabaseUtils.java:185)
12-22 19:08:49.810 W/Documents(25910): 	at android.database.DatabaseUtils.readExceptionFromParcel(DatabaseUtils.java:137)
12-22 19:08:49.810 W/Documents(25910): 	at android.content.ContentProviderProxy.call(ContentProviderNative.java:643)
12-22 19:08:49.810 W/Documents(25910): 	at android.content.ContentProviderClient.call(ContentProviderClient.java:392)
12-22 19:08:49.810 W/Documents(25910): 	at android.provider.DocumentsContract.createDocument(DocumentsContract.java:918)
12-22 19:08:49.810 W/Documents(25910): 	at android.provider.DocumentsContract.createDocument(DocumentsContract.java:901)
12-22 19:08:49.810 W/Documents(25910): 	at java.lang.reflect.Method.invoke(Native Method)
12-22 19:08:49.810 W/Documents(25910): 	at java.lang.reflect.Method.invoke(Method.java:372)
12-22 19:08:49.810 W/Documents(25910): 	at com.estrongs.fs.impl.local.a.b(Unknown Source)
12-22 19:08:49.810 W/Documents(25910): 	at com.estrongs.fs.impl.local.a.c(Unknown Source)
12-22 19:08:49.810 W/Documents(25910): 	at com.estrongs.fs.impl.local.h.g(Unknown Source)
12-22 19:08:49.810 W/Documents(25910): 	at com.estrongs.fs.d.c(Unknown Source)
12-22 19:08:49.810 W/Documents(25910): 	at com.estrongs.fs.d.g(Unknown Source)
12-22 19:08:49.810 W/Documents(25910): 	at com.estrongs.android.pop.x.y(Unknown Source)
12-22 19:08:49.810 W/Documents(25910): 	at com.estrongs.fs.impl.b.d.a(Unknown Source)
12-22 19:08:49.810 W/Documents(25910): 	at com.estrongs.android.ui.c.b.h.a(Unknown Source)
12-22 19:08:49.810 W/Documents(25910): 	at com.estrongs.android.ui.c.b.h.doInBackground(Unknown Source)
12-22 19:08:49.810 W/Documents(25910): 	at android.os.AsyncTask$2.call(AsyncTask.java:288)
12-22 19:08:49.810 W/Documents(25910): 	at java.util.concurrent.FutureTask.run(FutureTask.java:237)
12-22 19:08:49.810 W/Documents(25910): 	at android.os.AsyncTask$SerialExecutor$1.run(AsyncTask.java:231)
12-22 19:08:49.810 W/Documents(25910): 	at java.util.concurrent.ThreadPoolExecutor.runWorker(ThreadPoolExecutor.java:1112)
12-22 19:08:49.810 W/Documents(25910): 	at java.util.concurrent.ThreadPoolExecutor$Worker.run(ThreadPoolExecutor.java:587)
12-22 19:08:49.810 W/Documents(25910): 	at java.lang.Thread.run(Thread.java:818)
12-22 19:08:49.820 I/iu.UploadsManager(1389): INFO: /storage/sdcard1/DCIM/Camera/20140208_205903.jpg does not contain any EXIF data
12-22 19:08:49.820 I/iu.UploadsManager(1389): #reloadSettings(); account: -1; IU: disabled; IS: disabled; IS account: -1; photoWiFi: true; videoWiFi: true; roam: false; battery: true; size: FULL; maxMobile: 157286400
12-22 19:08:49.820 W/stat    (25910): stat send log data over. result=true 
12-22 19:08:49.840 I/iu.UploadsManager(1389): NEW; upload media id: 33727; iu: -1
12-22 19:08:49.840 I/iu.UploadsManager(1389): NEW; add media id: 33727
12-22 19:08:49.940 I/iu.UploadsManager(1389): INFO: /storage/sdcard1/DCIM/Camera/20140209_180114.jpg does not contain any EXIF data
12-22 19:08:49.940 I/iu.UploadsManager(1389): #reloadSettings(); account: -1; IU: disabled; IS: disabled; IS account: -1; photoWiFi: true; videoWiFi: true; roam: false; battery: true; size: FULL; maxMobile: 157286400
12-22 19:08:49.970 I/iu.UploadsManager(1389): NEW; upload media id: 33728; iu: -1
12-22 19:08:49.970 I/iu.UploadsManager(1389): NEW; add media id: 33728
12-22 19:08:50.050 I/iu.UploadsManager(1389): INFO: /storage/sdcard1/DCIM/Camera/20140710_104733.jpg does not contain any EXIF data
12-22 19:08:50.050 I/iu.UploadsManager(1389): #reloadSettings(); account: -1; IU: disabled; IS: disabled; IS account: -1; photoWiFi: true; videoWiFi: true; roam: false; battery: true; size: FULL; maxMobile: 157286400
12-22 19:08:50.100 I/iu.UploadsManager(1389): NEW; upload media id: 33729; iu: -1
12-22 19:08:50.100 I/iu.UploadsManager(1389): NEW; add media id: 33729
12-22 19:08:50.140 W/asset   (25910): Asset path /system/app/PlayGames/PlayGames.apk is neither a directory nor file (type=1).
12-22 19:08:50.140 W/PackageManager(25910): Failure retrieving resources for com.google.android.play.games
12-22 19:08:50.140 W/asset   (25910): Asset path /system/app/PlayGames/PlayGames.apk is neither a directory nor file (type=1).
12-22 19:08:50.140 W/PackageManager(25910): Failure retrieving resources for com.google.android.play.games
12-22 19:08:50.210 W/ResourceType(25910): ResTable_typeSpec entry count inconsistent: given 1, previously 1426
12-22 19:08:50.220 I/iu.UploadsManager(1389): INFO: /storage/sdcard1/DCIM/Camera/20140712_223642.jpg does not contain any EXIF data
12-22 19:08:50.220 I/iu.UploadsManager(1389): #reloadSettings(); account: -1; IU: disabled; IS: disabled; IS account: -1; photoWiFi: true; videoWiFi: true; roam: false; battery: true; size: FULL; maxMobile: 157286400
12-22 19:08:50.240 I/Timeline(25910): Timeline: Activity_idle id: android.os.BinderProxy@37e42fb9 time:9625785
12-22 19:08:50.260 I/iu.UploadsManager(1389): NEW; upload media id: 33730; iu: -1
12-22 19:08:50.260 I/iu.UploadsManager(1389): NEW; add media id: 33730
12-22 19:08:50.280 E/WifiStateMachine(647): WifiStateMachine CMD_START_SCAN source -2 txSuccessRate=4,08 rxSuccessRate=3,76 targetRoamBSSID=00:00:00:00:00:00 RSSI=-47
12-22 19:08:50.290 I/wpa_supplicant(22850): wlan0: CTRL-EVENT-SCAN-STARTED 
12-22 19:08:50.350 I/iu.UploadsManager(1389): INFO: /storage/sdcard1/DCIM/Camera/C360_2011-11-1900-43-23.jpg does not contain any EXIF data
12-22 19:08:50.350 I/iu.UploadsManager(1389): #reloadSettings(); account: -1; IU: disabled; IS: disabled; IS account: -1; photoWiFi: true; videoWiFi: true; roam: false; battery: true; size: FULL; maxMobile: 157286400
12-22 19:08:50.370 I/iu.UploadsManager(1389): NEW; upload media id: 33731; iu: -1
12-22 19:08:50.370 I/iu.UploadsManager(1389): NEW; add media id: 33731
12-22 19:08:50.461 I/iu.UploadsManager(1389): INFO: /storage/sdcard1/DCIM/Camera/C360_2011-11-1901-27-28.jpg does not contain any EXIF data
12-22 19:08:50.461 I/iu.UploadsManager(1389): #reloadSettings(); account: -1; IU: disabled; IS: disabled; IS account: -1; photoWiFi: true; videoWiFi: true; roam: false; battery: true; size: FULL; maxMobile: 157286400
12-22 19:08:50.481 I/iu.UploadsManager(1389): NEW; upload media id: 33732; iu: -1
12-22 19:08:50.481 I/iu.UploadsManager(1389): NEW; add media id: 33732
12-22 19:08:50.501 W/ResourcesManager(25910): Asset path '/system/framework/com.google.android.media.effects.jar' does not exist or contains no resources.
12-22 19:08:50.551 E/PowerHAL(647): touch_boost: failed to send: No such file or directory
12-22 19:08:50.551 E/PowerHAL(647): touch_boost: failed to send: No such file or directory
12-22 19:08:50.551 E/PowerHAL(647): touch_boost: failed to send: No such file or directory
12-22 19:08:50.571 I/iu.UploadsManager(1389): INFO: /storage/sdcard1/DCIM/Camera/C360_2011-11-3014-14-41.jpg does not contain any EXIF data
12-22 19:08:50.571 I/iu.UploadsManager(1389): #reloadSettings(); account: -1; IU: disabled; IS: disabled; IS account: -1; photoWiFi: true; videoWiFi: true; roam: false; battery: true; size: FULL; maxMobile: 157286400
12-22 19:08:50.591 I/iu.UploadsManager(1389): NEW; upload media id: 33733; iu: -1
12-22 19:08:50.591 I/iu.UploadsManager(1389): NEW; add media id: 33733
12-22 19:08:50.611 E/PowerHAL(647): touch_boost: failed to send: No such file or directory
12-22 19:08:50.611 E/PowerHAL(647): touch_boost: failed to send: No such file or directory
12-22 19:08:50.621 E/PowerHAL(647): touch_boost: failed to send: No such file or directory
12-22 19:08:50.621 E/PowerHAL(647): touch_boost: failed to send: No such file or directory
12-22 19:08:50.801 I/art     (647): Explicit concurrent mark sweep GC freed 10694(524KB) AllocSpace objects, 1(16KB) LOS objects, 30% free, 36MB/52MB, paused 2.471ms total 144.470ms
12-22 19:08:50.861 I/iu.UploadsManager(1389): INFO: /storage/sdcard1/DCIM/Camera/C360_2011-11-3014-15-30.jpg does not contain any EXIF data
12-22 19:08:50.861 I/iu.UploadsManager(1389): #reloadSettings(); account: -1; IU: disabled; IS: disabled; IS account: -1; photoWiFi: true; videoWiFi: true; roam: false; battery: true; size: FULL; maxMobile: 157286400
12-22 19:08:50.881 I/iu.UploadsManager(1389): NEW; upload media id: 33734; iu: -1
12-22 19:08:50.881 I/iu.UploadsManager(1389): NEW; add media id: 33734
12-22 19:08:50.961 I/art     (25463): Explicit concurrent mark sweep GC freed 5021(364KB) AllocSpace objects, 0(0B) LOS objects, 25% free, 15MB/20MB, paused 366us total 18.402ms
12-22 19:08:50.991 D/ALSADevice(251): standby: handle 0xb6056680 h 0x0
12-22 19:08:51.001 I/iu.UploadsManager(1389): INFO: /storage/sdcard1/DCIM/Camera/C360_2011-11-3014-18-01.jpg does not contain any EXIF data
12-22 19:08:51.001 I/iu.UploadsManager(1389): #reloadSettings(); account: -1; IU: disabled; IS: disabled; IS account: -1; photoWiFi: true; videoWiFi: true; roam: false; battery: true; size: FULL; maxMobile: 157286400
12-22 19:08:51.021 I/iu.UploadsManager(1389): NEW; upload media id: 33735; iu: -1
12-22 19:08:51.021 I/iu.UploadsManager(1389): NEW; add media id: 33735
12-22 19:08:51.111 I/iu.UploadsManager(1389): INFO: /storage/sdcard1/DCIM/Camera/C360_2011-11-3014-19-06.jpg does not contain any EXIF data
12-22 19:08:51.111 I/iu.UploadsManager(1389): #reloadSettings(); account: -1; IU: disabled; IS: disabled; IS account: -1; photoWiFi: true; videoWiFi: true; roam: false; battery: true; size: FULL; maxMobile: 157286400
12-22 19:08:51.131 I/iu.UploadsManager(1389): NEW; upload media id: 33736; iu: -1
12-22 19:08:51.131 I/iu.UploadsManager(1389): NEW; add media id: 33736
12-22 19:08:51.161 D/alsa_ucm(251): snd_use_case_set(): uc_mgr 0xb604f760 identifier _verb value Inactive
12-22 19:08:51.161 D/alsa_ucm(251): Set mixer controls for HiFi enable 0
12-22 19:08:51.161 D/alsa_ucm(251): Setting mixer control: SLIMBUS_0_RX Audio Mixer MultiMedia1, value: 0
12-22 19:08:51.161 D/alsa_ucm(251): snd_use_case_set(): uc_mgr 0xb604f760 identifier _disdev value Speaker
12-22 19:08:51.161 D/alsa_ucm(251): Set mixer controls for Speaker enable 0
12-22 19:08:51.161 D/alsa_ucm(251): Setting mixer control: RX5 MIX1 INP1, value: ZERO
12-22 19:08:51.171 D/alsa_ucm(251): Setting mixer control: RX5 MIX1 INP2, value: ZERO
12-22 19:08:51.171 D/alsa_ucm(251): Setting mixer control: LINEOUT2 Volume, value: 0
12-22 19:08:51.171 D/alsa_ucm(251): Setting mixer control: LINEOUT4 Volume, value: 0
12-22 19:08:51.171 D/alsa_ucm(251): Setting mixer control: RX5 Digital Volume, value: 0
12-22 19:08:51.171 D/AudioUsbALSA(251): exitPlaybackThread, mproxypfdPlayback: -1
12-22 19:08:51.171 D/AudioUsbALSA(251): closeDevice handle 0x0
12-22 19:08:51.171 D/AudioUsbALSA(251): closeDevice handle 0x0
12-22 19:08:51.221 I/iu.UploadsManager(1389): INFO: /storage/sdcard1/DCIM/Camera/C360_2011-12-31-20-58-34.jpg does not contain any EXIF data
12-22 19:08:51.221 I/iu.UploadsManager(1389): #reloadSettings(); account: -1; IU: disabled; IS: disabled; IS account: -1; photoWiFi: true; videoWiFi: true; roam: false; battery: true; size: FULL; maxMobile: 157286400
12-22 19:08:51.241 I/iu.UploadsManager(1389): NEW; upload media id: 33737; iu: -1
12-22 19:08:51.241 I/iu.UploadsManager(1389): NEW; add media id: 33737
12-22 19:08:51.351 I/iu.UploadsManager(1389): INFO: /storage/sdcard1/DCIM/Camera/CIMG4402.jpg does not contain any EXIF data
12-22 19:08:51.351 I/iu.UploadsManager(1389): #reloadSettings(); account: -1; IU: disabled; IS: disabled; IS account: -1; photoWiFi: true; videoWiFi: true; roam: false; battery: true; size: FULL; maxMobile: 157286400
12-22 19:08:51.371 I/iu.UploadsManager(1389): NEW; upload media id: 33738; iu: -1
12-22 19:08:51.371 I/iu.UploadsManager(1389): NEW; add media id: 33738
12-22 19:08:51.502 I/iu.UploadsManager(1389): INFO: /storage/sdcard1/DCIM/Camera/DSC00018.JPG does not contain any EXIF data
12-22 19:08:51.502 E/PowerHAL(647): touch_boost: failed to send: No such file or directory
12-22 19:08:51.502 E/PowerHAL(647): touch_boost: failed to send: No such file or directory
12-22 19:08:51.502 I/iu.UploadsManager(1389): #reloadSettings(); account: -1; IU: disabled; IS: disabled; IS account: -1; photoWiFi: true; videoWiFi: true; roam: false; battery: true; size: FULL; maxMobile: 157286400
12-22 19:08:51.502 E/PowerHAL(647): touch_boost: failed to send: No such file or directory
12-22 19:08:51.542 I/iu.UploadsManager(1389): NEW; upload media id: 33739; iu: -1
12-22 19:08:51.542 I/iu.UploadsManager(1389): NEW; add media id: 33739
12-22 19:08:51.582 E/PowerHAL(647): touch_boost: failed to send: No such file or directory
12-22 19:08:51.582 E/PowerHAL(647): touch_boost: failed to send: No such file or directory
12-22 19:08:51.612 I/art     (1389): Explicit concurrent mark sweep GC freed 14686(862KB) AllocSpace objects, 0(0B) LOS objects, 24% free, 19MB/26MB, paused 1.190ms total 67.169ms
12-22 19:08:51.682 E/PowerHAL(647): touch_boost: failed to send: No such file or directory
12-22 19:08:51.682 E/PowerHAL(647): touch_boost: failed to send: No such file or directory
12-22 19:08:51.702 I/auditd  (26036): Starting up
12-22 19:08:51.702 E/auditd  (26036): Failed on audit_set_pid with error: Protocol not supported
12-22 19:08:51.702 I/auditd  (26036): Exiting
12-22 19:08:51.742 I/iu.UploadsManager(1389): INFO: /storage/sdcard1/DCIM/Camera/Funny_Warp_1357914703.jpg does not contain any EXIF data
12-22 19:08:51.742 I/iu.UploadsManager(1389): #reloadSettings(); account: -1; IU: disabled; IS: disabled; IS account: -1; photoWiFi: true; videoWiFi: true; roam: false; battery: true; size: FULL; maxMobile: 157286400
12-22 19:08:51.762 E/PowerHAL(647): touch_boost: failed to send: No such file or directory
12-22 19:08:51.762 I/iu.UploadsManager(1389): NEW; upload media id: 33740; iu: -1
12-22 19:08:51.762 I/iu.UploadsManager(1389): NEW; add media id: 33740
12-22 19:08:51.762 E/PowerHAL(647): touch_boost: failed to send: No such file or directory
12-22 19:08:51.842 E/PowerHAL(647): touch_boost: failed to send: No such file or directory
12-22 19:08:51.842 E/PowerHAL(647): touch_boost: failed to send: No such file or directory
12-22 19:08:51.842 I/NotificationService(647): cancelToast pkg=com.estrongs.android.pop callback=android.app.ITransientNotification$Stub$Proxy@1783e85
12-22 19:08:51.912 E/PowerHAL(647): touch_boost: failed to send: No such file or directory
12-22 19:08:51.962 I/iu.UploadsManager(1389): INFO: /storage/sdcard1/DCIM/Camera/IMAG0021.jpg does not contain any EXIF data
12-22 19:08:51.962 I/iu.UploadsManager(1389): #reloadSettings(); account: -1; IU: disabled; IS: disabled; IS account: -1; photoWiFi: true; videoWiFi: true; roam: false; battery: true; size: FULL; maxMobile: 157286400
12-22 19:08:52.042 I/iu.UploadsManager(1389): NEW; upload media id: 33741; iu: -1
12-22 19:08:52.042 I/iu.UploadsManager(1389): NEW; add media id: 33741
12-22 19:08:52.042 E/PowerHAL(647): touch_boost: failed to send: No such file or directory
12-22 19:08:52.042 E/PowerHAL(647): touch_boost: failed to send: No such file or directory
12-22 19:08:52.112 E/PowerHAL(647): touch_boost: failed to send: No such file or directory
12-22 19:08:52.112 E/PowerHAL(647): touch_boost: failed to send: No such file or directory
12-22 19:08:52.112 E/PowerHAL(647): touch_boost: failed to send: No such file or directory
12-22 19:08:52.152 E/PowerHAL(647): touch_boost: failed to send: No such file or directory
12-22 19:08:52.152 E/PowerHAL(647): touch_boost: failed to send: No such file or directory
12-22 19:08:52.152 W/ViewRootImpl(1146): Dropping event due to no window focus: KeyEvent { action=ACTION_DOWN, keyCode=KEYCODE_BACK, scanCode=158, metaState=0, flags=0x8, repeatCount=0, eventTime=9627523, downTime=9627523, deviceId=1, source=0x101 }
12-22 19:08:52.192 I/Timeline(1146): Timeline: Activity_idle id: android.os.BinderProxy@2868a045 time:9627735
12-22 19:08:52.192 E/PowerHAL(647): touch_boost: failed to send: No such file or directory
12-22 19:08:52.202 E/PowerHAL(647): touch_boost: failed to send: No such file or directory
12-22 19:08:52.202 E/PowerHAL(647): touch_boost: failed to send: No such file or directory
12-22 19:08:52.302 E/PowerHAL(647): touch_boost: failed to send: No such file or directory
12-22 19:08:52.302 E/PowerHAL(647): touch_boost: failed to send: No such file or directory
12-22 19:08:52.322 I/iu.UploadsManager(1389): INFO: /storage/sdcard1/DCIM/Camera/IMG_20140227_202220.jpg does not contain any EXIF data
12-22 19:08:52.322 I/iu.UploadsManager(1389): #reloadSettings(); account: -1; IU: disabled; IS: disabled; IS account: -1; photoWiFi: true; videoWiFi: true; roam: false; battery: true; size: FULL; maxMobile: 157286400
12-22 19:08:52.362 I/iu.UploadsManager(1389): NEW; upload media id: 33742; iu: -1
12-22 19:08:52.362 I/iu.UploadsManager(1389): NEW; add media id: 33742
12-22 19:08:52.362 E/PowerHAL(647): touch_boost: failed to send: No such file or directory
12-22 19:08:52.372 E/PowerHAL(647): touch_boost: failed to send: No such file or directory
12-22 19:08:52.442 I/Timeline(647): Timeline: Activity_windows_visible id: ActivityRecord{3da246e4 u0 com.cyanogenmod.trebuchet/com.android.launcher3.Launcher t1} time:9627982
12-22 19:08:52.533 I/iu.UploadsManager(1389): INFO: /storage/sdcard1/DCIM/Camera/IMG_20140227_202248.jpg does not contain any EXIF data
12-22 19:08:52.533 I/iu.UploadsManager(1389): #reloadSettings(); account: -1; IU: disabled; IS: disabled; IS account: -1; photoWiFi: true; videoWiFi: true; roam: false; battery: true; size: FULL; maxMobile: 157286400
12-22 19:08:52.553 I/iu.UploadsManager(1389): NEW; upload media id: 33743; iu: -1
12-22 19:08:52.553 I/iu.UploadsManager(1389): NEW; add media id: 33743
12-22 19:08:52.573 E/PowerHAL(647): touch_boost: failed to send: No such file or directory
12-22 19:08:52.663 W/OpenGLRenderer(1146): Incorrectly called buildLayer on View: ShortcutAndWidgetContainer, destroying layer...
12-22 19:08:52.693 I/iu.UploadsManager(1389): INFO: /storage/sdcard1/DCIM/Camera/IMG_20140227_203342.jpg does not contain any EXIF data
12-22 19:08:52.693 I/iu.UploadsManager(1389): #reloadSettings(); account: -1; IU: disabled; IS: disabled; IS account: -1; photoWiFi: true; videoWiFi: true; roam: false; battery: true; size: FULL; maxMobile: 157286400
12-22 19:08:52.713 I/iu.UploadsManager(1389): NEW; upload media id: 33744; iu: -1
12-22 19:08:52.713 I/iu.UploadsManager(1389): NEW; add media id: 33744
12-22 19:08:52.833 I/art     (25463): Explicit concurrent mark sweep GC freed 5019(368KB) AllocSpace objects, 0(0B) LOS objects, 24% free, 15MB/20MB, paused 610us total 27.587ms
12-22 19:08:52.843 I/iu.UploadsManager(1389): INFO: /storage/sdcard1/DCIM/Camera/IMG_20140301_171517.jpg does not contain any EXIF data
12-22 19:08:52.843 I/iu.UploadsManager(1389): #reloadSettings(); account: -1; IU: disabled; IS: disabled; IS account: -1; photoWiFi: true; videoWiFi: true; roam: false; battery: true; size: FULL; maxMobile: 157286400
12-22 19:08:52.873 I/iu.UploadsManager(1389): NEW; upload media id: 33745; iu: -1
12-22 19:08:52.873 I/iu.UploadsManager(1389): NEW; add media id: 33745
12-22 19:08:52.983 I/iu.UploadsManager(1389): INFO: /storage/sdcard1/DCIM/Camera/IMG_20140328_213606.jpg does not contain any EXIF data
12-22 19:08:52.983 I/iu.UploadsManager(1389): #reloadSettings(); account: -1; IU: disabled; IS: disabled; IS account: -1; photoWiFi: true; videoWiFi: true; roam: false; battery: true; size: FULL; maxMobile: 157286400
12-22 19:08:53.003 I/iu.UploadsManager(1389): NEW; upload media id: 33746; iu: -1
12-22 19:08:53.003 I/iu.UploadsManager(1389): NEW; add media id: 33746
12-22 19:08:53.143 I/art     (647): Explicit concurrent mark sweep GC freed 11139(437KB) AllocSpace objects, 1(1296KB) LOS objects, 30% free, 37MB/53MB, paused 2.227ms total 114.166ms
12-22 19:08:53.223 I/iu.UploadsManager(1389): INFO: /storage/sdcard1/DCIM/Camera/IMG_20140329_052735.jpg does not contain any EXIF data
12-22 19:08:53.223 I/iu.UploadsManager(1389): #reloadSettings(); account: -1; IU: disabled; IS: disabled; IS account: -1; photoWiFi: true; videoWiFi: true; roam: false; battery: true; size: FULL; maxMobile: 157286400
12-22 19:08:53.243 I/iu.UploadsManager(1389): NEW; upload media id: 33747; iu: -1
12-22 19:08:53.243 I/iu.UploadsManager(1389): NEW; add media id: 33747
12-22 19:08:53.333 I/iu.UploadsManager(1389): INFO: /storage/sdcard1/DCIM/Camera/IMG_20140418_164405.jpg does not contain any EXIF data
12-22 19:08:53.333 I/iu.UploadsManager(1389): #reloadSettings(); account: -1; IU: disabled; IS: disabled; IS account: -1; photoWiFi: true; videoWiFi: true; roam: false; battery: true; size: FULL; maxMobile: 157286400
12-22 19:08:53.353 I/iu.UploadsManager(1389): NEW; upload media id: 33748; iu: -1
12-22 19:08:53.353 I/iu.UploadsManager(1389): NEW; add media id: 33748
12-22 19:08:53.473 I/iu.UploadsManager(1389): INFO: /storage/sdcard1/DCIM/Camera/IMG_20140420_204014.jpg does not contain any EXIF data
12-22 19:08:53.473 I/iu.UploadsManager(1389): #reloadSettings(); account: -1; IU: disabled; IS: disabled; IS account: -1; photoWiFi: true; videoWiFi: true; roam: false; battery: true; size: FULL; maxMobile: 157286400
12-22 19:08:53.493 I/iu.UploadsManager(1389): NEW; upload media id: 33749; iu: -1
12-22 19:08:53.493 I/iu.UploadsManager(1389): NEW; add media id: 33749
12-22 19:08:53.594 E/PowerHAL(647): touch_boost: failed to send: No such file or directory
12-22 19:08:53.594 E/PowerHAL(647): touch_boost: failed to send: No such file or directory
12-22 19:08:53.604 I/iu.UploadsManager(1389): INFO: /storage/sdcard1/DCIM/Camera/IMG_20140426_145327.jpg does not contain any EXIF data
12-22 19:08:53.614 I/iu.UploadsManager(1389): #reloadSettings(); account: -1; IU: disabled; IS: disabled; IS account: -1; photoWiFi: true; videoWiFi: true; roam: false; battery: true; size: FULL; maxMobile: 157286400
12-22 19:08:53.634 I/iu.UploadsManager(1389): NEW; upload media id: 33750; iu: -1
12-22 19:08:53.634 I/iu.UploadsManager(1389): NEW; add media id: 33750
12-22 19:08:53.774 I/iu.UploadsManager(1389): INFO: /storage/sdcard1/DCIM/Camera/IMG_20140426_155604.jpg does not contain any EXIF data
12-22 19:08:53.774 I/iu.UploadsManager(1389): #reloadSettings(); account: -1; IU: disabled; IS: disabled; IS account: -1; photoWiFi: true; videoWiFi: true; roam: false; battery: true; size: FULL; maxMobile: 157286400
12-22 19:08:53.804 I/iu.UploadsManager(1389): NEW; upload media id: 33751; iu: -1
12-22 19:08:53.804 I/iu.UploadsManager(1389): NEW; add media id: 33751
12-22 19:08:53.964 I/iu.UploadsManager(1389): INFO: /storage/sdcard1/DCIM/Camera/IMG_20140426_155611.jpg does not contain any EXIF data
12-22 19:08:53.974 I/iu.UploadsManager(1389): #reloadSettings(); account: -1; IU: disabled; IS: disabled; IS account: -1; photoWiFi: true; videoWiFi: true; roam: false; battery: true; size: FULL; maxMobile: 157286400
12-22 19:08:54.004 I/iu.UploadsManager(1389): NEW; upload media id: 33752; iu: -1
12-22 19:08:54.004 I/iu.UploadsManager(1389): NEW; add media id: 33752
12-22 19:08:54.094 E/PowerHAL(647): touch_boost: failed to send: No such file or directory
12-22 19:08:54.094 E/PowerHAL(647): touch_boost: failed to send: No such file or directory
12-22 19:08:54.104 I/ActivityManager(647): START u0 {act=com.android.systemui.recents.SHOW_RECENTS flg=0x10804000 cmp=com.android.systemui/.recents.RecentsActivity (has extras)} from uid 10019 on display 0
12-22 19:08:54.144 E/PowerHAL(647): touch_boost: failed to send: No such file or directory
12-22 19:08:54.174 W/ResourceType(862): No package identifier when getting value for resource number 0x00000000
12-22 19:08:54.174 W/PackageManager(862): Failure retrieving resources for com.estrongs.android.pop: Resource ID #0x0
12-22 19:08:54.194 E/PowerHAL(647): touch_boost: failed to send: No such file or directory
12-22 19:08:54.244 E/PowerHAL(647): touch_boost: failed to send: No such file or directory
12-22 19:08:54.284 I/iu.UploadsManager(1389): INFO: /storage/sdcard1/DCIM/Camera/IMG_20140426_163401.jpg does not contain any EXIF data
12-22 19:08:54.284 I/iu.UploadsManager(1389): #reloadSettings(); account: -1; IU: disabled; IS: disabled; IS account: -1; photoWiFi: true; videoWiFi: true; roam: false; battery: true; size: FULL; maxMobile: 157286400
12-22 19:08:54.294 E/PowerHAL(647): touch_boost: failed to send: No such file or directory
12-22 19:08:54.304 I/art     (862): Background partial concurrent mark sweep GC freed 144183(6MB) AllocSpace objects, 13(2MB) LOS objects, 36% free, 27MB/43MB, paused 1.434ms total 106.628ms
12-22 19:08:54.314 I/iu.UploadsManager(1389): NEW; upload media id: 33753; iu: -1
12-22 19:08:54.314 I/iu.UploadsManager(1389): NEW; add media id: 33753
12-22 19:08:54.344 E/PowerHAL(647): touch_boost: failed to send: No such file or directory
12-22 19:08:54.374 I/art     (1389): Explicit concurrent mark sweep GC freed 17150(983KB) AllocSpace objects, 0(0B) LOS objects, 24% free, 19MB/26MB, paused 854us total 59.265ms
12-22 19:08:54.394 I/Timeline(862): Timeline: Activity_idle id: android.os.BinderProxy@bade954 time:9629936
12-22 19:08:54.504 I/iu.UploadsManager(1389): INFO: /storage/sdcard1/DCIM/Camera/IMG_20140426_163407.jpg does not contain any EXIF data
12-22 19:08:54.504 I/iu.UploadsManager(1389): #reloadSettings(); account: -1; IU: disabled; IS: disabled; IS account: -1; photoWiFi: true; videoWiFi: true; roam: false; battery: true; size: FULL; maxMobile: 157286400
12-22 19:08:54.534 I/iu.UploadsManager(1389): NEW; upload media id: 33754; iu: -1
12-22 19:08:54.534 I/iu.UploadsManager(1389): NEW; add media id: 33754
12-22 19:08:54.555 I/Timeline(647): Timeline: Activity_windows_visible id: ActivityRecord{3d9a9cde u0 com.android.systemui/.recents.RecentsActivity t2} time:9630090
12-22 19:08:54.635 I/iu.UploadsManager(1389): INFO: /storage/sdcard1/DCIM/Camera/IMG_20140426_163412.jpg does not contain any EXIF data
12-22 19:08:54.635 I/iu.UploadsManager(1389): #reloadSettings(); account: -1; IU: disabled; IS: disabled; IS account: -1; photoWiFi: true; videoWiFi: true; roam: false; battery: true; size: FULL; maxMobile: 157286400
12-22 19:08:54.655 I/iu.UploadsManager(1389): NEW; upload media id: 33755; iu: -1
12-22 19:08:54.655 I/iu.UploadsManager(1389): NEW; add media id: 33755
12-22 19:08:54.675 I/art     (25463): Explicit concurrent mark sweep GC freed 5109(371KB) AllocSpace objects, 0(0B) LOS objects, 24% free, 15MB/20MB, paused 457us total 21.881ms
12-22 19:08:54.785 I/iu.UploadsManager(1389): INFO: /storage/sdcard1/DCIM/Camera/IMG_20140502_144132.jpg does not contain any EXIF data
12-22 19:08:54.785 I/iu.UploadsManager(1389): #reloadSettings(); account: -1; IU: disabled; IS: disabled; IS account: -1; photoWiFi: true; videoWiFi: true; roam: false; battery: true; size: FULL; maxMobile: 157286400
12-22 19:08:54.805 I/iu.UploadsManager(1389): NEW; upload media id: 33756; iu: -1
12-22 19:08:54.805 I/iu.UploadsManager(1389): NEW; add media id: 33756
12-22 19:08:54.905 I/iu.UploadsManager(1389): INFO: /storage/sdcard1/DCIM/Camera/IMG_20140502_214705.jpg does not contain any EXIF data
12-22 19:08:54.905 I/iu.UploadsManager(1389): #reloadSettings(); account: -1; IU: disabled; IS: disabled; IS account: -1; photoWiFi: true; videoWiFi: true; roam: false; battery: true; size: FULL; maxMobile: 157286400
12-22 19:08:54.935 I/iu.UploadsManager(1389): NEW; upload media id: 33757; iu: -1
12-22 19:08:54.935 I/iu.UploadsManager(1389): NEW; add media id: 33757
12-22 19:08:54.945 E/PowerHAL(647): touch_boost: failed to send: No such file or directory
12-22 19:08:54.945 E/PowerHAL(647): touch_boost: failed to send: No such file or directory
12-22 19:08:54.945 E/PowerHAL(647): touch_boost: failed to send: No such file or directory
12-22 19:08:54.965 E/PowerHAL(647): touch_boost: failed to send: No such file or directory
12-22 19:08:54.965 E/PowerHAL(647): touch_boost: failed to send: No such file or directory
12-22 19:08:54.975 E/PowerHAL(647): touch_boost: failed to send: No such file or directory
12-22 19:08:54.975 E/PowerHAL(647): touch_boost: failed to send: No such file or directory
12-22 19:08:54.985 E/PowerHAL(647): touch_boost: failed to send: No such file or directory
12-22 19:08:54.985 E/PowerHAL(647): touch_boost: failed to send: No such file or directory
12-22 19:08:54.995 E/PowerHAL(647): touch_boost: failed to send: No such file or directory
12-22 19:08:54.995 E/PowerHAL(647): touch_boost: failed to send: No such file or directory
12-22 19:08:55.005 E/PowerHAL(647): touch_boost: failed to send: No such file or directory
12-22 19:08:55.005 E/PowerHAL(647): touch_boost: failed to send: No such file or directory
