--------- beginning of system
12-22 18:54:54.355 D/ConnectivityService(647):    accepting network in place of null
12-22 18:54:54.355 D/CSLegacyTypeTracker(647): Sending connected broadcast for type 0 NetworkAgentInfo [MOBILE (LTE) - 118] isDefaultNetwork=true
12-22 18:54:54.355 D/ConnectivityService(647): sendStickyBroadcast: action=android.net.conn.CONNECTIVITY_CHANGE_IMMEDIATE
12-22 18:54:54.355 D/ConnectivityService(647): Switching to new default network: NetworkAgentInfo{ ni{[type: MOBILE[LTE], state: CONNECTED/CONNECTED, reason: connected, extra: internet.telekom, roaming: false, failover: false, isAvailable: true, isConnectedToProvisioningNetwork: false]}  network{118}  lp{{InterfaceName: rmnet_usb0 LinkAddresses: [10.51.140.11/32,]  Routes: [0.0.0.0/0 -> 10.51.140.9 rmnet_usb0,] DnsAddresses: [10.74.210.210,10.74.210.211,] Domains: null MTU: 1500 TcpBufferSizes: 524288,1048576,2097152,262144,524288,1048576}}  nc{[ Transports: CELLULAR Capabilities: SUPL&INTERNET&NOT_RESTRICTED&TRUSTED&NOT_VPN LinkUpBandwidth>=51200Kbps LinkDnBandwidth>=102400Kbps Specifier: <1>]}  Score{10} validated{false} created{true} explicitlySelected{false} }
12-22 18:54:54.355 D/ConnectivityService(647): notifyType AVAILABLE for NetworkAgentInfo [MOBILE (LTE) - 118]
12-22 18:54:54.375 W/ProcessCpuTracker(647): Skipping unknown process pid 21186
12-22 18:54:54.575 D/ConnectivityService(647): Validated NetworkAgentInfo [MOBILE (LTE) - 118]
12-22 18:54:54.575 D/ConnectivityService(647): rematching NetworkAgentInfo [MOBILE (LTE) - 118]
12-22 18:54:54.575 D/ConnectivityService(647): Network NetworkAgentInfo [MOBILE (LTE) - 118] was already satisfying request 1. No change.
12-22 18:54:54.575 D/ConnectivityService(647): notifyType AVAILABLE for NetworkAgentInfo [MOBILE (LTE) - 118]
12-22 18:54:54.585 D/ConnectivityService(647): sendStickyBroadcast: action=android.net.conn.INET_CONDITION_ACTION
12-22 18:54:55.356 I/ActivityManager(647): START u0 {act=android.intent.action.MAIN cat=[android.intent.category.LAUNCHER] flg=0x10200000 cmp=com.android.settings/.Settings (has extras)} from uid 10014 on display 0
12-22 18:54:55.396 W/BroadcastQueue(647): Permission Denial: broadcasting Intent { act=com.android.launcher3.action.LAUNCH flg=0x10 (has extras) } from com.cyanogenmod.trebuchet (pid=1146, uid=10014) requires com.google.android.launcher.permission.RECEIVE_LAUNCH_BROADCASTS due to receiver com.google.android.googlequicksearchbox/com.google.android.search.core.icingsync.ApplicationLaunchReceiver
12-22 18:54:55.396 W/BroadcastQueue(647): Permission Denial: receiving Intent { act=com.android.launcher3.action.LAUNCH flg=0x10 (has extras) } to com.google.android.googlequicksearchbox/com.google.android.search.core.icingsync.ApplicationLaunchReceiver requires com.android.launcher3.permission.RECEIVE_LAUNCH_BROADCASTS due to sender com.cyanogenmod.trebuchet (uid 10014)
12-22 18:54:55.476 E/libprocessgroup(21210): failed to make and chown /acct/uid_1000: Read-only file system
12-22 18:54:55.486 I/ActivityManager(647): Start proc com.android.settings for activity com.android.settings/.Settings: pid=21210 uid=1000 gids={41000, 9997, 3002, 3001, 3003, 1028, 1015, 1023} abi=armeabi-v7a
12-22 18:54:55.546 W/ResourcesManager(21210): Asset path '/system/framework/org.cyanogenmod.hardware.jar' does not exist or contains no resources.
12-22 18:54:55.836 E/libprocessgroup(21233): failed to make and chown /acct/uid_10003: Read-only file system
12-22 18:54:55.846 I/ActivityManager(647): Start proc com.android.cellbroadcastreceiver for content provider com.android.cellbroadcastreceiver/.CellBroadcastSearchIndexableProvider: pid=21233 uid=10003 gids={50003, 9997} abi=armeabi-v7a
12-22 18:54:55.986 I/ActivityManager(647): Killing 20662:com.fsck.k9/u0a80 (adj 15): empty #17
12-22 18:54:55.986 W/libprocessgroup(647): failed to open /acct/uid_10080/pid_20662/cgroup.procs: No such file or directory
12-22 18:54:56.006 W/libprocessgroup(647): failed to open /acct/uid_10080/pid_20662/cgroup.procs: No such file or directory
12-22 18:54:57.348 D/ConnectivityService(647): sendStickyBroadcast: action=android.net.conn.CONNECTIVITY_CHANGE
12-22 18:54:57.378 V/BackupManagerService(647): Scheduling immediate backup pass
12-22 18:54:57.438 E/libprocessgroup(21261): failed to make and chown /acct/uid_10027: Read-only file system
12-22 18:54:57.448 I/ActivityManager(647): Start proc com.avast.android.antitheft for broadcast com.avast.android.antitheft/.service.BootListener: pid=21261 uid=10027 gids={50027, 9997, 3003, 1007, 1028, 1015, 1023} abi=armeabi-v7a
12-22 18:54:57.558 V/BackupManagerService(647): Running a backup pass
12-22 18:54:57.568 V/BackupManagerService(647): clearing pending backups
12-22 18:54:57.568 V/PerformBackupTask(647): Beginning backup of 16 targets
12-22 18:54:57.568 I/PerformBackupTask(647): Initializing (wiping) backup state and transport storage
12-22 18:54:57.628 V/BackupManagerService(647): Ancestral packages:  14
12-22 18:54:57.648 D/BackupManagerService(647): Now staging backup of com.android.providers.settings
12-22 18:54:57.658 D/BackupManagerService(647): Now staging backup of android
12-22 18:54:57.658 D/BackupManagerService(647): Now staging backup of com.android.nfc
12-22 18:54:57.668 D/BackupManagerService(647): Now staging backup of com.android.dialer
12-22 18:54:57.668 D/BackupManagerService(647): Now staging backup of com.android.vending
12-22 18:54:57.668 D/BackupManagerService(647): Now staging backup of com.google.android.marvin.talkback
12-22 18:54:57.678 D/BackupManagerService(647): Now staging backup of com.android.providers.userdictionary
12-22 18:54:57.688 D/BackupManagerService(647): Now staging backup of com.google.android.googlequicksearchbox
12-22 18:54:57.688 D/BackupManagerService(647): Now staging backup of com.android.sharedstoragebackup
12-22 18:54:57.688 D/BackupManagerService(647): Now staging backup of com.android.mms
12-22 18:54:57.688 D/BackupManagerService(647): Now staging backup of com.google.android.talk
12-22 18:54:57.698 D/BackupManagerService(647): Now staging backup of com.android.browser
12-22 18:54:57.698 D/BackupManagerService(647): Now staging backup of com.android.calendar
12-22 18:54:57.708 D/BackupManagerService(647): Now staging backup of com.splunchy.android.alarmclock
12-22 18:54:57.708 D/BackupManagerService(647): Now staging backup of net.reichholf.dreamdroid
12-22 18:54:57.708 D/BackupManagerService(647): Now staging backup of com.shazam.android
12-22 18:54:57.728 D/PerformBackupTask(647): invokeAgentForBackup on @pm@
12-22 18:54:57.738 I/PMBA    (647): Previous metadata null mismatch vs 5a5659bb7b - rewriting
12-22 18:54:57.748 E/libprocessgroup(21293): failed to make and chown /acct/uid_10022: Read-only file system
12-22 18:54:57.758 I/ActivityManager(647): Start proc com.android.mms for broadcast com.android.mms/.transaction.MmsSystemEventReceiver: pid=21293 uid=10022 gids={50022, 9997, 3003, 1028, 1015, 1023} abi=armeabi-v7a
12-22 18:54:57.758 I/ActivityManager(647): Killing 20757:com.google.android.talk/u0a34 (adj 15): empty #17
12-22 18:54:57.758 W/libprocessgroup(647): failed to open /acct/uid_10034/pid_20757/cgroup.procs: No such file or directory
12-22 18:54:57.768 I/BackupRestoreController(647): Getting widget state for user: 0
12-22 18:54:57.798 I/BackupManagerService(647): Backup pass finished.
12-22 18:54:57.798 W/libprocessgroup(647): failed to open /acct/uid_10034/pid_20757/cgroup.procs: No such file or directory
12-22 18:54:57.818 D/CountryDetector(647): The first listener is added
12-22 18:54:57.908 W/ResourcesManager(21293): Asset path '/system/framework/com.google.android.media.effects.jar' does not exist or contains no resources.
12-22 18:54:57.928 E/libprocessgroup(21321): failed to make and chown /acct/uid_10044: Read-only file system
12-22 18:54:57.938 I/ActivityManager(647): Start proc com.cyanogenmod.lockclock for broadcast com.cyanogenmod.lockclock/.ClockWidgetProvider: pid=21321 uid=10044 gids={50044, 9997, 3003} abi=armeabi-v7a
12-22 18:54:58.048 I/ActivityManager(647): Killing 20788:android.process.acore/u0a11 (adj 15): empty #17
12-22 18:54:58.048 W/libprocessgroup(647): failed to open /acct/uid_10011/pid_20788/cgroup.procs: No such file or directory
12-22 18:54:58.068 W/libprocessgroup(647): failed to open /acct/uid_10011/pid_20788/cgroup.procs: No such file or directory
12-22 18:54:58.088 I/ActivityManager(647): Killing 20809:com.google.android.googlequicksearchbox:search/u0a12 (adj 15): empty #17
12-22 18:54:58.088 W/libprocessgroup(647): failed to open /acct/uid_10012/pid_20809/cgroup.procs: No such file or directory
12-22 18:54:58.108 W/libprocessgroup(647): failed to open /acct/uid_10012/pid_20809/cgroup.procs: No such file or directory
12-22 18:54:58.179 E/libprocessgroup(21345): failed to make and chown /acct/uid_10080: Read-only file system
12-22 18:54:58.179 I/ActivityManager(647): Start proc com.fsck.k9 for broadcast com.fsck.k9/.service.BootReceiver: pid=21345 uid=10080 gids={50080, 9997, 3003, 1028, 1015, 1023} abi=armeabi-v7a
12-22 18:54:58.349 E/libprocessgroup(21368): failed to make and chown /acct/uid_10095: Read-only file system
12-22 18:54:58.359 I/ActivityManager(647): Start proc com.amazon.mp3:downloadmanager for broadcast com.amazon.mp3/com.amazon.android.internal.downloads.DownloadReceiver: pid=21368 uid=10095 gids={50095, 9997, 3003, 1028, 1015, 1023, 3002, 3001} abi=armeabi
12-22 18:54:58.419 I/ActivityManager(647): START u0 {act=android.intent.action.MAIN cmp=com.android.settings/.SubSettings (has extras)} from uid 1000 on display 0
12-22 18:54:58.439 I/ActivityManager(647): Killing 20834:com.android.voicedialer/u0a23 (adj 15): empty #17
12-22 18:54:58.439 W/libprocessgroup(647): failed to open /acct/uid_10023/pid_20834/cgroup.procs: No such file or directory
12-22 18:54:58.449 D/WifiService(647): New client listening to asynchronous messages
12-22 18:54:58.449 W/libprocessgroup(647): failed to open /acct/uid_10023/pid_20834/cgroup.procs: No such file or directory
12-22 18:54:58.559 E/ActivityThread(21368): Failed to find provider info for com.amazon.dcp.settings
12-22 18:54:58.669 D/ActivityThread(21368): Loading provider com.amazon.mp3.urbanairship.provider: com.urbanairship.UrbanAirshipProvider
12-22 18:54:58.879 E/libprocessgroup(21429): failed to make and chown /acct/uid_10098: Read-only file system
12-22 18:54:58.889 I/ActivityManager(647): Start proc com.amazon.venezia for content provider com.amazon.venezia/com.amazon.mas.client.authentication.mapr5sso.MASClientMAPInformationProvider: pid=21429 uid=10098 gids={50098, 9997, 3003, 1028, 1015, 1023} abi=armeabi
12-22 18:54:58.949 E/libprocessgroup(21450): failed to make and chown /acct/uid_10096: Read-only file system
12-22 18:54:58.959 I/ActivityManager(647): Start proc com.amazon.mShop.android.shopping for broadcast com.amazon.mShop.android.shopping/com.amazon.clouddrive.library.device.receivers.ConnectivityReceiverProxy: pid=21450 uid=10096 gids={50096, 9997, 3003, 1028, 1015, 1023} abi=armeabi
12-22 18:54:59.009 W/ResourcesManager(21450): Asset path '/system/framework/com.google.android.maps.jar' does not exist or contains no resources.
12-22 18:54:59.190 E/libprocessgroup(21485): failed to make and chown /acct/uid_10009: Read-only file system
12-22 18:54:59.190 I/ActivityManager(647): Start proc com.google.android.gms.unstable for service com.google.android.gms/.droidguard.DroidGuardService: pid=21485 uid=10009 gids={50009, 9997, 2001, 3003, 1007, 3006, 3002, 3001, 1028, 1015, 1023, 1005, 3007} abi=armeabi-v7a
12-22 18:54:59.200 I/ActivityManager(647): Killing 20852:com.android.gallery3d/u0a36 (adj 15): empty #17
12-22 18:54:59.200 W/libprocessgroup(647): failed to open /acct/uid_10036/pid_20852/cgroup.procs: No such file or directory
12-22 18:54:59.200 I/ActivityManager(647): Killing 20874:com.google.android.partnersetup/u0a20 (adj 15): empty #18
12-22 18:54:59.200 W/libprocessgroup(647): failed to open /acct/uid_10020/pid_20874/cgroup.procs: No such file or directory
12-22 18:54:59.220 E/ActivityThread(21429): Failed to find provider info for com.amazon.dcp.settings
12-22 18:54:59.220 W/libprocessgroup(647): failed to open /acct/uid_10036/pid_20852/cgroup.procs: No such file or directory
12-22 18:54:59.240 W/libprocessgroup(647): failed to open /acct/uid_10020/pid_20874/cgroup.procs: No such file or directory
12-22 18:54:59.270 W/ResourcesManager(21485): Asset path '/system/framework/com.android.media.remotedisplay.jar' does not exist or contains no resources.
12-22 18:54:59.270 W/ResourcesManager(21485): Asset path '/system/framework/com.android.location.provider.jar' does not exist or contains no resources.
12-22 18:54:59.360 I/auditd  (21517): Starting up
12-22 18:54:59.360 E/auditd  (21517): Failed on audit_set_pid with error: Protocol not supported
12-22 18:54:59.360 I/auditd  (21517): Exiting
12-22 18:54:59.410 E/ActivityThread(21450): Failed to find provider info for com.amazon.dcp.settings
12-22 18:55:00.441 E/ActivityThread(21450): Failed to find provider info for com.amazon.mas.client.framework.DeviceInfoContentProvider-com.amazon.mShop.android.shopping
12-22 18:55:03.684 I/ActivityManager(647): Killing 20965:com.splunchy.android.alarmclock/u0a81 (adj 15): empty #17
12-22 18:55:03.684 W/libprocessgroup(647): failed to open /acct/uid_10081/pid_20965/cgroup.procs: No such file or directory
12-22 18:55:03.694 W/libprocessgroup(647): failed to open /acct/uid_10081/pid_20965/cgroup.procs: No such file or directory
12-22 18:55:04.104 E/libprocessgroup(21583): failed to make and chown /acct/uid_10082: Read-only file system
12-22 18:55:04.104 I/ActivityManager(647): Start proc mobi.mgeek.TunnyBrowser for broadcast mobi.mgeek.TunnyBrowser/com.dolphin.browser.downloads.DownloadReceiver: pid=21583 uid=10082 gids={50082, 9997, 3003, 1028, 1015, 1023} abi=armeabi
12-22 18:55:04.355 W/ActivityThread(21583): ClassLoader.loadClass: The class loader returned by Thread.getContextClassLoader() may fail for processes that host multiple applications. You should explicitly specify a context class loader. For example: Thread.setContextClassLoader(getClass().getClassLoader());
12-22 18:55:04.375 I/auditd  (21607): Starting up
12-22 18:55:04.375 E/auditd  (21607): Failed on audit_set_pid with error: Protocol not supported
12-22 18:55:04.375 I/auditd  (21607): Exiting
12-22 18:55:04.405 W/ResourcesManager(21293): Asset path '/system/framework/com.google.android.media.effects.jar' does not exist or contains no resources.
12-22 18:55:04.525 I/ActivityManager(647): Killing 20984:org.blackmart.market/u0a87 (adj 15): empty #17
12-22 18:55:04.525 W/libprocessgroup(647): failed to open /acct/uid_10087/pid_20984/cgroup.procs: No such file or directory
12-22 18:55:04.535 W/libprocessgroup(647): failed to open /acct/uid_10087/pid_20984/cgroup.procs: No such file or directory
12-22 18:55:05.235 I/ActivityManager(647): Killing 21007:com.forpda.lp/u0a108 (adj 15): empty #17
12-22 18:55:05.235 W/libprocessgroup(647): failed to open /acct/uid_10108/pid_21007/cgroup.procs: No such file or directory
12-22 18:55:05.245 W/libprocessgroup(647): failed to open /acct/uid_10108/pid_21007/cgroup.procs: No such file or directory
12-22 18:55:05.596 D/WifiService(647): acquireWifiLockLocked: WifiLock{NlpWifiLock type=2 binder=android.os.BinderProxy@29a75893}
12-22 18:55:05.676 D/WifiService(647): releaseWifiLockLocked: WifiLock{NlpWifiLock type=2 binder=android.os.BinderProxy@29a75893}
12-22 18:55:09.379 I/auditd  (21636): Starting up
12-22 18:55:09.379 E/auditd  (21636): Failed on audit_set_pid with error: Protocol not supported
12-22 18:55:09.379 I/auditd  (21636): Exiting
12-22 18:55:10.821 E/NetlinkEvent(247): NetlinkEvent::FindParam(): Parameter 'TIME_NS' not found
12-22 18:55:11.311 W/ResourcesManager(1093): Asset path '/system/framework/com.google.android.media.effects.jar' does not exist or contains no resources.
12-22 18:55:11.341 E/libprocessgroup(21642): failed to make and chown /acct/uid_10034: Read-only file system
12-22 18:55:11.351 I/ActivityManager(647): Start proc com.google.android.talk for broadcast com.google.android.talk/com.google.android.apps.hangouts.phone.PackageReplacedReceiver: pid=21642 uid=10034 gids={50034, 9997, 3003, 1028, 1015, 1023, 3002} abi=armeabi-v7a
12-22 18:55:11.472 W/ResourcesManager(21642): Asset path '/system/framework/com.google.android.media.effects.jar' does not exist or contains no resources.
12-22 18:55:11.502 D/BackupManagerService(647): Received broadcast Intent { act=android.intent.action.PACKAGE_CHANGED dat=package:com.google.android.gms flg=0x4000010 (has extras) }
12-22 18:55:11.502 I/BackupManagerService(647): Unbinding ComponentInfo{com.google.android.gms/com.google.android.gms.backup.BackupTransportService}
12-22 18:55:11.502 I/BackupManagerService(647): Binding to transport host ComponentInfo{com.google.android.gms/com.google.android.gms.backup.BackupTransportService}
12-22 18:55:11.502 E/ActivityThread(1622): Service com.google.android.gms.backup.BackupTransportService has leaked ServiceConnection com.google.android.gms.http.f@337f90be that was originally bound here
12-22 18:55:11.502 E/ActivityThread(1622): android.app.ServiceConnectionLeaked: Service com.google.android.gms.backup.BackupTransportService has leaked ServiceConnection com.google.android.gms.http.f@337f90be that was originally bound here
12-22 18:55:11.502 E/ActivityThread(1622): 	at android.app.LoadedApk$ServiceDispatcher.<init>(LoadedApk.java:1072)
12-22 18:55:11.502 E/ActivityThread(1622): 	at android.app.LoadedApk.getServiceDispatcher(LoadedApk.java:966)
12-22 18:55:11.502 E/ActivityThread(1622): 	at android.app.ContextImpl.bindServiceCommon(ContextImpl.java:1775)
12-22 18:55:11.502 E/ActivityThread(1622): 	at android.app.ContextImpl.bindService(ContextImpl.java:1758)
12-22 18:55:11.502 E/ActivityThread(1622): 	at android.content.ContextWrapper.bindService(ContextWrapper.java:538)
12-22 18:55:11.502 E/ActivityThread(1622): 	at com.google.android.gms.http.e.<init>(SourceFile:94)
12-22 18:55:11.502 E/ActivityThread(1622): 	at com.google.android.gms.http.GoogleHttpClient.<init>(SourceFile:234)
12-22 18:55:11.502 E/ActivityThread(1622): 	at com.google.android.gms.http.GoogleHttpClient.<init>(SourceFile:196)
12-22 18:55:11.502 E/ActivityThread(1622): 	at com.google.android.gms.backup.BackupTransportService.onCreate(SourceFile:1183)
12-22 18:55:11.502 E/ActivityThread(1622): 	at android.app.ActivityThread.handleCreateService(ActivityThread.java:2731)
12-22 18:55:11.502 E/ActivityThread(1622): 	at android.app.ActivityThread.access$1800(ActivityThread.java:144)
12-22 18:55:11.502 E/ActivityThread(1622): 	at android.app.ActivityThread$H.handleMessage(ActivityThread.java:1361)
12-22 18:55:11.502 E/ActivityThread(1622): 	at android.os.Handler.dispatchMessage(Handler.java:102)
12-22 18:55:11.502 E/ActivityThread(1622): 	at android.os.Looper.loop(Looper.java:135)
12-22 18:55:11.502 E/ActivityThread(1622): 	at android.app.ActivityThread.main(ActivityThread.java:5221)
12-22 18:55:11.502 E/ActivityThread(1622): 	at java.lang.reflect.Method.invoke(Native Method)
12-22 18:55:11.502 E/ActivityThread(1622): 	at java.lang.reflect.Method.invoke(Method.java:372)
12-22 18:55:11.502 E/ActivityThread(1622): 	at com.android.internal.os.ZygoteInit$MethodAndArgsCaller.run(ZygoteInit.java:898)
12-22 18:55:11.502 E/ActivityThread(1622): 	at com.android.internal.os.ZygoteInit.main(ZygoteInit.java:693)
12-22 18:55:11.562 V/BackupManagerService(647): Connected to transport ComponentInfo{com.google.android.gms/com.google.android.gms.backup.BackupTransportService}
12-22 18:55:11.562 V/BackupManagerService(647): Registering transport com.google.android.gms/.backup.BackupTransportService::com.google.android.gms/.backup.BackupTransportService = com.android.internal.backup.IBackupTransport$Stub$Proxy@353512bc
12-22 18:55:11.592 V/BackupManagerService(647): Scheduling immediate backup pass
12-22 18:55:11.602 V/BackupManagerService(647): Running a backup pass
12-22 18:55:11.602 V/BackupManagerService(647): clearing pending backups
12-22 18:55:11.622 V/PerformBackupTask(647): Beginning backup of 16 targets
12-22 18:55:11.632 I/PerformBackupTask(647): Initializing (wiping) backup state and transport storage
12-22 18:55:11.642 V/BackupManagerService(647): Ancestral packages:  14
12-22 18:55:11.672 D/BackupManagerService(647): Now staging backup of com.android.providers.settings
12-22 18:55:11.692 D/BackupManagerService(647): Now staging backup of android
12-22 18:55:11.702 D/BackupManagerService(647): Now staging backup of com.android.nfc
12-22 18:55:11.712 D/BackupManagerService(647): Now staging backup of com.android.dialer
12-22 18:55:11.712 D/BackupManagerService(647): Now staging backup of com.android.vending
12-22 18:55:11.712 D/BackupManagerService(647): Now staging backup of com.google.android.marvin.talkback
12-22 18:55:11.722 D/BackupManagerService(647): Now staging backup of com.android.providers.userdictionary
12-22 18:55:11.722 D/BackupManagerService(647): Now staging backup of com.google.android.googlequicksearchbox
12-22 18:55:11.722 D/BackupManagerService(647): Now staging backup of com.android.sharedstoragebackup
12-22 18:55:11.732 D/BackupManagerService(647): Now staging backup of com.android.mms
12-22 18:55:11.732 D/BackupManagerService(647): Now staging backup of com.google.android.talk
12-22 18:55:11.752 D/BackupManagerService(647): Now staging backup of com.android.browser
12-22 18:55:11.762 D/BackupManagerService(647): Now staging backup of com.android.calendar
12-22 18:55:11.762 D/BackupManagerService(647): Now staging backup of com.splunchy.android.alarmclock
12-22 18:55:11.762 W/ResourcesManager(1146): Asset path '/system/framework/org.cyanogenmod.hardware.jar' does not exist or contains no resources.
12-22 18:55:11.772 E/libprocessgroup(21674): failed to make and chown /acct/uid_10011: Read-only file system
12-22 18:55:11.772 I/ActivityManager(647): Start proc android.process.acore for broadcast com.android.providers.contacts/.PackageIntentReceiver: pid=21674 uid=10011 gids={50011, 9997, 3003, 1028, 1015, 1023} abi=armeabi-v7a
12-22 18:55:11.772 W/ResourcesManager(1146): Asset path '/system/framework/com.google.android.media.effects.jar' does not exist or contains no resources.
12-22 18:55:11.802 D/BackupManagerService(647): Now staging backup of net.reichholf.dreamdroid
12-22 18:55:11.802 D/BackupManagerService(647): Now staging backup of com.shazam.android
12-22 18:55:11.812 W/ResourcesManager(1146): Asset path '/system/framework/com.google.android.media.effects.jar' does not exist or contains no resources.
12-22 18:55:11.822 D/WifiService(647): acquireWifiLockLocked: WifiLock{NlpWifiLock type=2 binder=android.os.BinderProxy@29a75893}
12-22 18:55:11.842 W/ResourcesManager(1146): Asset path '/system/framework/com.google.android.maps.jar' does not exist or contains no resources.
12-22 18:55:11.842 W/ResourcesManager(1146): Asset path '/system/framework/com.google.android.maps.jar' does not exist or contains no resources.
12-22 18:55:11.892 D/PerformBackupTask(647): invokeAgentForBackup on @pm@
12-22 18:55:11.892 I/PMBA    (647): Previous metadata null mismatch vs 5a5659bb7b - rewriting
12-22 18:55:11.932 I/BackupRestoreController(647): Getting widget state for user: 0
12-22 18:55:11.972 E/libprocessgroup(21695): failed to make and chown /acct/uid_10012: Read-only file system
12-22 18:55:11.972 I/ActivityManager(647): Start proc com.google.android.googlequicksearchbox:search for broadcast com.google.android.googlequicksearchbox/com.google.android.search.core.icingsync.IcingCorporaChangedReceiver: pid=21695 uid=10012 gids={50012, 9997, 3003, 3001, 1028, 3002, 1015, 1023, 1005} abi=armeabi-v7a
12-22 18:55:11.972 I/ActivityManager(647): Killing 20896:com.android.vending/u0a5 (adj 15): empty #17
12-22 18:55:11.972 W/libprocessgroup(647): failed to open /acct/uid_10005/pid_20896/cgroup.procs: No such file or directory
12-22 18:55:11.992 W/libprocessgroup(647): failed to open /acct/uid_10005/pid_20896/cgroup.procs: No such file or directory
12-22 18:55:12.012 I/BackupManagerService(647): Backup pass finished.
12-22 18:55:12.212 D/WifiService(647): releaseWifiLockLocked: WifiLock{NlpWifiLock type=2 binder=android.os.BinderProxy@29a75893}
12-22 18:55:12.232 E/libprocessgroup(21719): failed to make and chown /acct/uid_10023: Read-only file system
12-22 18:55:12.232 I/ActivityManager(647): Start proc com.android.voicedialer for broadcast com.android.voicedialer/.VoiceDialerReceiver: pid=21719 uid=10023 gids={50023, 9997, 3002} abi=armeabi-v7a
12-22 18:55:12.302 E/libprocessgroup(21740): failed to make and chown /acct/uid_10020: Read-only file system
12-22 18:55:12.302 I/ActivityManager(647): Start proc com.google.android.partnersetup for content provider com.google.android.partnersetup/.RlzAppProvider: pid=21740 uid=10020 gids={50020, 9997, 3003} abi=armeabi-v7a
12-22 18:55:12.322 I/ActivityManager(647): Killing 21136:eu.chainfire.supersu/u0a48 (adj 15): empty #17
12-22 18:55:12.322 W/libprocessgroup(647): failed to open /acct/uid_10048/pid_21136/cgroup.procs: No such file or directory
12-22 18:55:12.342 W/libprocessgroup(647): failed to open /acct/uid_10048/pid_21136/cgroup.procs: No such file or directory
12-22 18:55:12.392 E/libprocessgroup(21761): failed to make and chown /acct/uid_10036: Read-only file system
12-22 18:55:12.402 I/ActivityManager(647): Start proc com.android.gallery3d for broadcast com.android.gallery3d/.app.PackagesMonitor: pid=21761 uid=10036 gids={50036, 9997, 3003, 1028, 1015, 1023, 3002} abi=armeabi-v7a
12-22 18:55:12.402 I/ActivityManager(647): Killing 21157:com.estrongs.android.pop/u0a79 (adj 15): empty #17
12-22 18:55:12.402 W/libprocessgroup(647): failed to open /acct/uid_10079/pid_21157/cgroup.procs: No such file or directory
12-22 18:55:12.422 W/libprocessgroup(647): failed to open /acct/uid_10079/pid_21157/cgroup.procs: No such file or directory
12-22 18:55:12.452 I/ActivityManager(647): Killing 21233:com.android.cellbroadcastreceiver/u0a3 (adj 15): empty #17
12-22 18:55:12.452 W/libprocessgroup(647): failed to open /acct/uid_10003/pid_21233/cgroup.procs: No such file or directory
12-22 18:55:12.462 W/ResourcesManager(21761): Asset path '/system/framework/com.google.android.media.effects.jar' does not exist or contains no resources.
12-22 18:55:12.462 W/libprocessgroup(647): failed to open /acct/uid_10003/pid_21233/cgroup.procs: No such file or directory
12-22 18:55:12.523 E/libprocessgroup(21785): failed to make and chown /acct/uid_10005: Read-only file system
12-22 18:55:12.523 I/ActivityManager(647): Start proc com.android.vending for broadcast com.android.vending/com.google.android.finsky.receivers.PackageMonitorReceiver$RegisteredReceiver: pid=21785 uid=10005 gids={50005, 9997, 3003, 1028, 1015, 1023} abi=armeabi-v7a
12-22 18:55:12.533 I/ActivityManager(647): Killing 20510:de.motain.iliga/u0a103 (adj 15): empty #17
12-22 18:55:12.533 W/libprocessgroup(647): failed to open /acct/uid_10103/pid_20510/cgroup.procs: No such file or directory
12-22 18:55:12.553 W/libprocessgroup(647): failed to open /acct/uid_10103/pid_20510/cgroup.procs: No such file or directory
12-22 18:55:12.693 I/ActivityManager(647): Killing 21261:com.avast.android.antitheft/u0a27 (adj 15): empty #17
12-22 18:55:12.693 W/libprocessgroup(647): failed to open /acct/uid_10027/pid_21261/cgroup.procs: No such file or directory
12-22 18:55:12.703 W/libprocessgroup(647): failed to open /acct/uid_10027/pid_21261/cgroup.procs: No such file or directory
12-22 18:55:12.823 E/libprocessgroup(21821): failed to make and chown /acct/uid_10009: Read-only file system
12-22 18:55:12.833 I/ActivityManager(647): Start proc com.google.android.gms:car for service com.google.android.gms/.car.CarService: pid=21821 uid=10009 gids={50009, 9997, 2001, 3003, 1007, 3006, 3002, 3001, 1028, 1015, 1023, 1005, 3007} abi=armeabi-v7a
12-22 18:55:12.863 W/ResourcesManager(21821): Asset path '/system/framework/com.android.media.remotedisplay.jar' does not exist or contains no resources.
12-22 18:55:12.863 W/ResourcesManager(21821): Asset path '/system/framework/com.android.location.provider.jar' does not exist or contains no resources.
12-22 18:55:12.933 I/ActivityManager(647): Killing 21031:android.process.media/u0a17 (adj 15): empty #17
12-22 18:55:12.933 W/libprocessgroup(647): failed to open /acct/uid_10017/pid_21031/cgroup.procs: No such file or directory
12-22 18:55:12.973 E/libprocessgroup(21844): failed to make and chown /acct/uid_10081: Read-only file system
12-22 18:55:12.973 I/ActivityManager(647): Start proc com.splunchy.android.alarmclock for broadcast com.splunchy.android.alarmclock/.ReactivationHandler: pid=21844 uid=10081 gids={50081, 9997, 1028, 1015, 1023, 3003} abi=armeabi-v7a
12-22 18:55:12.983 W/libprocessgroup(647): failed to open /acct/uid_10017/pid_21031/cgroup.procs: No such file or directory
12-22 18:55:13.013 E/libprocessgroup(21862): failed to make and chown /acct/uid_10017: Read-only file system
12-22 18:55:13.023 I/ActivityManager(647): Start proc android.process.media for content provider com.android.providers.downloads/.DownloadProvider: pid=21862 uid=10017 gids={50017, 9997, 2001, 3003, 1028, 1015, 1023, 3007, 1024} abi=armeabi-v7a
12-22 18:55:13.043 I/ActivityManager(647): Killing 21321:com.cyanogenmod.lockclock/u0a44 (adj 15): empty #17
12-22 18:55:13.043 W/libprocessgroup(647): failed to open /acct/uid_10044/pid_21321/cgroup.procs: No such file or directory
12-22 18:55:13.063 W/libprocessgroup(647): failed to open /acct/uid_10044/pid_21321/cgroup.procs: No such file or directory
12-22 18:55:13.063 I/ActivityManager(647): Killing 21368:com.amazon.mp3:downloadmanager/u0a95 (adj 15): empty #17
12-22 18:55:13.073 W/libprocessgroup(647): failed to open /acct/uid_10095/pid_21368/cgroup.procs: No such file or directory
12-22 18:55:13.103 E/NetlinkEvent(247): NetlinkEvent::FindParam(): Parameter 'TIME_NS' not found
12-22 18:55:13.103 D/WifiService(647): Client connection lost with reason: 4
12-22 18:55:13.113 E/libprocessgroup(21884): failed to make and chown /acct/uid_10087: Read-only file system
12-22 18:55:13.123 I/ActivityManager(647): Start proc org.blackmart.market for broadcast org.blackmart.market/.util.components.ActionsReceiver: pid=21884 uid=10087 gids={50087, 9997, 3003, 1028, 1015, 1023} abi=armeabi-v7a
12-22 18:55:13.123 I/ActivityManager(647): Killing 21450:com.amazon.mShop.android.shopping/u0a96 (adj 15): empty #17
12-22 18:55:13.123 W/libprocessgroup(647): failed to open /acct/uid_10096/pid_21450/cgroup.procs: No such file or directory
12-22 18:55:13.123 W/libprocessgroup(647): failed to open /acct/uid_10095/pid_21368/cgroup.procs: No such file or directory
12-22 18:55:13.143 W/libprocessgroup(647): failed to open /acct/uid_10096/pid_21450/cgroup.procs: No such file or directory
12-22 18:55:13.233 E/libprocessgroup(21908): failed to make and chown /acct/uid_10108: Read-only file system
12-22 18:55:13.243 I/ActivityManager(647): Start proc com.forpda.lp for broadcast com.forpda.lp/.PackageChangeReceiver: pid=21908 uid=10108 gids={50108, 9997, 1028, 1015, 1023, 3003} abi=armeabi-v7a
12-22 18:55:13.343 I/ActivityManager(647): Killing 21293:com.android.mms/u0a22 (adj 15): empty #17
12-22 18:55:13.343 W/libprocessgroup(647): failed to open /acct/uid_10022/pid_21293/cgroup.procs: No such file or directory
12-22 18:55:13.343 I/ActivityManager(647): Killing 21583:mobi.mgeek.TunnyBrowser/u0a82 (adj 15): empty #18
12-22 18:55:13.343 W/libprocessgroup(647): failed to open /acct/uid_10082/pid_21583/cgroup.procs: No such file or directory
12-22 18:55:13.353 E/Vold    (233): Failed to find mounted volume for /storage/usbdisk/Android/data/com.forpda.lp/files/LuckyPatcher/
12-22 18:55:13.353 W/Vold    (233): Returning OperationFailed - no handler for errno 0
12-22 18:55:13.363 W/libprocessgroup(647): failed to open /acct/uid_10022/pid_21293/cgroup.procs: No such file or directory
12-22 18:55:13.363 D/CountryDetector(647): No listener is left
12-22 18:55:13.363 W/libprocessgroup(647): failed to open /acct/uid_10082/pid_21583/cgroup.procs: No such file or directory
12-22 18:55:14.404 I/auditd  (21937): Starting up
12-22 18:55:14.404 E/auditd  (21937): Failed on audit_set_pid with error: Protocol not supported
12-22 18:55:14.404 I/auditd  (21937): Exiting
12-22 18:55:18.148 W/libprocessgroup(647): failed to open /acct/uid_10009/pid_21821/cgroup.procs: No such file or directory
12-22 18:55:18.148 I/ActivityManager(647): Process com.google.android.gms:car (pid 21821) has died
12-22 18:55:18.709 E/NetlinkEvent(247): NetlinkEvent::FindParam(): Parameter 'TIME_NS' not found
12-22 18:55:19.419 I/auditd  (21979): Starting up
12-22 18:55:19.419 E/auditd  (21979): Failed on audit_set_pid with error: Protocol not supported
12-22 18:55:19.419 I/auditd  (21979): Exiting
12-22 18:55:24.434 I/auditd  (21988): Starting up
12-22 18:55:24.434 E/auditd  (21988): Failed on audit_set_pid with error: Protocol not supported
12-22 18:55:24.434 I/auditd  (21988): Exiting
12-22 18:55:24.544 E/NetlinkEvent(247): NetlinkEvent::FindParam(): Parameter 'TIME_NS' not found
12-22 18:55:29.299 I/ActivityManager(647): START u0 {act=android.intent.action.MAIN cmp=com.android.settings/.SubSettings (has extras)} from uid 1000 on display 0
12-22 18:55:29.449 I/auditd  (21996): Starting up
12-22 18:55:29.449 E/auditd  (21996): Failed on audit_set_pid with error: Protocol not supported
12-22 18:55:29.449 I/auditd  (21996): Exiting
12-22 18:55:29.529 W/ResourcesManager(21210): Asset path '/system/framework/com.google.android.media.effects.jar' does not exist or contains no resources.
12-22 18:55:29.549 E/NetlinkEvent(247): NetlinkEvent::FindParam(): Parameter 'TIME_NS' not found
12-22 18:55:29.649 W/PackageParser(21429): No actions in intent filter at /data/app/com.amazon.venezia-1/base.apk Binary XML file line #192
12-22 18:55:29.799 I/ActivityManager(647): Waited long enough for: ServiceRecord{28250e5 u0 com.amazon.venezia/com.amazon.sdk.availability.AvailabilityService}
12-22 18:55:29.869 I/ActivityManager(647): Waited long enough for: ServiceRecord{247d4586 u0 com.amazon.venezia/com.amazon.mcc.crashreporter.android.CrashReportService}
12-22 18:55:34.464 I/auditd  (22012): Starting up
12-22 18:55:34.464 E/auditd  (22012): Failed on audit_set_pid with error: Protocol not supported
12-22 18:55:34.464 I/auditd  (22012): Exiting
12-22 18:55:39.479 I/auditd  (22024): Starting up
12-22 18:55:39.479 E/auditd  (22024): Failed on audit_set_pid with error: Protocol not supported
12-22 18:55:39.479 I/auditd  (22024): Exiting
12-22 18:55:44.494 I/auditd  (22033): Starting up
12-22 18:55:44.494 E/auditd  (22033): Failed on audit_set_pid with error: Protocol not supported
12-22 18:55:44.494 I/auditd  (22033): Exiting
12-22 18:55:45.134 I/ActivityManager(647): START u0 {act=android.intent.action.MAIN cmp=com.android.settings/.SubSettings (has extras)} from uid 1000 on display 0
12-22 18:55:49.499 I/auditd  (22044): Starting up
12-22 18:55:49.499 E/auditd  (22044): Failed on audit_set_pid with error: Protocol not supported
12-22 18:55:49.499 I/auditd  (22044): Exiting
12-22 18:55:53.482 I/ActivityManager(647): START u0 {act=android.intent.action.MAIN cmp=com.android.settings/.SubSettings (has extras)} from uid 1000 on display 0
12-22 18:55:54.634 I/auditd  (22072): Starting up
12-22 18:55:54.634 E/auditd  (22072): Failed on audit_set_pid with error: Protocol not supported
12-22 18:55:54.634 I/auditd  (22072): Exiting
12-22 18:55:59.638 I/auditd  (22083): Starting up
12-22 18:55:59.638 E/auditd  (22083): Failed on audit_set_pid with error: Protocol not supported
12-22 18:55:59.638 I/auditd  (22083): Exiting
12-22 18:56:04.663 I/auditd  (22094): Starting up
12-22 18:56:04.663 E/auditd  (22094): Failed on audit_set_pid with error: Protocol not supported
12-22 18:56:04.663 I/auditd  (22094): Exiting
12-22 18:56:08.597 I/ActivityManager(647): START u0 {act=android.intent.action.MAIN cmp=com.android.settings/.SubSettings (has extras)} from uid 1000 on display 0
12-22 18:56:08.807 W/DreamManagerService(647): Dream ComponentInfo{com.google.android.deskclock/com.android.deskclock.Screensaver} does not exist
12-22 18:56:08.807 W/DreamManagerService(647): Falling back to default dream ComponentInfo{com.google.android.deskclock/com.android.deskclock.Screensaver}
12-22 18:56:09.678 I/auditd  (22106): Starting up
12-22 18:56:09.678 E/auditd  (22106): Failed on audit_set_pid with error: Protocol not supported
12-22 18:56:09.678 I/auditd  (22106): Exiting
12-22 18:56:14.703 I/auditd  (22116): Starting up
12-22 18:56:14.703 E/auditd  (22116): Failed on audit_set_pid with error: Protocol not supported
12-22 18:56:14.703 I/auditd  (22116): Exiting
12-22 18:56:17.656 E/Vold    (233): Failed to find mounted volume for /storage/usbdisk/Android/data/com.amazon.venezia/cache/
12-22 18:56:17.656 W/Vold    (233): Returning OperationFailed - no handler for errno 0
12-22 18:56:17.656 E/Vold    (233): Failed to find mounted volume for /storage/usbdisk/Android/data/com.amazon.venezia/files/apks/
12-22 18:56:17.656 W/Vold    (233): Returning OperationFailed - no handler for errno 0
12-22 18:56:19.708 I/auditd  (22127): Starting up
12-22 18:56:19.708 E/auditd  (22127): Failed on audit_set_pid with error: Protocol not supported
12-22 18:56:19.708 I/auditd  (22127): Exiting
12-22 18:56:24.733 I/auditd  (22135): Starting up
12-22 18:56:24.733 E/auditd  (22135): Failed on audit_set_pid with error: Protocol not supported
12-22 18:56:24.733 I/auditd  (22135): Exiting
12-22 18:56:29.738 I/auditd  (22146): Starting up
12-22 18:56:29.738 E/auditd  (22146): Failed on audit_set_pid with error: Protocol not supported
12-22 18:56:29.738 I/auditd  (22146): Exiting
12-22 18:56:30.278 I/ActivityManager(647): START u0 {act=android.intent.action.MAIN cmp=com.android.settings/.SubSettings (has extras)} from uid 1000 on display 0
12-22 18:56:34.753 I/auditd  (22179): Starting up
12-22 18:56:34.753 E/auditd  (22179): Failed on audit_set_pid with error: Protocol not supported
12-22 18:56:34.753 I/auditd  (22179): Exiting
12-22 18:56:39.768 I/auditd  (22185): Starting up
12-22 18:56:39.768 E/auditd  (22185): Failed on audit_set_pid with error: Protocol not supported
12-22 18:56:39.768 I/auditd  (22185): Exiting
12-22 18:56:44.793 I/auditd  (22198): Starting up
12-22 18:56:44.803 E/auditd  (22198): Failed on audit_set_pid with error: Protocol not supported
12-22 18:56:44.803 I/auditd  (22198): Exiting
12-22 18:56:45.283 I/ActivityManager(647): START u0 {act=android.intent.action.MAIN cmp=com.android.settings/.SubSettings (has extras)} from uid 1000 on display 0
12-22 18:56:45.493 E/libprocessgroup(22205): failed to make and chown /acct/uid_10021: Read-only file system
12-22 18:56:45.493 I/ActivityManager(647): Start proc com.android.defcontainer for service com.android.defcontainer/.DefaultContainerService: pid=22205 uid=10021 gids={50021, 9997, 1028, 1015, 1023, 2001, 1035} abi=armeabi-v7a
12-22 18:56:49.817 I/auditd  (22247): Starting up
12-22 18:56:49.817 E/auditd  (22247): Failed on audit_set_pid with error: Protocol not supported
12-22 18:56:49.817 I/auditd  (22247): Exiting
12-22 18:56:50.318 I/ActivityManager(647): START u0 {act=android.intent.action.MAIN cmp=com.android.settings/.SubSettings (has extras)} from uid 1000 on display 0
12-22 18:56:54.832 I/auditd  (22262): Starting up
12-22 18:56:54.832 E/auditd  (22262): Failed on audit_set_pid with error: Protocol not supported
12-22 18:56:54.832 I/auditd  (22262): Exiting
12-22 18:56:54.862 I/ActivityManager(647): START u0 {act=android.intent.action.MAIN cmp=com.android.settings/.SubSettings (has extras)} from uid 1000 on display 0
12-22 18:56:56.684 I/ValidateNoPeople(647): skipping global notification
12-22 18:56:59.837 I/auditd  (22280): Starting up
12-22 18:56:59.837 E/auditd  (22280): Failed on audit_set_pid with error: Protocol not supported
12-22 18:56:59.837 I/auditd  (22280): Exiting
12-22 18:57:00.528 E/NetlinkEvent(247): NetlinkEvent::FindParam(): Parameter 'TIME_NS' not found
12-22 18:57:03.190 I/ActivityManager(647): START u0 {act=android.intent.action.MAIN cmp=com.android.settings/.SubSettings (has extras)} from uid 1000 on display 0
12-22 18:57:03.301 W/ContextImpl(21210): Calling a method in the system process without a qualified user: android.app.ContextImpl.sendBroadcast:1328 android.content.ContextWrapper.sendBroadcast:376 com.android.settings.profiles.ProfilesSettings.onEnablerChanged:232 com.android.settings.cyanogenmod.BaseSystemSettingSwitchBar.setSwitchBarChecked:96 com.android.settings.cyanogenmod.BaseSystemSettingSwitchBar.setSwitchState:104 
12-22 18:57:04.762 W/ProcessCpuTracker(647): Skipping unknown process pid 22287
12-22 18:57:04.852 I/auditd  (22295): Starting up
12-22 18:57:04.852 E/auditd  (22295): Failed on audit_set_pid with error: Protocol not supported
12-22 18:57:04.852 I/auditd  (22295): Exiting
12-22 18:57:04.922 I/ActivityManager(647): START u0 {act=android.intent.action.MAIN cmp=com.android.settings/.SubSettings (has extras)} from uid 1000 on display 0
12-22 18:57:05.543 E/NetlinkEvent(247): NetlinkEvent::FindParam(): Parameter 'TIME_NS' not found
12-22 18:57:09.857 I/auditd  (22305): Starting up
12-22 18:57:09.857 E/auditd  (22305): Failed on audit_set_pid with error: Protocol not supported
12-22 18:57:09.857 I/auditd  (22305): Exiting
12-22 18:57:12.009 W/InputMethodManagerService(647): Window already focused, ignoring focus gain of: com.android.internal.view.IInputMethodClient$Stub$Proxy@1a49e6e2 attribute=null, token = android.os.BinderProxy@3418a7e
12-22 18:57:14.872 I/auditd  (22316): Starting up
12-22 18:57:14.872 E/auditd  (22316): Failed on audit_set_pid with error: Protocol not supported
12-22 18:57:14.872 I/auditd  (22316): Exiting
12-22 18:57:18.445 W/ContextImpl(21210): Calling a method in the system process without a qualified user: android.app.ContextImpl.sendBroadcast:1328 android.content.ContextWrapper.sendBroadcast:376 com.android.settings.profiles.ProfilesSettings.onEnablerChanged:232 com.android.settings.cyanogenmod.BaseSystemSettingSwitchBar.setSwitchBarChecked:96 com.android.settings.cyanogenmod.BaseSystemSettingSwitchBar.setSwitchState:104 
12-22 18:57:19.877 I/auditd  (22330): Starting up
12-22 18:57:19.877 E/auditd  (22330): Failed on audit_set_pid with error: Protocol not supported
12-22 18:57:19.877 I/auditd  (22330): Exiting
12-22 18:57:24.601 I/ActivityManager(647): START u0 {act=android.intent.action.MAIN cmp=com.android.settings/.SubSettings (has extras)} from uid 1000 on display 0
12-22 18:57:24.892 I/auditd  (22342): Starting up
12-22 18:57:24.892 E/auditd  (22342): Failed on audit_set_pid with error: Protocol not supported
12-22 18:57:24.892 I/auditd  (22342): Exiting
12-22 18:57:28.355 I/UsageStatsService(647): User[0] Flushing usage stats to disk
12-22 18:57:29.496 I/ActivityManager(647): START u0 {act=android.intent.action.MAIN cmp=com.android.settings/.SubSettings (has extras)} from uid 1000 on display 0
12-22 18:57:29.867 I/ValidateNoPeople(647): skipping global notification
12-22 18:57:29.907 I/auditd  (22353): Starting up
12-22 18:57:29.907 E/auditd  (22353): Failed on audit_set_pid with error: Protocol not supported
12-22 18:57:29.907 I/auditd  (22353): Exiting
12-22 18:57:33.340 I/ValidateNoPeople(647): skipping global notification
12-22 18:57:34.931 I/auditd  (22363): Starting up
12-22 18:57:34.931 E/auditd  (22363): Failed on audit_set_pid with error: Protocol not supported
12-22 18:57:34.931 I/auditd  (22363): Exiting
12-22 18:57:39.936 I/auditd  (22368): Starting up
12-22 18:57:39.936 E/auditd  (22368): Failed on audit_set_pid with error: Protocol not supported
12-22 18:57:39.936 I/auditd  (22368): Exiting
12-22 18:57:44.951 I/auditd  (22375): Starting up
12-22 18:57:44.951 E/auditd  (22375): Failed on audit_set_pid with error: Protocol not supported
12-22 18:57:44.951 I/auditd  (22375): Exiting
12-22 18:57:49.966 I/auditd  (22384): Starting up
12-22 18:57:49.976 E/auditd  (22384): Failed on audit_set_pid with error: Protocol not supported
12-22 18:57:49.976 I/auditd  (22384): Exiting
12-22 18:57:54.981 I/auditd  (22390): Starting up
12-22 18:57:54.981 E/auditd  (22390): Failed on audit_set_pid with error: Protocol not supported
12-22 18:57:54.981 I/auditd  (22390): Exiting
12-22 18:57:59.996 I/auditd  (22398): Starting up
12-22 18:57:59.996 E/auditd  (22398): Failed on audit_set_pid with error: Protocol not supported
12-22 18:57:59.996 I/auditd  (22398): Exiting
12-22 18:58:05.041 I/auditd  (22405): Starting up
12-22 18:58:05.041 E/auditd  (22405): Failed on audit_set_pid with error: Protocol not supported
12-22 18:58:05.041 I/auditd  (22405): Exiting
12-22 18:58:10.056 I/auditd  (22412): Starting up
12-22 18:58:10.056 E/auditd  (22412): Failed on audit_set_pid with error: Protocol not supported
12-22 18:58:10.056 I/auditd  (22412): Exiting
12-22 18:58:15.071 I/auditd  (22423): Starting up
12-22 18:58:15.071 E/auditd  (22423): Failed on audit_set_pid with error: Protocol not supported
12-22 18:58:15.071 I/auditd  (22423): Exiting
12-22 18:58:20.096 I/auditd  (22436): Starting up
12-22 18:58:20.106 E/auditd  (22436): Failed on audit_set_pid with error: Protocol not supported
12-22 18:58:20.106 I/auditd  (22436): Exiting
12-22 18:58:25.120 I/auditd  (22446): Starting up
12-22 18:58:25.120 E/auditd  (22446): Failed on audit_set_pid with error: Protocol not supported
12-22 18:58:25.120 I/auditd  (22446): Exiting
12-22 18:58:30.145 I/auditd  (22455): Starting up
12-22 18:58:30.145 E/auditd  (22455): Failed on audit_set_pid with error: Protocol not supported
12-22 18:58:30.145 I/auditd  (22455): Exiting
12-22 18:58:35.150 I/auditd  (22466): Starting up
12-22 18:58:35.150 E/auditd  (22466): Failed on audit_set_pid with error: Protocol not supported
12-22 18:58:35.150 I/auditd  (22466): Exiting
12-22 18:58:39.414 I/ActivityManager(647): START u0 {act=android.intent.action.MAIN cmp=com.android.settings/.SubSettings (has extras)} from uid 1000 on display 0
12-22 18:58:40.175 I/auditd  (22475): Starting up
12-22 18:58:40.175 E/auditd  (22475): Failed on audit_set_pid with error: Protocol not supported
12-22 18:58:40.175 I/auditd  (22475): Exiting
12-22 18:58:45.190 I/auditd  (22484): Starting up
12-22 18:58:45.190 E/auditd  (22484): Failed on audit_set_pid with error: Protocol not supported
12-22 18:58:45.190 I/auditd  (22484): Exiting
12-22 18:58:50.215 I/auditd  (22496): Starting up
12-22 18:58:50.215 E/auditd  (22496): Failed on audit_set_pid with error: Protocol not supported
12-22 18:58:50.215 I/auditd  (22496): Exiting
12-22 18:58:54.299 I/ActivityManager(647): START u0 {act=android.intent.action.MAIN cmp=com.android.settings/.SubSettings (has extras)} from uid 1000 on display 0
12-22 18:58:55.220 I/auditd  (22526): Starting up
12-22 18:58:55.220 E/auditd  (22526): Failed on audit_set_pid with error: Protocol not supported
12-22 18:58:55.220 I/auditd  (22526): Exiting
12-22 18:58:58.373 I/ActivityManager(647): START u0 {act=android.intent.action.MAIN cmp=com.android.settings/.SubSettings (has extras)} from uid 1000 on display 0
12-22 18:58:58.963 E/NetlinkEvent(247): NetlinkEvent::FindParam(): Parameter 'TIME_NS' not found
12-22 18:59:00.245 I/auditd  (22539): Starting up
12-22 18:59:00.245 E/auditd  (22539): Failed on audit_set_pid with error: Protocol not supported
12-22 18:59:00.245 I/auditd  (22539): Exiting
12-22 18:59:05.270 I/auditd  (22548): Starting up
12-22 18:59:05.270 E/auditd  (22548): Failed on audit_set_pid with error: Protocol not supported
12-22 18:59:05.270 I/auditd  (22548): Exiting
12-22 18:59:06.010 E/NetlinkEvent(247): NetlinkEvent::FindParam(): Parameter 'TIME_NS' not found
12-22 18:59:10.295 I/auditd  (22553): Starting up
12-22 18:59:10.295 E/auditd  (22553): Failed on audit_set_pid with error: Protocol not supported
12-22 18:59:10.295 I/auditd  (22553): Exiting
12-22 18:59:13.928 I/ActivityManager(647): START u0 {act=android.intent.action.MAIN cmp=com.android.settings/.SubSettings (has extras)} from uid 1000 on display 0
12-22 18:59:15.299 I/auditd  (22569): Starting up
12-22 18:59:15.299 E/auditd  (22569): Failed on audit_set_pid with error: Protocol not supported
12-22 18:59:15.299 I/auditd  (22569): Exiting
12-22 18:59:19.173 E/libprocessgroup(22590): failed to make and chown /acct/uid_10079: Read-only file system
12-22 18:59:19.173 I/ActivityManager(647): Start proc com.estrongs.android.pop for broadcast com.estrongs.android.pop/.app.StartServiceReceiver: pid=22590 uid=10079 gids={50079, 9997, 3003, 3002, 3001, 1028, 1015, 1023} abi=armeabi
12-22 18:59:19.203 I/ProcessStatsService(647): Prepared write state in 8ms
12-22 18:59:19.263 I/ProcessStatsService(647): Pruning old procstats: /data/system/procstats/state-2014-12-21-18-42-12.bin
12-22 18:59:19.373 I/ActivityManager(647): Killing 21345:com.fsck.k9/u0a80 (adj 15): empty #17
12-22 18:59:19.373 W/libprocessgroup(647): failed to open /acct/uid_10080/pid_21345/cgroup.procs: No such file or directory
12-22 18:59:19.393 W/libprocessgroup(647): failed to open /acct/uid_10080/pid_21345/cgroup.procs: No such file or directory
12-22 18:59:19.403 E/NetlinkEvent(247): NetlinkEvent::FindParam(): Parameter 'TIME_NS' not found
12-22 18:59:19.774 E/libprocessgroup(22616): failed to make and chown /acct/uid_10027: Read-only file system
12-22 18:59:19.784 I/ActivityManager(647): Start proc com.avast.android.antitheft for broadcast com.avast.android.antitheft/com.avast.android.generic.service.SettingChangeListener: pid=22616 uid=10027 gids={50027, 9997, 3003, 1007, 1028, 1015, 1023} abi=armeabi-v7a
12-22 18:59:19.944 I/ActivityManager(647): Killing 21485:com.google.android.gms.unstable/u0a9 (adj 15): empty #17
12-22 18:59:19.944 W/libprocessgroup(647): failed to open /acct/uid_10009/pid_21485/cgroup.procs: No such file or directory
