12-22 18:59:19.964 W/libprocessgroup(647): failed to open /acct/uid_10009/pid_21485/cgroup.procs: No such file or directory
12-22 18:59:20.314 I/auditd  (22643): Starting up
12-22 18:59:20.314 E/auditd  (22643): Failed on audit_set_pid with error: Protocol not supported
12-22 18:59:20.314 I/auditd  (22643): Exiting
12-22 18:59:25.329 I/auditd  (22656): Starting up
12-22 18:59:25.339 E/auditd  (22656): Failed on audit_set_pid with error: Protocol not supported
12-22 18:59:25.339 I/auditd  (22656): Exiting
12-22 18:59:26.971 E/NetlinkEvent(247): NetlinkEvent::FindParam(): Parameter 'TIME_NS' not found
12-22 18:59:28.402 I/ActivityManager(647): START u0 {act=android.intent.action.MAIN cmp=com.android.settings/.SubSettings (has extras)} from uid 1000 on display 0
12-22 18:59:28.552 W/ResourcesManager(21210): Asset path '/system/framework/com.google.android.maps.jar' does not exist or contains no resources.
12-22 18:59:28.562 W/ResourcesManager(21210): Asset path '/system/framework/com.google.android.maps.jar' does not exist or contains no resources.
12-22 18:59:28.642 W/ResourcesManager(21210): Asset path '/system/framework/com.android.media.remotedisplay.jar' does not exist or contains no resources.
12-22 18:59:28.642 W/ResourcesManager(21210): Asset path '/system/framework/com.android.location.provider.jar' does not exist or contains no resources.
12-22 18:59:30.374 I/auditd  (22670): Starting up
12-22 18:59:30.394 E/auditd  (22670): Failed on audit_set_pid with error: Protocol not supported
12-22 18:59:30.394 I/auditd  (22670): Exiting
12-22 18:59:32.836 I/ActivityManager(647): START u0 {act=android.intent.action.MAIN cmp=com.android.settings/.SubSettings (has extras)} from uid 1000 on display 0
12-22 18:59:35.409 I/auditd  (22683): Starting up
12-22 18:59:35.419 E/auditd  (22683): Failed on audit_set_pid with error: Protocol not supported
12-22 18:59:35.419 I/auditd  (22683): Exiting
12-22 18:59:40.444 I/auditd  (22693): Starting up
12-22 18:59:40.444 E/auditd  (22693): Failed on audit_set_pid with error: Protocol not supported
12-22 18:59:40.444 I/auditd  (22693): Exiting
12-22 18:59:41.034 I/ActivityManager(647): START u0 {act=android.intent.action.MAIN cmp=com.android.settings/.SubSettings (has extras)} from uid 1000 on display 0
12-22 18:59:45.459 I/auditd  (22703): Starting up
12-22 18:59:45.459 E/auditd  (22703): Failed on audit_set_pid with error: Protocol not supported
12-22 18:59:45.459 I/auditd  (22703): Exiting
12-22 18:59:49.483 I/auditd  (22711): Starting up
12-22 18:59:49.483 E/auditd  (22711): Failed on audit_set_pid with error: Protocol not supported
12-22 18:59:49.483 I/auditd  (22711): Exiting
12-22 18:59:51.475 I/ActivityManager(647): START u0 {act=android.intent.action.MAIN cmp=com.android.settings/.SubSettings (has extras)} from uid 1000 on display 0
12-22 18:59:54.508 I/auditd  (22724): Starting up
12-22 18:59:54.508 E/auditd  (22724): Failed on audit_set_pid with error: Protocol not supported
12-22 18:59:54.508 I/auditd  (22724): Exiting
12-22 18:59:59.523 I/auditd  (22733): Starting up
12-22 18:59:59.523 E/auditd  (22733): Failed on audit_set_pid with error: Protocol not supported
12-22 18:59:59.523 I/auditd  (22733): Exiting
12-22 19:00:01.104 E/libprocessgroup(22737): failed to make and chown /acct/uid_10053: Read-only file system
12-22 19:00:01.104 I/ActivityManager(647): Start proc com.android.deskclock for broadcast com.android.deskclock/com.android.alarmclock.DigitalAppWidgetProvider: pid=22737 uid=10053 gids={50053, 9997, 1028, 3003} abi=armeabi-v7a
12-22 19:00:01.224 I/ActivityManager(647): Killing 21642:com.google.android.talk/u0a34 (adj 15): empty #17
12-22 19:00:01.224 W/libprocessgroup(647): failed to open /acct/uid_10034/pid_21642/cgroup.procs: No such file or directory
12-22 19:00:01.234 W/libprocessgroup(647): failed to open /acct/uid_10034/pid_21642/cgroup.procs: No such file or directory
12-22 19:00:04.417 I/ActivityManager(647): Start proc com.cyanogenmod.lockclock for service com.cyanogenmod.lockclock/.weather.WeatherUpdateService: pid=22761 uid=10044 gids={50044, 9997, 3003} abi=armeabi-v7a
12-22 19:00:04.417 E/libprocessgroup(22761): failed to make and chown /acct/uid_10044: Read-only file system
12-22 19:00:04.527 I/auditd  (22780): Starting up
12-22 19:00:04.547 E/auditd  (22780): Failed on audit_set_pid with error: Protocol not supported
12-22 19:00:04.547 I/auditd  (22780): Exiting
12-22 19:00:04.607 E/NetlinkEvent(247): NetlinkEvent::FindParam(): Parameter 'TIME_NS' not found
12-22 19:00:04.658 I/ActivityManager(647): START u0 {act=android.intent.action.MAIN cmp=com.android.settings/.SubSettings (has extras)} from uid 1000 on display 0
12-22 19:00:05.018 W/ProcessCpuTracker(647): Skipping unknown process pid 22756
12-22 19:00:08.441 I/ActivityManager(647): Killing 21695:com.google.android.googlequicksearchbox:search/u0a12 (adj 15): empty #17
12-22 19:00:08.441 W/libprocessgroup(647): failed to open /acct/uid_10012/pid_21695/cgroup.procs: No such file or directory
12-22 19:00:08.511 W/libprocessgroup(647): failed to open /acct/uid_10012/pid_21695/cgroup.procs: No such file or directory
12-22 19:00:09.562 I/auditd  (22802): Starting up
12-22 19:00:09.562 E/auditd  (22802): Failed on audit_set_pid with error: Protocol not supported
12-22 19:00:09.562 I/auditd  (22802): Exiting
12-22 19:00:09.953 I/ActivityManager(647): Killing 21719:com.android.voicedialer/u0a23 (adj 15): empty #17
12-22 19:00:09.953 W/libprocessgroup(647): failed to open /acct/uid_10023/pid_21719/cgroup.procs: No such file or directory
12-22 19:00:09.963 W/libprocessgroup(647): failed to open /acct/uid_10023/pid_21719/cgroup.procs: No such file or directory
12-22 19:00:14.577 I/auditd  (22812): Starting up
12-22 19:00:14.577 E/auditd  (22812): Failed on audit_set_pid with error: Protocol not supported
12-22 19:00:14.577 I/auditd  (22812): Exiting
12-22 19:00:14.878 E/NetlinkEvent(247): NetlinkEvent::FindParam(): Parameter 'TIME_NS' not found
12-22 19:00:14.998 E/NetlinkEvent(247): NetlinkEvent::FindParam(): Parameter 'TIME_NS' not found
12-22 19:00:19.602 I/auditd  (22820): Starting up
12-22 19:00:19.612 E/auditd  (22820): Failed on audit_set_pid with error: Protocol not supported
12-22 19:00:19.612 I/auditd  (22820): Exiting
12-22 19:00:20.093 E/NetlinkEvent(247): NetlinkEvent::FindParam(): Parameter 'TIME_NS' not found
12-22 19:00:21.384 I/ActivityManager(647): START u0 {act=com.android.systemui.recents.SHOW_RECENTS flg=0x10804000 cmp=com.android.systemui/.recents.RecentsActivity (has extras)} from uid 10019 on display 0
12-22 19:00:22.455 I/ActivityManager(647): Killing 21210:com.android.settings/1000 (adj 9): remove task
12-22 19:00:22.455 W/libprocessgroup(647): failed to open /acct/uid_1000/pid_21210/cgroup.procs: No such file or directory
12-22 19:00:22.455 D/TaskPersister(647): removeObsoleteFile: deleting file=87_task.xml
12-22 19:00:22.455 D/TaskPersister(647): removeObsoleteFile: deleting file=87_task_thumbnail.png
12-22 19:00:22.455 I/ActivityManager(647): START u0 {act=android.intent.action.MAIN cat=[android.intent.category.HOME] flg=0x10200000 cmp=com.cyanogenmod.trebuchet/com.android.launcher3.Launcher} from uid 10019 on display 0
12-22 19:00:22.565 W/libprocessgroup(647): failed to open /acct/uid_1000/pid_21210/cgroup.procs: No such file or directory
12-22 19:00:23.936 W/BackupManagerService(647): dataChanged but no participant pkg='com.android.providers.settings' uid=10019
12-22 19:00:24.947 I/auditd  (22842): Starting up
12-22 19:00:24.957 E/auditd  (22842): Failed on audit_set_pid with error: Protocol not supported
12-22 19:00:24.957 I/auditd  (22842): Exiting
12-22 19:00:25.228 W/BackupManagerService(647): dataChanged but no participant pkg='com.android.providers.settings' uid=10019
12-22 19:00:25.828 D/WifiService(647): acquireWifiLockLocked: WifiLock{NlpWifiLock type=2 binder=android.os.BinderProxy@2c6b0de9}
12-22 19:00:25.888 D/WifiService(647): releaseWifiLockLocked: WifiLock{NlpWifiLock type=2 binder=android.os.BinderProxy@2c6b0de9}
12-22 19:00:27.370 D/WifiService(647): setWifiEnabled: true pid=862, uid=10019
12-22 19:00:27.370 E/WifiService(647): Invoking mWifiStateMachine.setWifiEnabled
12-22 19:00:27.480 I/ActivityManager(647): Start proc com.android.settings for broadcast com.android.settings/.widget.SettingsAppWidgetProvider: pid=22853 uid=1000 gids={41000, 9997, 3002, 3001, 3003, 1028, 1015, 1023} abi=armeabi-v7a
12-22 19:00:27.480 E/libprocessgroup(22853): failed to make and chown /acct/uid_1000: Read-only file system
12-22 19:00:27.530 W/ResourcesManager(22853): Asset path '/system/framework/org.cyanogenmod.hardware.jar' does not exist or contains no resources.
12-22 19:00:28.261 D/WifiService(647): New client listening to asynchronous messages
12-22 19:00:29.752 W/InputMethodManagerService(647): Window already focused, ignoring focus gain of: com.android.internal.view.IInputMethodClient$Stub$Proxy@1de84ff6 attribute=null, token = android.os.BinderProxy@3f1ab583
12-22 19:00:30.423 I/auditd  (22879): Starting up
12-22 19:00:30.433 E/auditd  (22879): Failed on audit_set_pid with error: Protocol not supported
12-22 19:00:30.433 I/auditd  (22879): Exiting
12-22 19:00:31.884 D/ConnectivityService(647): registerNetworkAgent NetworkAgentInfo{ ni{[type: WIFI[], state: CONNECTING/CONNECTING, reason: (unspecified), extra: "FRITZ!Box Fon WLAN 7390", roaming: false, failover: false, isAvailable: true, isConnectedToProvisioningNetwork: false]}  network{null}  lp{{LinkAddresses: []  Routes: [] DnsAddresses: [] Domains: null MTU: 0 TcpBufferSizes: 524288,1048576,2097152,262144,524288,1048576}}  nc{[ Transports: WIFI Capabilities: INTERNET&NOT_RESTRICTED&TRUSTED&NOT_VPN LinkUpBandwidth>=1048576Kbps LinkDnBandwidth>=1048576Kbps]}  Score{20} validated{false} created{false} explicitlySelected{false} }
12-22 19:00:31.884 D/ConnectivityService(647): NetworkAgentInfo [WIFI () - 119] EVENT_NETWORK_INFO_CHANGED, going from null to CONNECTING
12-22 19:00:31.894 D/ConnectivityService(647): updateNetworkScore for NetworkAgentInfo [WIFI () - 119] to 60
12-22 19:00:32.615 D/ConnectivityService(647): NetworkAgentInfo [WIFI () - 119] EVENT_NETWORK_INFO_CHANGED, going from CONNECTING to CONNECTED
12-22 19:00:32.615 D/ConnectivityService(647): Adding iface wlan0 to network 119
12-22 19:00:32.625 E/NetlinkEvent(247): NetlinkEvent::FindParam(): Parameter 'TIME_NS' not found
12-22 19:00:32.655 E/ConnectivityService(647): Unexpected mtu value: 0, wlan0
12-22 19:00:32.655 D/ConnectivityService(647): Adding Route [fe80::/64 -> :: wlan0] to network 119
12-22 19:00:32.655 D/ConnectivityService(647): Adding Route [192.168.2.0/24 -> 0.0.0.0 wlan0] to network 119
12-22 19:00:32.655 D/ConnectivityService(647): Adding Route [0.0.0.0/0 -> 192.168.2.1 wlan0] to network 119
12-22 19:00:32.655 D/ConnectivityService(647): Setting Dns servers for network 119 to [/192.168.2.1]
12-22 19:00:32.665 D/Nat464Xlat(647): requiresClat: netType=1, connected=true, hasIPv4Address=true
12-22 19:00:32.665 D/ConnectivityService(647): notifyType IP_CHANGED for NetworkAgentInfo [WIFI () - 119]
12-22 19:00:32.665 D/ConnectivityService(647): notifyType PRECHECK for NetworkAgentInfo [WIFI () - 119]
12-22 19:00:32.665 D/ConnectivityService(647): rematching NetworkAgentInfo [WIFI () - 119]
12-22 19:00:32.875 D/ConnectivityService(647): Validated NetworkAgentInfo [WIFI () - 119]
12-22 19:00:32.875 D/ConnectivityService(647): rematching NetworkAgentInfo [WIFI () - 119]
12-22 19:00:32.875 D/ConnectivityService(647):    accepting network in place of NetworkAgentInfo [MOBILE (LTE) - 118]
12-22 19:00:32.875 D/CSLegacyTypeTracker(647): Sending disconnected broadcast for type 0 NetworkAgentInfo [MOBILE (LTE) - 118] isDefaultNetwork=false
12-22 19:00:32.875 D/ConnectivityService(647): sendStickyBroadcast: action=android.net.conn.CONNECTIVITY_CHANGE_IMMEDIATE
12-22 19:00:32.875 D/CSLegacyTypeTracker(647): Sending connected broadcast for type 1 NetworkAgentInfo [WIFI () - 119] isDefaultNetwork=true
12-22 19:00:32.875 D/ConnectivityService(647): sendStickyBroadcast: action=android.net.conn.CONNECTIVITY_CHANGE_IMMEDIATE
12-22 19:00:32.875 D/ConnectivityService(647): notifyType LOSING for NetworkAgentInfo [MOBILE (LTE) - 118]
12-22 19:00:32.895 D/ConnectivityService(647): Switching to new default network: NetworkAgentInfo{ ni{[type: WIFI[], state: CONNECTED/CONNECTED, reason: (unspecified), extra: "FRITZ!Box Fon WLAN 7390", roaming: false, failover: false, isAvailable: true, isConnectedToProvisioningNetwork: false]}  network{119}  lp{{InterfaceName: wlan0 LinkAddresses: [192.168.2.26/24,]  Routes: [fe80::/64 -> :: wlan0,192.168.2.0/24 -> 0.0.0.0 wlan0,0.0.0.0/0 -> 192.168.2.1 wlan0,] DnsAddresses: [192.168.2.1,] Domains: null MTU: 0 TcpBufferSizes: 524288,1048576,2097152,262144,524288,1048576}}  nc{[ Transports: WIFI Capabilities: INTERNET&NOT_RESTRICTED&TRUSTED&NOT_VPN LinkUpBandwidth>=1048576Kbps LinkDnBandwidth>=1048576Kbps]}  Score{60} validated{true} created{true} explicitlySelected{false} }
12-22 19:00:32.895 D/ConnectivityService(647): notifyType AVAILABLE for NetworkAgentInfo [WIFI () - 119]
12-22 19:00:33.626 D/Nat464Xlat(647): requiresClat: netType=1, connected=true, hasIPv4Address=true
12-22 19:00:33.626 D/ConnectivityService(647): notifyType IP_CHANGED for NetworkAgentInfo [WIFI () - 119]
12-22 19:00:33.626 D/ConnectivityService(647): notifyType IP_CHANGED for NetworkAgentInfo [WIFI () - 119]
12-22 19:00:33.636 I/ActivityManager(647): START u0 {act=android.intent.action.MAIN cat=[android.intent.category.LAUNCHER] flg=0x10200000 cmp=com.android.vending/.AssetBrowserActivity bnds=[561,708][795,970] (has extras)} from uid 10014 on display 0
12-22 19:00:33.686 W/BroadcastQueue(647): Permission Denial: broadcasting Intent { act=com.android.launcher3.action.LAUNCH flg=0x10 (has extras) } from com.cyanogenmod.trebuchet (pid=1146, uid=10014) requires com.google.android.launcher.permission.RECEIVE_LAUNCH_BROADCASTS due to receiver com.google.android.googlequicksearchbox/com.google.android.search.core.icingsync.ApplicationLaunchReceiver
12-22 19:00:33.686 W/BroadcastQueue(647): Permission Denial: receiving Intent { act=com.android.launcher3.action.LAUNCH flg=0x10 (has extras) } to com.google.android.googlequicksearchbox/com.google.android.search.core.icingsync.ApplicationLaunchReceiver requires com.android.launcher3.permission.RECEIVE_LAUNCH_BROADCASTS due to sender com.cyanogenmod.trebuchet (uid 10014)
12-22 19:00:34.877 I/auditd  (22942): Starting up
12-22 19:00:34.877 E/auditd  (22942): Failed on audit_set_pid with error: Protocol not supported
12-22 19:00:34.877 I/auditd  (22942): Exiting
12-22 19:00:35.878 D/ConnectivityService(647): sendStickyBroadcast: action=android.net.conn.CONNECTIVITY_CHANGE
12-22 19:00:35.878 D/ConnectivityService(647): sendStickyBroadcast: action=android.net.conn.CONNECTIVITY_CHANGE
12-22 19:00:35.928 I/ActivityManager(647): Start proc de.motain.iliga for broadcast de.motain.iliga/com.layer.sdk.services.LayerReceiver: pid=22947 uid=10103 gids={50103, 9997, 3003, 1028, 1015, 1023} abi=armeabi-v7a
12-22 19:00:35.928 E/libprocessgroup(22947): failed to make and chown /acct/uid_10103: Read-only file system
12-22 19:00:36.338 E/Vold    (233): Failed to find mounted volume for /storage/usbdisk/Android/data/de.motain.iliga/cache/
12-22 19:00:36.338 W/Vold    (233): Returning OperationFailed - no handler for errno 0
12-22 19:00:36.368 E/Vold    (233): Failed to find mounted volume for /storage/usbdisk/Android/data/de.motain.iliga/cache/
12-22 19:00:36.368 W/Vold    (233): Returning OperationFailed - no handler for errno 0
12-22 19:00:37.129 I/ValidateNoPeople(647): skipping global notification
12-22 19:00:37.369 E/libprocessgroup(23002): failed to make and chown /acct/uid_10022: Read-only file system
12-22 19:00:37.379 I/ActivityManager(647): Start proc com.android.mms for broadcast com.android.mms/.transaction.MmsSystemEventReceiver: pid=23002 uid=10022 gids={50022, 9997, 3003, 1028, 1015, 1023} abi=armeabi-v7a
12-22 19:00:37.450 D/CountryDetector(647): The first listener is added
12-22 19:00:37.590 W/ResourcesManager(23002): Asset path '/system/framework/com.google.android.media.effects.jar' does not exist or contains no resources.
12-22 19:00:37.600 D/ConnectivityService(647): reportBadNetwork(NetworkAgentInfo [WIFI () - 119]) by 10009
12-22 19:00:37.630 E/libprocessgroup(23031): failed to make and chown /acct/uid_10080: Read-only file system
12-22 19:00:37.630 I/ActivityManager(647): Start proc com.fsck.k9 for broadcast com.fsck.k9/.service.BootReceiver: pid=23031 uid=10080 gids={50080, 9997, 3003, 1028, 1015, 1023} abi=armeabi-v7a
12-22 19:00:37.650 D/ConnectivityService(647): Validated NetworkAgentInfo [WIFI () - 119]
12-22 19:00:37.650 D/ConnectivityService(647): rematching NetworkAgentInfo [WIFI () - 119]
12-22 19:00:37.650 D/ConnectivityService(647): Network NetworkAgentInfo [WIFI () - 119] was already satisfying request 1. No change.
12-22 19:00:37.650 D/ConnectivityService(647): notifyType AVAILABLE for NetworkAgentInfo [WIFI () - 119]
12-22 19:00:37.690 I/ActivityManager(647): Killing 21740:com.google.android.partnersetup/u0a20 (adj 15): empty #17
12-22 19:00:37.690 W/libprocessgroup(647): failed to open /acct/uid_10020/pid_21740/cgroup.procs: No such file or directory
12-22 19:00:37.700 W/libprocessgroup(647): failed to open /acct/uid_10020/pid_21740/cgroup.procs: No such file or directory
12-22 19:00:37.820 E/libprocessgroup(23055): failed to make and chown /acct/uid_10095: Read-only file system
12-22 19:00:37.820 I/ActivityManager(647): Start proc com.amazon.mp3:downloadmanager for broadcast com.amazon.mp3/com.amazon.android.internal.downloads.DownloadReceiver: pid=23055 uid=10095 gids={50095, 9997, 3003, 1028, 1015, 1023, 3002, 3001} abi=armeabi
12-22 19:00:37.870 D/WifiService(647): New client listening to asynchronous messages
12-22 19:00:37.880 I/ActivityManager(647): Killing 21761:com.android.gallery3d/u0a36 (adj 15): empty #17
12-22 19:00:37.880 W/libprocessgroup(647): failed to open /acct/uid_10036/pid_21761/cgroup.procs: No such file or directory
12-22 19:00:37.890 W/libprocessgroup(647): failed to open /acct/uid_10036/pid_21761/cgroup.procs: No such file or directory
12-22 19:00:37.950 E/ActivityThread(23055): Failed to find provider info for com.amazon.dcp.settings
12-22 19:00:38.010 D/ActivityThread(23055): Loading provider com.amazon.mp3.urbanairship.provider: com.urbanairship.UrbanAirshipProvider
12-22 19:00:38.120 E/libprocessgroup(23109): failed to make and chown /acct/uid_10096: Read-only file system
12-22 19:00:38.140 I/ActivityManager(647): Start proc com.amazon.mShop.android.shopping for content provider com.amazon.mShop.android.shopping/com.amazon.mShop.sso.MShopMAPInformationProvider: pid=23109 uid=10096 gids={50096, 9997, 3003, 1028, 1015, 1023} abi=armeabi
12-22 19:00:38.170 D/WifiService(647): acquireWifiLockLocked: WifiLock{HTTPMetricsTransport type=3 binder=android.os.BinderProxy@341dece5}
12-22 19:00:38.170 W/ResourcesManager(23109): Asset path '/system/framework/com.google.android.maps.jar' does not exist or contains no resources.
12-22 19:00:38.300 D/WifiService(647): acquireWifiLockLocked: WifiLock{HTTPMetricsTransport type=3 binder=android.os.BinderProxy@2d09d3ba}
12-22 19:00:38.390 I/ActivityManager(647): Killing 21844:com.splunchy.android.alarmclock/u0a81 (adj 15): empty #17
12-22 19:00:38.390 W/libprocessgroup(647): failed to open /acct/uid_10081/pid_21844/cgroup.procs: No such file or directory
12-22 19:00:38.400 W/libprocessgroup(647): failed to open /acct/uid_10081/pid_21844/cgroup.procs: No such file or directory
12-22 19:00:38.430 E/ActivityThread(23109): Failed to find provider info for com.amazon.dcp.settings
12-22 19:00:39.542 D/WifiService(647): releaseWifiLockLocked: WifiLock{HTTPMetricsTransport type=3 binder=android.os.BinderProxy@2d09d3ba}
12-22 19:00:39.542 D/WifiService(647): releaseWifiLockLocked: WifiLock{HTTPMetricsTransport type=3 binder=android.os.BinderProxy@341dece5}
12-22 19:00:39.572 E/ActivityThread(23109): Failed to find provider info for com.amazon.mas.client.framework.DeviceInfoContentProvider-com.amazon.mShop.android.shopping
12-22 19:00:39.662 D/WifiService(647): acquireWifiLockLocked: WifiLock{HTTPMetricsTransport type=3 binder=android.os.BinderProxy@28b5c917}
12-22 19:00:39.692 D/WifiService(647): acquireWifiLockLocked: WifiLock{HTTPMetricsTransport type=3 binder=android.os.BinderProxy@1775d104}
12-22 19:00:39.902 I/auditd  (23200): Starting up
12-22 19:00:39.902 E/auditd  (23200): Failed on audit_set_pid with error: Protocol not supported
12-22 19:00:39.902 I/auditd  (23200): Exiting
12-22 19:00:39.912 D/WifiService(647): releaseWifiLockLocked: WifiLock{HTTPMetricsTransport type=3 binder=android.os.BinderProxy@1775d104}
12-22 19:00:39.912 D/WifiService(647): releaseWifiLockLocked: WifiLock{HTTPMetricsTransport type=3 binder=android.os.BinderProxy@28b5c917}
12-22 19:00:39.932 D/WifiService(647): acquireWifiLockLocked: WifiLock{HTTPMetricsTransport type=3 binder=android.os.BinderProxy@11c1922b}
12-22 19:00:39.932 D/WifiService(647): acquireWifiLockLocked: WifiLock{HTTPMetricsTransport type=3 binder=android.os.BinderProxy@2368688}
12-22 19:00:40.112 D/WifiService(647): releaseWifiLockLocked: WifiLock{HTTPMetricsTransport type=3 binder=android.os.BinderProxy@2368688}
12-22 19:00:40.122 D/WifiService(647): releaseWifiLockLocked: WifiLock{HTTPMetricsTransport type=3 binder=android.os.BinderProxy@11c1922b}
12-22 19:00:40.122 D/WifiService(647): acquireWifiLockLocked: WifiLock{HTTPMetricsTransport type=3 binder=android.os.BinderProxy@2364e821}
12-22 19:00:40.132 D/WifiService(647): acquireWifiLockLocked: WifiLock{HTTPMetricsTransport type=3 binder=android.os.BinderProxy@32c52607}
12-22 19:00:40.322 D/WifiService(647): releaseWifiLockLocked: WifiLock{HTTPMetricsTransport type=3 binder=android.os.BinderProxy@32c52607}
12-22 19:00:40.322 D/WifiService(647): releaseWifiLockLocked: WifiLock{HTTPMetricsTransport type=3 binder=android.os.BinderProxy@2364e821}
12-22 19:00:40.322 D/WifiService(647): acquireWifiLockLocked: WifiLock{HTTPMetricsTransport type=3 binder=android.os.BinderProxy@22166315}
12-22 19:00:40.322 D/WifiService(647): acquireWifiLockLocked: WifiLock{HTTPMetricsTransport type=3 binder=android.os.BinderProxy@cf6c62a}
12-22 19:00:40.513 D/WifiService(647): releaseWifiLockLocked: WifiLock{HTTPMetricsTransport type=3 binder=android.os.BinderProxy@cf6c62a}
12-22 19:00:40.523 D/WifiService(647): releaseWifiLockLocked: WifiLock{HTTPMetricsTransport type=3 binder=android.os.BinderProxy@22166315}
12-22 19:00:40.523 D/WifiService(647): acquireWifiLockLocked: WifiLock{HTTPMetricsTransport type=3 binder=android.os.BinderProxy@23ef5c1b}
12-22 19:00:40.533 D/WifiService(647): acquireWifiLockLocked: WifiLock{HTTPMetricsTransport type=3 binder=android.os.BinderProxy@12dca1b8}
12-22 19:00:40.693 D/WifiService(647): releaseWifiLockLocked: WifiLock{HTTPMetricsTransport type=3 binder=android.os.BinderProxy@12dca1b8}
12-22 19:00:40.703 D/WifiService(647): releaseWifiLockLocked: WifiLock{HTTPMetricsTransport type=3 binder=android.os.BinderProxy@23ef5c1b}
12-22 19:00:40.713 D/WifiService(647): acquireWifiLockLocked: WifiLock{HTTPMetricsTransport type=3 binder=android.os.BinderProxy@d871b91}
12-22 19:00:40.713 D/WifiService(647): acquireWifiLockLocked: WifiLock{HTTPMetricsTransport type=3 binder=android.os.BinderProxy@10131af6}
12-22 19:00:40.893 D/WifiService(647): releaseWifiLockLocked: WifiLock{HTTPMetricsTransport type=3 binder=android.os.BinderProxy@10131af6}
12-22 19:00:40.893 D/WifiService(647): releaseWifiLockLocked: WifiLock{HTTPMetricsTransport type=3 binder=android.os.BinderProxy@d871b91}
12-22 19:00:40.903 D/WifiService(647): acquireWifiLockLocked: WifiLock{HTTPMetricsTransport type=3 binder=android.os.BinderProxy@3a9d9ef7}
12-22 19:00:40.913 D/WifiService(647): acquireWifiLockLocked: WifiLock{HTTPMetricsTransport type=3 binder=android.os.BinderProxy@25962164}
12-22 19:00:41.093 D/WifiService(647): releaseWifiLockLocked: WifiLock{HTTPMetricsTransport type=3 binder=android.os.BinderProxy@25962164}
12-22 19:00:41.093 D/WifiService(647): releaseWifiLockLocked: WifiLock{HTTPMetricsTransport type=3 binder=android.os.BinderProxy@3a9d9ef7}
12-22 19:00:41.093 D/WifiService(647): acquireWifiLockLocked: WifiLock{HTTPMetricsTransport type=3 binder=android.os.BinderProxy@3670dfcd}
12-22 19:00:41.103 D/WifiService(647): acquireWifiLockLocked: WifiLock{HTTPMetricsTransport type=3 binder=android.os.BinderProxy@37cdf082}
12-22 19:00:41.163 I/ActivityManager(647): START u0 {act=android.intent.action.SEARCH flg=0x10000000 cmp=com.android.vending/.AssetBrowserActivity (has extras)} from uid 10005 on display 0
12-22 19:00:41.313 D/WifiService(647): releaseWifiLockLocked: WifiLock{HTTPMetricsTransport type=3 binder=android.os.BinderProxy@37cdf082}
12-22 19:00:41.313 D/WifiService(647): releaseWifiLockLocked: WifiLock{HTTPMetricsTransport type=3 binder=android.os.BinderProxy@3670dfcd}
12-22 19:00:42.815 I/ActivityManager(647): Killing 21884:org.blackmart.market/u0a87 (adj 15): empty #17
12-22 19:00:42.815 W/libprocessgroup(647): failed to open /acct/uid_10087/pid_21884/cgroup.procs: No such file or directory
12-22 19:00:42.825 W/libprocessgroup(647): failed to open /acct/uid_10087/pid_21884/cgroup.procs: No such file or directory
12-22 19:00:42.915 I/ActivityManager(647): Start proc mobi.mgeek.TunnyBrowser for broadcast mobi.mgeek.TunnyBrowser/com.dolphin.browser.downloads.DownloadReceiver: pid=23215 uid=10082 gids={50082, 9997, 3003, 1028, 1015, 1023} abi=armeabi
12-22 19:00:42.915 E/libprocessgroup(23215): failed to make and chown /acct/uid_10082: Read-only file system
12-22 19:00:43.325 W/ActivityThread(23215): ClassLoader.loadClass: The class loader returned by Thread.getContextClassLoader() may fail for processes that host multiple applications. You should explicitly specify a context class loader. For example: Thread.setContextClassLoader(getClass().getClassLoader());
12-22 19:00:43.455 W/ResourcesManager(23002): Asset path '/system/framework/com.google.android.media.effects.jar' does not exist or contains no resources.
12-22 19:00:44.907 I/auditd  (23263): Starting up
12-22 19:00:44.907 E/auditd  (23263): Failed on audit_set_pid with error: Protocol not supported
12-22 19:00:44.907 I/auditd  (23263): Exiting
12-22 19:00:49.922 I/auditd  (23291): Starting up
12-22 19:00:49.932 E/auditd  (23291): Failed on audit_set_pid with error: Protocol not supported
12-22 19:00:49.932 I/auditd  (23291): Exiting
12-22 19:00:52.074 E/NetlinkEvent(247): NetlinkEvent::FindParam(): Parameter 'TIME_NS' not found
12-22 19:00:54.326 E/NetlinkEvent(247): NetlinkEvent::FindParam(): Parameter 'TIME_NS' not found
12-22 19:00:54.346 W/ProcessCpuTracker(647): Skipping unknown process pid 23307
12-22 19:00:54.947 I/auditd  (23309): Starting up
12-22 19:00:54.947 E/auditd  (23309): Failed on audit_set_pid with error: Protocol not supported
12-22 19:00:54.947 I/auditd  (23309): Exiting
12-22 19:00:59.331 E/NetlinkEvent(247): NetlinkEvent::FindParam(): Parameter 'TIME_NS' not found
12-22 19:00:59.972 I/auditd  (23318): Starting up
12-22 19:00:59.972 E/auditd  (23318): Failed on audit_set_pid with error: Protocol not supported
12-22 19:00:59.972 I/auditd  (23318): Exiting
12-22 19:00:59.992 I/ActivityManager(647): Waited long enough for: ServiceRecord{2293b1c7 u0 de.motain.iliga/.sync.ILigaUpdaterService}
12-22 19:01:04.976 I/auditd  (23326): Starting up
12-22 19:01:04.976 E/auditd  (23326): Failed on audit_set_pid with error: Protocol not supported
12-22 19:01:04.976 I/auditd  (23326): Exiting
12-22 19:01:05.827 D/ConnectivityService(647): handleLingerComplete for NetworkAgentInfo [MOBILE (LTE) - 118]
12-22 19:01:05.827 D/ConnectivityService(647): NetworkAgentInfo [MOBILE (LTE) - 118] got DISCONNECTED, was satisfying 1
12-22 19:01:05.837 E/NetlinkEvent(247): NetlinkEvent::FindParam(): Parameter 'TIME_NS' not found
12-22 19:01:05.907 D/ConnectivityService(647): notifyType LOST for NetworkAgentInfo [MOBILE (LTE) - 118]
12-22 19:01:05.907 D/Nat464Xlat(647): requiresClat: netType=0, connected=false, hasIPv4Address=true
12-22 19:01:10.171 I/auditd  (23342): Starting up
12-22 19:01:10.171 E/auditd  (23342): Failed on audit_set_pid with error: Protocol not supported
12-22 19:01:10.171 I/auditd  (23342): Exiting
12-22 19:01:10.882 E/NetlinkEvent(247): NetlinkEvent::FindParam(): Parameter 'TIME_NS' not found
12-22 19:01:15.176 I/auditd  (23352): Starting up
12-22 19:01:15.176 E/auditd  (23352): Failed on audit_set_pid with error: Protocol not supported
12-22 19:01:15.176 I/auditd  (23352): Exiting
12-22 19:01:20.191 I/auditd  (23362): Starting up
12-22 19:01:20.191 E/auditd  (23362): Failed on audit_set_pid with error: Protocol not supported
12-22 19:01:20.191 I/auditd  (23362): Exiting
12-22 19:01:25.216 I/auditd  (23369): Starting up
12-22 19:01:25.216 E/auditd  (23369): Failed on audit_set_pid with error: Protocol not supported
12-22 19:01:25.216 I/auditd  (23369): Exiting
12-22 19:01:26.467 I/ValidateNoPeople(647): skipping global notification
12-22 19:01:27.508 I/ValidateNoPeople(647): skipping global notification
12-22 19:01:30.231 I/auditd  (23383): Starting up
12-22 19:01:30.241 E/auditd  (23383): Failed on audit_set_pid with error: Protocol not supported
12-22 19:01:30.241 I/auditd  (23383): Exiting
12-22 19:01:32.263 I/ActivityManager(647): START u0 {act=android.intent.action.SEARCH flg=0x10000000 cmp=com.android.vending/.AssetBrowserActivity (has extras)} from uid 10005 on display 0
12-22 19:01:35.266 I/auditd  (23396): Starting up
12-22 19:01:35.266 E/auditd  (23396): Failed on audit_set_pid with error: Protocol not supported
12-22 19:01:35.266 I/auditd  (23396): Exiting
12-22 19:01:40.281 I/auditd  (23404): Starting up
12-22 19:01:40.281 E/auditd  (23404): Failed on audit_set_pid with error: Protocol not supported
12-22 19:01:40.281 I/auditd  (23404): Exiting
12-22 19:01:45.306 I/auditd  (23421): Starting up
12-22 19:01:45.316 E/auditd  (23421): Failed on audit_set_pid with error: Protocol not supported
12-22 19:01:45.316 I/auditd  (23421): Exiting
12-22 19:01:45.526 I/ActivityManager(647): Killing 21908:com.forpda.lp/u0a108 (adj 15): empty #17
12-22 19:01:45.526 W/libprocessgroup(647): failed to open /acct/uid_10108/pid_21908/cgroup.procs: No such file or directory
12-22 19:01:45.546 W/libprocessgroup(647): failed to open /acct/uid_10108/pid_21908/cgroup.procs: No such file or directory
12-22 19:01:50.321 I/auditd  (23430): Starting up
12-22 19:01:50.331 E/auditd  (23430): Failed on audit_set_pid with error: Protocol not supported
12-22 19:01:50.331 I/auditd  (23430): Exiting
12-22 19:01:52.843 I/ActivityManager(647): START u0 {cmp=com.android.vending/com.google.android.finsky.activities.ScreenshotsActivity (has extras)} from uid 10005 on display 0
12-22 19:01:55.356 I/auditd  (23440): Starting up
12-22 19:01:55.356 E/auditd  (23440): Failed on audit_set_pid with error: Protocol not supported
12-22 19:01:55.356 I/auditd  (23440): Exiting
12-22 19:02:00.360 I/auditd  (23449): Starting up
12-22 19:02:00.360 E/auditd  (23449): Failed on audit_set_pid with error: Protocol not supported
12-22 19:02:00.360 I/auditd  (23449): Exiting
12-22 19:02:05.385 I/auditd  (23460): Starting up
12-22 19:02:05.385 E/auditd  (23460): Failed on audit_set_pid with error: Protocol not supported
12-22 19:02:05.385 I/auditd  (23460): Exiting
12-22 19:02:10.390 I/auditd  (23468): Starting up
12-22 19:02:10.390 E/auditd  (23468): Failed on audit_set_pid with error: Protocol not supported
12-22 19:02:10.390 I/auditd  (23468): Exiting
12-22 19:02:15.415 I/auditd  (23477): Starting up
12-22 19:02:15.415 E/auditd  (23477): Failed on audit_set_pid with error: Protocol not supported
12-22 19:02:15.415 I/auditd  (23477): Exiting
12-22 19:02:20.420 I/auditd  (23489): Starting up
12-22 19:02:20.420 E/auditd  (23489): Failed on audit_set_pid with error: Protocol not supported
12-22 19:02:20.420 I/auditd  (23489): Exiting
12-22 19:02:25.445 I/auditd  (23495): Starting up
12-22 19:02:25.445 E/auditd  (23495): Failed on audit_set_pid with error: Protocol not supported
12-22 19:02:25.445 I/auditd  (23495): Exiting
12-22 19:02:30.460 I/auditd  (23505): Starting up
12-22 19:02:30.470 E/auditd  (23505): Failed on audit_set_pid with error: Protocol not supported
12-22 19:02:30.470 I/auditd  (23505): Exiting
12-22 19:02:34.494 I/auditd  (23513): Starting up
12-22 19:02:34.494 E/auditd  (23513): Failed on audit_set_pid with error: Protocol not supported
12-22 19:02:34.494 I/auditd  (23513): Exiting
12-22 19:02:38.327 W/BackupManagerService(647): dataChanged but no participant pkg='com.android.providers.settings' uid=1001
12-22 19:02:38.558 D/Nat464Xlat(647): requiresClat: netType=1, connected=true, hasIPv4Address=true
12-22 19:02:38.558 D/ConnectivityService(647): notifyType IP_CHANGED for NetworkAgentInfo [WIFI () - 119]
12-22 19:02:40.409 I/auditd  (23548): Starting up
12-22 19:02:40.409 E/auditd  (23548): Failed on audit_set_pid with error: Protocol not supported
12-22 19:02:40.409 I/auditd  (23548): Exiting
12-22 19:02:45.444 I/auditd  (23558): Starting up
12-22 19:02:45.444 E/auditd  (23558): Failed on audit_set_pid with error: Protocol not supported
12-22 19:02:45.444 I/auditd  (23558): Exiting
12-22 19:02:50.449 I/auditd  (23580): Starting up
12-22 19:02:50.449 E/auditd  (23580): Failed on audit_set_pid with error: Protocol not supported
12-22 19:02:50.449 I/auditd  (23580): Exiting
12-22 19:02:55.474 I/auditd  (23586): Starting up
12-22 19:02:55.474 E/auditd  (23586): Failed on audit_set_pid with error: Protocol not supported
12-22 19:02:55.474 I/auditd  (23586): Exiting
12-22 19:03:00.489 I/auditd  (23597): Starting up
12-22 19:03:00.489 E/auditd  (23597): Failed on audit_set_pid with error: Protocol not supported
12-22 19:03:00.489 I/auditd  (23597): Exiting
12-22 19:03:02.431 I/ActivityManager(647): START u0 {cmp=com.android.vending/com.google.android.finsky.activities.ScreenshotsActivity (has extras)} from uid 10005 on display 0
12-22 19:03:05.504 I/auditd  (23607): Starting up
12-22 19:03:05.504 E/auditd  (23607): Failed on audit_set_pid with error: Protocol not supported
12-22 19:03:05.504 I/auditd  (23607): Exiting
12-22 19:03:10.519 I/auditd  (23615): Starting up
12-22 19:03:10.519 E/auditd  (23615): Failed on audit_set_pid with error: Protocol not supported
12-22 19:03:10.519 I/auditd  (23615): Exiting
12-22 19:03:15.544 I/auditd  (23624): Starting up
12-22 19:03:15.544 E/auditd  (23624): Failed on audit_set_pid with error: Protocol not supported
12-22 19:03:15.544 I/auditd  (23624): Exiting
12-22 19:03:20.549 I/auditd  (23638): Starting up
12-22 19:03:20.549 E/auditd  (23638): Failed on audit_set_pid with error: Protocol not supported
12-22 19:03:20.549 I/auditd  (23638): Exiting
12-22 19:03:25.574 I/auditd  (23648): Starting up
12-22 19:03:25.574 E/auditd  (23648): Failed on audit_set_pid with error: Protocol not supported
12-22 19:03:25.574 I/auditd  (23648): Exiting
12-22 19:03:30.578 I/auditd  (23661): Starting up
12-22 19:03:30.578 E/auditd  (23661): Failed on audit_set_pid with error: Protocol not supported
12-22 19:03:30.578 I/auditd  (23661): Exiting
12-22 19:03:35.603 I/auditd  (23669): Starting up
12-22 19:03:35.603 E/auditd  (23669): Failed on audit_set_pid with error: Protocol not supported
12-22 19:03:35.603 I/auditd  (23669): Exiting
12-22 19:03:40.618 I/auditd  (23675): Starting up
12-22 19:03:40.628 E/auditd  (23675): Failed on audit_set_pid with error: Protocol not supported
12-22 19:03:40.628 I/auditd  (23675): Exiting
12-22 19:03:45.643 I/auditd  (23686): Starting up
12-22 19:03:45.643 E/auditd  (23686): Failed on audit_set_pid with error: Protocol not supported
12-22 19:03:45.643 I/auditd  (23686): Exiting
12-22 19:03:47.495 I/ActivityManager(647): START u0 {cmp=com.android.vending/com.google.android.finsky.billing.lightpurchase.LightPurchaseFlowActivity (has extras)} from uid 10005 on display 0
12-22 19:03:47.645 I/ActivityManager(647): START u0 {cmp=com.android.vending/com.google.android.finsky.activities.AppsPermissionsActivity (has extras)} from uid 10005 on display 0
12-22 19:03:47.795 W/ResourcesManager(21785): Asset path '/system/framework/org.cyanogenmod.hardware.jar' does not exist or contains no resources.
12-22 19:03:50.658 I/auditd  (23702): Starting up
12-22 19:03:50.668 E/auditd  (23702): Failed on audit_set_pid with error: Protocol not supported
12-22 19:03:50.668 I/auditd  (23702): Exiting
12-22 19:03:52.360 W/ActivityThread(21862): ClassLoader.loadClass: The class loader returned by Thread.getContextClassLoader() may fail for processes that host multiple applications. You should explicitly specify a context class loader. For example: Thread.setContextClassLoader(getClass().getClassLoader());
12-22 19:03:53.761 D/PackageManager(647): /data/app/vmdl1066832007.tmp already staged; skipping copy
12-22 19:03:53.831 D/PackageManager(647): Renaming /data/app/vmdl1066832007.tmp to /data/app/com.nolanlawson.logcat-1
12-22 19:03:54.171 W/PackageManager(647): Not granting permission android.permission.READ_LOGS to package com.nolanlawson.logcat (protectionLevel=50 flags=0x8be44)
12-22 19:03:54.242 V/BackupManagerService(647): restoreAtInstall pkg=com.nolanlawson.logcat token=8 restoreSet=337d93f73b8cb97e
12-22 19:03:54.242 D/BackupManagerService(647): MSG_RUN_RESTORE observer=null
12-22 19:03:54.872 D/BackupManagerService(647): initiateOneRestore packageName=@pm@
12-22 19:03:54.872 E/BackupManagerService(647): SElinux restorecon failed for /cache/@pm@.stage
12-22 19:03:54.892 V/BackupManagerService(647): No more packages; finishing restore
12-22 19:03:54.892 I/BackupRestoreController(647): restoreFinished for 0
12-22 19:03:54.892 I/BackupManagerService(647): Restore complete.
12-22 19:03:55.172 D/BackupManagerService(647): Received broadcast Intent { act=android.intent.action.PACKAGE_ADDED dat=package:com.nolanlawson.logcat flg=0x4000010 (has extras) }
12-22 19:03:55.202 E/libprocessgroup(23729): failed to make and chown /acct/uid_10012: Read-only file system
12-22 19:03:55.212 I/ActivityManager(647): Start proc com.google.android.googlequicksearchbox:search for broadcast com.google.android.googlequicksearchbox/com.google.android.search.core.icingsync.IcingCorporaChangedReceiver: pid=23729 uid=10012 gids={50012, 9997, 3003, 3001, 1028, 3002, 1015, 1023, 1005} abi=armeabi-v7a
12-22 19:03:55.243 W/ResourcesManager(1146): Asset path '/system/framework/org.cyanogenmod.hardware.jar' does not exist or contains no resources.
12-22 19:03:55.253 W/ResourcesManager(1146): Asset path '/system/framework/com.google.android.media.effects.jar' does not exist or contains no resources.
12-22 19:03:55.273 W/ResourcesManager(1146): Asset path '/system/framework/com.google.android.media.effects.jar' does not exist or contains no resources.
12-22 19:03:55.293 W/ResourcesManager(1146): Asset path '/system/framework/com.google.android.maps.jar' does not exist or contains no resources.
12-22 19:03:55.303 W/ResourcesManager(1146): Asset path '/system/framework/com.google.android.maps.jar' does not exist or contains no resources.
12-22 19:03:55.353 E/libprocessgroup(23749): failed to make and chown /acct/uid_10020: Read-only file system
12-22 19:03:55.363 I/ActivityManager(647): Start proc com.google.android.partnersetup for broadcast com.google.android.partnersetup/.RlzPingBroadcastReceiver: pid=23749 uid=10020 gids={50020, 9997, 3003} abi=armeabi-v7a
12-22 19:03:55.453 E/Vold    (233): Failed to find mounted volume for /storage/usbdisk/Android/data/com.android.vending/files/
12-22 19:03:55.453 W/Vold    (233): Returning OperationFailed - no handler for errno 0
12-22 19:03:55.543 E/libprocessgroup(23778): failed to make and chown /acct/uid_10023: Read-only file system
12-22 19:03:55.543 I/ActivityManager(647): Start proc com.android.voicedialer for broadcast com.android.voicedialer/.VoiceDialerReceiver: pid=23778 uid=10023 gids={50023, 9997, 3002} abi=armeabi-v7a
12-22 19:03:55.653 E/libprocessgroup(23798): failed to make and chown /acct/uid_10036: Read-only file system
12-22 19:03:55.653 I/ActivityManager(647): Start proc com.android.gallery3d for broadcast com.android.gallery3d/.app.PackagesMonitor: pid=23798 uid=10036 gids={50036, 9997, 3003, 1028, 1015, 1023, 3002} abi=armeabi-v7a
12-22 19:03:55.653 I/ActivityManager(647): Killing 22590:com.estrongs.android.pop/u0a79 (adj 15): empty #17
12-22 19:03:55.653 W/libprocessgroup(647): failed to open /acct/uid_10079/pid_22590/cgroup.procs: No such file or directory
12-22 19:03:55.673 W/libprocessgroup(647): failed to open /acct/uid_10079/pid_22590/cgroup.procs: No such file or directory
12-22 19:03:55.683 I/auditd  (23816): Starting up
12-22 19:03:55.683 E/auditd  (23816): Failed on audit_set_pid with error: Protocol not supported
12-22 19:03:55.683 I/auditd  (23816): Exiting
12-22 19:03:55.703 W/ResourcesManager(23798): Asset path '/system/framework/com.google.android.media.effects.jar' does not exist or contains no resources.
12-22 19:03:55.753 E/libprocessgroup(23822): failed to make and chown /acct/uid_10038: Read-only file system
12-22 19:03:55.753 I/ActivityManager(647): Start proc com.svox.pico for broadcast com.svox.pico/.VoiceDataInstallerReceiver: pid=23822 uid=10038 gids={50038, 9997, 1028, 1015, 1023} abi=armeabi-v7a
12-22 19:03:55.753 I/ActivityManager(647): Killing 22737:com.android.deskclock/u0a53 (adj 15): empty #17
12-22 19:03:55.753 W/libprocessgroup(647): failed to open /acct/uid_10053/pid_22737/cgroup.procs: No such file or directory
12-22 19:03:55.763 W/libprocessgroup(647): failed to open /acct/uid_10053/pid_22737/cgroup.procs: No such file or directory
12-22 19:03:55.823 I/ActivityManager(647): Killing 22853:com.android.settings/1000 (adj 15): empty #17
12-22 19:03:55.823 W/libprocessgroup(647): failed to open /acct/uid_1000/pid_22853/cgroup.procs: No such file or directory
12-22 19:03:55.843 D/WifiService(647): Client connection lost with reason: 4
12-22 19:03:55.843 W/libprocessgroup(647): failed to open /acct/uid_1000/pid_22853/cgroup.procs: No such file or directory
12-22 19:03:56.003 E/libprocessgroup(23843): failed to make and chown /acct/uid_10048: Read-only file system
12-22 19:03:56.003 I/ActivityManager(647): Start proc eu.chainfire.supersu for broadcast eu.chainfire.supersu/.InstallReceiver: pid=23843 uid=10048 gids={50048, 9997} abi=armeabi-v7a
12-22 19:03:56.023 I/ActivityManager(647): Killing 22761:com.cyanogenmod.lockclock/u0a44 (adj 15): empty #17
12-22 19:03:56.023 W/libprocessgroup(647): failed to open /acct/uid_10044/pid_22761/cgroup.procs: No such file or directory
12-22 19:03:56.043 W/libprocessgroup(647): failed to open /acct/uid_10044/pid_22761/cgroup.procs: No such file or directory
12-22 19:03:56.063 W/ResourcesManager(23843): Asset path '/system/framework/org.cyanogenmod.hardware.jar' does not exist or contains no resources.
12-22 19:03:56.143 E/libprocessgroup(23866): failed to make and chown /acct/uid_10079: Read-only file system
12-22 19:03:56.153 I/ActivityManager(647): Start proc com.estrongs.android.pop for broadcast com.estrongs.android.pop/.app.InstallMonitorReceiver: pid=23866 uid=10079 gids={50079, 9997, 3003, 3002, 3001, 1028, 1015, 1023} abi=armeabi
12-22 19:03:56.153 I/ActivityManager(647): Killing 23055:com.amazon.mp3:downloadmanager/u0a95 (adj 15): empty #17
12-22 19:03:56.153 W/libprocessgroup(647): failed to open /acct/uid_10095/pid_23055/cgroup.procs: No such file or directory
12-22 19:03:56.173 D/WifiService(647): Client connection lost with reason: 4
12-22 19:03:56.173 W/libprocessgroup(647): failed to open /acct/uid_10095/pid_23055/cgroup.procs: No such file or directory
12-22 19:03:56.314 W/ActivityManager(647): getTasks: caller 10079 does not hold GET_TASKS; limiting output
12-22 19:03:56.324 I/ActivityManager(647): START u0 {flg=0x10800000 cmp=com.estrongs.android.pop/.app.InstallMonitorActivity (has extras)} from uid 10079 on display 0
12-22 19:03:56.394 E/libprocessgroup(23887): failed to make and chown /acct/uid_10087: Read-only file system
12-22 19:03:56.394 I/ActivityManager(647): Start proc org.blackmart.market for broadcast org.blackmart.market/.util.components.ActionsReceiver: pid=23887 uid=10087 gids={50087, 9997, 3003, 1028, 1015, 1023} abi=armeabi-v7a
12-22 19:03:56.464 W/InputMethodManagerService(647): Window already focused, ignoring focus gain of: com.android.internal.view.IInputMethodClient$Stub$Proxy@1ca08739 attribute=null, token = android.os.BinderProxy@26daf01d
12-22 19:03:56.504 I/ActivityManager(647): Killing 23109:com.amazon.mShop.android.shopping/u0a96 (adj 15): empty #17
12-22 19:03:56.504 W/libprocessgroup(647): failed to open /acct/uid_10096/pid_23109/cgroup.procs: No such file or directory
12-22 19:03:56.514 D/WifiService(647): New client listening to asynchronous messages
12-22 19:03:56.524 W/libprocessgroup(647): failed to open /acct/uid_10096/pid_23109/cgroup.procs: No such file or directory
12-22 19:03:56.544 E/Vold    (233): Failed to find mounted volume for /storage/usbdisk/Android/data/org.blackmart.market/cache/
12-22 19:03:56.544 W/Vold    (233): Returning OperationFailed - no handler for errno 0
12-22 19:03:56.554 E/Vold    (233): Failed to find mounted volume for /storage/usbdisk/Android/data/org.blackmart.market/cache/
12-22 19:03:56.554 W/Vold    (233): Returning OperationFailed - no handler for errno 0
12-22 19:03:56.714 E/libprocessgroup(23924): failed to make and chown /acct/uid_10096: Read-only file system
12-22 19:03:56.714 I/ActivityManager(647): Start proc com.amazon.mShop.android.shopping for broadcast com.amazon.mShop.android.shopping/com.amazon.clouddrive.library.device.receivers.PackageReceiverProxy: pid=23924 uid=10096 gids={50096, 9997, 3003, 1028, 1015, 1023} abi=armeabi
12-22 19:03:56.714 I/ActivityManager(647): Killing 19666:com.rootuninstaller.pro/u0a109 (adj 15): empty #17
12-22 19:03:56.714 W/libprocessgroup(647): failed to open /acct/uid_10109/pid_19666/cgroup.procs: No such file or directory
12-22 19:03:56.724 W/libprocessgroup(647): failed to open /acct/uid_10109/pid_19666/cgroup.procs: No such file or directory
12-22 19:03:56.764 W/ResourcesManager(23924): Asset path '/system/framework/com.google.android.maps.jar' does not exist or contains no resources.
12-22 19:03:57.004 E/ActivityThread(23924): Failed to find provider info for com.amazon.dcp.settings
12-22 19:03:58.055 E/ActivityThread(23924): Failed to find provider info for com.amazon.mas.client.framework.DeviceInfoContentProvider-com.amazon.mShop.android.shopping
12-22 19:03:58.396 W/PackageParser(23887): Unknown element under <intent-filter>: intent-filter at /storage/emulated/0/blackmart/downloads/com.rootuninstaller.pro.251.apk Binary XML file line #93
12-22 19:04:00.698 I/auditd  (24006): Starting up
12-22 19:04:00.698 E/auditd  (24006): Failed on audit_set_pid with error: Protocol not supported
12-22 19:04:00.698 I/auditd  (24006): Exiting
12-22 19:04:01.278 I/ActivityManager(647): Killing 23215:mobi.mgeek.TunnyBrowser/u0a82 (adj 15): empty #17
12-22 19:04:01.278 W/libprocessgroup(647): failed to open /acct/uid_10082/pid_23215/cgroup.procs: No such file or directory
12-22 19:04:01.288 W/libprocessgroup(647): failed to open /acct/uid_10082/pid_23215/cgroup.procs: No such file or directory
12-22 19:04:01.328 E/libprocessgroup(24013): failed to make and chown /acct/uid_10108: Read-only file system
12-22 19:04:01.328 I/ActivityManager(647): Start proc com.forpda.lp for broadcast com.forpda.lp/.PackageChangeReceiver: pid=24013 uid=10108 gids={50108, 9997, 1028, 1015, 1023, 3003} abi=armeabi-v7a
12-22 19:04:01.388 I/ActivityManager(647): Killing 23002:com.android.mms/u0a22 (adj 15): empty #17
12-22 19:04:01.388 W/libprocessgroup(647): failed to open /acct/uid_10022/pid_23002/cgroup.procs: No such file or directory
12-22 19:04:01.399 D/CountryDetector(647): No listener is left
12-22 19:04:01.429 E/libprocessgroup(24035): failed to make and chown /acct/uid_10109: Read-only file system
12-22 19:04:01.429 I/ActivityManager(647): Start proc com.rootuninstaller.pro for broadcast com.rootuninstaller.pro/org.baole.rootapps.service.ApplicationChangeReceiver: pid=24035 uid=10109 gids={50109, 9997, 1028, 1015, 1023, 3003} abi=armeabi-v7a
12-22 19:04:01.429 W/libprocessgroup(647): failed to open /acct/uid_10022/pid_23002/cgroup.procs: No such file or directory
12-22 19:04:01.479 E/Vold    (233): Failed to find mounted volume for /storage/usbdisk/Android/data/com.forpda.lp/files/LuckyPatcher/
12-22 19:04:01.479 W/Vold    (233): Returning OperationFailed - no handler for errno 0
12-22 19:04:01.559 I/ActivityManager(647): Killing 23031:com.fsck.k9/u0a80 (adj 15): empty #17
12-22 19:04:01.559 W/libprocessgroup(647): failed to open /acct/uid_10080/pid_23031/cgroup.procs: No such file or directory
12-22 19:04:01.569 W/libprocessgroup(647): failed to open /acct/uid_10080/pid_23031/cgroup.procs: No such file or directory
12-22 19:04:05.723 I/auditd  (24072): Starting up
12-22 19:04:05.723 E/auditd  (24072): Failed on audit_set_pid with error: Protocol not supported
12-22 19:04:05.723 I/auditd  (24072): Exiting
12-22 19:04:10.157 I/ActivityManager(647): Waited long enough for: ServiceRecord{320b806b u0 com.amazon.venezia/com.amazon.mas.client.locker.service.appmgr.AppManagerService}
12-22 19:04:10.738 I/auditd  (24083): Starting up
12-22 19:04:10.738 E/auditd  (24083): Failed on audit_set_pid with error: Protocol not supported
12-22 19:04:10.738 I/auditd  (24083): Exiting
12-22 19:04:15.763 I/auditd  (24092): Starting up
12-22 19:04:15.763 E/auditd  (24092): Failed on audit_set_pid with error: Protocol not supported
12-22 19:04:15.763 I/auditd  (24092): Exiting
12-22 19:04:16.303 I/ActivityManager(647): Waited long enough for: ServiceRecord{3017e256 u0 com.amazon.venezia/.notification.NotificationService}
12-22 19:04:20.777 I/auditd  (24101): Starting up
