12-22 19:04:20.787 E/auditd  (24101): Failed on audit_set_pid with error: Protocol not supported
12-22 19:04:20.787 I/auditd  (24101): Exiting
12-22 19:04:25.812 I/auditd  (24109): Starting up
12-22 19:04:25.812 E/auditd  (24109): Failed on audit_set_pid with error: Protocol not supported
12-22 19:04:25.812 I/auditd  (24109): Exiting
12-22 19:04:30.827 I/auditd  (24116): Starting up
12-22 19:04:30.827 E/auditd  (24116): Failed on audit_set_pid with error: Protocol not supported
12-22 19:04:30.827 I/auditd  (24116): Exiting
12-22 19:04:35.852 I/auditd  (24127): Starting up
12-22 19:04:35.852 E/auditd  (24127): Failed on audit_set_pid with error: Protocol not supported
12-22 19:04:35.852 I/auditd  (24127): Exiting
12-22 19:04:36.643 I/ActivityManager(647): START u0 {act=android.intent.action.MAIN cat=[android.intent.category.LAUNCHER] flg=0x10000000 pkg=com.nolanlawson.logcat cmp=com.nolanlawson.logcat/.LogcatActivity} from uid 10005 on display 0
12-22 19:04:36.703 E/libprocessgroup(24132): failed to make and chown /acct/uid_10119: Read-only file system
12-22 19:04:36.703 I/ActivityManager(647): Start proc com.nolanlawson.logcat for activity com.nolanlawson.logcat/.LogcatActivity: pid=24132 uid=10119 gids={50119, 9997, 1028, 1015, 1023} abi=armeabi-v7a
12-22 19:04:37.984 I/ActivityManager(647): START u0 {act=android.intent.action.MAIN flg=0x50840000 cmp=eu.chainfire.supersu/.PromptActivity (has extras)} from uid 10048 on display 0
12-22 19:04:41.257 I/auditd  (24205): Starting up
12-22 19:04:41.257 E/auditd  (24205): Failed on audit_set_pid with error: Protocol not supported
12-22 19:04:41.257 I/auditd  (24205): Exiting
12-22 19:04:43.420 D/TaskPersister(647): removeObsoleteFile: deleting file=91_task_thumbnail.png
12-22 19:04:46.062 I/auditd  (24372): Starting up
12-22 19:04:46.062 E/auditd  (24372): Failed on audit_set_pid with error: Protocol not supported
12-22 19:04:46.062 I/auditd  (24372): Exiting
12-22 19:04:47.814 W/InputMethodManagerService(647): Window already focused, ignoring focus gain of: com.android.internal.view.IInputMethodClient$Stub$Proxy@2249a402 attribute=null, token = android.os.BinderProxy@3e957c3e
12-22 19:04:51.067 I/auditd  (24383): Starting up
12-22 19:04:51.087 E/auditd  (24383): Failed on audit_set_pid with error: Protocol not supported
12-22 19:04:51.087 I/auditd  (24383): Exiting
12-22 19:04:54.981 E/BackupManagerService(647): Timeout restoring application @pm@
12-22 19:04:54.991 W/BackupManagerService(647): Tried to clear data for @pm@ but not found
12-22 19:04:54.991 E/BackupManagerService(647): Failure getting next package name
12-22 19:04:54.991 E/BackupManagerService(647): Duplicate finish
12-22 19:04:56.102 I/auditd  (24393): Starting up
12-22 19:04:56.102 E/auditd  (24393): Failed on audit_set_pid with error: Protocol not supported
12-22 19:04:56.102 I/auditd  (24393): Exiting
12-22 19:05:01.117 I/auditd  (24400): Starting up
12-22 19:05:01.127 E/auditd  (24400): Failed on audit_set_pid with error: Protocol not supported
12-22 19:05:01.127 I/auditd  (24400): Exiting
12-22 19:05:01.417 I/ActivityManager(647): Killing 22947:de.motain.iliga/u0a103 (adj 15): empty #17
12-22 19:05:01.417 W/libprocessgroup(647): failed to open /acct/uid_10103/pid_22947/cgroup.procs: No such file or directory
12-22 19:05:01.427 W/libprocessgroup(647): failed to open /acct/uid_10103/pid_22947/cgroup.procs: No such file or directory
12-22 19:05:06.162 I/auditd  (24409): Starting up
12-22 19:05:06.172 E/auditd  (24409): Failed on audit_set_pid with error: Protocol not supported
12-22 19:05:06.172 I/auditd  (24409): Exiting
12-22 19:05:11.177 I/auditd  (24418): Starting up
12-22 19:05:11.177 E/auditd  (24418): Failed on audit_set_pid with error: Protocol not supported
12-22 19:05:11.177 I/auditd  (24418): Exiting
12-22 19:05:16.201 I/auditd  (24428): Starting up
12-22 19:05:16.201 E/auditd  (24428): Failed on audit_set_pid with error: Protocol not supported
12-22 19:05:16.201 I/auditd  (24428): Exiting
12-22 19:05:18.404 W/InputMethodManagerService(647): Window already focused, ignoring focus gain of: com.android.internal.view.IInputMethodClient$Stub$Proxy@1b42f503 attribute=null, token = android.os.BinderProxy@3e957c3e
12-22 19:05:18.624 I/ActivityManager(647): START u0 {act=android.intent.action.SEND typ=application/zip flg=0x1 cmp=com.estrongs.android.pop/.app.SaveToESActivity (has clip) (has extras)} from uid 10119 on display 0
12-22 19:05:21.216 I/auditd  (24454): Starting up
12-22 19:05:21.216 E/auditd  (24454): Failed on audit_set_pid with error: Protocol not supported
12-22 19:05:21.216 I/auditd  (24454): Exiting
12-22 19:05:26.231 I/auditd  (24461): Starting up
12-22 19:05:26.231 E/auditd  (24461): Failed on audit_set_pid with error: Protocol not supported
12-22 19:05:26.231 I/auditd  (24461): Exiting
12-22 19:05:30.155 D/WifiService(647): acquireWifiLockLocked: WifiLock{NlpWifiLock type=2 binder=android.os.BinderProxy@37f95a2d}
12-22 19:05:30.275 D/WifiService(647): releaseWifiLockLocked: WifiLock{NlpWifiLock type=2 binder=android.os.BinderProxy@37f95a2d}
12-22 19:05:31.246 I/auditd  (24472): Starting up
12-22 19:05:31.246 E/auditd  (24472): Failed on audit_set_pid with error: Protocol not supported
12-22 19:05:31.246 I/auditd  (24472): Exiting
12-22 19:05:32.407 W/ProcessCpuTracker(647): Skipping unknown process pid 24475
12-22 19:05:36.271 I/auditd  (24482): Starting up
12-22 19:05:36.271 E/auditd  (24482): Failed on audit_set_pid with error: Protocol not supported
12-22 19:05:36.271 I/auditd  (24482): Exiting
12-22 19:05:41.286 I/auditd  (24489): Starting up
12-22 19:05:41.286 E/auditd  (24489): Failed on audit_set_pid with error: Protocol not supported
12-22 19:05:41.286 I/auditd  (24489): Exiting
12-22 19:05:46.311 I/auditd  (24498): Starting up
12-22 19:05:46.321 E/auditd  (24498): Failed on audit_set_pid with error: Protocol not supported
12-22 19:05:46.321 I/auditd  (24498): Exiting
12-22 19:05:51.336 I/auditd  (24512): Starting up
12-22 19:05:51.336 E/auditd  (24512): Failed on audit_set_pid with error: Protocol not supported
12-22 19:05:51.336 I/auditd  (24512): Exiting
12-22 19:05:56.341 I/auditd  (24520): Starting up
12-22 19:05:56.351 E/auditd  (24520): Failed on audit_set_pid with error: Protocol not supported
12-22 19:05:56.351 I/auditd  (24520): Exiting
12-22 19:05:57.972 I/ActivityManager(647): Killing 21862:android.process.media/u0a17 (adj 15): empty #17
12-22 19:05:57.972 W/libprocessgroup(647): failed to open /acct/uid_10017/pid_21862/cgroup.procs: No such file or directory
12-22 19:05:58.062 W/libprocessgroup(647): failed to open /acct/uid_10017/pid_21862/cgroup.procs: No such file or directory
12-22 19:05:59.844 W/ViewRootImpl(1146): Dropping event due to no window focus: KeyEvent { action=ACTION_DOWN, keyCode=KEYCODE_BACK, scanCode=158, metaState=0, flags=0x8, repeatCount=0, eventTime=9455027, downTime=9455027, deviceId=1, source=0x101 }
12-22 19:05:59.854 W/BackupManagerService(647): dataChanged but no participant pkg='com.cyanogenmod.trebuchet' uid=10014
12-22 19:05:59.854 W/BackupManagerService(647): dataChanged but no participant pkg='com.cyanogenmod.trebuchet' uid=10014
12-22 19:05:59.854 W/BackupManagerService(647): dataChanged but no participant pkg='com.cyanogenmod.trebuchet' uid=10014
12-22 19:05:59.854 W/BackupManagerService(647): dataChanged but no participant pkg='com.cyanogenmod.trebuchet' uid=10014
12-22 19:05:59.854 W/BackupManagerService(647): dataChanged but no participant pkg='com.cyanogenmod.trebuchet' uid=10014
12-22 19:05:59.864 W/BackupManagerService(647): dataChanged but no participant pkg='com.cyanogenmod.trebuchet' uid=10014
12-22 19:05:59.884 W/ViewRootImpl(1146): Dropping event due to no window focus: KeyEvent { action=ACTION_DOWN, keyCode=KEYCODE_BACK, scanCode=158, metaState=0, flags=0x8, repeatCount=0, eventTime=9455219, downTime=9455219, deviceId=1, source=0x101 }
12-22 19:06:00.495 I/ActivityManager(647): Killing 22205:com.android.defcontainer/u0a21 (adj 15): empty #17
12-22 19:06:00.495 W/libprocessgroup(647): failed to open /acct/uid_10021/pid_22205/cgroup.procs: No such file or directory
12-22 19:06:00.525 W/libprocessgroup(647): failed to open /acct/uid_10021/pid_22205/cgroup.procs: No such file or directory
12-22 19:06:01.105 I/auditd  (24585): Starting up
12-22 19:06:01.105 E/auditd  (24585): Failed on audit_set_pid with error: Protocol not supported
12-22 19:06:01.105 I/auditd  (24585): Exiting
12-22 19:06:01.315 I/ActivityManager(647): START u0 {act=com.android.systemui.recents.SHOW_RECENTS flg=0x10804000 cmp=com.android.systemui/.recents.RecentsActivity (has extras)} from uid 10019 on display 0
12-22 19:06:02.767 I/ActivityManager(647): Killing 21785:com.android.vending/u0a5 (adj 9): remove task
12-22 19:06:02.767 W/libprocessgroup(647): failed to open /acct/uid_10005/pid_21785/cgroup.procs: No such file or directory
12-22 19:06:02.767 D/TaskPersister(647): removeObsoleteFile: deleting file=88_task.xml
12-22 19:06:02.767 D/TaskPersister(647): removeObsoleteFile: deleting file=88_activity_icon_1419271233640.png
12-22 19:06:02.767 D/TaskPersister(647): removeObsoleteFile: deleting file=88_task_thumbnail.png
12-22 19:06:02.847 W/libprocessgroup(647): failed to open /acct/uid_10005/pid_21785/cgroup.procs: No such file or directory
12-22 19:06:03.398 I/ActivityManager(647): Killing 24132:com.nolanlawson.logcat/u0a119 (adj 9): remove task
12-22 19:06:03.398 W/libprocessgroup(647): failed to open /acct/uid_10119/pid_24132/cgroup.procs: No such file or directory
12-22 19:06:03.398 D/TaskPersister(647): removeObsoleteFile: deleting file=90_task.xml
12-22 19:06:03.398 D/TaskPersister(647): removeObsoleteFile: deleting file=90_task_thumbnail.png
12-22 19:06:03.398 I/ActivityManager(647): START u0 {act=android.intent.action.MAIN cat=[android.intent.category.HOME] flg=0x10200000 cmp=com.cyanogenmod.trebuchet/com.android.launcher3.Launcher} from uid 10019 on display 0
12-22 19:06:03.418 W/libprocessgroup(647): failed to open /acct/uid_10119/pid_24132/cgroup.procs: No such file or directory
12-22 19:06:06.110 I/auditd  (24601): Starting up
12-22 19:06:06.110 E/auditd  (24601): Failed on audit_set_pid with error: Protocol not supported
12-22 19:06:06.110 I/auditd  (24601): Exiting
12-22 19:06:11.135 I/auditd  (24609): Starting up
12-22 19:06:11.135 E/auditd  (24609): Failed on audit_set_pid with error: Protocol not supported
12-22 19:06:11.135 I/auditd  (24609): Exiting
12-22 19:06:16.150 I/auditd  (24619): Starting up
12-22 19:06:16.150 E/auditd  (24619): Failed on audit_set_pid with error: Protocol not supported
12-22 19:06:16.150 I/auditd  (24619): Exiting
12-22 19:06:16.991 W/InputMethodManagerService(647): Window already focused, ignoring focus gain of: com.android.internal.view.IInputMethodClient$Stub$Proxy@20e0821f attribute=null, token = android.os.BinderProxy@3f1ab583
12-22 19:06:20.184 I/ActivityManager(647): START u0 {act=android.intent.action.MAIN cat=[android.intent.category.LAUNCHER] flg=0x10200000 pkg=menion.android.locus.pro cmp=menion.android.locus.pro/com.asamm.locus.core.StartScreen bnds=[438,708][672,970] (has extras)} from uid 10014 on display 0
12-22 19:06:20.214 W/BroadcastQueue(647): Permission Denial: broadcasting Intent { act=com.android.launcher3.action.LAUNCH flg=0x10 (has extras) } from com.cyanogenmod.trebuchet (pid=1146, uid=10014) requires com.google.android.launcher.permission.RECEIVE_LAUNCH_BROADCASTS due to receiver com.google.android.googlequicksearchbox/com.google.android.search.core.icingsync.ApplicationLaunchReceiver
12-22 19:06:20.214 W/BroadcastQueue(647): Permission Denial: receiving Intent { act=com.android.launcher3.action.LAUNCH flg=0x10 (has extras) } to com.google.android.googlequicksearchbox/com.google.android.search.core.icingsync.ApplicationLaunchReceiver requires com.android.launcher3.permission.RECEIVE_LAUNCH_BROADCASTS due to sender com.cyanogenmod.trebuchet (uid 10014)
12-22 19:06:20.294 E/libprocessgroup(24629): failed to make and chown /acct/uid_10086: Read-only file system
12-22 19:06:20.304 I/ActivityManager(647): Start proc menion.android.locus.pro for activity menion.android.locus.pro/com.asamm.locus.core.StartScreen: pid=24629 uid=10086 gids={50086, 9997, 3002, 3001, 3003, 1028, 1015, 1023} abi=armeabi-v7a
12-22 19:06:21.165 I/auditd  (24673): Starting up
12-22 19:06:21.165 E/auditd  (24673): Failed on audit_set_pid with error: Protocol not supported
12-22 19:06:21.165 I/auditd  (24673): Exiting
12-22 19:06:21.645 E/Vold    (233): Failed to find mounted volume for /storage/usbdisk/Android/data/menion.android.locus.pro/files/
12-22 19:06:21.645 W/Vold    (233): Returning OperationFailed - no handler for errno 0
12-22 19:06:21.665 I/ActivityManager(647): START u0 {flg=0x4000000 cmp=menion.android.locus.pro/com.asamm.locus.basic.MainActivityBasic} from uid 10086 on display 0
12-22 19:06:22.286 D/WifiService(647): acquireWifiLockLocked: WifiLock{NlpWifiLock type=2 binder=android.os.BinderProxy@cef9eda}
12-22 19:06:26.180 I/auditd  (24748): Starting up
12-22 19:06:26.180 E/auditd  (24748): Failed on audit_set_pid with error: Protocol not supported
12-22 19:06:26.180 I/auditd  (24748): Exiting
12-22 19:06:26.400 D/WifiService(647): releaseWifiLockLocked: WifiLock{NlpWifiLock type=2 binder=android.os.BinderProxy@cef9eda}
12-22 19:06:31.195 I/auditd  (24906): Starting up
12-22 19:06:31.195 E/auditd  (24906): Failed on audit_set_pid with error: Protocol not supported
12-22 19:06:31.195 I/auditd  (24906): Exiting
12-22 19:06:32.506 I/ActivityManager(647): START u0 {cmp=menion.android.locus.pro/o.nr} from uid 10086 on display 0
12-22 19:06:36.200 I/auditd  (24924): Starting up
12-22 19:06:36.200 E/auditd  (24924): Failed on audit_set_pid with error: Protocol not supported
12-22 19:06:36.200 I/auditd  (24924): Exiting
12-22 19:06:37.991 I/ActivityManager(647): START u0 {flg=0x4000000 cmp=menion.android.locus.pro/com.asamm.locus.basic.MainActivityBasic} from uid 10086 on display 0
12-22 19:06:41.224 I/auditd  (25021): Starting up
12-22 19:06:41.224 E/auditd  (25021): Failed on audit_set_pid with error: Protocol not supported
12-22 19:06:41.224 I/auditd  (25021): Exiting
12-22 19:06:41.355 I/ActivityManager(647): START u0 {cmp=menion.android.locus.pro/o.nr} from uid 10086 on display 0
12-22 19:06:42.376 D/WifiService(647): acquireWifiLockLocked: WifiLock{NlpWifiLock type=2 binder=android.os.BinderProxy@cef9eda}
12-22 19:06:44.628 I/ActivityManager(647): START u0 {cmp=menion.android.locus.pro/o.nr} from uid 10086 on display 0
12-22 19:06:46.229 I/auditd  (25047): Starting up
12-22 19:06:46.229 E/auditd  (25047): Failed on audit_set_pid with error: Protocol not supported
12-22 19:06:46.229 I/auditd  (25047): Exiting
12-22 19:06:46.359 D/WifiService(647): releaseWifiLockLocked: WifiLock{NlpWifiLock type=2 binder=android.os.BinderProxy@cef9eda}
12-22 19:06:47.180 I/ActivityManager(647): START u0 {flg=0x4000000 cmp=menion.android.locus.pro/com.asamm.locus.basic.MainActivityBasic} from uid 10086 on display 0
12-22 19:06:47.250 I/ActivityManager(647): START u0 {cmp=menion.android.locus.pro/o.cj (has extras)} from uid 10086 on display 0
12-22 19:06:47.250 W/ActivityManager(647): startActivity called from finishing ActivityRecord{1c916af u0 menion.android.locus.pro/o.nr t92 f}; forcing Intent.FLAG_ACTIVITY_NEW_TASK for: Intent { cmp=menion.android.locus.pro/o.cj (has extras) }
12-22 19:06:50.503 I/ValidateNoPeople(647): skipping global notification
12-22 19:06:51.244 I/auditd  (25109): Starting up
12-22 19:06:51.254 E/auditd  (25109): Failed on audit_set_pid with error: Protocol not supported
12-22 19:06:51.254 I/auditd  (25109): Exiting
12-22 19:06:56.279 I/auditd  (25114): Starting up
12-22 19:06:56.289 E/auditd  (25114): Failed on audit_set_pid with error: Protocol not supported
12-22 19:06:56.289 I/auditd  (25114): Exiting
12-22 19:06:56.639 I/ActivityManager(647): START u0 {cmp=menion.android.locus.pro/com.asamm.locus.basic.MainActivityBasic (has extras)} from uid 10086 on display 0
12-22 19:07:01.304 I/auditd  (25172): Starting up
12-22 19:07:01.304 E/auditd  (25172): Failed on audit_set_pid with error: Protocol not supported
12-22 19:07:01.304 I/auditd  (25172): Exiting
12-22 19:07:02.385 D/WifiService(647): acquireWifiLockLocked: WifiLock{NlpWifiLock type=2 binder=android.os.BinderProxy@cef9eda}
12-22 19:07:06.329 I/auditd  (25219): Starting up
12-22 19:07:06.339 E/auditd  (25219): Failed on audit_set_pid with error: Protocol not supported
12-22 19:07:06.339 I/auditd  (25219): Exiting
12-22 19:07:06.489 D/WifiService(647): releaseWifiLockLocked: WifiLock{NlpWifiLock type=2 binder=android.os.BinderProxy@cef9eda}
12-22 19:07:08.121 D/WifiService(647): acquireWifiLockLocked: WifiLock{NlpWifiLock type=2 binder=android.os.BinderProxy@cef9eda}
12-22 19:07:11.354 I/auditd  (25259): Starting up
12-22 19:07:11.354 E/auditd  (25259): Failed on audit_set_pid with error: Protocol not supported
12-22 19:07:11.354 I/auditd  (25259): Exiting
12-22 19:07:12.135 D/WifiService(647): releaseWifiLockLocked: WifiLock{NlpWifiLock type=2 binder=android.os.BinderProxy@cef9eda}
12-22 19:07:16.359 I/auditd  (25311): Starting up
12-22 19:07:16.359 E/auditd  (25311): Failed on audit_set_pid with error: Protocol not supported
12-22 19:07:16.359 I/auditd  (25311): Exiting
12-22 19:07:21.374 I/auditd  (25362): Starting up
12-22 19:07:21.374 E/auditd  (25362): Failed on audit_set_pid with error: Protocol not supported
12-22 19:07:21.374 I/auditd  (25362): Exiting
12-22 19:07:24.367 I/ActivityManager(647): START u0 {cmp=menion.android.locus.pro/o.nr} from uid 10086 on display 0
12-22 19:07:26.378 I/auditd  (25399): Starting up
12-22 19:07:26.378 E/auditd  (25399): Failed on audit_set_pid with error: Protocol not supported
12-22 19:07:26.378 I/auditd  (25399): Exiting
12-22 19:07:29.041 W/ViewRootImpl(1146): Dropping event due to no window focus: KeyEvent { action=ACTION_DOWN, keyCode=KEYCODE_BACK, scanCode=158, metaState=0, flags=0x8, repeatCount=0, eventTime=9544439, downTime=9544439, deviceId=1, source=0x101 }
12-22 19:07:30.322 I/ActivityManager(647): START u0 {act=com.android.systemui.recents.SHOW_RECENTS flg=0x10804000 cmp=com.android.systemui/.recents.RecentsActivity (has extras)} from uid 10019 on display 0
12-22 19:07:31.403 I/auditd  (25419): Starting up
12-22 19:07:31.403 E/auditd  (25419): Failed on audit_set_pid with error: Protocol not supported
12-22 19:07:31.403 I/auditd  (25419): Exiting
12-22 19:07:31.564 I/ActivityManager(647): Killing 24629:menion.android.locus.pro/u0a86 (adj 9): remove task
12-22 19:07:31.564 W/libprocessgroup(647): failed to open /acct/uid_10086/pid_24629/cgroup.procs: No such file or directory
12-22 19:07:31.574 I/ActivityManager(647): START u0 {act=android.intent.action.MAIN cat=[android.intent.category.HOME] flg=0x10200000 cmp=com.cyanogenmod.trebuchet/com.android.launcher3.Launcher} from uid 10019 on display 0
12-22 19:07:31.654 W/libprocessgroup(647): failed to open /acct/uid_10086/pid_24629/cgroup.procs: No such file or directory
12-22 19:07:32.224 D/TaskPersister(647): removeObsoleteFile: deleting file=92_task.xml
12-22 19:07:32.224 D/TaskPersister(647): removeObsoleteFile: deleting file=92_task_thumbnail.png
12-22 19:07:33.726 I/ActivityManager(647): START u0 {act=android.intent.action.MAIN cat=[android.intent.category.LAUNCHER] flg=0x10200000 cmp=com.estrongs.android.pop/.view.FileExplorerActivity bnds=[174,839][408,1101] (has extras)} from uid 10014 on display 0
12-22 19:07:33.746 W/BroadcastQueue(647): Permission Denial: broadcasting Intent { act=com.android.launcher3.action.LAUNCH flg=0x10 (has extras) } from com.cyanogenmod.trebuchet (pid=1146, uid=10014) requires com.google.android.launcher.permission.RECEIVE_LAUNCH_BROADCASTS due to receiver com.google.android.googlequicksearchbox/com.google.android.search.core.icingsync.ApplicationLaunchReceiver
12-22 19:07:33.746 W/BroadcastQueue(647): Permission Denial: receiving Intent { act=com.android.launcher3.action.LAUNCH flg=0x10 (has extras) } to com.google.android.googlequicksearchbox/com.google.android.search.core.icingsync.ApplicationLaunchReceiver requires com.android.launcher3.permission.RECEIVE_LAUNCH_BROADCASTS due to sender com.cyanogenmod.trebuchet (uid 10014)
12-22 19:07:34.937 I/ActivityManager(647): Start proc android.process.media for content provider com.android.providers.media/.MediaProvider: pid=25463 uid=10017 gids={50017, 9997, 2001, 3003, 1028, 1015, 1023, 3007, 1024} abi=armeabi-v7a
12-22 19:07:34.937 E/libprocessgroup(25463): failed to make and chown /acct/uid_10017: Read-only file system
12-22 19:07:35.888 W/ResourcesManager(23866): Asset path '/system/framework/com.google.android.media.effects.jar' does not exist or contains no resources.
12-22 19:07:36.408 I/auditd  (25518): Starting up
12-22 19:07:36.408 E/auditd  (25518): Failed on audit_set_pid with error: Protocol not supported
12-22 19:07:36.408 I/auditd  (25518): Exiting
12-22 19:07:41.433 I/auditd  (25528): Starting up
12-22 19:07:41.433 E/auditd  (25528): Failed on audit_set_pid with error: Protocol not supported
12-22 19:07:41.433 I/auditd  (25528): Exiting
12-22 19:07:46.438 I/auditd  (25544): Starting up
12-22 19:07:46.438 E/auditd  (25544): Failed on audit_set_pid with error: Protocol not supported
12-22 19:07:46.438 I/auditd  (25544): Exiting
12-22 19:07:51.193 D/WifiService(647): acquireWifiLockLocked: WifiLock{NlpWifiLock type=2 binder=android.os.BinderProxy@303a779}
12-22 19:07:51.313 D/WifiService(647): releaseWifiLockLocked: WifiLock{NlpWifiLock type=2 binder=android.os.BinderProxy@303a779}
12-22 19:07:51.453 I/auditd  (25559): Starting up
12-22 19:07:51.453 E/auditd  (25559): Failed on audit_set_pid with error: Protocol not supported
12-22 19:07:51.453 I/auditd  (25559): Exiting
12-22 19:07:54.116 D/WifiService(647): acquireWifiLockLocked: WifiLock{ES Wifi Lock type=3 binder=android.os.BinderProxy@262b5cbe}
12-22 19:07:56.468 I/auditd  (25576): Starting up
12-22 19:07:56.468 E/auditd  (25576): Failed on audit_set_pid with error: Protocol not supported
12-22 19:07:56.468 I/auditd  (25576): Exiting
12-22 19:07:57.719 D/WifiService(647): releaseWifiLockLocked: WifiLock{ES Wifi Lock type=3 binder=android.os.BinderProxy@262b5cbe}
12-22 19:08:01.483 I/auditd  (25600): Starting up
12-22 19:08:01.483 E/auditd  (25600): Failed on audit_set_pid with error: Protocol not supported
12-22 19:08:01.483 I/auditd  (25600): Exiting
12-22 19:08:02.504 I/NotificationService(647): cancelToast pkg=com.estrongs.android.pop callback=android.app.ITransientNotification$Stub$Proxy@dd07e0b
12-22 19:08:02.764 W/ViewRootImpl(1146): Dropping event due to no window focus: KeyEvent { action=ACTION_DOWN, keyCode=KEYCODE_BACK, scanCode=158, metaState=0, flags=0x8, repeatCount=0, eventTime=9578208, downTime=9578208, deviceId=1, source=0x101 }
12-22 19:08:03.785 I/ActivityManager(647): START u0 {act=com.android.systemui.recents.SHOW_RECENTS flg=0x10804000 cmp=com.android.systemui/.recents.RecentsActivity (has extras)} from uid 10019 on display 0
12-22 19:08:04.786 I/ActivityManager(647): Killing 23866:com.estrongs.android.pop/u0a79 (adj 9): remove task
12-22 19:08:04.786 W/libprocessgroup(647): failed to open /acct/uid_10079/pid_23866/cgroup.procs: No such file or directory
12-22 19:08:04.796 I/ActivityManager(647): START u0 {act=android.intent.action.MAIN cat=[android.intent.category.HOME] flg=0x10200000 cmp=com.cyanogenmod.trebuchet/com.android.launcher3.Launcher} from uid 10019 on display 0
12-22 19:08:04.916 W/libprocessgroup(647): failed to open /acct/uid_10079/pid_23866/cgroup.procs: No such file or directory
12-22 19:08:04.916 D/WifiService(647): Client connection lost with reason: 4
12-22 19:08:04.976 W/InputMethodManagerService(647): Starting input on non-focused client com.android.internal.view.IInputMethodClient$Stub$Proxy@190afee2 (uid=10019 pid=862)
12-22 19:08:05.006 D/TaskPersister(647): removeObsoleteFile: deleting file=93_task.xml
12-22 19:08:05.006 D/TaskPersister(647): removeObsoleteFile: deleting file=93_task_thumbnail.png
12-22 19:08:06.488 I/auditd  (25627): Starting up
12-22 19:08:06.488 E/auditd  (25627): Failed on audit_set_pid with error: Protocol not supported
12-22 19:08:06.488 I/auditd  (25627): Exiting
12-22 19:08:06.668 I/ActivityManager(647): START u0 {act=android.intent.action.MAIN cat=[android.intent.category.LAUNCHER] flg=0x10200000 pkg=menion.android.locus.pro cmp=menion.android.locus.pro/com.asamm.locus.core.StartScreen bnds=[438,708][672,970] (has extras)} from uid 10014 on display 0
12-22 19:08:06.688 W/BroadcastQueue(647): Permission Denial: broadcasting Intent { act=com.android.launcher3.action.LAUNCH flg=0x10 (has extras) } from com.cyanogenmod.trebuchet (pid=1146, uid=10014) requires com.google.android.launcher.permission.RECEIVE_LAUNCH_BROADCASTS due to receiver com.google.android.googlequicksearchbox/com.google.android.search.core.icingsync.ApplicationLaunchReceiver
12-22 19:08:06.688 W/BroadcastQueue(647): Permission Denial: receiving Intent { act=com.android.launcher3.action.LAUNCH flg=0x10 (has extras) } to com.google.android.googlequicksearchbox/com.google.android.search.core.icingsync.ApplicationLaunchReceiver requires com.android.launcher3.permission.RECEIVE_LAUNCH_BROADCASTS due to sender com.cyanogenmod.trebuchet (uid 10014)
12-22 19:08:06.748 E/libprocessgroup(25631): failed to make and chown /acct/uid_10086: Read-only file system
12-22 19:08:06.758 I/ActivityManager(647): Start proc menion.android.locus.pro for activity menion.android.locus.pro/com.asamm.locus.core.StartScreen: pid=25631 uid=10086 gids={50086, 9997, 3002, 3001, 3003, 1028, 1015, 1023} abi=armeabi-v7a
12-22 19:08:07.839 E/Vold    (233): Failed to find mounted volume for /storage/usbdisk/Android/data/menion.android.locus.pro/files/
12-22 19:08:07.839 W/Vold    (233): Returning OperationFailed - no handler for errno 0
12-22 19:08:07.849 I/ActivityManager(647): START u0 {flg=0x4000000 cmp=menion.android.locus.pro/com.asamm.locus.basic.MainActivityBasic} from uid 10086 on display 0
12-22 19:08:08.450 D/WifiService(647): acquireWifiLockLocked: WifiLock{NlpWifiLock type=2 binder=android.os.BinderProxy@210d189f}
12-22 19:08:11.032 I/ActivityManager(647): START u0 {cmp=menion.android.locus.pro/o.nr} from uid 10086 on display 0
12-22 19:08:11.503 I/auditd  (25775): Starting up
12-22 19:08:11.503 E/auditd  (25775): Failed on audit_set_pid with error: Protocol not supported
12-22 19:08:11.503 I/auditd  (25775): Exiting
12-22 19:08:12.443 D/WifiService(647): releaseWifiLockLocked: WifiLock{NlpWifiLock type=2 binder=android.os.BinderProxy@210d189f}
12-22 19:08:12.744 I/ActivityManager(647): Waited long enough for: ServiceRecord{3048edb8 u0 com.amazon.mp3/.service.job.JobService}
12-22 19:08:15.787 W/InputMethodManagerService(647): Window already focused, ignoring focus gain of: com.android.internal.view.IInputMethodClient$Stub$Proxy@27369d8b attribute=null, token = android.os.BinderProxy@1343527f
12-22 19:08:16.507 I/auditd  (25811): Starting up
12-22 19:08:16.507 E/auditd  (25811): Failed on audit_set_pid with error: Protocol not supported
12-22 19:08:16.507 I/auditd  (25811): Exiting
12-22 19:08:17.889 I/ActivityManager(647): START u0 {cmp=menion.android.locus.pro/com.asamm.locus.gui.activities.fileBrowser.FileBrowser (has extras)} from uid 10086 on display 0
12-22 19:08:21.522 I/auditd  (25822): Starting up
12-22 19:08:21.532 E/auditd  (25822): Failed on audit_set_pid with error: Protocol not supported
12-22 19:08:21.532 I/auditd  (25822): Exiting
12-22 19:08:24.535 W/NativeCrashListener(647): Couldn't find ProcessRecord for pid 13434
12-22 19:08:26.617 I/auditd  (25841): Starting up
12-22 19:08:26.617 E/auditd  (25841): Failed on audit_set_pid with error: Protocol not supported
12-22 19:08:26.617 I/auditd  (25841): Exiting
12-22 19:08:28.469 D/WifiService(647): acquireWifiLockLocked: WifiLock{NlpWifiLock type=2 binder=android.os.BinderProxy@2bd31857}
12-22 19:08:31.632 I/auditd  (25852): Starting up
12-22 19:08:31.652 E/auditd  (25852): Failed on audit_set_pid with error: Protocol not supported
12-22 19:08:31.652 I/auditd  (25852): Exiting
12-22 19:08:32.503 D/WifiService(647): releaseWifiLockLocked: WifiLock{NlpWifiLock type=2 binder=android.os.BinderProxy@2bd31857}
--------- beginning of main
12-22 19:08:33.124 I/iu.UploadsManager(1389): NEW; add media id: 33626
12-22 19:08:33.264 I/iu.UploadsManager(1389): INFO: /storage/sdcard1/DCIM/Camera/20130601_235055.jpg does not contain any EXIF data
12-22 19:08:33.264 I/iu.UploadsManager(1389): #reloadSettings(); account: -1; IU: disabled; IS: disabled; IS account: -1; photoWiFi: true; videoWiFi: true; roam: false; battery: true; size: FULL; maxMobile: 157286400
12-22 19:08:33.294 I/iu.UploadsManager(1389): NEW; upload media id: 33627; iu: -1
12-22 19:08:33.294 I/iu.UploadsManager(1389): NEW; add media id: 33627
12-22 19:08:33.454 I/iu.UploadsManager(1389): INFO: /storage/sdcard1/DCIM/Camera/20130602_020400.jpg does not contain any EXIF data
12-22 19:08:33.454 I/iu.UploadsManager(1389): #reloadSettings(); account: -1; IU: disabled; IS: disabled; IS account: -1; photoWiFi: true; videoWiFi: true; roam: false; battery: true; size: FULL; maxMobile: 157286400
12-22 19:08:33.484 E/PowerHAL(647): touch_boost: failed to send: No such file or directory
12-22 19:08:33.484 E/PowerHAL(647): touch_boost: failed to send: No such file or directory
12-22 19:08:33.484 E/PowerHAL(647): touch_boost: failed to send: No such file or directory
12-22 19:08:33.494 I/iu.UploadsManager(1389): NEW; upload media id: 33628; iu: -1
12-22 19:08:33.494 I/iu.UploadsManager(1389): NEW; add media id: 33628
12-22 19:08:33.494 E/PowerHAL(647): touch_boost: failed to send: No such file or directory
12-22 19:08:33.494 E/PowerHAL(647): touch_boost: failed to send: No such file or directory
12-22 19:08:33.504 E/PowerHAL(647): touch_boost: failed to send: No such file or directory
12-22 19:08:33.504 E/PowerHAL(647): touch_boost: failed to send: No such file or directory
12-22 19:08:33.534 E/PowerHAL(647): touch_boost: failed to send: No such file or directory
12-22 19:08:33.534 E/PowerHAL(647): touch_boost: failed to send: No such file or directory
12-22 19:08:33.544 E/PowerHAL(647): touch_boost: failed to send: No such file or directory
12-22 19:08:33.544 E/PowerHAL(647): touch_boost: failed to send: No such file or directory
12-22 19:08:33.554 E/PowerHAL(647): touch_boost: failed to send: No such file or directory
12-22 19:08:33.554 E/PowerHAL(647): touch_boost: failed to send: No such file or directory
12-22 19:08:33.564 E/PowerHAL(647): touch_boost: failed to send: No such file or directory
12-22 19:08:33.564 E/PowerHAL(647): touch_boost: failed to send: No such file or directory
12-22 19:08:33.574 E/AudioTrack(647): AudioTrack::set : Exit
12-22 19:08:33.604 I/iu.UploadsManager(1389): INFO: /storage/sdcard1/DCIM/Camera/20130615_223647.jpg does not contain any EXIF data
12-22 19:08:33.604 I/iu.UploadsManager(1389): #reloadSettings(); account: -1; IU: disabled; IS: disabled; IS account: -1; photoWiFi: true; videoWiFi: true; roam: false; battery: true; size: FULL; maxMobile: 157286400
12-22 19:08:33.624 I/iu.UploadsManager(1389): NEW; upload media id: 33629; iu: -1
12-22 19:08:33.624 I/iu.UploadsManager(1389): NEW; add media id: 33629
12-22 19:08:33.844 I/art     (647): Explicit concurrent mark sweep GC freed 8978(407KB) AllocSpace objects, 0(0B) LOS objects, 30% free, 36MB/52MB, paused 1.434ms total 104.888ms
12-22 19:08:33.904 I/iu.UploadsManager(1389): INFO: /storage/sdcard1/DCIM/Camera/20130629_134749.jpg does not contain any EXIF data
12-22 19:08:33.904 I/iu.UploadsManager(1389): #reloadSettings(); account: -1; IU: disabled; IS: disabled; IS account: -1; photoWiFi: true; videoWiFi: true; roam: false; battery: true; size: FULL; maxMobile: 157286400
12-22 19:08:33.944 I/iu.UploadsManager(1389): NEW; upload media id: 33630; iu: -1
12-22 19:08:33.944 I/iu.UploadsManager(1389): NEW; add media id: 33630
12-22 19:08:34.075 I/iu.UploadsManager(1389): INFO: /storage/sdcard1/DCIM/Camera/20130629_142440.jpg does not contain any EXIF data
12-22 19:08:34.075 I/iu.UploadsManager(1389): #reloadSettings(); account: -1; IU: disabled; IS: disabled; IS account: -1; photoWiFi: true; videoWiFi: true; roam: false; battery: true; size: FULL; maxMobile: 157286400
12-22 19:08:34.095 I/iu.UploadsManager(1389): NEW; upload media id: 33631; iu: -1
12-22 19:08:34.095 I/iu.UploadsManager(1389): NEW; add media id: 33631
12-22 19:08:34.185 I/iu.UploadsManager(1389): INFO: /storage/sdcard1/DCIM/Camera/20130629_152306.jpg does not contain any EXIF data
12-22 19:08:34.185 I/iu.UploadsManager(1389): #reloadSettings(); account: -1; IU: disabled; IS: disabled; IS account: -1; photoWiFi: true; videoWiFi: true; roam: false; battery: true; size: FULL; maxMobile: 157286400
12-22 19:08:34.205 I/iu.UploadsManager(1389): NEW; upload media id: 33632; iu: -1
12-22 19:08:34.205 I/iu.UploadsManager(1389): NEW; add media id: 33632
12-22 19:08:34.295 I/iu.UploadsManager(1389): INFO: /storage/sdcard1/DCIM/Camera/20130629_155906.jpg does not contain any EXIF data
12-22 19:08:34.295 I/iu.UploadsManager(1389): #reloadSettings(); account: -1; IU: disabled; IS: disabled; IS account: -1; photoWiFi: true; videoWiFi: true; roam: false; battery: true; size: FULL; maxMobile: 157286400
12-22 19:08:34.305 I/iu.UploadsManager(1389): NEW; upload media id: 33633; iu: -1
12-22 19:08:34.305 I/iu.UploadsManager(1389): NEW; add media id: 33633
12-22 19:08:34.445 I/iu.UploadsManager(1389): INFO: /storage/sdcard1/DCIM/Camera/20130629_155936.jpg does not contain any EXIF data
12-22 19:08:34.445 I/iu.UploadsManager(1389): #reloadSettings(); account: -1; IU: disabled; IS: disabled; IS account: -1; photoWiFi: true; videoWiFi: true; roam: false; battery: true; size: FULL; maxMobile: 157286400
12-22 19:08:34.465 I/iu.UploadsManager(1389): NEW; upload media id: 33634; iu: -1
12-22 19:08:34.465 I/iu.UploadsManager(1389): NEW; add media id: 33634
12-22 19:08:34.505 I/art     (1389): Explicit concurrent mark sweep GC freed 17604(1015KB) AllocSpace objects, 0(0B) LOS objects, 40% free, 19MB/32MB, paused 915us total 39.031ms
12-22 19:08:34.535 I/art     (25463): Explicit concurrent mark sweep GC freed 5203(375KB) AllocSpace objects, 0(0B) LOS objects, 40% free, 15MB/25MB, paused 1.403ms total 25.207ms
12-22 19:08:34.615 I/iu.UploadsManager(1389): INFO: /storage/sdcard1/DCIM/Camera/20130629_155941.jpg does not contain any EXIF data
12-22 19:08:34.625 I/iu.UploadsManager(1389): #reloadSettings(); account: -1; IU: disabled; IS: disabled; IS account: -1; photoWiFi: true; videoWiFi: true; roam: false; battery: true; size: FULL; maxMobile: 157286400
12-22 19:08:34.645 I/iu.UploadsManager(1389): NEW; upload media id: 33635; iu: -1
12-22 19:08:34.645 I/iu.UploadsManager(1389): NEW; add media id: 33635
12-22 19:08:34.755 I/iu.UploadsManager(1389): INFO: /storage/sdcard1/DCIM/Camera/20130629_160841.jpg does not contain any EXIF data
12-22 19:08:34.755 I/iu.UploadsManager(1389): #reloadSettings(); account: -1; IU: disabled; IS: disabled; IS account: -1; photoWiFi: true; videoWiFi: true; roam: false; battery: true; size: FULL; maxMobile: 157286400
12-22 19:08:34.775 I/iu.UploadsManager(1389): NEW; upload media id: 33636; iu: -1
12-22 19:08:34.775 I/iu.UploadsManager(1389): NEW; add media id: 33636
12-22 19:08:34.865 I/iu.UploadsManager(1389): INFO: /storage/sdcard1/DCIM/Camera/20130719_120537.jpg does not contain any EXIF data
12-22 19:08:34.865 I/iu.UploadsManager(1389): #reloadSettings(); account: -1; IU: disabled; IS: disabled; IS account: -1; photoWiFi: true; videoWiFi: true; roam: false; battery: true; size: FULL; maxMobile: 157286400
12-22 19:08:34.895 I/iu.UploadsManager(1389): NEW; upload media id: 33637; iu: -1
12-22 19:08:34.895 I/iu.UploadsManager(1389): NEW; add media id: 33637
12-22 19:08:34.995 I/iu.UploadsManager(1389): INFO: /storage/sdcard1/DCIM/Camera/20130727_172012.jpg does not contain any EXIF data
12-22 19:08:34.995 I/iu.UploadsManager(1389): #reloadSettings(); account: -1; IU: disabled; IS: disabled; IS account: -1; photoWiFi: true; videoWiFi: true; roam: false; battery: true; size: FULL; maxMobile: 157286400
12-22 19:08:35.015 I/iu.UploadsManager(1389): NEW; upload media id: 33638; iu: -1
12-22 19:08:35.015 I/iu.UploadsManager(1389): NEW; add media id: 33638
12-22 19:08:35.025 E/PowerHAL(647): touch_boost: failed to send: No such file or directory
12-22 19:08:35.025 E/PowerHAL(647): touch_boost: failed to send: No such file or directory
12-22 19:08:35.025 E/PowerHAL(647): touch_boost: failed to send: No such file or directory
12-22 19:08:35.045 E/PowerHAL(647): touch_boost: failed to send: No such file or directory
12-22 19:08:35.045 W/InputEventReceiver(25631): Attempted to finish an input event but the input event receiver has already been disposed.
12-22 19:08:35.045 W/InputMethodManagerService(647): Window already focused, ignoring focus gain of: com.android.internal.view.IInputMethodClient$Stub$Proxy@1b411ae attribute=null, token = android.os.BinderProxy@1343527f
12-22 19:08:35.086 E/PowerHAL(647): touch_boost: failed to send: No such file or directory
12-22 19:08:35.106 E/PowerHAL(647): touch_boost: failed to send: No such file or directory
12-22 19:08:35.116 E/PowerHAL(647): touch_boost: failed to send: No such file or directory
12-22 19:08:35.146 I/iu.UploadsManager(1389): INFO: /storage/sdcard1/DCIM/Camera/20130810_154750.jpg does not contain any EXIF data
12-22 19:08:35.146 I/iu.UploadsManager(1389): #reloadSettings(); account: -1; IU: disabled; IS: disabled; IS account: -1; photoWiFi: true; videoWiFi: true; roam: false; battery: true; size: FULL; maxMobile: 157286400
12-22 19:08:35.166 I/iu.UploadsManager(1389): NEW; upload media id: 33639; iu: -1
12-22 19:08:35.166 I/iu.UploadsManager(1389): NEW; add media id: 33639
12-22 19:08:35.226 E/PowerHAL(647): touch_boost: failed to send: No such file or directory
12-22 19:08:35.226 E/PowerHAL(647): touch_boost: failed to send: No such file or directory
12-22 19:08:35.246 E/PowerHAL(647): touch_boost: failed to send: No such file or directory
12-22 19:08:35.246 E/PowerHAL(647): touch_boost: failed to send: No such file or directory
12-22 19:08:35.286 I/iu.UploadsManager(1389): INFO: /storage/sdcard1/DCIM/Camera/20130810_182332.jpg does not contain any EXIF data
12-22 19:08:35.286 I/iu.UploadsManager(1389): #reloadSettings(); account: -1; IU: disabled; IS: disabled; IS account: -1; photoWiFi: true; videoWiFi: true; roam: false; battery: true; size: FULL; maxMobile: 157286400
12-22 19:08:35.326 E/PowerHAL(647): touch_boost: failed to send: No such file or directory
12-22 19:08:35.326 E/PowerHAL(647): touch_boost: failed to send: No such file or directory
12-22 19:08:35.326 I/iu.UploadsManager(1389): NEW; upload media id: 33640; iu: -1
12-22 19:08:35.326 I/iu.UploadsManager(1389): NEW; add media id: 33640
12-22 19:08:35.336 E/PowerHAL(647): touch_boost: failed to send: No such file or directory
12-22 19:08:35.336 E/PowerHAL(647): touch_boost: failed to send: No such file or directory
12-22 19:08:35.346 E/PowerHAL(647): touch_boost: failed to send: No such file or directory
12-22 19:08:35.346 E/PowerHAL(647): touch_boost: failed to send: No such file or directory
12-22 19:08:35.346 E/AudioTrack(647): AudioTrack::set : Exit
12-22 19:08:35.446 I/iu.UploadsManager(1389): INFO: /storage/sdcard1/DCIM/Camera/20130810_210308.jpg does not contain any EXIF data
12-22 19:08:35.446 I/iu.UploadsManager(1389): #reloadSettings(); account: -1; IU: disabled; IS: disabled; IS account: -1; photoWiFi: true; videoWiFi: true; roam: false; battery: true; size: FULL; maxMobile: 157286400
12-22 19:08:35.466 I/iu.UploadsManager(1389): NEW; upload media id: 33641; iu: -1
12-22 19:08:35.466 I/iu.UploadsManager(1389): NEW; add media id: 33641
12-22 19:08:35.576 I/iu.UploadsManager(1389): INFO: /storage/sdcard1/DCIM/Camera/20130810_210608.jpg does not contain any EXIF data
12-22 19:08:35.576 I/iu.UploadsManager(1389): #reloadSettings(); account: -1; IU: disabled; IS: disabled; IS account: -1; photoWiFi: true; videoWiFi: true; roam: false; battery: true; size: FULL; maxMobile: 157286400
12-22 19:08:35.596 I/iu.UploadsManager(1389): NEW; upload media id: 33642; iu: -1
12-22 19:08:35.596 I/iu.UploadsManager(1389): NEW; add media id: 33642
12-22 19:08:35.706 I/iu.UploadsManager(1389): INFO: /storage/sdcard1/DCIM/Camera/20130810_213843.jpg does not contain any EXIF data
12-22 19:08:35.706 I/iu.UploadsManager(1389): #reloadSettings(); account: -1; IU: disabled; IS: disabled; IS account: -1; photoWiFi: true; videoWiFi: true; roam: false; battery: true; size: FULL; maxMobile: 157286400
12-22 19:08:35.726 I/iu.UploadsManager(1389): NEW; upload media id: 33643; iu: -1
12-22 19:08:35.726 I/iu.UploadsManager(1389): NEW; add media id: 33643
12-22 19:08:35.856 E/PowerHAL(647): touch_boost: failed to send: No such file or directory
12-22 19:08:35.856 E/PowerHAL(647): touch_boost: failed to send: No such file or directory
12-22 19:08:35.856 E/PowerHAL(647): touch_boost: failed to send: No such file or directory
12-22 19:08:35.866 E/PowerHAL(647): touch_boost: failed to send: No such file or directory
12-22 19:08:35.866 E/PowerHAL(647): touch_boost: failed to send: No such file or directory
12-22 19:08:35.876 E/PowerHAL(647): touch_boost: failed to send: No such file or directory
12-22 19:08:35.876 E/PowerHAL(647): touch_boost: failed to send: No such file or directory
12-22 19:08:35.896 E/PowerHAL(647): touch_boost: failed to send: No such file or directory
12-22 19:08:35.896 E/PowerHAL(647): touch_boost: failed to send: No such file or directory
12-22 19:08:35.896 I/art     (647): Explicit concurrent mark sweep GC freed 8486(316KB) AllocSpace objects, 0(0B) LOS objects, 30% free, 36MB/52MB, paused 1.586ms total 116.760ms
12-22 19:08:35.916 E/PowerHAL(647): touch_boost: failed to send: No such file or directory
12-22 19:08:35.916 E/PowerHAL(647): touch_boost: failed to send: No such file or directory
12-22 19:08:35.926 E/PowerHAL(647): touch_boost: failed to send: No such file or directory
12-22 19:08:35.926 E/PowerHAL(647): touch_boost: failed to send: No such file or directory
12-22 19:08:35.936 E/PowerHAL(647): touch_boost: failed to send: No such file or directory
12-22 19:08:35.936 E/PowerHAL(647): touch_boost: failed to send: No such file or directory
12-22 19:08:35.946 I/iu.UploadsManager(1389): INFO: /storage/sdcard1/DCIM/Camera/20130810_213847.jpg does not contain any EXIF data
12-22 19:08:35.946 I/iu.UploadsManager(1389): #reloadSettings(); account: -1; IU: disabled; IS: disabled; IS account: -1; photoWiFi: true; videoWiFi: true; roam: false; battery: true; size: FULL; maxMobile: 157286400
12-22 19:08:35.946 E/PowerHAL(647): touch_boost: failed to send: No such file or directory
12-22 19:08:35.946 E/PowerHAL(647): touch_boost: failed to send: No such file or directory
12-22 19:08:35.966 I/iu.UploadsManager(1389): NEW; upload media id: 33644; iu: -1
12-22 19:08:35.966 I/iu.UploadsManager(1389): NEW; add media id: 33644
12-22 19:08:36.026 E/AudioTrack(647): AudioTrack::set : Exit
12-22 19:08:36.086 I/art     (25463): Explicit concurrent mark sweep GC freed 5005(380KB) AllocSpace objects, 0(0B) LOS objects, 40% free, 15MB/25MB, paused 1.220ms total 23.559ms
12-22 19:08:36.127 I/iu.UploadsManager(1389): INFO: /storage/sdcard1/DCIM/Camera/20130810_213850.jpg does not contain any EXIF data
12-22 19:08:36.137 I/iu.UploadsManager(1389): #reloadSettings(); account: -1; IU: disabled; IS: disabled; IS account: -1; photoWiFi: true; videoWiFi: true; roam: false; battery: true; size: FULL; maxMobile: 157286400
12-22 19:08:36.157 I/iu.UploadsManager(1389): NEW; upload media id: 33645; iu: -1
12-22 19:08:36.157 I/iu.UploadsManager(1389): NEW; add media id: 33645
12-22 19:08:36.257 I/iu.UploadsManager(1389): INFO: /storage/sdcard1/DCIM/Camera/20130810_213857.jpg does not contain any EXIF data
12-22 19:08:36.267 I/iu.UploadsManager(1389): #reloadSettings(); account: -1; IU: disabled; IS: disabled; IS account: -1; photoWiFi: true; videoWiFi: true; roam: false; battery: true; size: FULL; maxMobile: 157286400
12-22 19:08:36.287 I/iu.UploadsManager(1389): NEW; upload media id: 33646; iu: -1
12-22 19:08:36.287 I/iu.UploadsManager(1389): NEW; add media id: 33646
12-22 19:08:36.287 W/InputMethodManagerService(647): Window already focused, ignoring focus gain of: com.android.internal.view.IInputMethodClient$Stub$Proxy@32f9bd6b attribute=null, token = android.os.BinderProxy@1343527f
12-22 19:08:36.417 I/iu.UploadsManager(1389): INFO: /storage/sdcard1/DCIM/Camera/20130810_231451.jpg does not contain any EXIF data
12-22 19:08:36.417 I/iu.UploadsManager(1389): #reloadSettings(); account: -1; IU: disabled; IS: disabled; IS account: -1; photoWiFi: true; videoWiFi: true; roam: false; battery: true; size: FULL; maxMobile: 157286400
12-22 19:08:36.427 I/iu.UploadsManager(1389): NEW; upload media id: 33647; iu: -1
12-22 19:08:36.427 I/iu.UploadsManager(1389): NEW; add media id: 33647
12-22 19:08:36.527 I/iu.UploadsManager(1389): INFO: /storage/sdcard1/DCIM/Camera/20130811_034734.jpg does not contain any EXIF data
12-22 19:08:36.527 I/iu.UploadsManager(1389): #reloadSettings(); account: -1; IU: disabled; IS: disabled; IS account: -1; photoWiFi: true; videoWiFi: true; roam: false; battery: true; size: FULL; maxMobile: 157286400
12-22 19:08:36.547 I/iu.UploadsManager(1389): NEW; upload media id: 33648; iu: -1
12-22 19:08:36.547 I/iu.UploadsManager(1389): NEW; add media id: 33648
12-22 19:08:36.587 I/art     (1389): Explicit concurrent mark sweep GC freed 16999(978KB) AllocSpace objects, 0(0B) LOS objects, 39% free, 19MB/32MB, paused 1.007ms total 37.902ms
12-22 19:08:36.657 I/auditd  (25867): Starting up
12-22 19:08:36.657 E/auditd  (25867): Failed on audit_set_pid with error: Protocol not supported
12-22 19:08:36.657 I/auditd  (25867): Exiting
12-22 19:08:36.697 I/iu.UploadsManager(1389): INFO: /storage/sdcard1/DCIM/Camera/20130822_125250.jpg does not contain any EXIF data
12-22 19:08:36.697 I/iu.UploadsManager(1389): #reloadSettings(); account: -1; IU: disabled; IS: disabled; IS account: -1; photoWiFi: true; videoWiFi: true; roam: false; battery: true; size: FULL; maxMobile: 157286400
12-22 19:08:36.717 I/iu.UploadsManager(1389): NEW; upload media id: 33649; iu: -1
12-22 19:08:36.717 I/iu.UploadsManager(1389): NEW; add media id: 33649
12-22 19:08:36.817 I/iu.UploadsManager(1389): INFO: /storage/sdcard1/DCIM/Camera/20130901_013458.jpg does not contain any EXIF data
12-22 19:08:36.817 I/iu.UploadsManager(1389): #reloadSettings(); account: -1; IU: disabled; IS: disabled; IS account: -1; photoWiFi: true; videoWiFi: true; roam: false; battery: true; size: FULL; maxMobile: 157286400
12-22 19:08:36.837 I/iu.UploadsManager(1389): NEW; upload media id: 33650; iu: -1
12-22 19:08:36.837 I/iu.UploadsManager(1389): NEW; add media id: 33650
12-22 19:08:36.927 I/iu.UploadsManager(1389): INFO: /storage/sdcard1/DCIM/Camera/20130906_163539.jpg does not contain any EXIF data
12-22 19:08:36.937 I/iu.UploadsManager(1389): #reloadSettings(); account: -1; IU: disabled; IS: disabled; IS account: -1; photoWiFi: true; videoWiFi: true; roam: false; battery: true; size: FULL; maxMobile: 157286400
12-22 19:08:36.957 I/iu.UploadsManager(1389): NEW; upload media id: 33651; iu: -1
12-22 19:08:36.957 I/iu.UploadsManager(1389): NEW; add media id: 33651
12-22 19:08:37.087 I/iu.UploadsManager(1389): INFO: /storage/sdcard1/DCIM/Camera/20130922_041622.jpg does not contain any EXIF data
12-22 19:08:37.087 I/iu.UploadsManager(1389): #reloadSettings(); account: -1; IU: disabled; IS: disabled; IS account: -1; photoWiFi: true; videoWiFi: true; roam: false; battery: true; size: FULL; maxMobile: 157286400
12-22 19:08:37.107 I/iu.UploadsManager(1389): NEW; upload media id: 33652; iu: -1
12-22 19:08:37.107 I/iu.UploadsManager(1389): NEW; add media id: 33652
12-22 19:08:37.218 I/iu.UploadsManager(1389): INFO: /storage/sdcard1/DCIM/Camera/20130922_041632.jpg does not contain any EXIF data
12-22 19:08:37.228 I/iu.UploadsManager(1389): #reloadSettings(); account: -1; IU: disabled; IS: disabled; IS account: -1; photoWiFi: true; videoWiFi: true; roam: false; battery: true; size: FULL; maxMobile: 157286400
12-22 19:08:37.268 I/iu.UploadsManager(1389): NEW; upload media id: 33653; iu: -1
12-22 19:08:37.268 I/iu.UploadsManager(1389): NEW; add media id: 33653
12-22 19:08:37.508 I/iu.UploadsManager(1389): INFO: /storage/sdcard1/DCIM/Camera/20131009_102433.jpg does not contain any EXIF data
12-22 19:08:37.508 I/iu.UploadsManager(1389): #reloadSettings(); account: -1; IU: disabled; IS: disabled; IS account: -1; photoWiFi: true; videoWiFi: true; roam: false; battery: true; size: FULL; maxMobile: 157286400
12-22 19:08:37.548 I/iu.UploadsManager(1389): NEW; upload media id: 33654; iu: -1
12-22 19:08:37.548 I/iu.UploadsManager(1389): NEW; add media id: 33654
12-22 19:08:37.708 I/art     (25463): Explicit concurrent mark sweep GC freed 5216(379KB) AllocSpace objects, 0(0B) LOS objects, 40% free, 15MB/25MB, paused 1.861ms total 34.851ms
12-22 19:08:37.738 E/PowerHAL(647): touch_boost: failed to send: No such file or directory
12-22 19:08:37.738 E/PowerHAL(647): touch_boost: failed to send: No such file or directory
12-22 19:08:37.738 E/PowerHAL(647): touch_boost: failed to send: No such file or directory
12-22 19:08:37.748 I/iu.UploadsManager(1389): INFO: /storage/sdcard1/DCIM/Camera/20131214_165815.jpg does not contain any EXIF data
12-22 19:08:37.748 E/PowerHAL(647): touch_boost: failed to send: No such file or directory
12-22 19:08:37.748 E/PowerHAL(647): touch_boost: failed to send: No such file or directory
12-22 19:08:37.748 I/iu.UploadsManager(1389): #reloadSettings(); account: -1; IU: disabled; IS: disabled; IS account: -1; photoWiFi: true; videoWiFi: true; roam: false; battery: true; size: FULL; maxMobile: 157286400
12-22 19:08:37.768 I/iu.UploadsManager(1389): NEW; upload media id: 33655; iu: -1
