12-22 19:08:55.015 E/PowerHAL(647): touch_boost: failed to send: No such file or directory
12-22 19:08:55.015 E/PowerHAL(647): touch_boost: failed to send: No such file or directory
12-22 19:08:55.045 I/iu.UploadsManager(1389): INFO: /storage/sdcard1/DCIM/Camera/IMG_20140510_113541.jpg does not contain any EXIF data
12-22 19:08:55.045 I/iu.UploadsManager(1389): #reloadSettings(); account: -1; IU: disabled; IS: disabled; IS account: -1; photoWiFi: true; videoWiFi: true; roam: false; battery: true; size: FULL; maxMobile: 157286400
12-22 19:08:55.065 I/iu.UploadsManager(1389): NEW; upload media id: 33758; iu: -1
12-22 19:08:55.065 I/iu.UploadsManager(1389): NEW; add media id: 33758
12-22 19:08:55.175 I/ActivityManager(647): Killing 25910:com.estrongs.android.pop/u0a79 (adj 9): remove task
12-22 19:08:55.185 I/iu.UploadsManager(1389): INFO: /storage/sdcard1/DCIM/Camera/IMG_20140510_113604.jpg does not contain any EXIF data
12-22 19:08:55.185 I/iu.UploadsManager(1389): #reloadSettings(); account: -1; IU: disabled; IS: disabled; IS account: -1; photoWiFi: true; videoWiFi: true; roam: false; battery: true; size: FULL; maxMobile: 157286400
12-22 19:08:55.185 W/libprocessgroup(647): failed to open /acct/uid_10079/pid_25910/cgroup.procs: No such file or directory
12-22 19:08:55.185 D/TaskPersister(647): removeObsoleteFile: deleting file=95_task.xml
12-22 19:08:55.185 D/TaskPersister(647): removeObsoleteFile: deleting file=95_task_thumbnail.png
12-22 19:08:55.185 I/ActivityManager(647): START u0 {act=android.intent.action.MAIN cat=[android.intent.category.HOME] flg=0x10200000 cmp=com.cyanogenmod.trebuchet/com.android.launcher3.Launcher} from uid 10019 on display 0
12-22 19:08:55.235 I/iu.UploadsManager(1389): NEW; upload media id: 33759; iu: -1
12-22 19:08:55.235 I/iu.UploadsManager(1389): NEW; add media id: 33759
12-22 19:08:55.235 D/WifiService(647): Client connection lost with reason: 4
12-22 19:08:55.235 W/libprocessgroup(647): failed to open /acct/uid_10079/pid_25910/cgroup.procs: No such file or directory
12-22 19:08:55.345 I/Timeline(1146): Timeline: Activity_idle id: android.os.BinderProxy@2868a045 time:9630881
12-22 19:08:55.455 E/PowerHAL(647): touch_boost: failed to send: No such file or directory
12-22 19:08:55.455 E/PowerHAL(647): touch_boost: failed to send: No such file or directory
12-22 19:08:55.455 E/PowerHAL(647): touch_boost: failed to send: No such file or directory
12-22 19:08:55.465 E/PowerHAL(647): touch_boost: failed to send: No such file or directory
12-22 19:08:55.465 E/PowerHAL(647): touch_boost: failed to send: No such file or directory
12-22 19:08:55.475 E/PowerHAL(647): touch_boost: failed to send: No such file or directory
12-22 19:08:55.475 E/PowerHAL(647): touch_boost: failed to send: No such file or directory
12-22 19:08:55.485 E/PowerHAL(647): touch_boost: failed to send: No such file or directory
12-22 19:08:55.485 E/PowerHAL(647): touch_boost: failed to send: No such file or directory
12-22 19:08:55.495 E/PowerHAL(647): touch_boost: failed to send: No such file or directory
12-22 19:08:55.495 E/PowerHAL(647): touch_boost: failed to send: No such file or directory
12-22 19:08:55.505 E/PowerHAL(647): touch_boost: failed to send: No such file or directory
12-22 19:08:55.505 E/PowerHAL(647): touch_boost: failed to send: No such file or directory
12-22 19:08:55.515 E/PowerHAL(647): touch_boost: failed to send: No such file or directory
12-22 19:08:55.515 E/PowerHAL(647): touch_boost: failed to send: No such file or directory
12-22 19:08:55.515 I/Timeline(647): Timeline: Activity_windows_visible id: ActivityRecord{3da246e4 u0 com.cyanogenmod.trebuchet/com.android.launcher3.Launcher t1} time:9631056
12-22 19:08:55.525 E/PowerHAL(647): touch_boost: failed to send: No such file or directory
12-22 19:08:55.525 E/PowerHAL(647): touch_boost: failed to send: No such file or directory
12-22 19:08:55.535 E/PowerHAL(647): touch_boost: failed to send: No such file or directory
12-22 19:08:55.535 E/PowerHAL(647): touch_boost: failed to send: No such file or directory
12-22 19:08:55.545 I/art     (647): Explicit concurrent mark sweep GC freed 10989(448KB) AllocSpace objects, 1(1296KB) LOS objects, 30% free, 35MB/51MB, paused 2.716ms total 146.942ms
12-22 19:08:55.545 E/PowerHAL(647): touch_boost: failed to send: No such file or directory
12-22 19:08:55.545 E/PowerHAL(647): touch_boost: failed to send: No such file or directory
12-22 19:08:55.555 E/PowerHAL(647): touch_boost: failed to send: No such file or directory
12-22 19:08:55.555 E/PowerHAL(647): touch_boost: failed to send: No such file or directory
12-22 19:08:55.565 E/PowerHAL(647): touch_boost: failed to send: No such file or directory
12-22 19:08:55.565 E/PowerHAL(647): touch_boost: failed to send: No such file or directory
12-22 19:08:55.576 I/iu.UploadsManager(1389): INFO: /storage/sdcard1/DCIM/Camera/IMG_20140510_115641.jpg does not contain any EXIF data
12-22 19:08:55.586 I/iu.UploadsManager(1389): #reloadSettings(); account: -1; IU: disabled; IS: disabled; IS account: -1; photoWiFi: true; videoWiFi: true; roam: false; battery: true; size: FULL; maxMobile: 157286400
12-22 19:08:55.606 I/iu.UploadsManager(1389): NEW; upload media id: 33760; iu: -1
12-22 19:08:55.606 I/iu.UploadsManager(1389): NEW; add media id: 33760
12-22 19:08:55.706 E/PowerHAL(647): touch_boost: failed to send: No such file or directory
12-22 19:08:55.716 E/PowerHAL(647): touch_boost: failed to send: No such file or directory
12-22 19:08:55.716 I/iu.UploadsManager(1389): INFO: /storage/sdcard1/DCIM/Camera/IMG_20140516_113014.jpg does not contain any EXIF data
12-22 19:08:55.716 I/iu.UploadsManager(1389): #reloadSettings(); account: -1; IU: disabled; IS: disabled; IS account: -1; photoWiFi: true; videoWiFi: true; roam: false; battery: true; size: FULL; maxMobile: 157286400
12-22 19:08:55.726 E/PowerHAL(647): touch_boost: failed to send: No such file or directory
12-22 19:08:55.726 E/PowerHAL(647): touch_boost: failed to send: No such file or directory
12-22 19:08:55.736 E/PowerHAL(647): touch_boost: failed to send: No such file or directory
12-22 19:08:55.736 E/PowerHAL(647): touch_boost: failed to send: No such file or directory
12-22 19:08:55.746 I/iu.UploadsManager(1389): NEW; upload media id: 33761; iu: -1
12-22 19:08:55.746 I/iu.UploadsManager(1389): NEW; add media id: 33761
12-22 19:08:55.746 E/PowerHAL(647): touch_boost: failed to send: No such file or directory
12-22 19:08:55.746 E/PowerHAL(647): touch_boost: failed to send: No such file or directory
12-22 19:08:55.756 E/PowerHAL(647): touch_boost: failed to send: No such file or directory
12-22 19:08:55.756 E/PowerHAL(647): touch_boost: failed to send: No such file or directory
12-22 19:08:55.766 E/PowerHAL(647): touch_boost: failed to send: No such file or directory
12-22 19:08:55.766 E/PowerHAL(647): touch_boost: failed to send: No such file or directory
12-22 19:08:55.776 E/PowerHAL(647): touch_boost: failed to send: No such file or directory
12-22 19:08:55.776 E/PowerHAL(647): touch_boost: failed to send: No such file or directory
12-22 19:08:55.786 E/PowerHAL(647): touch_boost: failed to send: No such file or directory
12-22 19:08:55.786 E/PowerHAL(647): touch_boost: failed to send: No such file or directory
12-22 19:08:55.796 E/PowerHAL(647): touch_boost: failed to send: No such file or directory
12-22 19:08:55.796 E/PowerHAL(647): touch_boost: failed to send: No such file or directory
12-22 19:08:55.886 I/iu.UploadsManager(1389): INFO: /storage/sdcard1/DCIM/Camera/IMG_20140523_231950.jpg does not contain any EXIF data
12-22 19:08:55.886 I/iu.UploadsManager(1389): #reloadSettings(); account: -1; IU: disabled; IS: disabled; IS account: -1; photoWiFi: true; videoWiFi: true; roam: false; battery: true; size: FULL; maxMobile: 157286400
12-22 19:08:55.906 I/iu.UploadsManager(1389): NEW; upload media id: 33762; iu: -1
12-22 19:08:55.906 I/iu.UploadsManager(1389): NEW; add media id: 33762
12-22 19:08:55.956 E/PowerHAL(647): touch_boost: failed to send: No such file or directory
12-22 19:08:55.956 E/PowerHAL(647): touch_boost: failed to send: No such file or directory
12-22 19:08:55.956 E/PowerHAL(647): touch_boost: failed to send: No such file or directory
12-22 19:08:55.966 E/PowerHAL(647): touch_boost: failed to send: No such file or directory
12-22 19:08:55.966 E/PowerHAL(647): touch_boost: failed to send: No such file or directory
12-22 19:08:55.976 E/PowerHAL(647): touch_boost: failed to send: No such file or directory
12-22 19:08:55.976 E/PowerHAL(647): touch_boost: failed to send: No such file or directory
12-22 19:08:55.986 E/PowerHAL(647): touch_boost: failed to send: No such file or directory
12-22 19:08:55.986 E/PowerHAL(647): touch_boost: failed to send: No such file or directory
12-22 19:08:56.006 E/PowerHAL(647): touch_boost: failed to send: No such file or directory
12-22 19:08:56.006 E/PowerHAL(647): touch_boost: failed to send: No such file or directory
12-22 19:08:56.016 E/PowerHAL(647): touch_boost: failed to send: No such file or directory
12-22 19:08:56.016 E/PowerHAL(647): touch_boost: failed to send: No such file or directory
12-22 19:08:56.026 E/PowerHAL(647): touch_boost: failed to send: No such file or directory
12-22 19:08:56.026 E/PowerHAL(647): touch_boost: failed to send: No such file or directory
12-22 19:08:56.036 E/PowerHAL(647): touch_boost: failed to send: No such file or directory
12-22 19:08:56.036 E/PowerHAL(647): touch_boost: failed to send: No such file or directory
12-22 19:08:56.056 I/iu.UploadsManager(1389): INFO: /storage/sdcard1/DCIM/Camera/IMG_20140523_231955.jpg does not contain any EXIF data
12-22 19:08:56.056 I/iu.UploadsManager(1389): #reloadSettings(); account: -1; IU: disabled; IS: disabled; IS account: -1; photoWiFi: true; videoWiFi: true; roam: false; battery: true; size: FULL; maxMobile: 157286400
12-22 19:08:56.086 I/iu.UploadsManager(1389): NEW; upload media id: 33763; iu: -1
12-22 19:08:56.086 I/iu.UploadsManager(1389): NEW; add media id: 33763
12-22 19:08:56.236 I/iu.UploadsManager(1389): INFO: /storage/sdcard1/DCIM/Camera/IMG_20140607_204854.jpg does not contain any EXIF data
12-22 19:08:56.236 I/iu.UploadsManager(1389): #reloadSettings(); account: -1; IU: disabled; IS: disabled; IS account: -1; photoWiFi: true; videoWiFi: true; roam: false; battery: true; size: FULL; maxMobile: 157286400
12-22 19:08:56.266 I/iu.UploadsManager(1389): NEW; upload media id: 33764; iu: -1
12-22 19:08:56.266 I/iu.UploadsManager(1389): NEW; add media id: 33764
12-22 19:08:56.386 I/iu.UploadsManager(1389): INFO: /storage/sdcard1/DCIM/Camera/IMG_20140607_210152.jpg does not contain any EXIF data
12-22 19:08:56.386 I/iu.UploadsManager(1389): #reloadSettings(); account: -1; IU: disabled; IS: disabled; IS account: -1; photoWiFi: true; videoWiFi: true; roam: false; battery: true; size: FULL; maxMobile: 157286400
12-22 19:08:56.416 I/iu.UploadsManager(1389): NEW; upload media id: 33765; iu: -1
12-22 19:08:56.416 I/iu.UploadsManager(1389): NEW; add media id: 33765
12-22 19:08:56.556 I/iu.UploadsManager(1389): INFO: /storage/sdcard1/DCIM/Camera/IMG_20140607_221012.jpg does not contain any EXIF data
12-22 19:08:56.556 I/iu.UploadsManager(1389): #reloadSettings(); account: -1; IU: disabled; IS: disabled; IS account: -1; photoWiFi: true; videoWiFi: true; roam: false; battery: true; size: FULL; maxMobile: 157286400
12-22 19:08:56.597 I/iu.UploadsManager(1389): NEW; upload media id: 33766; iu: -1
12-22 19:08:56.597 I/iu.UploadsManager(1389): NEW; add media id: 33766
12-22 19:08:56.707 I/auditd  (26055): Starting up
12-22 19:08:56.707 E/auditd  (26055): Failed on audit_set_pid with error: Protocol not supported
12-22 19:08:56.707 I/auditd  (26055): Exiting
12-22 19:08:56.867 D/AbstractMetricsFactoryImpl(23924): record : No data points in metrics event
12-22 19:08:56.887 I/iu.UploadsManager(1389): INFO: /storage/sdcard1/DCIM/Camera/IMG_20140607_221019.jpg does not contain any EXIF data
12-22 19:08:56.887 I/iu.UploadsManager(1389): #reloadSettings(); account: -1; IU: disabled; IS: disabled; IS account: -1; photoWiFi: true; videoWiFi: true; roam: false; battery: true; size: FULL; maxMobile: 157286400
12-22 19:08:56.917 I/iu.UploadsManager(1389): NEW; upload media id: 33767; iu: -1
12-22 19:08:56.917 I/iu.UploadsManager(1389): NEW; add media id: 33767
12-22 19:08:56.937 E/PowerHAL(647): touch_boost: failed to send: No such file or directory
12-22 19:08:56.937 E/PowerHAL(647): touch_boost: failed to send: No such file or directory
12-22 19:08:56.937 E/PowerHAL(647): touch_boost: failed to send: No such file or directory
12-22 19:08:56.957 E/PowerHAL(647): touch_boost: failed to send: No such file or directory
12-22 19:08:56.957 E/PowerHAL(647): touch_boost: failed to send: No such file or directory
12-22 19:08:56.967 E/PowerHAL(647): touch_boost: failed to send: No such file or directory
12-22 19:08:56.967 E/PowerHAL(647): touch_boost: failed to send: No such file or directory
12-22 19:08:56.977 E/PowerHAL(647): touch_boost: failed to send: No such file or directory
12-22 19:08:56.977 E/PowerHAL(647): touch_boost: failed to send: No such file or directory
12-22 19:08:56.987 E/PowerHAL(647): touch_boost: failed to send: No such file or directory
12-22 19:08:56.987 E/PowerHAL(647): touch_boost: failed to send: No such file or directory
12-22 19:08:56.997 E/PowerHAL(647): touch_boost: failed to send: No such file or directory
12-22 19:08:56.997 E/PowerHAL(647): touch_boost: failed to send: No such file or directory
12-22 19:08:57.007 E/PowerHAL(647): touch_boost: failed to send: No such file or directory
12-22 19:08:57.007 E/PowerHAL(647): touch_boost: failed to send: No such file or directory
12-22 19:08:57.027 I/Timeline(1146): Timeline: Activity_launch_request id:com.nolanlawson.logcat time:9632575
12-22 19:08:57.027 I/ActivityManager(647): START u0 {act=android.intent.action.MAIN cat=[android.intent.category.LAUNCHER] flg=0x10200000 pkg=com.nolanlawson.logcat cmp=com.nolanlawson.logcat/.LogcatActivity bnds=[12,1227][276,1605]} from uid 10014 on display 0
12-22 19:08:57.047 E/AudioTrack(647): AudioTrack::set : Exit
12-22 19:08:57.047 D/ALSADevice(251): route: devices 0x2 in mode 0
12-22 19:08:57.047 D/ALSADevice(251): No valid input device: 0
12-22 19:08:57.047 D/alsa_ucm(251): snd_use_case_set(): uc_mgr 0xb604f760 identifier _enadev value Speaker
12-22 19:08:57.047 D/ALSADevice(251): switchDevice: mCurTxUCMDevivce None mCurRxDevDevice Speaker
12-22 19:08:57.047 D/alsa_ucm(251): snd_use_case_set(): uc_mgr 0xb604f760 identifier _verb value HiFi
12-22 19:08:57.047 D/alsa_ucm(251): Set mixer controls for Speaker enable 1
12-22 19:08:57.047 D/alsa_ucm(251): acdb_id 15 cap 1 enable 1
12-22 19:08:57.047 D/alsa_ucm(251): Setting mixer control: SLIM_0_RX Channels, value: Two
12-22 19:08:57.047 D/alsa_ucm(251): Setting mixer control: RX5 MIX1 INP1, value: RX1
12-22 19:08:57.057 D/alsa_ucm(251): Setting mixer control: RX5 MIX1 INP2, value: RX2
12-22 19:08:57.057 D/alsa_ucm(251): Setting mixer control: RX6 DSM MUX, value: DSM_INV
12-22 19:08:57.057 D/alsa_ucm(251): Setting mixer control: LINEOUT2 Volume, value: 83
12-22 19:08:57.057 D/alsa_ucm(251): Setting mixer control: LINEOUT4 Volume, value: 83
12-22 19:08:57.057 D/alsa_ucm(251): Setting multi value: RX5 Digital Volume
12-22 19:08:57.057 D/alsa_ucm(251): Set mixer controls for HiFi enable 1
12-22 19:08:57.057 D/alsa_ucm(251): Setting mixer control: SLIMBUS_0_RX Audio Mixer MultiMedia1, value: 1
12-22 19:08:57.057 D/ALSADevice(251): close: handle 0xb6056680 h 0x0
12-22 19:08:57.057 D/ALSADevice(251): open: handle 0xb6056680, format 0x2
12-22 19:08:57.057 D/ALSADevice(251): Device value returned is hw:0,0
12-22 19:08:57.057 W/BroadcastQueue(647): Permission Denial: broadcasting Intent { act=com.android.launcher3.action.LAUNCH flg=0x10 (has extras) } from com.cyanogenmod.trebuchet (pid=1146, uid=10014) requires com.google.android.launcher.permission.RECEIVE_LAUNCH_BROADCASTS due to receiver com.google.android.googlequicksearchbox/com.google.android.search.core.icingsync.ApplicationLaunchReceiver
12-22 19:08:57.057 W/BroadcastQueue(647): Permission Denial: receiving Intent { act=com.android.launcher3.action.LAUNCH flg=0x10 (has extras) } to com.google.android.googlequicksearchbox/com.google.android.search.core.icingsync.ApplicationLaunchReceiver requires com.android.launcher3.permission.RECEIVE_LAUNCH_BROADCASTS due to sender com.cyanogenmod.trebuchet (uid 10014)
12-22 19:08:57.067 D/ALSADevice(251): handle->format: 0x2
12-22 19:08:57.067 D/ALSADevice(251): setHardwareParams: reqBuffSize 2048 channels 2 sampleRate 48000
12-22 19:08:57.077 D/ALSADevice(251): setHardwareParams: buffer_size 16384, period_size 2048, period_cnt 8
12-22 19:08:57.077 I/iu.UploadsManager(1389): INFO: /storage/sdcard1/DCIM/Camera/IMG_20140627_090510.jpg does not contain any EXIF data
12-22 19:08:57.077 I/iu.UploadsManager(1389): #reloadSettings(); account: -1; IU: disabled; IS: disabled; IS account: -1; photoWiFi: true; videoWiFi: true; roam: false; battery: true; size: FULL; maxMobile: 157286400
12-22 19:08:57.147 W/Zygote  (26061): createProcessGroup failed, kernel missing CONFIG_CGROUP_CPUACCT?
12-22 19:08:57.147 E/libprocessgroup(26061): failed to make and chown /acct/uid_10119: Read-only file system
12-22 19:08:57.147 I/ActivityManager(647): Start proc com.nolanlawson.logcat for activity com.nolanlawson.logcat/.LogcatActivity: pid=26061 uid=10119 gids={50119, 9997, 1028, 1015, 1023} abi=armeabi-v7a
12-22 19:08:57.177 I/iu.UploadsManager(1389): NEW; upload media id: 33768; iu: -1
12-22 19:08:57.177 I/iu.UploadsManager(1389): NEW; add media id: 33768
12-22 19:08:57.207 V/PhoneStatusBar(862): setLightsOn(true)
12-22 19:08:57.317 I/art     (25463): Explicit concurrent mark sweep GC freed 3213(277KB) AllocSpace objects, 0(0B) LOS objects, 24% free, 15MB/20MB, paused 366us total 25.817ms
12-22 19:08:57.407 I/iu.UploadsManager(1389): INFO: /storage/sdcard1/DCIM/Camera/IMG_20140627_121947.jpg does not contain any EXIF data
12-22 19:08:57.407 I/iu.UploadsManager(1389): #reloadSettings(); account: -1; IU: disabled; IS: disabled; IS account: -1; photoWiFi: true; videoWiFi: true; roam: false; battery: true; size: FULL; maxMobile: 157286400
12-22 19:08:57.447 I/iu.UploadsManager(1389): NEW; upload media id: 33769; iu: -1
12-22 19:08:57.447 I/iu.UploadsManager(1389): NEW; add media id: 33769
12-22 19:08:57.628 I/ActivityManager(647): Displayed com.nolanlawson.logcat/.LogcatActivity: +527ms
12-22 19:08:57.668 I/Timeline(647): Timeline: Activity_windows_visible id: ActivityRecord{16db6bad u0 com.nolanlawson.logcat/.LogcatActivity t96} time:9633216
12-22 19:08:57.698 I/Timeline(26061): Timeline: Activity_idle id: android.os.BinderProxy@e26e248 time:9633241
12-22 19:08:57.708 D/AndroidRuntime(26095): 
12-22 19:08:57.708 D/AndroidRuntime(26095): >>>>>> AndroidRuntime START com.android.internal.os.RuntimeInit <<<<<<
12-22 19:08:57.708 D/AndroidRuntime(26095): CheckJNI is OFF
12-22 19:08:57.748 E/cutils-trace(26095): Error opening trace file: No such file or directory (2)
12-22 19:08:57.758 I/iu.UploadsManager(1389): INFO: /storage/sdcard1/DCIM/Camera/IMG_20140627_144713.jpg does not contain any EXIF data
12-22 19:08:57.768 I/iu.UploadsManager(1389): #reloadSettings(); account: -1; IU: disabled; IS: disabled; IS account: -1; photoWiFi: true; videoWiFi: true; roam: false; battery: true; size: FULL; maxMobile: 157286400
12-22 19:08:57.788 I/iu.UploadsManager(1389): NEW; upload media id: 33770; iu: -1
12-22 19:08:57.788 I/iu.UploadsManager(1389): NEW; add media id: 33770
12-22 19:08:57.848 D/AndroidRuntime(26095): Calling main entry com.android.commands.am.Am
12-22 19:08:57.908 D/AndroidRuntime(26095): Shutting down VM
12-22 19:08:57.918 I/iu.UploadsManager(1389): INFO: /storage/sdcard1/DCIM/Camera/IMG_20140627_161016.jpg does not contain any EXIF data
12-22 19:08:57.918 I/iu.UploadsManager(1389): #reloadSettings(); account: -1; IU: disabled; IS: disabled; IS account: -1; photoWiFi: true; videoWiFi: true; roam: false; battery: true; size: FULL; maxMobile: 157286400
12-22 19:08:57.938 I/iu.UploadsManager(1389): NEW; upload media id: 33771; iu: -1
12-22 19:08:57.938 I/iu.UploadsManager(1389): NEW; add media id: 33771
12-22 19:08:58.068 I/art     (647): Explicit concurrent mark sweep GC freed 11547(478KB) AllocSpace objects, 0(0B) LOS objects, 30% free, 36MB/52MB, paused 1.953ms total 136.047ms
12-22 19:08:58.148 D/AndroidRuntime(26119): 
12-22 19:08:58.148 D/AndroidRuntime(26119): >>>>>> AndroidRuntime START com.android.internal.os.RuntimeInit <<<<<<
12-22 19:08:58.148 D/AndroidRuntime(26119): CheckJNI is OFF
12-22 19:08:58.188 I/iu.UploadsManager(1389): INFO: /storage/sdcard1/DCIM/Camera/IMG_20140627_161022.jpg does not contain any EXIF data
12-22 19:08:58.188 I/iu.UploadsManager(1389): #reloadSettings(); account: -1; IU: disabled; IS: disabled; IS account: -1; photoWiFi: true; videoWiFi: true; roam: false; battery: true; size: FULL; maxMobile: 157286400
12-22 19:08:58.188 E/cutils-trace(26119): Error opening trace file: No such file or directory (2)
12-22 19:08:58.218 I/iu.UploadsManager(1389): NEW; upload media id: 33772; iu: -1
12-22 19:08:58.218 I/iu.UploadsManager(1389): NEW; add media id: 33772
12-22 19:08:58.288 D/AndroidRuntime(26119): Calling main entry com.android.commands.am.Am
12-22 19:08:58.328 D/AndroidRuntime(26119): Shutting down VM
12-22 19:08:58.348 I/iu.UploadsManager(1389): INFO: /storage/sdcard1/DCIM/Camera/IMG_20140627_161030.jpg does not contain any EXIF data
12-22 19:08:58.348 I/iu.UploadsManager(1389): #reloadSettings(); account: -1; IU: disabled; IS: disabled; IS account: -1; photoWiFi: true; videoWiFi: true; roam: false; battery: true; size: FULL; maxMobile: 157286400
12-22 19:08:58.378 I/iu.UploadsManager(1389): NEW; upload media id: 33773; iu: -1
12-22 19:08:58.378 I/iu.UploadsManager(1389): NEW; add media id: 33773
12-22 19:08:58.478 I/iu.UploadsManager(1389): INFO: /storage/sdcard1/DCIM/Camera/IMG_20140627_183041.jpg does not contain any EXIF data
12-22 19:08:58.478 I/iu.UploadsManager(1389): #reloadSettings(); account: -1; IU: disabled; IS: disabled; IS account: -1; photoWiFi: true; videoWiFi: true; roam: false; battery: true; size: FULL; maxMobile: 157286400
12-22 19:08:58.498 I/iu.UploadsManager(1389): NEW; upload media id: 33774; iu: -1
12-22 19:08:58.498 I/iu.UploadsManager(1389): NEW; add media id: 33774
12-22 19:08:58.548 D/AndroidRuntime(26140): 
12-22 19:08:58.548 D/AndroidRuntime(26140): >>>>>> AndroidRuntime START com.android.internal.os.RuntimeInit <<<<<<
12-22 19:08:58.548 D/AndroidRuntime(26140): CheckJNI is OFF
12-22 19:08:58.588 E/cutils-trace(26140): Error opening trace file: No such file or directory (2)
12-22 19:08:58.608 I/iu.UploadsManager(1389): INFO: /storage/sdcard1/DCIM/Camera/IMG_20140628_032213.jpg does not contain any EXIF data
12-22 19:08:58.608 I/iu.UploadsManager(1389): #reloadSettings(); account: -1; IU: disabled; IS: disabled; IS account: -1; photoWiFi: true; videoWiFi: true; roam: false; battery: true; size: FULL; maxMobile: 157286400
12-22 19:08:58.628 I/iu.UploadsManager(1389): NEW; upload media id: 33775; iu: -1
12-22 19:08:58.628 I/iu.UploadsManager(1389): NEW; add media id: 33775
12-22 19:08:58.699 D/AndroidRuntime(26140): Calling main entry com.android.commands.am.Am
12-22 19:08:58.739 D/AndroidRuntime(26140): Shutting down VM
12-22 19:08:58.799 I/iu.UploadsManager(1389): INFO: /storage/sdcard1/DCIM/Camera/IMG_20140628_191337.jpg does not contain any EXIF data
12-22 19:08:58.799 I/iu.UploadsManager(1389): #reloadSettings(); account: -1; IU: disabled; IS: disabled; IS account: -1; photoWiFi: true; videoWiFi: true; roam: false; battery: true; size: FULL; maxMobile: 157286400
12-22 19:08:58.819 I/iu.UploadsManager(1389): NEW; upload media id: 33776; iu: -1
12-22 19:08:58.819 I/iu.UploadsManager(1389): NEW; add media id: 33776
12-22 19:08:58.889 D/AndroidRuntime(26159): 
12-22 19:08:58.889 D/AndroidRuntime(26159): >>>>>> AndroidRuntime START com.android.internal.os.RuntimeInit <<<<<<
12-22 19:08:58.899 D/AndroidRuntime(26159): CheckJNI is OFF
12-22 19:08:58.909 I/iu.UploadsManager(1389): INFO: /storage/sdcard1/DCIM/Camera/IMG_20140628_204442.jpg does not contain any EXIF data
12-22 19:08:58.909 I/iu.UploadsManager(1389): #reloadSettings(); account: -1; IU: disabled; IS: disabled; IS account: -1; photoWiFi: true; videoWiFi: true; roam: false; battery: true; size: FULL; maxMobile: 157286400
12-22 19:08:58.929 I/iu.UploadsManager(1389): NEW; upload media id: 33777; iu: -1
12-22 19:08:58.929 I/iu.UploadsManager(1389): NEW; add media id: 33777
12-22 19:08:58.939 E/cutils-trace(26159): Error opening trace file: No such file or directory (2)
12-22 19:08:59.039 I/iu.UploadsManager(1389): INFO: /storage/sdcard1/DCIM/Camera/IMG_20140629_063254.jpg does not contain any EXIF data
12-22 19:08:59.039 I/iu.UploadsManager(1389): #reloadSettings(); account: -1; IU: disabled; IS: disabled; IS account: -1; photoWiFi: true; videoWiFi: true; roam: false; battery: true; size: FULL; maxMobile: 157286400
12-22 19:08:59.039 D/AndroidRuntime(26159): Calling main entry com.android.commands.am.Am
12-22 19:08:59.059 I/iu.UploadsManager(1389): NEW; upload media id: 33778; iu: -1
12-22 19:08:59.059 I/iu.UploadsManager(1389): NEW; add media id: 33778
12-22 19:08:59.069 D/AndroidRuntime(26159): Shutting down VM
12-22 19:08:59.139 I/art     (25463): Explicit concurrent mark sweep GC freed 5141(372KB) AllocSpace objects, 0(0B) LOS objects, 24% free, 15MB/20MB, paused 305us total 13.488ms
12-22 19:08:59.159 I/iu.UploadsManager(1389): INFO: /storage/sdcard1/DCIM/Camera/IMG_20140629_152908.jpg does not contain any EXIF data
12-22 19:08:59.159 I/iu.UploadsManager(1389): #reloadSettings(); account: -1; IU: disabled; IS: disabled; IS account: -1; photoWiFi: true; videoWiFi: true; roam: false; battery: true; size: FULL; maxMobile: 157286400
12-22 19:08:59.179 I/iu.UploadsManager(1389): NEW; upload media id: 33779; iu: -1
12-22 19:08:59.179 I/iu.UploadsManager(1389): NEW; add media id: 33779
12-22 19:08:59.279 I/iu.UploadsManager(1389): INFO: /storage/sdcard1/DCIM/Camera/IMG_20140630_105024.jpg does not contain any EXIF data
12-22 19:08:59.279 I/iu.UploadsManager(1389): #reloadSettings(); account: -1; IU: disabled; IS: disabled; IS account: -1; photoWiFi: true; videoWiFi: true; roam: false; battery: true; size: FULL; maxMobile: 157286400
12-22 19:08:59.319 I/art     (1389): Explicit concurrent mark sweep GC freed 16512(951KB) AllocSpace objects, 0(0B) LOS objects, 24% free, 19MB/26MB, paused 640us total 33.172ms
12-22 19:08:59.339 I/iu.UploadsManager(1389): NEW; upload media id: 33780; iu: -1
12-22 19:08:59.339 I/iu.UploadsManager(1389): NEW; add media id: 33780
12-22 19:08:59.439 I/iu.UploadsManager(1389): INFO: /storage/sdcard1/DCIM/Camera/IMG_20140809_031412.jpg does not contain any EXIF data
12-22 19:08:59.439 I/iu.UploadsManager(1389): #reloadSettings(); account: -1; IU: disabled; IS: disabled; IS account: -1; photoWiFi: true; videoWiFi: true; roam: false; battery: true; size: FULL; maxMobile: 157286400
12-22 19:08:59.459 I/iu.UploadsManager(1389): NEW; upload media id: 33781; iu: -1
12-22 19:08:59.459 I/iu.UploadsManager(1389): NEW; add media id: 33781
12-22 19:08:59.549 I/iu.UploadsManager(1389): INFO: /storage/sdcard1/DCIM/Camera/IMG_20140816_152355.jpg does not contain any EXIF data
12-22 19:08:59.549 I/iu.UploadsManager(1389): #reloadSettings(); account: -1; IU: disabled; IS: disabled; IS account: -1; photoWiFi: true; videoWiFi: true; roam: false; battery: true; size: FULL; maxMobile: 157286400
12-22 19:08:59.629 I/iu.UploadsManager(1389): NEW; upload media id: 33782; iu: -1
12-22 19:08:59.629 I/iu.UploadsManager(1389): NEW; add media id: 33782
12-22 19:08:59.780 I/iu.UploadsManager(1389): INFO: /storage/sdcard1/DCIM/Camera/IMG_20140816_152414.jpg does not contain any EXIF data
12-22 19:08:59.780 I/iu.UploadsManager(1389): #reloadSettings(); account: -1; IU: disabled; IS: disabled; IS account: -1; photoWiFi: true; videoWiFi: true; roam: false; battery: true; size: FULL; maxMobile: 157286400
12-22 19:08:59.800 I/iu.UploadsManager(1389): NEW; upload media id: 33783; iu: -1
12-22 19:08:59.800 I/iu.UploadsManager(1389): NEW; add media id: 33783
12-22 19:08:59.870 E/kickstart(700): EVENT: Received 48 bytes
12-22 19:08:59.870 E/kickstart(700): EVENT: RECEIVED <-- SAHARA_HELLO
12-22 19:08:59.870 E/kickstart(700): EVENT: SENDING --> SAHARA_HELLO_RESPONSE
12-22 19:08:59.870 E/kickstart(700): EVENT: sahara_mode                         = 2
12-22 19:08:59.870 E/kickstart(700): EVENT: m_comm->sahara_hello_packet_rx.mode = 2
12-22 19:08:59.870 E/kickstart(700): EVENT: helloRx.mode                        = 2
12-22 19:08:59.870 E/kickstart(700): Wrote to /sys/power/wake_lock
12-22 19:08:59.870 E/kickstart(700): EVENT: Waiting for data to read
12-22 19:08:59.870 E/kickstart(700): EVENT: Data available to read
12-22 19:08:59.870 E/kickstart(700): EVENT: Received 16 bytes
12-22 19:08:59.870 E/kickstart(700): EVENT: RECEIVED <-- SAHARA_MEMORY_DEBUG
12-22 19:08:59.870 E/kickstart(700): EVENT: SENDING --> SAHARA_MEMORY_READ
12-22 19:08:59.870 E/kickstart(700): EVENT: Sent SAHARA_MEMORY_READ, address 4150E530, length 52
12-22 19:08:59.870 E/kickstart(700): EVENT: Waiting for data to read
12-22 19:08:59.870 E/kickstart(700): EVENT: Data available to read
12-22 19:08:59.880 E/kickstart(700): EVENT: Received 52 bytes
12-22 19:08:59.880 E/kickstart(700): EVENT: 0x46980000, len=000C0000, "m9kefs2", ""
12-22 19:08:59.880 E/kickstart(700): EVENT: STATE <-- SAHARA_WAIT_MEMORY_REGION
12-22 19:08:59.880 E/kickstart(700): EVENT: Saving "/dev/block/platform/msm_sdcc.1/by-name/m9kefs2"
12-22 19:08:59.880 E/kickstart(700): EVENT: SENDING --> SAHARA_MEMORY_READ
12-22 19:08:59.880 E/kickstart(700): EVENT: Sent SAHARA_MEMORY_READ, address 46980000, length 786432
12-22 19:08:59.880 E/kickstart(700): EVENT: Waiting for data to read
12-22 19:08:59.880 E/kickstart(700): EVENT: Data available to read
12-22 19:08:59.890 I/iu.UploadsManager(1389): INFO: /storage/sdcard1/DCIM/Camera/IMG_20140823_013637.jpg does not contain any EXIF data
12-22 19:08:59.890 I/iu.UploadsManager(1389): #reloadSettings(); account: -1; IU: disabled; IS: disabled; IS account: -1; photoWiFi: true; videoWiFi: true; roam: false; battery: true; size: FULL; maxMobile: 157286400
12-22 19:08:59.890 E/kickstart(700): EVENT: Received 49152 bytes
12-22 19:08:59.890 E/kickstart(700): EVENT: Waiting for data to read
12-22 19:08:59.890 E/kickstart(700): EVENT: Data available to read
12-22 19:08:59.900 E/kickstart(700): EVENT: Received 49152 bytes
12-22 19:08:59.900 E/kickstart(700): EVENT: Waiting for data to read
12-22 19:08:59.900 E/kickstart(700): EVENT: Data available to read
12-22 19:08:59.900 E/kickstart(700): EVENT: Received 49152 bytes
12-22 19:08:59.900 E/kickstart(700): EVENT: Waiting for data to read
12-22 19:08:59.900 E/kickstart(700): EVENT: Data available to read
12-22 19:08:59.900 E/kickstart(700): EVENT: Received 49152 bytes
12-22 19:08:59.900 E/kickstart(700): EVENT: Waiting for data to read
12-22 19:08:59.900 E/kickstart(700): EVENT: Data available to read
12-22 19:08:59.910 E/kickstart(700): EVENT: Received 49152 bytes
12-22 19:08:59.910 E/kickstart(700): EVENT: Waiting for data to read
12-22 19:08:59.910 E/kickstart(700): EVENT: Data available to read
12-22 19:08:59.910 I/iu.UploadsManager(1389): NEW; upload media id: 33784; iu: -1
12-22 19:08:59.910 I/iu.UploadsManager(1389): NEW; add media id: 33784
12-22 19:08:59.910 E/kickstart(700): EVENT: Received 49152 bytes
12-22 19:08:59.910 E/kickstart(700): EVENT: Waiting for data to read
12-22 19:08:59.910 E/kickstart(700): EVENT: Data available to read
12-22 19:08:59.920 E/kickstart(700): EVENT: Received 49152 bytes
12-22 19:08:59.920 E/kickstart(700): EVENT: Waiting for data to read
12-22 19:08:59.920 E/kickstart(700): EVENT: Data available to read
12-22 19:08:59.920 E/kickstart(700): EVENT: Received 49152 bytes
12-22 19:08:59.920 E/kickstart(700): EVENT: Waiting for data to read
12-22 19:08:59.920 E/kickstart(700): EVENT: Data available to read
12-22 19:08:59.920 E/kickstart(700): EVENT: Received 49152 bytes
12-22 19:08:59.920 E/kickstart(700): EVENT: Waiting for data to read
12-22 19:08:59.920 E/kickstart(700): EVENT: Data available to read
12-22 19:08:59.930 E/kickstart(700): EVENT: Received 49152 bytes
12-22 19:08:59.930 E/kickstart(700): EVENT: Waiting for data to read
12-22 19:08:59.930 E/kickstart(700): EVENT: Data available to read
12-22 19:08:59.930 E/kickstart(700): EVENT: Received 49152 bytes
12-22 19:08:59.930 E/kickstart(700): EVENT: Waiting for data to read
12-22 19:08:59.930 E/kickstart(700): EVENT: Data available to read
12-22 19:08:59.940 E/kickstart(700): EVENT: Received 32768 bytes
12-22 19:08:59.940 E/kickstart(700): EVENT: Waiting for data to read
12-22 19:08:59.940 E/kickstart(700): EVENT: Data available to read
12-22 19:08:59.940 E/kickstart(700): EVENT: Received 49152 bytes
12-22 19:08:59.940 E/kickstart(700): EVENT: Waiting for data to read
12-22 19:08:59.940 E/kickstart(700): EVENT: Data available to read
12-22 19:08:59.940 E/kickstart(700): EVENT: Received 49152 bytes
12-22 19:08:59.940 E/kickstart(700): EVENT: Waiting for data to read
12-22 19:08:59.940 E/kickstart(700): EVENT: Data available to read
12-22 19:08:59.950 E/kickstart(700): EVENT: Received 49152 bytes
12-22 19:08:59.950 E/kickstart(700): EVENT: Waiting for data to read
12-22 19:08:59.950 E/kickstart(700): EVENT: Data available to read
12-22 19:08:59.950 E/kickstart(700): EVENT: Received 49152 bytes
12-22 19:08:59.950 E/kickstart(700): EVENT: Waiting for data to read
12-22 19:08:59.950 E/kickstart(700): EVENT: Data available to read
12-22 19:08:59.960 E/kickstart(700): EVENT: Received 16384 bytes
12-22 19:08:59.960 E/kickstart(700): EVENT: Received: 786432 bytes
12-22 19:08:59.960 E/kickstart(700): EVENT: Writing to disk
12-22 19:08:59.980 E/kickstart(700): EVENT: Successfully wrote to disk
12-22 19:08:59.980 E/kickstart(700): Received file "/dev/block/platform/msm_sdcc.1/by-name/m9kefs2"
12-22 19:08:59.980 E/kickstart(700): 786432 bytes transferred in 0.105s (7.14 MBps)
12-22 19:08:59.980 E/kickstart(700): EVENT: num_debug_entries not >=0
12-22 19:08:59.980 E/kickstart(700): Successfully downloaded files from target 
12-22 19:08:59.980 E/kickstart(700): EVENT: SENDING --> SAHARA_RESET
12-22 19:08:59.980 E/kickstart(700): Wrote to /sys/power/wake_unlock
12-22 19:08:59.980 E/kickstart(700): EVENT: Waiting for data to read
12-22 19:08:59.980 E/kickstart(700): EVENT: Data available to read
12-22 19:08:59.980 E/kickstart(700): EVENT: Received 8 bytes
12-22 19:08:59.980 E/kickstart(700): EVENT: RECEIVED <-- SAHARA_RESET_RESP
12-22 19:08:59.980 E/kickstart(700): Sahara protocol completed
12-22 19:08:59.980 E/kickstart(700): EVENT: STATE <-- SAHARA_WAIT_HELLO
12-22 19:08:59.980 E/kickstart(700): EVENT: Waiting for data to read
12-22 19:08:59.980 E/kickstart(700): EVENT: Data available to read
12-22 19:09:00.050 I/iu.UploadsManager(1389): INFO: /storage/sdcard1/DCIM/Camera/IMG_20140830_192717.jpg does not contain any EXIF data
12-22 19:09:00.050 I/iu.UploadsManager(1389): #reloadSettings(); account: -1; IU: disabled; IS: disabled; IS account: -1; photoWiFi: true; videoWiFi: true; roam: false; battery: true; size: FULL; maxMobile: 157286400
12-22 19:09:00.160 I/art     (647): Explicit concurrent mark sweep GC freed 8258(355KB) AllocSpace objects, 2(44KB) LOS objects, 30% free, 35MB/51MB, paused 1.770ms total 92.742ms
12-22 19:09:00.190 I/iu.UploadsManager(1389): NEW; upload media id: 33785; iu: -1
12-22 19:09:00.190 I/iu.UploadsManager(1389): NEW; add media id: 33785
12-22 19:09:00.280 D/ALSADevice(251): standby: handle 0xb6056680 h 0x0
12-22 19:09:00.290 I/iu.UploadsManager(1389): INFO: /storage/sdcard1/DCIM/Camera/IMG_20140831_022120.jpg does not contain any EXIF data
12-22 19:09:00.290 I/iu.UploadsManager(1389): #reloadSettings(); account: -1; IU: disabled; IS: disabled; IS account: -1; photoWiFi: true; videoWiFi: true; roam: false; battery: true; size: FULL; maxMobile: 157286400
12-22 19:09:00.310 I/iu.UploadsManager(1389): NEW; upload media id: 33786; iu: -1
12-22 19:09:00.310 I/iu.UploadsManager(1389): NEW; add media id: 33786
12-22 19:09:00.440 I/iu.UploadsManager(1389): INFO: /storage/sdcard1/DCIM/Camera/IMG_20140906_184605.jpg does not contain any EXIF data
12-22 19:09:00.440 I/iu.UploadsManager(1389): #reloadSettings(); account: -1; IU: disabled; IS: disabled; IS account: -1; photoWiFi: true; videoWiFi: true; roam: false; battery: true; size: FULL; maxMobile: 157286400
12-22 19:09:00.460 I/iu.UploadsManager(1389): NEW; upload media id: 33787; iu: -1
12-22 19:09:00.460 I/iu.UploadsManager(1389): NEW; add media id: 33787
12-22 19:09:00.470 D/alsa_ucm(251): snd_use_case_set(): uc_mgr 0xb604f760 identifier _verb value Inactive
12-22 19:09:00.470 D/alsa_ucm(251): Set mixer controls for HiFi enable 0
12-22 19:09:00.470 D/alsa_ucm(251): Setting mixer control: SLIMBUS_0_RX Audio Mixer MultiMedia1, value: 0
12-22 19:09:00.470 D/alsa_ucm(251): snd_use_case_set(): uc_mgr 0xb604f760 identifier _disdev value Speaker
12-22 19:09:00.470 D/alsa_ucm(251): Set mixer controls for Speaker enable 0
12-22 19:09:00.470 D/alsa_ucm(251): Setting mixer control: RX5 MIX1 INP1, value: ZERO
12-22 19:09:00.470 D/alsa_ucm(251): Setting mixer control: RX5 MIX1 INP2, value: ZERO
12-22 19:09:00.470 D/alsa_ucm(251): Setting mixer control: LINEOUT2 Volume, value: 0
12-22 19:09:00.470 D/alsa_ucm(251): Setting mixer control: LINEOUT4 Volume, value: 0
12-22 19:09:00.470 D/alsa_ucm(251): Setting mixer control: RX5 Digital Volume, value: 0
12-22 19:09:00.470 D/AudioUsbALSA(251): exitPlaybackThread, mproxypfdPlayback: -1
12-22 19:09:00.470 D/AudioUsbALSA(251): closeDevice handle 0x0
12-22 19:09:00.470 D/AudioUsbALSA(251): closeDevice handle 0x0
12-22 19:09:00.480 E/PowerHAL(647): touch_boost: failed to send: No such file or directory
12-22 19:09:00.480 E/PowerHAL(647): touch_boost: failed to send: No such file or directory
12-22 19:09:00.550 I/iu.UploadsManager(1389): INFO: /storage/sdcard1/DCIM/Camera/IMG_20140906_184615.jpg does not contain any EXIF data
12-22 19:09:00.550 I/iu.UploadsManager(1389): #reloadSettings(); account: -1; IU: disabled; IS: disabled; IS account: -1; photoWiFi: true; videoWiFi: true; roam: false; battery: true; size: FULL; maxMobile: 157286400
12-22 19:09:00.580 I/iu.UploadsManager(1389): NEW; upload media id: 33788; iu: -1
12-22 19:09:00.580 I/iu.UploadsManager(1389): NEW; add media id: 33788
12-22 19:09:00.680 I/art     (25463): Explicit concurrent mark sweep GC freed 4967(366KB) AllocSpace objects, 0(0B) LOS objects, 24% free, 15MB/20MB, paused 335us total 15.441ms
12-22 19:09:00.701 I/iu.UploadsManager(1389): INFO: /storage/sdcard1/DCIM/Camera/IMG_20140906_190709.jpg does not contain any EXIF data
12-22 19:09:00.701 I/iu.UploadsManager(1389): #reloadSettings(); account: -1; IU: disabled; IS: disabled; IS account: -1; photoWiFi: true; videoWiFi: true; roam: false; battery: true; size: FULL; maxMobile: 157286400
12-22 19:09:00.721 I/iu.UploadsManager(1389): NEW; upload media id: 33789; iu: -1
12-22 19:09:00.721 I/iu.UploadsManager(1389): NEW; add media id: 33789
12-22 19:09:00.821 I/iu.UploadsManager(1389): INFO: /storage/sdcard1/DCIM/Camera/IMG_20140906_190714.jpg does not contain any EXIF data
12-22 19:09:00.821 I/iu.UploadsManager(1389): #reloadSettings(); account: -1; IU: disabled; IS: disabled; IS account: -1; photoWiFi: true; videoWiFi: true; roam: false; battery: true; size: FULL; maxMobile: 157286400
12-22 19:09:00.851 I/iu.UploadsManager(1389): NEW; upload media id: 33790; iu: -1
12-22 19:09:00.851 I/iu.UploadsManager(1389): NEW; add media id: 33790
12-22 19:09:00.951 I/iu.UploadsManager(1389): INFO: /storage/sdcard1/DCIM/Camera/IMG_20140906_191015.jpg does not contain any EXIF data
12-22 19:09:00.951 I/iu.UploadsManager(1389): #reloadSettings(); account: -1; IU: disabled; IS: disabled; IS account: -1; photoWiFi: true; videoWiFi: true; roam: false; battery: true; size: FULL; maxMobile: 157286400
12-22 19:09:00.971 I/iu.UploadsManager(1389): NEW; upload media id: 33791; iu: -1
12-22 19:09:00.971 I/iu.UploadsManager(1389): NEW; add media id: 33791
12-22 19:09:01.081 I/iu.UploadsManager(1389): INFO: /storage/sdcard1/DCIM/Camera/IMG_20140906_192820.jpg does not contain any EXIF data
12-22 19:09:01.081 I/iu.UploadsManager(1389): #reloadSettings(); account: -1; IU: disabled; IS: disabled; IS account: -1; photoWiFi: true; videoWiFi: true; roam: false; battery: true; size: FULL; maxMobile: 157286400
12-22 19:09:01.111 I/iu.UploadsManager(1389): NEW; upload media id: 33792; iu: -1
12-22 19:09:01.111 I/iu.UploadsManager(1389): NEW; add media id: 33792
12-22 19:09:01.251 I/iu.UploadsManager(1389): INFO: /storage/sdcard1/DCIM/Camera/IMG_20140906_215423.jpg does not contain any EXIF data
12-22 19:09:01.251 I/iu.UploadsManager(1389): #reloadSettings(); account: -1; IU: disabled; IS: disabled; IS account: -1; photoWiFi: true; videoWiFi: true; roam: false; battery: true; size: FULL; maxMobile: 157286400
12-22 19:09:01.281 I/iu.UploadsManager(1389): NEW; upload media id: 33793; iu: -1
12-22 19:09:01.281 I/iu.UploadsManager(1389): NEW; add media id: 33793
12-22 19:09:01.431 I/iu.UploadsManager(1389): INFO: /storage/sdcard1/DCIM/Camera/IMG_20140907_005311.jpg does not contain any EXIF data
12-22 19:09:01.431 I/iu.UploadsManager(1389): #reloadSettings(); account: -1; IU: disabled; IS: disabled; IS account: -1; photoWiFi: true; videoWiFi: true; roam: false; battery: true; size: FULL; maxMobile: 157286400
12-22 19:09:01.451 I/iu.UploadsManager(1389): NEW; upload media id: 33794; iu: -1
12-22 19:09:01.451 I/iu.UploadsManager(1389): NEW; add media id: 33794
12-22 19:09:01.541 I/art     (1389): Explicit concurrent mark sweep GC freed 17311(994KB) AllocSpace objects, 0(0B) LOS objects, 25% free, 19MB/26MB, paused 1.495ms total 84.197ms
12-22 19:09:01.671 I/iu.UploadsManager(1389): INFO: /storage/sdcard1/DCIM/Camera/IMG_20140907_005833.jpg does not contain any EXIF data
12-22 19:09:01.671 I/iu.UploadsManager(1389): #reloadSettings(); account: -1; IU: disabled; IS: disabled; IS account: -1; photoWiFi: true; videoWiFi: true; roam: false; battery: true; size: FULL; maxMobile: 157286400
12-22 19:09:01.701 I/iu.UploadsManager(1389): NEW; upload media id: 33795; iu: -1
12-22 19:09:01.701 I/iu.UploadsManager(1389): NEW; add media id: 33795
12-22 19:09:01.852 I/iu.UploadsManager(1389): INFO: /storage/sdcard1/DCIM/Camera/IMG_20140907_044513.jpg does not contain any EXIF data
12-22 19:09:01.852 I/iu.UploadsManager(1389): #reloadSettings(); account: -1; IU: disabled; IS: disabled; IS account: -1; photoWiFi: true; videoWiFi: true; roam: false; battery: true; size: FULL; maxMobile: 157286400
12-22 19:09:01.872 I/iu.UploadsManager(1389): NEW; upload media id: 33796; iu: -1
12-22 19:09:01.872 I/iu.UploadsManager(1389): NEW; add media id: 33796
12-22 19:09:02.022 I/iu.UploadsManager(1389): INFO: /storage/sdcard1/DCIM/Camera/IMG_20140907_052023.jpg does not contain any EXIF data
12-22 19:09:02.022 I/iu.UploadsManager(1389): #reloadSettings(); account: -1; IU: disabled; IS: disabled; IS account: -1; photoWiFi: true; videoWiFi: true; roam: false; battery: true; size: FULL; maxMobile: 157286400
12-22 19:09:02.052 I/iu.UploadsManager(1389): NEW; upload media id: 33797; iu: -1
12-22 19:09:02.052 I/iu.UploadsManager(1389): NEW; add media id: 33797
12-22 19:09:02.212 I/iu.UploadsManager(1389): INFO: /storage/sdcard1/DCIM/Camera/IMG_20140907_052221.jpg does not contain any EXIF data
12-22 19:09:02.212 I/iu.UploadsManager(1389): #reloadSettings(); account: -1; IU: disabled; IS: disabled; IS account: -1; photoWiFi: true; videoWiFi: true; roam: false; battery: true; size: FULL; maxMobile: 157286400
12-22 19:09:02.232 I/iu.UploadsManager(1389): NEW; upload media id: 33798; iu: -1
12-22 19:09:02.232 I/iu.UploadsManager(1389): NEW; add media id: 33798
12-22 19:09:02.302 I/auditd  (26178): Starting up
12-22 19:09:02.302 E/auditd  (26178): Failed on audit_set_pid with error: Protocol not supported
12-22 19:09:02.302 I/auditd  (26178): Exiting
12-22 19:09:02.322 I/iu.UploadsManager(1389): INFO: /storage/sdcard1/DCIM/Camera/IMG_20141121_224823.jpg does not contain any EXIF data
12-22 19:09:02.332 I/iu.UploadsManager(1389): #reloadSettings(); account: -1; IU: disabled; IS: disabled; IS account: -1; photoWiFi: true; videoWiFi: true; roam: false; battery: true; size: FULL; maxMobile: 157286400
12-22 19:09:02.432 I/art     (647): Explicit concurrent mark sweep GC freed 9262(453KB) AllocSpace objects, 0(0B) LOS objects, 30% free, 35MB/51MB, paused 1.495ms total 97.869ms
12-22 19:09:02.452 I/iu.UploadsManager(1389): NEW; upload media id: 33799; iu: -1
12-22 19:09:02.452 I/iu.UploadsManager(1389): NEW; add media id: 33799
12-22 19:09:02.542 I/iu.UploadsManager(1389): INFO: /storage/sdcard1/DCIM/Camera/IMG_20141129_220949.jpg does not contain any EXIF data
12-22 19:09:02.542 I/iu.UploadsManager(1389): #reloadSettings(); account: -1; IU: disabled; IS: disabled; IS account: -1; photoWiFi: true; videoWiFi: true; roam: false; battery: true; size: FULL; maxMobile: 157286400
12-22 19:09:02.562 I/iu.UploadsManager(1389): NEW; upload media id: 33800; iu: -1
12-22 19:09:02.572 I/iu.UploadsManager(1389): NEW; add media id: 33800
12-22 19:09:02.672 I/iu.UploadsManager(1389): INFO: /storage/sdcard1/DCIM/Camera/IMG_20141217_172951.jpg does not contain any EXIF data
12-22 19:09:02.672 I/iu.UploadsManager(1389): #reloadSettings(); account: -1; IU: disabled; IS: disabled; IS account: -1; photoWiFi: true; videoWiFi: true; roam: false; battery: true; size: FULL; maxMobile: 157286400
12-22 19:09:02.702 I/iu.UploadsManager(1389): NEW; upload media id: 33801; iu: -1
12-22 19:09:02.702 I/iu.UploadsManager(1389): NEW; add media id: 33801
12-22 19:09:02.913 I/iu.UploadsManager(1389): INFO: /storage/sdcard1/DCIM/Camera/PANO_20141026_145152.jpg does not contain any EXIF data
12-22 19:09:02.913 I/iu.UploadsManager(1389): #reloadSettings(); account: -1; IU: disabled; IS: disabled; IS account: -1; photoWiFi: true; videoWiFi: true; roam: false; battery: true; size: FULL; maxMobile: 157286400
12-22 19:09:02.923 I/iu.UploadsManager(1389): NEW; upload media id: 33802; iu: -1
12-22 19:09:02.923 I/iu.UploadsManager(1389): NEW; add media id: 33802
12-22 19:09:03.013 I/iu.UploadsManager(1389): INFO: /storage/sdcard1/DCIM/Wallpaper/IMG_20140224_065650.jpg does not contain any EXIF data
12-22 19:09:03.023 I/iu.UploadsManager(1389): #reloadSettings(); account: -1; IU: disabled; IS: disabled; IS account: -1; photoWiFi: true; videoWiFi: true; roam: false; battery: true; size: FULL; maxMobile: 157286400
12-22 19:09:03.043 I/iu.UploadsManager(1389): NEW; upload media id: 33803; iu: -1
12-22 19:09:03.043 I/iu.UploadsManager(1389): NEW; add media id: 33803
12-22 19:09:03.183 I/iu.UploadsManager(1389): #reloadSettings(); account: -1; IU: disabled; IS: disabled; IS account: -1; photoWiFi: true; videoWiFi: true; roam: false; battery: true; size: FULL; maxMobile: 157286400
12-22 19:09:03.213 I/iu.UploadsManager(1389): NEW; upload media id: 33804; iu: -1
12-22 19:09:03.213 I/iu.UploadsManager(1389): NEW; add media id: 33804
12-22 19:09:03.353 I/iu.UploadsManager(1389): #reloadSettings(); account: -1; IU: disabled; IS: disabled; IS account: -1; photoWiFi: true; videoWiFi: true; roam: false; battery: true; size: FULL; maxMobile: 157286400
12-22 19:09:03.393 I/iu.UploadsManager(1389): NEW; upload media id: 33181; iu: -1
12-22 19:09:03.393 I/iu.UploadsManager(1389): NEW; add media id: 33181
12-22 19:09:03.553 I/iu.UploadsManager(1389): #reloadSettings(); account: -1; IU: disabled; IS: disabled; IS account: -1; photoWiFi: true; videoWiFi: true; roam: false; battery: true; size: FULL; maxMobile: 157286400
12-22 19:09:03.583 I/iu.UploadsManager(1389): NEW; upload media id: 33182; iu: -1
12-22 19:09:03.583 I/iu.UploadsManager(1389): NEW; add media id: 33182
12-22 19:09:03.673 I/iu.UploadsManager(1389): #reloadSettings(); account: -1; IU: disabled; IS: disabled; IS account: -1; photoWiFi: true; videoWiFi: true; roam: false; battery: true; size: FULL; maxMobile: 157286400
12-22 19:09:03.703 I/iu.UploadsManager(1389): NEW; upload media id: 33183; iu: -1
12-22 19:09:03.703 I/iu.UploadsManager(1389): NEW; add media id: 33183
12-22 19:09:03.804 I/art     (1389): Explicit concurrent mark sweep GC freed 16331(937KB) AllocSpace objects, 0(0B) LOS objects, 24% free, 19MB/26MB, paused 793us total 38.818ms
12-22 19:09:03.834 I/iu.UploadsManager(1389): #reloadSettings(); account: -1; IU: disabled; IS: disabled; IS account: -1; photoWiFi: true; videoWiFi: true; roam: false; battery: true; size: FULL; maxMobile: 157286400
12-22 19:09:03.854 I/iu.UploadsManager(1389): NEW; upload media id: 33184; iu: -1
12-22 19:09:03.854 I/iu.UploadsManager(1389): NEW; add media id: 33184
12-22 19:09:03.934 I/art     (25463): Explicit concurrent mark sweep GC freed 5040(380KB) AllocSpace objects, 0(0B) LOS objects, 24% free, 15MB/20MB, paused 579us total 24.719ms
12-22 19:09:03.974 I/iu.UploadsManager(1389): #reloadSettings(); account: -1; IU: disabled; IS: disabled; IS account: -1; photoWiFi: true; videoWiFi: true; roam: false; battery: true; size: FULL; maxMobile: 157286400
12-22 19:09:03.994 I/iu.UploadsManager(1389): NEW; upload media id: 33185; iu: -1
12-22 19:09:03.994 I/iu.UploadsManager(1389): NEW; add media id: 33185
12-22 19:09:04.084 I/iu.UploadsManager(1389): #reloadSettings(); account: -1; IU: disabled; IS: disabled; IS account: -1; photoWiFi: true; videoWiFi: true; roam: false; battery: true; size: FULL; maxMobile: 157286400
12-22 19:09:04.104 I/iu.UploadsManager(1389): NEW; upload media id: 33186; iu: -1
12-22 19:09:04.104 I/iu.UploadsManager(1389): NEW; add media id: 33186
