12-22 19:09:04.194 I/iu.UploadsManager(1389): #reloadSettings(); account: -1; IU: disabled; IS: disabled; IS account: -1; photoWiFi: true; videoWiFi: true; roam: false; battery: true; size: FULL; maxMobile: 157286400
12-22 19:09:04.214 I/iu.UploadsManager(1389): NEW; upload media id: 33187; iu: -1
12-22 19:09:04.214 I/iu.UploadsManager(1389): NEW; add media id: 33187
12-22 19:09:04.324 I/iu.UploadsManager(1389): #reloadSettings(); account: -1; IU: disabled; IS: disabled; IS account: -1; photoWiFi: true; videoWiFi: true; roam: false; battery: true; size: FULL; maxMobile: 157286400
12-22 19:09:04.344 I/iu.UploadsManager(1389): NEW; upload media id: 33188; iu: -1
12-22 19:09:04.344 I/iu.UploadsManager(1389): NEW; add media id: 33188
12-22 19:09:04.674 I/art     (647): Explicit concurrent mark sweep GC freed 7149(309KB) AllocSpace objects, 0(0B) LOS objects, 30% free, 35MB/51MB, paused 3.479ms total 191.253ms
12-22 19:09:04.744 I/iu.UploadsManager(1389): #reloadSettings(); account: -1; IU: disabled; IS: disabled; IS account: -1; photoWiFi: true; videoWiFi: true; roam: false; battery: true; size: FULL; maxMobile: 157286400
12-22 19:09:04.774 I/iu.UploadsManager(1389): NEW; upload media id: 33189; iu: -1
12-22 19:09:04.774 I/iu.UploadsManager(1389): NEW; add media id: 33189
12-22 19:09:04.895 I/iu.UploadsManager(1389): #reloadSettings(); account: -1; IU: disabled; IS: disabled; IS account: -1; photoWiFi: true; videoWiFi: true; roam: false; battery: true; size: FULL; maxMobile: 157286400
12-22 19:09:04.915 I/iu.UploadsManager(1389): NEW; upload media id: 33190; iu: -1
12-22 19:09:04.915 I/iu.UploadsManager(1389): NEW; add media id: 33190
12-22 19:09:05.045 I/iu.UploadsManager(1389): #reloadSettings(); account: -1; IU: disabled; IS: disabled; IS account: -1; photoWiFi: true; videoWiFi: true; roam: false; battery: true; size: FULL; maxMobile: 157286400
12-22 19:09:05.065 I/iu.UploadsManager(1389): NEW; upload media id: 33191; iu: -1
12-22 19:09:05.065 I/iu.UploadsManager(1389): NEW; add media id: 33191
12-22 19:09:05.165 I/iu.UploadsManager(1389): #reloadSettings(); account: -1; IU: disabled; IS: disabled; IS account: -1; photoWiFi: true; videoWiFi: true; roam: false; battery: true; size: FULL; maxMobile: 157286400
12-22 19:09:05.185 I/iu.UploadsManager(1389): NEW; upload media id: 33192; iu: -1
12-22 19:09:05.185 I/iu.UploadsManager(1389): NEW; add media id: 33192
12-22 19:09:05.275 I/iu.UploadsManager(1389): #reloadSettings(); account: -1; IU: disabled; IS: disabled; IS account: -1; photoWiFi: true; videoWiFi: true; roam: false; battery: true; size: FULL; maxMobile: 157286400
12-22 19:09:05.295 I/iu.UploadsManager(1389): NEW; upload media id: 33193; iu: -1
12-22 19:09:05.295 I/iu.UploadsManager(1389): NEW; add media id: 33193
12-22 19:09:05.395 I/iu.UploadsManager(1389): #reloadSettings(); account: -1; IU: disabled; IS: disabled; IS account: -1; photoWiFi: true; videoWiFi: true; roam: false; battery: true; size: FULL; maxMobile: 157286400
12-22 19:09:05.415 I/iu.UploadsManager(1389): NEW; upload media id: 33194; iu: -1
12-22 19:09:05.415 I/iu.UploadsManager(1389): NEW; add media id: 33194
12-22 19:09:05.515 I/art     (25463): Explicit concurrent mark sweep GC freed 5083(370KB) AllocSpace objects, 0(0B) LOS objects, 24% free, 15MB/20MB, paused 518us total 24.871ms
12-22 19:09:05.545 I/iu.UploadsManager(1389): #reloadSettings(); account: -1; IU: disabled; IS: disabled; IS account: -1; photoWiFi: true; videoWiFi: true; roam: false; battery: true; size: FULL; maxMobile: 157286400
12-22 19:09:05.575 I/iu.UploadsManager(1389): NEW; upload media id: 33195; iu: -1
12-22 19:09:05.575 I/iu.UploadsManager(1389): NEW; add media id: 33195
12-22 19:09:05.685 I/iu.UploadsManager(1389): #reloadSettings(); account: -1; IU: disabled; IS: disabled; IS account: -1; photoWiFi: true; videoWiFi: true; roam: false; battery: true; size: FULL; maxMobile: 157286400
12-22 19:09:05.705 I/iu.UploadsManager(1389): NEW; upload media id: 33196; iu: -1
12-22 19:09:05.705 I/iu.UploadsManager(1389): NEW; add media id: 33196
12-22 19:09:05.795 I/iu.UploadsManager(1389): #reloadSettings(); account: -1; IU: disabled; IS: disabled; IS account: -1; photoWiFi: true; videoWiFi: true; roam: false; battery: true; size: FULL; maxMobile: 157286400
12-22 19:09:05.805 I/iu.UploadsManager(1389): NEW; upload media id: 33197; iu: -1
12-22 19:09:05.805 I/iu.UploadsManager(1389): NEW; add media id: 33197
12-22 19:09:05.896 I/iu.UploadsManager(1389): #reloadSettings(); account: -1; IU: disabled; IS: disabled; IS account: -1; photoWiFi: true; videoWiFi: true; roam: false; battery: true; size: FULL; maxMobile: 157286400
12-22 19:09:05.916 I/iu.UploadsManager(1389): NEW; upload media id: 33198; iu: -1
12-22 19:09:05.916 I/iu.UploadsManager(1389): NEW; add media id: 33198
12-22 19:09:06.006 I/iu.UploadsManager(1389): #reloadSettings(); account: -1; IU: disabled; IS: disabled; IS account: -1; photoWiFi: true; videoWiFi: true; roam: false; battery: true; size: FULL; maxMobile: 157286400
12-22 19:09:06.026 I/iu.UploadsManager(1389): NEW; upload media id: 33199; iu: -1
12-22 19:09:06.026 I/iu.UploadsManager(1389): NEW; add media id: 33199
12-22 19:09:06.126 I/iu.UploadsManager(1389): #reloadSettings(); account: -1; IU: disabled; IS: disabled; IS account: -1; photoWiFi: true; videoWiFi: true; roam: false; battery: true; size: FULL; maxMobile: 157286400
12-22 19:09:06.136 I/iu.UploadsManager(1389): NEW; upload media id: 33200; iu: -1
12-22 19:09:06.136 I/iu.UploadsManager(1389): NEW; add media id: 33200
12-22 19:09:06.216 I/iu.UploadsManager(1389): #reloadSettings(); account: -1; IU: disabled; IS: disabled; IS account: -1; photoWiFi: true; videoWiFi: true; roam: false; battery: true; size: FULL; maxMobile: 157286400
12-22 19:09:06.236 I/iu.UploadsManager(1389): NEW; upload media id: 33201; iu: -1
12-22 19:09:06.236 I/iu.UploadsManager(1389): NEW; add media id: 33201
12-22 19:09:06.246 I/iu.UploadsManager(1389): End new media; added: 382, uploading: 382, time: 68514 ms
12-22 19:09:06.286 E/WifiStateMachine(647): WifiStateMachine CMD_START_SCAN source -2 txSuccessRate=0,38 rxSuccessRate=2,28 targetRoamBSSID=00:00:00:00:00:00 RSSI=-47
12-22 19:09:06.286 E/WifiStateMachine(647): WifiStateMachine starting scan for "FRITZ!Box Fon WLAN 7390"WPA_PSK with 2412,5180
12-22 19:09:06.306 I/wpa_supplicant(22850): wlan0: CTRL-EVENT-SCAN-STARTED 
12-22 19:09:06.366 I/art     (1389): Explicit concurrent mark sweep GC freed 13322(773KB) AllocSpace objects, 0(0B) LOS objects, 24% free, 19MB/26MB, paused 1.464ms total 65.093ms
12-22 19:09:06.496 I/art     (647): Explicit concurrent mark sweep GC freed 8952(398KB) AllocSpace objects, 0(0B) LOS objects, 30% free, 35MB/51MB, paused 1.373ms total 98.052ms
12-22 19:09:06.506 I/iu.UploadsManager(1389): End new media; added: 0, uploading: 0, time: 245 ms
12-22 19:09:07.317 I/auditd  (26186): Starting up
12-22 19:09:07.317 E/auditd  (26186): Failed on audit_set_pid with error: Protocol not supported
12-22 19:09:07.317 I/auditd  (26186): Exiting
12-22 19:09:12.342 I/auditd  (26195): Starting up
12-22 19:09:12.352 E/auditd  (26195): Failed on audit_set_pid with error: Protocol not supported
12-22 19:09:12.352 I/auditd  (26195): Exiting
12-22 19:09:17.367 I/auditd  (26203): Starting up
12-22 19:09:17.367 E/auditd  (26203): Failed on audit_set_pid with error: Protocol not supported
12-22 19:09:17.367 I/auditd  (26203): Exiting
12-22 19:09:18.558 W/GAV4    (1389): Thread[Thread-102,5,main]: Exception sending hit: HttpHostConnectException
12-22 19:09:18.558 W/GAV4    (1389): Thread[Thread-102,5,main]: Connection to https://ssl.google-analytics.com refused
12-22 19:09:18.588 W/GAV4    (1389): Thread[Thread-102,5,main]: Empty hitIds passed to deleteHits.
12-22 19:09:22.322 E/WifiStateMachine(647): WifiStateMachine CMD_START_SCAN source -2 txSuccessRate=0,01 rxSuccessRate=1,16 targetRoamBSSID=00:00:00:00:00:00 RSSI=-48
12-22 19:09:22.322 E/WifiStateMachine(647): WifiStateMachine starting scan for "FRITZ!Box Fon WLAN 7390"WPA_PSK with 2412,5180
12-22 19:09:22.412 I/auditd  (26213): Starting up
12-22 19:09:22.422 E/auditd  (26213): Failed on audit_set_pid with error: Protocol not supported
12-22 19:09:22.422 I/auditd  (26213): Exiting
12-22 19:09:22.562 I/wpa_supplicant(22850): wlan0: CTRL-EVENT-SCAN-STARTED 
12-22 19:09:27.437 I/auditd  (26223): Starting up
12-22 19:09:27.437 E/auditd  (26223): Failed on audit_set_pid with error: Protocol not supported
12-22 19:09:27.437 I/auditd  (26223): Exiting
12-22 19:09:32.472 I/auditd  (26231): Starting up
12-22 19:09:32.502 E/auditd  (26231): Failed on audit_set_pid with error: Protocol not supported
12-22 19:09:32.502 I/auditd  (26231): Exiting
12-22 19:09:36.075 E/PowerHAL(647): touch_boost: failed to send: No such file or directory
12-22 19:09:36.075 E/PowerHAL(647): touch_boost: failed to send: No such file or directory
12-22 19:09:36.185 E/PowerHAL(647): touch_boost: failed to send: No such file or directory
12-22 19:09:36.185 E/PowerHAL(647): touch_boost: failed to send: No such file or directory
12-22 19:09:36.195 E/PowerHAL(647): touch_boost: failed to send: No such file or directory
12-22 19:09:36.195 E/PowerHAL(647): touch_boost: failed to send: No such file or directory
12-22 19:09:36.325 E/PowerHAL(647): touch_boost: failed to send: No such file or directory
12-22 19:09:36.525 I/auditd  (26240): Starting up
12-22 19:09:36.545 E/auditd  (26240): Failed on audit_set_pid with error: Protocol not supported
12-22 19:09:36.545 I/auditd  (26240): Exiting
12-22 19:09:36.565 E/AudioTrack(647): AudioTrack::set : Exit
12-22 19:09:36.576 D/ALSADevice(251): route: devices 0x2 in mode 0
12-22 19:09:36.576 D/ALSADevice(251): No valid input device: 0
12-22 19:09:36.576 D/alsa_ucm(251): snd_use_case_set(): uc_mgr 0xb604f760 identifier _enadev value Speaker
12-22 19:09:36.576 D/ALSADevice(251): switchDevice: mCurTxUCMDevivce None mCurRxDevDevice Speaker
12-22 19:09:36.576 D/alsa_ucm(251): snd_use_case_set(): uc_mgr 0xb604f760 identifier _verb value HiFi
12-22 19:09:36.576 D/alsa_ucm(251): Set mixer controls for Speaker enable 1
12-22 19:09:36.576 D/alsa_ucm(251): acdb_id 15 cap 1 enable 1
12-22 19:09:36.576 D/alsa_ucm(251): Setting mixer control: SLIM_0_RX Channels, value: Two
12-22 19:09:36.576 D/alsa_ucm(251): Setting mixer control: RX5 MIX1 INP1, value: RX1
12-22 19:09:36.576 D/alsa_ucm(251): Setting mixer control: RX5 MIX1 INP2, value: RX2
12-22 19:09:36.586 D/alsa_ucm(251): Setting mixer control: RX6 DSM MUX, value: DSM_INV
12-22 19:09:36.586 D/alsa_ucm(251): Setting mixer control: LINEOUT2 Volume, value: 83
12-22 19:09:36.586 D/alsa_ucm(251): Setting mixer control: LINEOUT4 Volume, value: 83
12-22 19:09:36.586 D/alsa_ucm(251): Setting multi value: RX5 Digital Volume
12-22 19:09:36.586 D/alsa_ucm(251): Set mixer controls for HiFi enable 1
12-22 19:09:36.586 D/alsa_ucm(251): Setting mixer control: SLIMBUS_0_RX Audio Mixer MultiMedia1, value: 1
12-22 19:09:36.586 D/ALSADevice(251): close: handle 0xb6056680 h 0x0
12-22 19:09:36.586 D/ALSADevice(251): open: handle 0xb6056680, format 0x2
12-22 19:09:36.586 D/ALSADevice(251): Device value returned is hw:0,0
12-22 19:09:36.586 D/ALSADevice(251): handle->format: 0x2
12-22 19:09:36.586 D/ALSADevice(251): setHardwareParams: reqBuffSize 2048 channels 2 sampleRate 48000
12-22 19:09:36.596 D/ALSADevice(251): setHardwareParams: buffer_size 16384, period_size 2048, period_cnt 8
12-22 19:09:39.799 D/ALSADevice(251): standby: handle 0xb6056680 h 0x0
12-22 19:09:39.979 D/alsa_ucm(251): snd_use_case_set(): uc_mgr 0xb604f760 identifier _verb value Inactive
12-22 19:09:39.979 D/alsa_ucm(251): Set mixer controls for HiFi enable 0
12-22 19:09:39.979 D/alsa_ucm(251): Setting mixer control: SLIMBUS_0_RX Audio Mixer MultiMedia1, value: 0
12-22 19:09:39.979 D/alsa_ucm(251): snd_use_case_set(): uc_mgr 0xb604f760 identifier _disdev value Speaker
12-22 19:09:39.979 D/alsa_ucm(251): Set mixer controls for Speaker enable 0
12-22 19:09:39.979 D/alsa_ucm(251): Setting mixer control: RX5 MIX1 INP1, value: ZERO
12-22 19:09:39.979 D/alsa_ucm(251): Setting mixer control: RX5 MIX1 INP2, value: ZERO
12-22 19:09:39.989 D/alsa_ucm(251): Setting mixer control: LINEOUT2 Volume, value: 0
12-22 19:09:39.989 D/alsa_ucm(251): Setting mixer control: LINEOUT4 Volume, value: 0
12-22 19:09:39.989 D/alsa_ucm(251): Setting mixer control: RX5 Digital Volume, value: 0
12-22 19:09:39.989 D/AudioUsbALSA(251): exitPlaybackThread, mproxypfdPlayback: -1
12-22 19:09:39.989 D/AudioUsbALSA(251): closeDevice handle 0x0
12-22 19:09:39.989 D/AudioUsbALSA(251): closeDevice handle 0x0
12-22 19:09:41.550 I/auditd  (26248): Starting up
12-22 19:09:41.560 E/auditd  (26248): Failed on audit_set_pid with error: Protocol not supported
12-22 19:09:41.560 I/auditd  (26248): Exiting
12-22 19:09:41.801 E/PowerHAL(647): touch_boost: failed to send: No such file or directory
12-22 19:09:41.801 E/PowerHAL(647): touch_boost: failed to send: No such file or directory
12-22 19:09:41.801 E/PowerHAL(647): touch_boost: failed to send: No such file or directory
12-22 19:09:41.821 E/PowerHAL(647): touch_boost: failed to send: No such file or directory
12-22 19:09:41.821 E/PowerHAL(647): touch_boost: failed to send: No such file or directory
12-22 19:09:41.831 E/PowerHAL(647): touch_boost: failed to send: No such file or directory
12-22 19:09:41.831 E/PowerHAL(647): touch_boost: failed to send: No such file or directory
12-22 19:09:41.841 E/PowerHAL(647): touch_boost: failed to send: No such file or directory
12-22 19:09:41.841 E/PowerHAL(647): touch_boost: failed to send: No such file or directory
12-22 19:09:41.851 E/PowerHAL(647): touch_boost: failed to send: No such file or directory
12-22 19:09:41.851 E/PowerHAL(647): touch_boost: failed to send: No such file or directory
12-22 19:09:42.051 E/AudioTrack(647): AudioTrack::set : Exit
12-22 19:09:42.071 D/ALSADevice(251): route: devices 0x2 in mode 0
12-22 19:09:42.071 D/ALSADevice(251): No valid input device: 0
12-22 19:09:42.071 D/alsa_ucm(251): snd_use_case_set(): uc_mgr 0xb604f760 identifier _enadev value Speaker
12-22 19:09:42.071 D/ALSADevice(251): switchDevice: mCurTxUCMDevivce None mCurRxDevDevice Speaker
12-22 19:09:42.071 D/alsa_ucm(251): snd_use_case_set(): uc_mgr 0xb604f760 identifier _verb value HiFi
12-22 19:09:42.071 D/alsa_ucm(251): Set mixer controls for Speaker enable 1
12-22 19:09:42.071 D/alsa_ucm(251): acdb_id 15 cap 1 enable 1
12-22 19:09:42.071 D/alsa_ucm(251): Setting mixer control: SLIM_0_RX Channels, value: Two
12-22 19:09:42.071 D/alsa_ucm(251): Setting mixer control: RX5 MIX1 INP1, value: RX1
12-22 19:09:42.071 D/alsa_ucm(251): Setting mixer control: RX5 MIX1 INP2, value: RX2
12-22 19:09:42.071 D/alsa_ucm(251): Setting mixer control: RX6 DSM MUX, value: DSM_INV
12-22 19:09:42.071 D/alsa_ucm(251): Setting mixer control: LINEOUT2 Volume, value: 83
12-22 19:09:42.071 D/alsa_ucm(251): Setting mixer control: LINEOUT4 Volume, value: 83
12-22 19:09:42.071 D/alsa_ucm(251): Setting multi value: RX5 Digital Volume
12-22 19:09:42.071 D/alsa_ucm(251): Set mixer controls for HiFi enable 1
12-22 19:09:42.071 D/alsa_ucm(251): Setting mixer control: SLIMBUS_0_RX Audio Mixer MultiMedia1, value: 1
12-22 19:09:42.071 D/ALSADevice(251): close: handle 0xb6056680 h 0x0
12-22 19:09:42.071 D/ALSADevice(251): open: handle 0xb6056680, format 0x2
12-22 19:09:42.071 D/ALSADevice(251): Device value returned is hw:0,0
12-22 19:09:42.081 D/ALSADevice(251): handle->format: 0x2
12-22 19:09:42.081 D/ALSADevice(251): setHardwareParams: reqBuffSize 2048 channels 2 sampleRate 48000
12-22 19:09:42.081 D/ALSADevice(251): setHardwareParams: buffer_size 16384, period_size 2048, period_cnt 8
12-22 19:09:43.232 E/PowerHAL(647): touch_boost: failed to send: No such file or directory
12-22 19:09:43.232 E/PowerHAL(647): touch_boost: failed to send: No such file or directory
12-22 19:09:43.232 E/PowerHAL(647): touch_boost: failed to send: No such file or directory
12-22 19:09:43.252 E/PowerHAL(647): touch_boost: failed to send: No such file or directory
12-22 19:09:43.252 E/PowerHAL(647): touch_boost: failed to send: No such file or directory
12-22 19:09:43.282 E/PowerHAL(647): touch_boost: failed to send: No such file or directory
12-22 19:09:43.282 E/PowerHAL(647): touch_boost: failed to send: No such file or directory
12-22 19:09:43.292 E/PowerHAL(647): touch_boost: failed to send: No such file or directory
12-22 19:09:43.292 E/PowerHAL(647): touch_boost: failed to send: No such file or directory
12-22 19:09:43.302 E/PowerHAL(647): touch_boost: failed to send: No such file or directory
12-22 19:09:43.302 E/PowerHAL(647): touch_boost: failed to send: No such file or directory
12-22 19:09:43.432 E/AudioTrack(647): AudioTrack::set : Exit
12-22 19:09:44.093 E/PowerHAL(647): touch_boost: failed to send: No such file or directory
12-22 19:09:44.093 E/PowerHAL(647): touch_boost: failed to send: No such file or directory
12-22 19:09:44.173 E/PowerHAL(647): touch_boost: failed to send: No such file or directory
12-22 19:09:44.183 E/PowerHAL(647): touch_boost: failed to send: No such file or directory
12-22 19:09:44.183 E/PowerHAL(647): touch_boost: failed to send: No such file or directory
12-22 19:09:44.183 E/PowerHAL(647): touch_boost: failed to send: No such file or directory
12-22 19:09:44.253 E/PowerHAL(647): touch_boost: failed to send: No such file or directory
12-22 19:09:44.273 E/AudioTrack(647): AudioTrack::set : Exit
12-22 19:09:45.134 E/PowerHAL(647): touch_boost: failed to send: No such file or directory
12-22 19:09:45.134 E/PowerHAL(647): touch_boost: failed to send: No such file or directory
12-22 19:09:45.134 E/PowerHAL(647): touch_boost: failed to send: No such file or directory
12-22 19:09:45.184 E/PowerHAL(647): touch_boost: failed to send: No such file or directory
12-22 19:09:45.184 E/PowerHAL(647): touch_boost: failed to send: No such file or directory
12-22 19:09:45.194 E/PowerHAL(647): touch_boost: failed to send: No such file or directory
12-22 19:09:45.194 E/PowerHAL(647): touch_boost: failed to send: No such file or directory
12-22 19:09:45.204 E/PowerHAL(647): touch_boost: failed to send: No such file or directory
12-22 19:09:45.204 E/PowerHAL(647): touch_boost: failed to send: No such file or directory
12-22 19:09:45.344 E/AudioTrack(647): AudioTrack::set : Exit
12-22 19:09:46.325 E/WifiStateMachine(647): WifiStateMachine CMD_START_SCAN source -2 txSuccessRate=0,01 rxSuccessRate=2,01 targetRoamBSSID=00:00:00:00:00:00 RSSI=-50
12-22 19:09:46.325 E/WifiStateMachine(647): WifiStateMachine starting scan for "FRITZ!Box Fon WLAN 7390"WPA_PSK with 2412,5180
12-22 19:09:46.595 I/auditd  (26261): Starting up
12-22 19:09:46.595 E/auditd  (26261): Failed on audit_set_pid with error: Protocol not supported
12-22 19:09:46.595 I/auditd  (26261): Exiting
12-22 19:09:46.635 I/wpa_supplicant(22850): wlan0: CTRL-EVENT-SCAN-STARTED 
12-22 19:09:48.487 E/PowerHAL(647): touch_boost: failed to send: No such file or directory
12-22 19:09:48.487 E/PowerHAL(647): touch_boost: failed to send: No such file or directory
12-22 19:09:48.487 E/PowerHAL(647): touch_boost: failed to send: No such file or directory
12-22 19:09:48.497 E/PowerHAL(647): touch_boost: failed to send: No such file or directory
12-22 19:09:48.497 E/PowerHAL(647): touch_boost: failed to send: No such file or directory
12-22 19:09:48.507 E/PowerHAL(647): touch_boost: failed to send: No such file or directory
12-22 19:09:48.507 E/PowerHAL(647): touch_boost: failed to send: No such file or directory
12-22 19:09:48.537 D/ALSADevice(251): standby: handle 0xb6056680 h 0x0
12-22 19:09:48.587 E/PowerHAL(647): touch_boost: failed to send: No such file or directory
12-22 19:09:48.587 E/PowerHAL(647): touch_boost: failed to send: No such file or directory
12-22 19:09:48.607 E/PowerHAL(647): touch_boost: failed to send: No such file or directory
12-22 19:09:48.607 E/PowerHAL(647): touch_boost: failed to send: No such file or directory
12-22 19:09:48.617 E/PowerHAL(647): touch_boost: failed to send: No such file or directory
12-22 19:09:48.617 E/PowerHAL(647): touch_boost: failed to send: No such file or directory
12-22 19:09:48.707 D/alsa_ucm(251): snd_use_case_set(): uc_mgr 0xb604f760 identifier _verb value Inactive
12-22 19:09:48.707 D/alsa_ucm(251): Set mixer controls for HiFi enable 0
12-22 19:09:48.707 D/alsa_ucm(251): Setting mixer control: SLIMBUS_0_RX Audio Mixer MultiMedia1, value: 0
12-22 19:09:48.707 D/alsa_ucm(251): snd_use_case_set(): uc_mgr 0xb604f760 identifier _disdev value Speaker
12-22 19:09:48.707 D/alsa_ucm(251): Set mixer controls for Speaker enable 0
12-22 19:09:48.707 D/alsa_ucm(251): Setting mixer control: RX5 MIX1 INP1, value: ZERO
12-22 19:09:48.707 D/alsa_ucm(251): Setting mixer control: RX5 MIX1 INP2, value: ZERO
12-22 19:09:48.717 D/alsa_ucm(251): Setting mixer control: LINEOUT2 Volume, value: 0
12-22 19:09:48.717 D/alsa_ucm(251): Setting mixer control: LINEOUT4 Volume, value: 0
12-22 19:09:48.717 D/alsa_ucm(251): Setting mixer control: RX5 Digital Volume, value: 0
12-22 19:09:48.717 D/AudioUsbALSA(251): exitPlaybackThread, mproxypfdPlayback: -1
12-22 19:09:48.717 D/AudioUsbALSA(251): closeDevice handle 0x0
12-22 19:09:48.717 D/AudioUsbALSA(251): closeDevice handle 0x0
12-22 19:09:48.717 E/AudioTrack(647): AudioTrack::set : Exit
12-22 19:09:48.727 D/ALSADevice(251): route: devices 0x2 in mode 0
12-22 19:09:48.727 D/ALSADevice(251): No valid input device: 0
12-22 19:09:48.727 D/alsa_ucm(251): snd_use_case_set(): uc_mgr 0xb604f760 identifier _enadev value Speaker
12-22 19:09:48.727 D/ALSADevice(251): switchDevice: mCurTxUCMDevivce None mCurRxDevDevice Speaker
12-22 19:09:48.727 D/alsa_ucm(251): snd_use_case_set(): uc_mgr 0xb604f760 identifier _verb value HiFi
12-22 19:09:48.727 D/alsa_ucm(251): Set mixer controls for Speaker enable 1
12-22 19:09:48.727 D/alsa_ucm(251): acdb_id 15 cap 1 enable 1
12-22 19:09:48.727 D/alsa_ucm(251): Setting mixer control: SLIM_0_RX Channels, value: Two
12-22 19:09:48.727 D/alsa_ucm(251): Setting mixer control: RX5 MIX1 INP1, value: RX1
12-22 19:09:48.727 D/alsa_ucm(251): Setting mixer control: RX5 MIX1 INP2, value: RX2
12-22 19:09:48.727 D/alsa_ucm(251): Setting mixer control: RX6 DSM MUX, value: DSM_INV
12-22 19:09:48.727 D/alsa_ucm(251): Setting mixer control: LINEOUT2 Volume, value: 83
12-22 19:09:48.727 D/alsa_ucm(251): Setting mixer control: LINEOUT4 Volume, value: 83
12-22 19:09:48.727 D/alsa_ucm(251): Setting multi value: RX5 Digital Volume
12-22 19:09:48.727 D/alsa_ucm(251): Set mixer controls for HiFi enable 1
12-22 19:09:48.727 D/alsa_ucm(251): Setting mixer control: SLIMBUS_0_RX Audio Mixer MultiMedia1, value: 1
12-22 19:09:48.737 D/ALSADevice(251): close: handle 0xb6056680 h 0x0
12-22 19:09:48.737 D/ALSADevice(251): open: handle 0xb6056680, format 0x2
12-22 19:09:48.737 D/ALSADevice(251): Device value returned is hw:0,0
12-22 19:09:48.737 D/ALSADevice(251): handle->format: 0x2
12-22 19:09:48.737 D/ALSADevice(251): setHardwareParams: reqBuffSize 2048 channels 2 sampleRate 48000
12-22 19:09:48.737 D/ALSADevice(251): setHardwareParams: buffer_size 16384, period_size 2048, period_cnt 8
12-22 19:09:48.827 W/ResourceType(26061): No package identifier when getting value for resource number 0x00000000
12-22 19:09:48.827 W/PackageManager(26061): Failure retrieving resources for com.android.nfc: Resource ID #0x0
12-22 19:09:48.837 W/ResourceType(26061): No package identifier when getting value for resource number 0x00000000
12-22 19:09:48.837 W/PackageManager(26061): Failure retrieving resources for com.android.bluetooth: Resource ID #0x0
12-22 19:09:48.837 W/ResourceType(26061): No package identifier when getting value for resource number 0x00000000
12-22 19:09:48.837 W/PackageManager(26061): Failure retrieving resources for com.fsck.k9: Resource ID #0x0
12-22 19:09:48.847 W/ResourceType(26061): No package identifier when getting value for resource number 0x00000000
12-22 19:09:48.847 W/PackageManager(26061): Failure retrieving resources for jackpal.androidterm: Resource ID #0x0
12-22 19:09:48.857 W/ResourceType(26061): No package identifier when getting value for resource number 0x00000000
12-22 19:09:48.857 W/PackageManager(26061): Failure retrieving resources for com.alensw.PicFolder: Resource ID #0x0
12-22 19:09:48.888 W/ResourceType(26061): No package identifier when getting value for resource number 0x00000000
12-22 19:09:48.888 W/PackageManager(26061): Failure retrieving resources for com.android.nfc: Resource ID #0x0
12-22 19:09:48.888 W/ResourceType(26061): No package identifier when getting value for resource number 0x00000000
12-22 19:09:48.888 W/PackageManager(26061): Failure retrieving resources for com.android.bluetooth: Resource ID #0x0
12-22 19:09:48.898 W/ResourceType(26061): No package identifier when getting value for resource number 0x00000000
12-22 19:09:48.898 W/PackageManager(26061): Failure retrieving resources for com.fsck.k9: Resource ID #0x0
12-22 19:09:48.898 W/ResourceType(26061): No package identifier when getting value for resource number 0x00000000
12-22 19:09:48.898 W/PackageManager(26061): Failure retrieving resources for jackpal.androidterm: Resource ID #0x0
12-22 19:09:48.908 W/ResourceType(26061): No package identifier when getting value for resource number 0x00000000
12-22 19:09:48.908 W/PackageManager(26061): Failure retrieving resources for com.alensw.PicFolder: Resource ID #0x0
12-22 19:09:48.918 W/ResourceType(26061): No package identifier when getting value for resource number 0x00000000
12-22 19:09:48.918 W/PackageManager(26061): Failure retrieving resources for com.android.nfc: Resource ID #0x0
12-22 19:09:48.918 W/ResourceType(26061): No package identifier when getting value for resource number 0x00000000
12-22 19:09:48.918 W/PackageManager(26061): Failure retrieving resources for com.android.bluetooth: Resource ID #0x0
12-22 19:09:48.918 W/ResourceType(26061): No package identifier when getting value for resource number 0x00000000
12-22 19:09:48.918 W/PackageManager(26061): Failure retrieving resources for com.fsck.k9: Resource ID #0x0
12-22 19:09:48.918 W/ResourceType(26061): No package identifier when getting value for resource number 0x00000000
12-22 19:09:48.928 W/PackageManager(26061): Failure retrieving resources for jackpal.androidterm: Resource ID #0x0
12-22 19:09:48.928 W/ResourceType(26061): No package identifier when getting value for resource number 0x00000000
12-22 19:09:48.928 W/PackageManager(26061): Failure retrieving resources for com.alensw.PicFolder: Resource ID #0x0
12-22 19:09:49.128 W/ResourceType(26061): No package identifier when getting value for resource number 0x00000000
12-22 19:09:49.128 W/PackageManager(26061): Failure retrieving resources for com.android.nfc: Resource ID #0x0
12-22 19:09:49.138 W/ResourceType(26061): No package identifier when getting value for resource number 0x00000000
12-22 19:09:49.138 W/PackageManager(26061): Failure retrieving resources for com.android.bluetooth: Resource ID #0x0
12-22 19:09:49.138 W/ResourceType(26061): No package identifier when getting value for resource number 0x00000000
12-22 19:09:49.138 W/PackageManager(26061): Failure retrieving resources for com.fsck.k9: Resource ID #0x0
12-22 19:09:49.138 W/ResourceType(26061): No package identifier when getting value for resource number 0x00000000
12-22 19:09:49.138 W/PackageManager(26061): Failure retrieving resources for jackpal.androidterm: Resource ID #0x0
12-22 19:09:49.138 W/ResourceType(26061): No package identifier when getting value for resource number 0x00000000
12-22 19:09:49.138 W/PackageManager(26061): Failure retrieving resources for com.alensw.PicFolder: Resource ID #0x0
12-22 19:09:51.610 I/auditd  (26270): Starting up
12-22 19:09:51.620 E/auditd  (26270): Failed on audit_set_pid with error: Protocol not supported
12-22 19:09:51.620 I/auditd  (26270): Exiting
12-22 19:09:51.940 D/ALSADevice(251): standby: handle 0xb6056680 h 0x0
12-22 19:09:52.121 D/alsa_ucm(251): snd_use_case_set(): uc_mgr 0xb604f760 identifier _verb value Inactive
12-22 19:09:52.121 D/alsa_ucm(251): Set mixer controls for HiFi enable 0
12-22 19:09:52.121 D/alsa_ucm(251): Setting mixer control: SLIMBUS_0_RX Audio Mixer MultiMedia1, value: 0
12-22 19:09:52.121 D/alsa_ucm(251): snd_use_case_set(): uc_mgr 0xb604f760 identifier _disdev value Speaker
12-22 19:09:52.121 D/alsa_ucm(251): Set mixer controls for Speaker enable 0
12-22 19:09:52.121 D/alsa_ucm(251): Setting mixer control: RX5 MIX1 INP1, value: ZERO
12-22 19:09:52.121 D/alsa_ucm(251): Setting mixer control: RX5 MIX1 INP2, value: ZERO
12-22 19:09:52.121 D/alsa_ucm(251): Setting mixer control: LINEOUT2 Volume, value: 0
12-22 19:09:52.121 D/alsa_ucm(251): Setting mixer control: LINEOUT4 Volume, value: 0
12-22 19:09:52.131 D/alsa_ucm(251): Setting mixer control: RX5 Digital Volume, value: 0
12-22 19:09:52.131 D/AudioUsbALSA(251): exitPlaybackThread, mproxypfdPlayback: -1
12-22 19:09:52.131 D/AudioUsbALSA(251): closeDevice handle 0x0
12-22 19:09:52.131 D/AudioUsbALSA(251): closeDevice handle 0x0
12-22 19:09:52.571 W/GAV4    (1389): Thread[Thread-102,5,main]: Exception sending hit: HttpHostConnectException
12-22 19:09:52.571 W/GAV4    (1389): Thread[Thread-102,5,main]: Connection to https://ssl.google-analytics.com refused
12-22 19:09:52.571 W/GAV4    (1389): Thread[Thread-102,5,main]: Empty hitIds passed to deleteHits.
12-22 19:09:54.253 E/PowerHAL(647): touch_boost: failed to send: No such file or directory
12-22 19:09:54.263 E/PowerHAL(647): touch_boost: failed to send: No such file or directory
12-22 19:09:54.263 E/PowerHAL(647): touch_boost: failed to send: No such file or directory
12-22 19:09:54.273 E/PowerHAL(647): touch_boost: failed to send: No such file or directory
12-22 19:09:54.273 E/PowerHAL(647): touch_boost: failed to send: No such file or directory
12-22 19:09:54.283 E/PowerHAL(647): touch_boost: failed to send: No such file or directory
12-22 19:09:54.283 E/PowerHAL(647): touch_boost: failed to send: No such file or directory
12-22 19:09:54.323 E/PowerHAL(647): touch_boost: failed to send: No such file or directory
12-22 19:09:54.323 E/PowerHAL(647): touch_boost: failed to send: No such file or directory
12-22 19:09:54.333 E/PowerHAL(647): touch_boost: failed to send: No such file or directory
12-22 19:09:54.333 E/PowerHAL(647): touch_boost: failed to send: No such file or directory
