12-22 19:08:37.768 I/iu.UploadsManager(1389): NEW; add media id: 33655
12-22 19:08:37.778 E/PowerHAL(647): touch_boost: failed to send: No such file or directory
12-22 19:08:37.778 E/PowerHAL(647): touch_boost: failed to send: No such file or directory
12-22 19:08:37.778 I/Timeline(25631): Timeline: Activity_launch_request id:menion.android.locus.pro time:9613329
12-22 19:08:37.788 E/AudioTrack(647): AudioTrack::set : Exit
12-22 19:08:37.788 I/ActivityManager(647): START u0 {cmp=menion.android.locus.pro/com.asamm.locus.gui.activities.fileBrowser.FileBrowser (has extras)} from uid 10086 on display 0
12-22 19:08:37.838 W/GAV3    (25631): Thread[main,5,main]: Missing hit type (&t) parameter.
12-22 19:08:37.858 W/GAV4    (1389): Thread[Thread-102,5,main]:  Using destination https://ssl.google-analytics.com
12-22 19:08:37.908 I/iu.UploadsManager(1389): INFO: /storage/sdcard1/DCIM/Camera/20131230_112723.jpg does not contain any EXIF data
12-22 19:08:37.908 I/iu.UploadsManager(1389): #reloadSettings(); account: -1; IU: disabled; IS: disabled; IS account: -1; photoWiFi: true; videoWiFi: true; roam: false; battery: true; size: FULL; maxMobile: 157286400
12-22 19:08:37.958 I/iu.UploadsManager(1389): NEW; upload media id: 33656; iu: -1
12-22 19:08:37.958 I/iu.UploadsManager(1389): NEW; add media id: 33656
12-22 19:08:38.068 I/iu.UploadsManager(1389): INFO: /storage/sdcard1/DCIM/Camera/20131230_130106.jpg does not contain any EXIF data
12-22 19:08:38.068 I/iu.UploadsManager(1389): #reloadSettings(); account: -1; IU: disabled; IS: disabled; IS account: -1; photoWiFi: true; videoWiFi: true; roam: false; battery: true; size: FULL; maxMobile: 157286400
12-22 19:08:38.189 I/art     (647): Explicit concurrent mark sweep GC freed 8333(314KB) AllocSpace objects, 0(0B) LOS objects, 30% free, 36MB/52MB, paused 1.586ms total 107.604ms
12-22 19:08:38.219 I/iu.UploadsManager(1389): NEW; upload media id: 33657; iu: -1
12-22 19:08:38.219 I/iu.UploadsManager(1389): NEW; add media id: 33657
12-22 19:08:38.219 I/ActivityManager(647): Displayed menion.android.locus.pro/com.asamm.locus.gui.activities.fileBrowser.FileBrowser: +416ms
12-22 19:08:38.309 I/Timeline(25631): Timeline: Activity_idle id: android.os.BinderProxy@1ccbffa7 time:9613859
12-22 19:08:38.329 I/iu.UploadsManager(1389): INFO: /storage/sdcard1/DCIM/Camera/20131230_155444.jpg does not contain any EXIF data
12-22 19:08:38.329 I/iu.UploadsManager(1389): #reloadSettings(); account: -1; IU: disabled; IS: disabled; IS account: -1; photoWiFi: true; videoWiFi: true; roam: false; battery: true; size: FULL; maxMobile: 157286400
12-22 19:08:38.349 I/iu.UploadsManager(1389): NEW; upload media id: 33658; iu: -1
12-22 19:08:38.349 I/iu.UploadsManager(1389): NEW; add media id: 33658
12-22 19:08:38.449 I/iu.UploadsManager(1389): INFO: /storage/sdcard1/DCIM/Camera/20131230_191434.jpg does not contain any EXIF data
12-22 19:08:38.449 I/iu.UploadsManager(1389): #reloadSettings(); account: -1; IU: disabled; IS: disabled; IS account: -1; photoWiFi: true; videoWiFi: true; roam: false; battery: true; size: FULL; maxMobile: 157286400
12-22 19:08:38.469 I/iu.UploadsManager(1389): NEW; upload media id: 33659; iu: -1
12-22 19:08:38.469 I/iu.UploadsManager(1389): NEW; add media id: 33659
12-22 19:08:38.539 I/Timeline(647): Timeline: Activity_windows_visible id: ActivityRecord{2bf32561 u0 menion.android.locus.pro/com.asamm.locus.gui.activities.fileBrowser.FileBrowser t94} time:9614083
12-22 19:08:38.599 I/iu.UploadsManager(1389): INFO: /storage/sdcard1/DCIM/Camera/20131230_191440.jpg does not contain any EXIF data
12-22 19:08:38.599 I/iu.UploadsManager(1389): #reloadSettings(); account: -1; IU: disabled; IS: disabled; IS account: -1; photoWiFi: true; videoWiFi: true; roam: false; battery: true; size: FULL; maxMobile: 157286400
12-22 19:08:38.619 I/iu.UploadsManager(1389): NEW; upload media id: 33660; iu: -1
12-22 19:08:38.619 I/iu.UploadsManager(1389): NEW; add media id: 33660
12-22 19:08:38.709 I/iu.UploadsManager(1389): INFO: /storage/sdcard1/DCIM/Camera/20131230_191508.jpg does not contain any EXIF data
12-22 19:08:38.719 I/iu.UploadsManager(1389): #reloadSettings(); account: -1; IU: disabled; IS: disabled; IS account: -1; photoWiFi: true; videoWiFi: true; roam: false; battery: true; size: FULL; maxMobile: 157286400
12-22 19:08:38.739 I/iu.UploadsManager(1389): NEW; upload media id: 33661; iu: -1
12-22 19:08:38.739 I/iu.UploadsManager(1389): NEW; add media id: 33661
12-22 19:08:38.839 I/iu.UploadsManager(1389): INFO: /storage/sdcard1/DCIM/Camera/20131230_191532.jpg does not contain any EXIF data
12-22 19:08:38.839 I/iu.UploadsManager(1389): #reloadSettings(); account: -1; IU: disabled; IS: disabled; IS account: -1; photoWiFi: true; videoWiFi: true; roam: false; battery: true; size: FULL; maxMobile: 157286400
12-22 19:08:38.919 I/art     (1389): Explicit concurrent mark sweep GC freed 18256(1057KB) AllocSpace objects, 2(32KB) LOS objects, 39% free, 19MB/32MB, paused 1.464ms total 68.817ms
12-22 19:08:38.929 I/iu.UploadsManager(1389): NEW; upload media id: 33662; iu: -1
12-22 19:08:38.929 I/iu.UploadsManager(1389): NEW; add media id: 33662
12-22 19:08:39.049 I/iu.UploadsManager(1389): INFO: /storage/sdcard1/DCIM/Camera/20131230_195132.jpg does not contain any EXIF data
12-22 19:08:39.049 I/iu.UploadsManager(1389): #reloadSettings(); account: -1; IU: disabled; IS: disabled; IS account: -1; photoWiFi: true; videoWiFi: true; roam: false; battery: true; size: FULL; maxMobile: 157286400
12-22 19:08:39.069 I/iu.UploadsManager(1389): NEW; upload media id: 33663; iu: -1
12-22 19:08:39.069 I/iu.UploadsManager(1389): NEW; add media id: 33663
12-22 19:08:39.170 I/iu.UploadsManager(1389): INFO: /storage/sdcard1/DCIM/Camera/20131231_154600.jpg does not contain any EXIF data
12-22 19:08:39.180 I/iu.UploadsManager(1389): #reloadSettings(); account: -1; IU: disabled; IS: disabled; IS account: -1; photoWiFi: true; videoWiFi: true; roam: false; battery: true; size: FULL; maxMobile: 157286400
12-22 19:08:39.190 I/iu.UploadsManager(1389): NEW; upload media id: 33664; iu: -1
12-22 19:08:39.190 I/iu.UploadsManager(1389): NEW; add media id: 33664
12-22 19:08:39.310 I/art     (25463): Explicit concurrent mark sweep GC freed 5063(369KB) AllocSpace objects, 0(0B) LOS objects, 40% free, 15MB/25MB, paused 946us total 19.104ms
12-22 19:08:39.310 I/iu.UploadsManager(1389): INFO: /storage/sdcard1/DCIM/Camera/20131231_174555.jpg does not contain any EXIF data
12-22 19:08:39.310 I/iu.UploadsManager(1389): #reloadSettings(); account: -1; IU: disabled; IS: disabled; IS account: -1; photoWiFi: true; videoWiFi: true; roam: false; battery: true; size: FULL; maxMobile: 157286400
12-22 19:08:39.340 I/iu.UploadsManager(1389): NEW; upload media id: 33665; iu: -1
12-22 19:08:39.340 I/iu.UploadsManager(1389): NEW; add media id: 33665
12-22 19:08:39.430 I/iu.UploadsManager(1389): INFO: /storage/sdcard1/DCIM/Camera/20140101_135617.jpg does not contain any EXIF data
12-22 19:08:39.430 I/iu.UploadsManager(1389): #reloadSettings(); account: -1; IU: disabled; IS: disabled; IS account: -1; photoWiFi: true; videoWiFi: true; roam: false; battery: true; size: FULL; maxMobile: 157286400
12-22 19:08:39.450 I/iu.UploadsManager(1389): NEW; upload media id: 33666; iu: -1
12-22 19:08:39.450 I/iu.UploadsManager(1389): NEW; add media id: 33666
12-22 19:08:39.550 I/iu.UploadsManager(1389): INFO: /storage/sdcard1/DCIM/Camera/20140101_170808.jpg does not contain any EXIF data
12-22 19:08:39.550 I/iu.UploadsManager(1389): #reloadSettings(); account: -1; IU: disabled; IS: disabled; IS account: -1; photoWiFi: true; videoWiFi: true; roam: false; battery: true; size: FULL; maxMobile: 157286400
12-22 19:08:39.570 I/iu.UploadsManager(1389): NEW; upload media id: 33667; iu: -1
12-22 19:08:39.570 I/iu.UploadsManager(1389): NEW; add media id: 33667
12-22 19:08:39.660 I/iu.UploadsManager(1389): INFO: /storage/sdcard1/DCIM/Camera/20140102_144645.jpg does not contain any EXIF data
12-22 19:08:39.660 I/iu.UploadsManager(1389): #reloadSettings(); account: -1; IU: disabled; IS: disabled; IS account: -1; photoWiFi: true; videoWiFi: true; roam: false; battery: true; size: FULL; maxMobile: 157286400
12-22 19:08:39.680 I/iu.UploadsManager(1389): NEW; upload media id: 33668; iu: -1
12-22 19:08:39.680 I/iu.UploadsManager(1389): NEW; add media id: 33668
12-22 19:08:39.780 I/iu.UploadsManager(1389): INFO: /storage/sdcard1/DCIM/Camera/20140103_093213.jpg does not contain any EXIF data
12-22 19:08:39.780 I/iu.UploadsManager(1389): #reloadSettings(); account: -1; IU: disabled; IS: disabled; IS account: -1; photoWiFi: true; videoWiFi: true; roam: false; battery: true; size: FULL; maxMobile: 157286400
12-22 19:08:39.800 I/iu.UploadsManager(1389): NEW; upload media id: 33669; iu: -1
12-22 19:08:39.800 I/iu.UploadsManager(1389): NEW; add media id: 33669
12-22 19:08:39.910 I/iu.UploadsManager(1389): INFO: /storage/sdcard1/DCIM/Camera/20140104_150916.jpg does not contain any EXIF data
12-22 19:08:39.910 I/iu.UploadsManager(1389): #reloadSettings(); account: -1; IU: disabled; IS: disabled; IS account: -1; photoWiFi: true; videoWiFi: true; roam: false; battery: true; size: FULL; maxMobile: 157286400
12-22 19:08:39.930 I/iu.UploadsManager(1389): NEW; upload media id: 33670; iu: -1
12-22 19:08:39.930 I/iu.UploadsManager(1389): NEW; add media id: 33670
12-22 19:08:40.070 E/PowerHAL(647): touch_boost: failed to send: No such file or directory
12-22 19:08:40.070 E/PowerHAL(647): touch_boost: failed to send: No such file or directory
12-22 19:08:40.070 E/PowerHAL(647): touch_boost: failed to send: No such file or directory
12-22 19:08:40.080 E/PowerHAL(647): touch_boost: failed to send: No such file or directory
12-22 19:08:40.080 E/PowerHAL(647): touch_boost: failed to send: No such file or directory
12-22 19:08:40.090 E/PowerHAL(647): touch_boost: failed to send: No such file or directory
12-22 19:08:40.090 E/PowerHAL(647): touch_boost: failed to send: No such file or directory
12-22 19:08:40.100 E/PowerHAL(647): touch_boost: failed to send: No such file or directory
12-22 19:08:40.100 E/PowerHAL(647): touch_boost: failed to send: No such file or directory
12-22 19:08:40.130 E/PowerHAL(647): touch_boost: failed to send: No such file or directory
12-22 19:08:40.130 E/PowerHAL(647): touch_boost: failed to send: No such file or directory
12-22 19:08:40.140 E/PowerHAL(647): touch_boost: failed to send: No such file or directory
12-22 19:08:40.140 E/PowerHAL(647): touch_boost: failed to send: No such file or directory
12-22 19:08:40.150 E/PowerHAL(647): touch_boost: failed to send: No such file or directory
12-22 19:08:40.150 E/PowerHAL(647): touch_boost: failed to send: No such file or directory
12-22 19:08:40.160 E/PowerHAL(647): touch_boost: failed to send: No such file or directory
12-22 19:08:40.160 E/PowerHAL(647): touch_boost: failed to send: No such file or directory
12-22 19:08:40.160 I/art     (647): Explicit concurrent mark sweep GC freed 7405(308KB) AllocSpace objects, 0(0B) LOS objects, 30% free, 36MB/52MB, paused 2.136ms total 117.889ms
12-22 19:08:40.170 I/iu.UploadsManager(1389): INFO: /storage/sdcard1/DCIM/Camera/20140104_150924.jpg does not contain any EXIF data
12-22 19:08:40.170 E/PowerHAL(647): touch_boost: failed to send: No such file or directory
12-22 19:08:40.170 E/PowerHAL(647): touch_boost: failed to send: No such file or directory
12-22 19:08:40.170 I/iu.UploadsManager(1389): #reloadSettings(); account: -1; IU: disabled; IS: disabled; IS account: -1; photoWiFi: true; videoWiFi: true; roam: false; battery: true; size: FULL; maxMobile: 157286400
12-22 19:08:40.180 E/PowerHAL(647): touch_boost: failed to send: No such file or directory
12-22 19:08:40.180 E/PowerHAL(647): touch_boost: failed to send: No such file or directory
12-22 19:08:40.190 E/PowerHAL(647): touch_boost: failed to send: No such file or directory
12-22 19:08:40.190 E/PowerHAL(647): touch_boost: failed to send: No such file or directory
12-22 19:08:40.211 E/AudioTrack(647): AudioTrack::set : Exit
12-22 19:08:40.221 I/iu.UploadsManager(1389): NEW; upload media id: 33671; iu: -1
12-22 19:08:40.221 I/iu.UploadsManager(1389): NEW; add media id: 33671
12-22 19:08:40.331 I/iu.UploadsManager(1389): INFO: /storage/sdcard1/DCIM/Camera/20140104_151822.jpg does not contain any EXIF data
12-22 19:08:40.341 I/iu.UploadsManager(1389): #reloadSettings(); account: -1; IU: disabled; IS: disabled; IS account: -1; photoWiFi: true; videoWiFi: true; roam: false; battery: true; size: FULL; maxMobile: 157286400
12-22 19:08:40.361 I/iu.UploadsManager(1389): NEW; upload media id: 33672; iu: -1
12-22 19:08:40.361 I/iu.UploadsManager(1389): NEW; add media id: 33672
12-22 19:08:40.471 I/iu.UploadsManager(1389): INFO: /storage/sdcard1/DCIM/Camera/20140104_155711.jpg does not contain any EXIF data
12-22 19:08:40.471 I/iu.UploadsManager(1389): #reloadSettings(); account: -1; IU: disabled; IS: disabled; IS account: -1; photoWiFi: true; videoWiFi: true; roam: false; battery: true; size: FULL; maxMobile: 157286400
12-22 19:08:40.501 I/iu.UploadsManager(1389): NEW; upload media id: 33673; iu: -1
12-22 19:08:40.501 I/iu.UploadsManager(1389): NEW; add media id: 33673
12-22 19:08:40.591 I/iu.UploadsManager(1389): INFO: /storage/sdcard1/DCIM/Camera/20140104_155716.jpg does not contain any EXIF data
12-22 19:08:40.601 I/iu.UploadsManager(1389): #reloadSettings(); account: -1; IU: disabled; IS: disabled; IS account: -1; photoWiFi: true; videoWiFi: true; roam: false; battery: true; size: FULL; maxMobile: 157286400
12-22 19:08:40.621 I/iu.UploadsManager(1389): NEW; upload media id: 33674; iu: -1
12-22 19:08:40.621 I/iu.UploadsManager(1389): NEW; add media id: 33674
12-22 19:08:40.781 I/art     (25463): Explicit concurrent mark sweep GC freed 5164(373KB) AllocSpace objects, 0(0B) LOS objects, 40% free, 15MB/25MB, paused 1.464ms total 44.433ms
12-22 19:08:40.791 I/iu.UploadsManager(1389): INFO: /storage/sdcard1/DCIM/Camera/20140104_155724.jpg does not contain any EXIF data
12-22 19:08:40.791 I/iu.UploadsManager(1389): #reloadSettings(); account: -1; IU: disabled; IS: disabled; IS account: -1; photoWiFi: true; videoWiFi: true; roam: false; battery: true; size: FULL; maxMobile: 157286400
12-22 19:08:40.821 I/iu.UploadsManager(1389): NEW; upload media id: 33675; iu: -1
12-22 19:08:40.821 I/iu.UploadsManager(1389): NEW; add media id: 33675
12-22 19:08:40.941 I/iu.UploadsManager(1389): INFO: /storage/sdcard1/DCIM/Camera/20140104_160723.jpg does not contain any EXIF data
12-22 19:08:40.941 I/iu.UploadsManager(1389): #reloadSettings(); account: -1; IU: disabled; IS: disabled; IS account: -1; photoWiFi: true; videoWiFi: true; roam: false; battery: true; size: FULL; maxMobile: 157286400
12-22 19:08:40.991 I/art     (1389): Explicit concurrent mark sweep GC freed 17075(981KB) AllocSpace objects, 0(0B) LOS objects, 40% free, 19MB/32MB, paused 1.312ms total 46.569ms
12-22 19:08:41.011 I/iu.UploadsManager(1389): NEW; upload media id: 33676; iu: -1
12-22 19:08:41.011 I/iu.UploadsManager(1389): NEW; add media id: 33676
12-22 19:08:41.131 I/iu.UploadsManager(1389): INFO: /storage/sdcard1/DCIM/Camera/20140104_160931.jpg does not contain any EXIF data
12-22 19:08:41.131 I/iu.UploadsManager(1389): #reloadSettings(); account: -1; IU: disabled; IS: disabled; IS account: -1; photoWiFi: true; videoWiFi: true; roam: false; battery: true; size: FULL; maxMobile: 157286400
12-22 19:08:41.151 I/iu.UploadsManager(1389): NEW; upload media id: 33677; iu: -1
12-22 19:08:41.151 I/iu.UploadsManager(1389): NEW; add media id: 33677
12-22 19:08:41.252 I/iu.UploadsManager(1389): INFO: /storage/sdcard1/DCIM/Camera/20140104_160935.jpg does not contain any EXIF data
12-22 19:08:41.252 I/iu.UploadsManager(1389): #reloadSettings(); account: -1; IU: disabled; IS: disabled; IS account: -1; photoWiFi: true; videoWiFi: true; roam: false; battery: true; size: FULL; maxMobile: 157286400
12-22 19:08:41.282 I/iu.UploadsManager(1389): NEW; upload media id: 33678; iu: -1
12-22 19:08:41.282 I/iu.UploadsManager(1389): NEW; add media id: 33678
12-22 19:08:41.382 I/iu.UploadsManager(1389): INFO: /storage/sdcard1/DCIM/Camera/20140104_161001.jpg does not contain any EXIF data
12-22 19:08:41.382 I/iu.UploadsManager(1389): #reloadSettings(); account: -1; IU: disabled; IS: disabled; IS account: -1; photoWiFi: true; videoWiFi: true; roam: false; battery: true; size: FULL; maxMobile: 157286400
12-22 19:08:41.402 I/iu.UploadsManager(1389): NEW; upload media id: 33679; iu: -1
12-22 19:08:41.402 I/iu.UploadsManager(1389): NEW; add media id: 33679
12-22 19:08:41.522 I/iu.UploadsManager(1389): INFO: /storage/sdcard1/DCIM/Camera/20140104_161015.jpg does not contain any EXIF data
12-22 19:08:41.522 I/iu.UploadsManager(1389): #reloadSettings(); account: -1; IU: disabled; IS: disabled; IS account: -1; photoWiFi: true; videoWiFi: true; roam: false; battery: true; size: FULL; maxMobile: 157286400
12-22 19:08:41.542 I/iu.UploadsManager(1389): NEW; upload media id: 33680; iu: -1
12-22 19:08:41.542 I/iu.UploadsManager(1389): NEW; add media id: 33680
12-22 19:08:41.632 I/iu.UploadsManager(1389): INFO: /storage/sdcard1/DCIM/Camera/20140104_161040.jpg does not contain any EXIF data
12-22 19:08:41.632 I/iu.UploadsManager(1389): #reloadSettings(); account: -1; IU: disabled; IS: disabled; IS account: -1; photoWiFi: true; videoWiFi: true; roam: false; battery: true; size: FULL; maxMobile: 157286400
12-22 19:08:41.652 I/iu.UploadsManager(1389): NEW; upload media id: 33681; iu: -1
12-22 19:08:41.652 I/iu.UploadsManager(1389): NEW; add media id: 33681
12-22 19:08:41.672 I/auditd  (25877): Starting up
12-22 19:08:41.672 E/auditd  (25877): Failed on audit_set_pid with error: Protocol not supported
12-22 19:08:41.672 I/auditd  (25877): Exiting
12-22 19:08:41.772 I/iu.UploadsManager(1389): INFO: /storage/sdcard1/DCIM/Camera/20140104_161339.jpg does not contain any EXIF data
12-22 19:08:41.772 I/iu.UploadsManager(1389): #reloadSettings(); account: -1; IU: disabled; IS: disabled; IS account: -1; photoWiFi: true; videoWiFi: true; roam: false; battery: true; size: FULL; maxMobile: 157286400
12-22 19:08:41.792 I/iu.UploadsManager(1389): NEW; upload media id: 33682; iu: -1
12-22 19:08:41.792 I/iu.UploadsManager(1389): NEW; add media id: 33682
12-22 19:08:41.822 E/PowerHAL(647): touch_boost: failed to send: No such file or directory
12-22 19:08:41.822 E/PowerHAL(647): touch_boost: failed to send: No such file or directory
12-22 19:08:41.822 E/PowerHAL(647): touch_boost: failed to send: No such file or directory
12-22 19:08:41.902 I/iu.UploadsManager(1389): INFO: /storage/sdcard1/DCIM/Camera/20140104_161359.jpg does not contain any EXIF data
12-22 19:08:41.902 I/iu.UploadsManager(1389): #reloadSettings(); account: -1; IU: disabled; IS: disabled; IS account: -1; photoWiFi: true; videoWiFi: true; roam: false; battery: true; size: FULL; maxMobile: 157286400
12-22 19:08:41.902 E/PowerHAL(647): touch_boost: failed to send: No such file or directory
12-22 19:08:41.902 E/PowerHAL(647): touch_boost: failed to send: No such file or directory
12-22 19:08:41.932 W/GAV3    (25631): Thread[main,5,main]: Missing hit type (&t) parameter.
12-22 19:08:41.942 I/iu.UploadsManager(1389): NEW; upload media id: 33683; iu: -1
12-22 19:08:41.942 I/iu.UploadsManager(1389): NEW; add media id: 33683
12-22 19:08:41.962 W/GAV4    (1389): Thread[Thread-102,5,main]:  Using destination https://ssl.google-analytics.com
12-22 19:08:42.002 E/PowerHAL(647): touch_boost: failed to send: No such file or directory
12-22 19:08:42.002 E/PowerHAL(647): touch_boost: failed to send: No such file or directory
12-22 19:08:42.072 E/PowerHAL(647): touch_boost: failed to send: No such file or directory
12-22 19:08:42.132 I/iu.UploadsManager(1389): INFO: /storage/sdcard1/DCIM/Camera/20140104_161402.jpg does not contain any EXIF data
12-22 19:08:42.132 I/iu.UploadsManager(1389): #reloadSettings(); account: -1; IU: disabled; IS: disabled; IS account: -1; photoWiFi: true; videoWiFi: true; roam: false; battery: true; size: FULL; maxMobile: 157286400
12-22 19:08:42.152 I/iu.UploadsManager(1389): NEW; upload media id: 33684; iu: -1
12-22 19:08:42.152 I/iu.UploadsManager(1389): NEW; add media id: 33684
12-22 19:08:42.182 E/PowerHAL(647): touch_boost: failed to send: No such file or directory
12-22 19:08:42.182 E/PowerHAL(647): touch_boost: failed to send: No such file or directory
12-22 19:08:42.222 W/ViewRootImpl(25631): Dropping event due to no window focus: KeyEvent { action=ACTION_DOWN, keyCode=KEYCODE_BACK, scanCode=158, metaState=0, flags=0x8, repeatCount=0, eventTime=9617543, downTime=9617543, deviceId=1, source=0x101 }
12-22 19:08:42.253 E/PowerHAL(647): touch_boost: failed to send: No such file or directory
12-22 19:08:42.253 E/PowerHAL(647): touch_boost: failed to send: No such file or directory
12-22 19:08:42.283 E/PowerHAL(647): touch_boost: failed to send: No such file or directory
12-22 19:08:42.283 W/ViewRootImpl(25631): Dropping event due to no window focus: KeyEvent { action=ACTION_DOWN, keyCode=KEYCODE_BACK, scanCode=158, metaState=0, flags=0x8, repeatCount=0, eventTime=9617708, downTime=9617708, deviceId=1, source=0x101 }
12-22 19:08:42.303 I/art     (25463): Explicit concurrent mark sweep GC freed 4907(364KB) AllocSpace objects, 0(0B) LOS objects, 40% free, 15MB/25MB, paused 2.075ms total 26.458ms
12-22 19:08:42.303 E/PowerHAL(647): touch_boost: failed to send: No such file or directory
12-22 19:08:42.303 E/PowerHAL(647): touch_boost: failed to send: No such file or directory
12-22 19:08:42.323 I/iu.UploadsManager(1389): INFO: /storage/sdcard1/DCIM/Camera/20140104_161850.jpg does not contain any EXIF data
12-22 19:08:42.323 I/iu.UploadsManager(1389): #reloadSettings(); account: -1; IU: disabled; IS: disabled; IS account: -1; photoWiFi: true; videoWiFi: true; roam: false; battery: true; size: FULL; maxMobile: 157286400
12-22 19:08:42.343 V/GmsNetworkLocationProvi(1622): onSetRequest: ProviderRequestUnbundled, reportLocation is true and interval is 86400000
12-22 19:08:42.343 V/GmsNetworkLocationProvi(1622): SET-REQUEST
12-22 19:08:42.343 V/GmsNetworkLocationProvi(1622): in Handler: ProviderRequestUnbundled, reportLocation is true and interval is 86400000
12-22 19:08:42.353 D/WifiService(647): acquireWifiLockLocked: WifiLock{NlpWifiLock type=2 binder=android.os.BinderProxy@38c21f99}
12-22 19:08:42.373 E/WifiStateMachine(647): WifiStateMachine CMD_START_SCAN source 10009 txSuccessRate=0,32 rxSuccessRate=3,05 targetRoamBSSID=00:00:00:00:00:00 RSSI=-47
12-22 19:08:42.373 E/PowerHAL(647): touch_boost: failed to send: No such file or directory
12-22 19:08:42.373 E/PowerHAL(647): touch_boost: failed to send: No such file or directory
12-22 19:08:42.373 E/PowerHAL(647): touch_boost: failed to send: No such file or directory
12-22 19:08:42.393 I/Timeline(25631): Timeline: Activity_idle id: android.os.BinderProxy@238f1e9f time:9617930
12-22 19:08:42.393 I/wpa_supplicant(22850): wlan0: CTRL-EVENT-SCAN-STARTED 
12-22 19:08:42.403 W/InputEventReceiver(25631): Attempted to finish an input event but the input event receiver has already been disposed.
12-22 19:08:42.413 D/PhoneApp(1093): getPhone phoneId:0
12-22 19:08:42.423 D/PhoneApp(1093): getPhone phoneId:0
12-22 19:08:42.433 D/PhoneApp(1093): getPhone phoneId:0
12-22 19:08:42.443 D/PhoneApp(1093): getPhone phoneId:0
12-22 19:08:42.453 I/art     (647): Explicit concurrent mark sweep GC freed 10086(428KB) AllocSpace objects, 1(16KB) LOS objects, 30% free, 36MB/52MB, paused 1.647ms total 125.823ms
12-22 19:08:42.453 E/PowerHAL(647): touch_boost: failed to send: No such file or directory
12-22 19:08:42.463 E/PowerHAL(647): touch_boost: failed to send: No such file or directory
12-22 19:08:42.483 I/iu.UploadsManager(1389): NEW; upload media id: 33685; iu: -1
12-22 19:08:42.483 I/iu.UploadsManager(1389): NEW; add media id: 33685
12-22 19:08:42.573 I/iu.UploadsManager(1389): INFO: /storage/sdcard1/DCIM/Camera/20140104_161900.jpg does not contain any EXIF data
12-22 19:08:42.573 I/iu.UploadsManager(1389): #reloadSettings(); account: -1; IU: disabled; IS: disabled; IS account: -1; photoWiFi: true; videoWiFi: true; roam: false; battery: true; size: FULL; maxMobile: 157286400
12-22 19:08:42.593 I/iu.UploadsManager(1389): NEW; upload media id: 33686; iu: -1
12-22 19:08:42.593 I/iu.UploadsManager(1389): NEW; add media id: 33686
12-22 19:08:42.633 E/PowerHAL(647): touch_boost: failed to send: No such file or directory
12-22 19:08:42.633 E/PowerHAL(647): touch_boost: failed to send: No such file or directory
12-22 19:08:42.653 W/GAV3    (25631): Thread[main,5,main]: Missing hit type (&t) parameter.
12-22 19:08:42.663 W/GAV4    (1389): Thread[Thread-102,5,main]:  Using destination https://ssl.google-analytics.com
12-22 19:08:42.733 E/PowerHAL(647): touch_boost: failed to send: No such file or directory
12-22 19:08:42.733 E/PowerHAL(647): touch_boost: failed to send: No such file or directory
12-22 19:08:42.733 W/ViewRootImpl(25631): Dropping event due to no window focus: KeyEvent { action=ACTION_DOWN, keyCode=KEYCODE_BACK, scanCode=158, metaState=0, flags=0x8, repeatCount=0, eventTime=9618272, downTime=9618272, deviceId=1, source=0x101 }
12-22 19:08:42.743 I/iu.UploadsManager(1389): INFO: /storage/sdcard1/DCIM/Camera/20140104_161908.jpg does not contain any EXIF data
12-22 19:08:42.743 I/iu.UploadsManager(1389): #reloadSettings(); account: -1; IU: disabled; IS: disabled; IS account: -1; photoWiFi: true; videoWiFi: true; roam: false; battery: true; size: FULL; maxMobile: 157286400
12-22 19:08:42.773 I/iu.UploadsManager(1389): NEW; upload media id: 33687; iu: -1
12-22 19:08:42.773 I/iu.UploadsManager(1389): NEW; add media id: 33687
12-22 19:08:42.803 E/PowerHAL(647): touch_boost: failed to send: No such file or directory
12-22 19:08:42.803 E/PowerHAL(647): touch_boost: failed to send: No such file or directory
12-22 19:08:42.873 I/iu.UploadsManager(1389): INFO: /storage/sdcard1/DCIM/Camera/20140104_162055.jpg does not contain any EXIF data
12-22 19:08:42.873 I/iu.UploadsManager(1389): #reloadSettings(); account: -1; IU: disabled; IS: disabled; IS account: -1; photoWiFi: true; videoWiFi: true; roam: false; battery: true; size: FULL; maxMobile: 157286400
12-22 19:08:42.873 I/Timeline(25631): Timeline: Activity_idle id: android.os.BinderProxy@15ad724f time:9618416
12-22 19:08:42.893 I/iu.UploadsManager(1389): NEW; upload media id: 33688; iu: -1
12-22 19:08:42.893 I/iu.UploadsManager(1389): NEW; add media id: 33688
12-22 19:08:42.983 I/iu.UploadsManager(1389): INFO: /storage/sdcard1/DCIM/Camera/20140104_162233.jpg does not contain any EXIF data
12-22 19:08:42.993 I/iu.UploadsManager(1389): #reloadSettings(); account: -1; IU: disabled; IS: disabled; IS account: -1; photoWiFi: true; videoWiFi: true; roam: false; battery: true; size: FULL; maxMobile: 157286400
12-22 19:08:43.003 I/iu.UploadsManager(1389): NEW; upload media id: 33689; iu: -1
12-22 19:08:43.003 I/iu.UploadsManager(1389): NEW; add media id: 33689
12-22 19:08:43.113 I/iu.UploadsManager(1389): INFO: /storage/sdcard1/DCIM/Camera/20140104_162351.jpg does not contain any EXIF data
12-22 19:08:43.123 I/iu.UploadsManager(1389): #reloadSettings(); account: -1; IU: disabled; IS: disabled; IS account: -1; photoWiFi: true; videoWiFi: true; roam: false; battery: true; size: FULL; maxMobile: 157286400
12-22 19:08:43.153 I/iu.UploadsManager(1389): NEW; upload media id: 33690; iu: -1
12-22 19:08:43.153 I/iu.UploadsManager(1389): NEW; add media id: 33690
12-22 19:08:43.173 I/Timeline(647): Timeline: Activity_windows_visible id: ActivityRecord{1f86d9b6 u0 menion.android.locus.pro/com.asamm.locus.basic.MainActivityBasic t94} time:9618718
12-22 19:08:43.253 E/PowerHAL(647): touch_boost: failed to send: No such file or directory
12-22 19:08:43.253 E/PowerHAL(647): touch_boost: failed to send: No such file or directory
12-22 19:08:43.253 E/PowerHAL(647): touch_boost: failed to send: No such file or directory
12-22 19:08:43.294 I/art     (1389): Explicit concurrent mark sweep GC freed 19925(1167KB) AllocSpace objects, 4(64KB) LOS objects, 40% free, 19MB/32MB, paused 1.190ms total 49.713ms
12-22 19:08:43.294 E/PowerHAL(647): touch_boost: failed to send: No such file or directory
12-22 19:08:43.294 E/PowerHAL(647): touch_boost: failed to send: No such file or directory
12-22 19:08:43.344 I/iu.UploadsManager(1389): INFO: /storage/sdcard1/DCIM/Camera/20140104_162358.jpg does not contain any EXIF data
12-22 19:08:43.344 I/iu.UploadsManager(1389): #reloadSettings(); account: -1; IU: disabled; IS: disabled; IS account: -1; photoWiFi: true; videoWiFi: true; roam: false; battery: true; size: FULL; maxMobile: 157286400
12-22 19:08:43.364 I/iu.UploadsManager(1389): NEW; upload media id: 33691; iu: -1
12-22 19:08:43.364 I/iu.UploadsManager(1389): NEW; add media id: 33691
12-22 19:08:43.414 D/ALSADevice(251): standby: handle 0xb6056680 h 0x0
12-22 19:08:43.474 I/iu.UploadsManager(1389): INFO: /storage/sdcard1/DCIM/Camera/20140104_162402.jpg does not contain any EXIF data
12-22 19:08:43.474 I/iu.UploadsManager(1389): #reloadSettings(); account: -1; IU: disabled; IS: disabled; IS account: -1; photoWiFi: true; videoWiFi: true; roam: false; battery: true; size: FULL; maxMobile: 157286400
12-22 19:08:43.494 I/iu.UploadsManager(1389): NEW; upload media id: 33692; iu: -1
12-22 19:08:43.494 I/iu.UploadsManager(1389): NEW; add media id: 33692
12-22 19:08:43.584 D/alsa_ucm(251): snd_use_case_set(): uc_mgr 0xb604f760 identifier _verb value Inactive
12-22 19:08:43.584 D/alsa_ucm(251): Set mixer controls for HiFi enable 0
12-22 19:08:43.584 D/alsa_ucm(251): Setting mixer control: SLIMBUS_0_RX Audio Mixer MultiMedia1, value: 0
12-22 19:08:43.584 D/alsa_ucm(251): snd_use_case_set(): uc_mgr 0xb604f760 identifier _disdev value Speaker
12-22 19:08:43.584 D/alsa_ucm(251): Set mixer controls for Speaker enable 0
12-22 19:08:43.584 D/alsa_ucm(251): Setting mixer control: RX5 MIX1 INP1, value: ZERO
12-22 19:08:43.584 D/alsa_ucm(251): Setting mixer control: RX5 MIX1 INP2, value: ZERO
12-22 19:08:43.594 D/alsa_ucm(251): Setting mixer control: LINEOUT2 Volume, value: 0
12-22 19:08:43.594 D/alsa_ucm(251): Setting mixer control: LINEOUT4 Volume, value: 0
12-22 19:08:43.594 D/alsa_ucm(251): Setting mixer control: RX5 Digital Volume, value: 0
12-22 19:08:43.594 D/AudioUsbALSA(251): exitPlaybackThread, mproxypfdPlayback: -1
12-22 19:08:43.594 D/AudioUsbALSA(251): closeDevice handle 0x0
12-22 19:08:43.594 D/AudioUsbALSA(251): closeDevice handle 0x0
12-22 19:08:43.594 I/iu.UploadsManager(1389): INFO: /storage/sdcard1/DCIM/Camera/20140104_174934.jpg does not contain any EXIF data
12-22 19:08:43.594 I/iu.UploadsManager(1389): #reloadSettings(); account: -1; IU: disabled; IS: disabled; IS account: -1; photoWiFi: true; videoWiFi: true; roam: false; battery: true; size: FULL; maxMobile: 157286400
12-22 19:08:43.614 I/iu.UploadsManager(1389): NEW; upload media id: 33693; iu: -1
12-22 19:08:43.614 I/iu.UploadsManager(1389): NEW; add media id: 33693
12-22 19:08:43.634 E/PowerHAL(647): touch_boost: failed to send: No such file or directory
12-22 19:08:43.634 E/PowerHAL(647): touch_boost: failed to send: No such file or directory
12-22 19:08:43.674 E/PowerHAL(647): touch_boost: failed to send: No such file or directory
12-22 19:08:43.674 E/PowerHAL(647): touch_boost: failed to send: No such file or directory
12-22 19:08:43.694 E/art     (25631): Trace stop requested, but no trace currently running
12-22 19:08:43.744 I/iu.UploadsManager(1389): INFO: /storage/sdcard1/DCIM/Camera/20140104_174939.jpg does not contain any EXIF data
12-22 19:08:43.744 I/iu.UploadsManager(1389): #reloadSettings(); account: -1; IU: disabled; IS: disabled; IS account: -1; photoWiFi: true; videoWiFi: true; roam: false; battery: true; size: FULL; maxMobile: 157286400
12-22 19:08:43.744 D/BluetoothManagerService(647): Message: 20
12-22 19:08:43.744 D/BluetoothManagerService(647): Added callback: android.bluetooth.IBluetoothManagerCallback$Stub$Proxy@3f08266a:true
12-22 19:08:43.764 I/iu.UploadsManager(1389): NEW; upload media id: 33694; iu: -1
12-22 19:08:43.764 I/iu.UploadsManager(1389): NEW; add media id: 33694
12-22 19:08:43.844 E/PowerHAL(647): touch_boost: failed to send: No such file or directory
12-22 19:08:43.844 E/PowerHAL(647): touch_boost: failed to send: No such file or directory
12-22 19:08:43.844 E/PowerHAL(647): touch_boost: failed to send: No such file or directory
12-22 19:08:43.904 W/ViewRootImpl(1146): Dropping event due to no window focus: KeyEvent { action=ACTION_DOWN, keyCode=KEYCODE_BACK, scanCode=158, metaState=0, flags=0x8, repeatCount=0, eventTime=9619383, downTime=9619383, deviceId=1, source=0x101 }
12-22 19:08:43.914 E/PowerHAL(647): touch_boost: failed to send: No such file or directory
12-22 19:08:43.914 E/PowerHAL(647): touch_boost: failed to send: No such file or directory
12-22 19:08:43.924 I/iu.UploadsManager(1389): INFO: /storage/sdcard1/DCIM/Camera/20140104_174943.jpg does not contain any EXIF data
12-22 19:08:43.924 I/iu.UploadsManager(1389): #reloadSettings(); account: -1; IU: disabled; IS: disabled; IS account: -1; photoWiFi: true; videoWiFi: true; roam: false; battery: true; size: FULL; maxMobile: 157286400
12-22 19:08:43.964 I/art     (25463): Explicit concurrent mark sweep GC freed 4999(367KB) AllocSpace objects, 0(0B) LOS objects, 40% free, 15MB/25MB, paused 1.068ms total 21.118ms
12-22 19:08:43.994 E/PowerHAL(647): touch_boost: failed to send: No such file or directory
12-22 19:08:43.994 E/PowerHAL(647): touch_boost: failed to send: No such file or directory
12-22 19:08:44.004 I/iu.UploadsManager(1389): NEW; upload media id: 33695; iu: -1
12-22 19:08:44.004 I/iu.UploadsManager(1389): NEW; add media id: 33695
12-22 19:08:44.024 I/Timeline(1146): Timeline: Activity_idle id: android.os.BinderProxy@2868a045 time:9619561
12-22 19:08:44.064 E/PowerHAL(647): touch_boost: failed to send: No such file or directory
12-22 19:08:44.064 E/PowerHAL(647): touch_boost: failed to send: No such file or directory
12-22 19:08:44.154 I/iu.UploadsManager(1389): INFO: /storage/sdcard1/DCIM/Camera/20140104_175002.jpg does not contain any EXIF data
12-22 19:08:44.164 I/iu.UploadsManager(1389): #reloadSettings(); account: -1; IU: disabled; IS: disabled; IS account: -1; photoWiFi: true; videoWiFi: true; roam: false; battery: true; size: FULL; maxMobile: 157286400
12-22 19:08:44.204 I/iu.UploadsManager(1389): NEW; upload media id: 33696; iu: -1
12-22 19:08:44.204 I/iu.UploadsManager(1389): NEW; add media id: 33696
12-22 19:08:44.295 I/Timeline(647): Timeline: Activity_windows_visible id: ActivityRecord{3da246e4 u0 com.cyanogenmod.trebuchet/com.android.launcher3.Launcher t1} time:9619839
12-22 19:08:44.375 I/iu.UploadsManager(1389): INFO: /storage/sdcard1/DCIM/Camera/20140104_212502.jpg does not contain any EXIF data
12-22 19:08:44.375 I/iu.UploadsManager(1389): #reloadSettings(); account: -1; IU: disabled; IS: disabled; IS account: -1; photoWiFi: true; videoWiFi: true; roam: false; battery: true; size: FULL; maxMobile: 157286400
12-22 19:08:44.395 I/iu.UploadsManager(1389): NEW; upload media id: 33697; iu: -1
12-22 19:08:44.395 I/iu.UploadsManager(1389): NEW; add media id: 33697
12-22 19:08:44.485 W/OpenGLRenderer(1146): Incorrectly called buildLayer on View: ShortcutAndWidgetContainer, destroying layer...
12-22 19:08:44.565 I/art     (647): Explicit concurrent mark sweep GC freed 13118(468KB) AllocSpace objects, 1(1296KB) LOS objects, 30% free, 37MB/53MB, paused 1.922ms total 157.867ms
12-22 19:08:44.615 E/PowerHAL(647): touch_boost: failed to send: No such file or directory
12-22 19:08:44.615 E/PowerHAL(647): touch_boost: failed to send: No such file or directory
12-22 19:08:44.675 I/iu.UploadsManager(1389): INFO: /storage/sdcard1/DCIM/Camera/20140104_220331.jpg does not contain any EXIF data
12-22 19:08:44.675 I/iu.UploadsManager(1389): #reloadSettings(); account: -1; IU: disabled; IS: disabled; IS account: -1; photoWiFi: true; videoWiFi: true; roam: false; battery: true; size: FULL; maxMobile: 157286400
12-22 19:08:44.695 I/iu.UploadsManager(1389): NEW; upload media id: 33698; iu: -1
12-22 19:08:44.695 I/iu.UploadsManager(1389): NEW; add media id: 33698
12-22 19:08:44.815 I/iu.UploadsManager(1389): INFO: /storage/sdcard1/DCIM/Camera/20140104_220443.jpg does not contain any EXIF data
12-22 19:08:44.815 I/iu.UploadsManager(1389): #reloadSettings(); account: -1; IU: disabled; IS: disabled; IS account: -1; photoWiFi: true; videoWiFi: true; roam: false; battery: true; size: FULL; maxMobile: 157286400
12-22 19:08:44.835 I/iu.UploadsManager(1389): NEW; upload media id: 33699; iu: -1
12-22 19:08:44.835 I/iu.UploadsManager(1389): NEW; add media id: 33699
12-22 19:08:44.945 I/iu.UploadsManager(1389): INFO: /storage/sdcard1/DCIM/Camera/20140105_012043.jpg does not contain any EXIF data
12-22 19:08:44.955 I/iu.UploadsManager(1389): #reloadSettings(); account: -1; IU: disabled; IS: disabled; IS account: -1; photoWiFi: true; videoWiFi: true; roam: false; battery: true; size: FULL; maxMobile: 157286400
12-22 19:08:44.985 I/iu.UploadsManager(1389): NEW; upload media id: 33700; iu: -1
12-22 19:08:44.985 I/iu.UploadsManager(1389): NEW; add media id: 33700
12-22 19:08:45.095 I/iu.UploadsManager(1389): INFO: /storage/sdcard1/DCIM/Camera/20140105_125707.jpg does not contain any EXIF data
12-22 19:08:45.095 I/iu.UploadsManager(1389): #reloadSettings(); account: -1; IU: disabled; IS: disabled; IS account: -1; photoWiFi: true; videoWiFi: true; roam: false; battery: true; size: FULL; maxMobile: 157286400
12-22 19:08:45.115 E/PowerHAL(647): touch_boost: failed to send: No such file or directory
12-22 19:08:45.115 E/PowerHAL(647): touch_boost: failed to send: No such file or directory
12-22 19:08:45.115 I/iu.UploadsManager(1389): NEW; upload media id: 33701; iu: -1
12-22 19:08:45.115 I/iu.UploadsManager(1389): NEW; add media id: 33701
12-22 19:08:45.125 I/ActivityManager(647): START u0 {act=com.android.systemui.recents.SHOW_RECENTS flg=0x10804000 cmp=com.android.systemui/.recents.RecentsActivity (has extras)} from uid 10019 on display 0
12-22 19:08:45.165 E/PowerHAL(647): touch_boost: failed to send: No such file or directory
12-22 19:08:45.165 W/ResourceType(862): No package identifier when getting value for resource number 0x00000000
12-22 19:08:45.165 W/PackageManager(862): Failure retrieving resources for menion.android.locus.pro: Resource ID #0x0
12-22 19:08:45.215 E/PowerHAL(647): touch_boost: failed to send: No such file or directory
12-22 19:08:45.265 E/PowerHAL(647): touch_boost: failed to send: No such file or directory
12-22 19:08:45.305 I/iu.UploadsManager(1389): INFO: /storage/sdcard1/DCIM/Camera/20140105_125711.jpg does not contain any EXIF data
12-22 19:08:45.305 I/iu.UploadsManager(1389): #reloadSettings(); account: -1; IU: disabled; IS: disabled; IS account: -1; photoWiFi: true; videoWiFi: true; roam: false; battery: true; size: FULL; maxMobile: 157286400
12-22 19:08:45.315 E/PowerHAL(647): touch_boost: failed to send: No such file or directory
12-22 19:08:45.336 I/iu.UploadsManager(1389): NEW; upload media id: 33702; iu: -1
12-22 19:08:45.336 I/iu.UploadsManager(1389): NEW; add media id: 33702
12-22 19:08:45.366 E/PowerHAL(647): touch_boost: failed to send: No such file or directory
12-22 19:08:45.376 I/Timeline(862): Timeline: Activity_idle id: android.os.BinderProxy@bade954 time:9620910
12-22 19:08:45.406 E/PowerHAL(647): touch_boost: failed to send: No such file or directory
12-22 19:08:45.456 I/iu.UploadsManager(1389): INFO: /storage/sdcard1/DCIM/Camera/20140105_125715.jpg does not contain any EXIF data
12-22 19:08:45.456 I/iu.UploadsManager(1389): #reloadSettings(); account: -1; IU: disabled; IS: disabled; IS account: -1; photoWiFi: true; videoWiFi: true; roam: false; battery: true; size: FULL; maxMobile: 157286400
12-22 19:08:45.486 I/iu.UploadsManager(1389): NEW; upload media id: 33703; iu: -1
12-22 19:08:45.486 I/iu.UploadsManager(1389): NEW; add media id: 33703
12-22 19:08:45.526 I/Timeline(647): Timeline: Activity_windows_visible id: ActivityRecord{3d9a9cde u0 com.android.systemui/.recents.RecentsActivity t2} time:9621064
12-22 19:08:45.606 I/iu.UploadsManager(1389): INFO: /storage/sdcard1/DCIM/Camera/20140105_130136.jpg does not contain any EXIF data
12-22 19:08:45.606 I/iu.UploadsManager(1389): #reloadSettings(); account: -1; IU: disabled; IS: disabled; IS account: -1; photoWiFi: true; videoWiFi: true; roam: false; battery: true; size: FULL; maxMobile: 157286400
12-22 19:08:45.636 I/iu.UploadsManager(1389): NEW; upload media id: 33704; iu: -1
12-22 19:08:45.636 I/iu.UploadsManager(1389): NEW; add media id: 33704
12-22 19:08:45.796 I/art     (1389): Explicit concurrent mark sweep GC freed 17397(999KB) AllocSpace objects, 0(0B) LOS objects, 24% free, 19MB/26MB, paused 1.220ms total 61.737ms
12-22 19:08:45.826 I/iu.UploadsManager(1389): INFO: /storage/sdcard1/DCIM/Camera/20140105_130459.jpg does not contain any EXIF data
12-22 19:08:45.826 I/iu.UploadsManager(1389): #reloadSettings(); account: -1; IU: disabled; IS: disabled; IS account: -1; photoWiFi: true; videoWiFi: true; roam: false; battery: true; size: FULL; maxMobile: 157286400
12-22 19:08:45.856 I/iu.UploadsManager(1389): NEW; upload media id: 33705; iu: -1
12-22 19:08:45.856 I/iu.UploadsManager(1389): NEW; add media id: 33705
12-22 19:08:45.876 I/art     (25463): Explicit concurrent mark sweep GC freed 5211(375KB) AllocSpace objects, 0(0B) LOS objects, 24% free, 15MB/20MB, paused 366us total 19.134ms
12-22 19:08:45.986 I/iu.UploadsManager(1389): INFO: /storage/sdcard1/DCIM/Camera/20140105_130914.jpg does not contain any EXIF data
12-22 19:08:45.986 I/iu.UploadsManager(1389): #reloadSettings(); account: -1; IU: disabled; IS: disabled; IS account: -1; photoWiFi: true; videoWiFi: true; roam: false; battery: true; size: FULL; maxMobile: 157286400
12-22 19:08:45.996 E/PowerHAL(647): touch_boost: failed to send: No such file or directory
12-22 19:08:45.996 E/PowerHAL(647): touch_boost: failed to send: No such file or directory
12-22 19:08:45.996 E/PowerHAL(647): touch_boost: failed to send: No such file or directory
12-22 19:08:45.996 I/iu.UploadsManager(1389): NEW; upload media id: 33706; iu: -1
12-22 19:08:45.996 I/iu.UploadsManager(1389): NEW; add media id: 33706
12-22 19:08:46.006 E/PowerHAL(647): touch_boost: failed to send: No such file or directory
12-22 19:08:46.006 E/PowerHAL(647): touch_boost: failed to send: No such file or directory
12-22 19:08:46.016 E/PowerHAL(647): touch_boost: failed to send: No such file or directory
12-22 19:08:46.016 E/PowerHAL(647): touch_boost: failed to send: No such file or directory
12-22 19:08:46.026 E/PowerHAL(647): touch_boost: failed to send: No such file or directory
12-22 19:08:46.026 E/PowerHAL(647): touch_boost: failed to send: No such file or directory
12-22 19:08:46.036 E/PowerHAL(647): touch_boost: failed to send: No such file or directory
12-22 19:08:46.036 E/PowerHAL(647): touch_boost: failed to send: No such file or directory
12-22 19:08:46.046 E/PowerHAL(647): touch_boost: failed to send: No such file or directory
12-22 19:08:46.046 E/PowerHAL(647): touch_boost: failed to send: No such file or directory
12-22 19:08:46.056 E/PowerHAL(647): touch_boost: failed to send: No such file or directory
12-22 19:08:46.056 E/PowerHAL(647): touch_boost: failed to send: No such file or directory
12-22 19:08:46.126 I/iu.UploadsManager(1389): INFO: /storage/sdcard1/DCIM/Camera/20140105_130925.jpg does not contain any EXIF data
12-22 19:08:46.126 I/iu.UploadsManager(1389): #reloadSettings(); account: -1; IU: disabled; IS: disabled; IS account: -1; photoWiFi: true; videoWiFi: true; roam: false; battery: true; size: FULL; maxMobile: 157286400
12-22 19:08:46.156 E/PowerHAL(647): touch_boost: failed to send: No such file or directory
12-22 19:08:46.166 I/iu.UploadsManager(1389): NEW; upload media id: 33707; iu: -1
12-22 19:08:46.166 I/iu.UploadsManager(1389): NEW; add media id: 33707
12-22 19:08:46.246 I/ActivityManager(647): Killing 25631:menion.android.locus.pro/u0a86 (adj 9): remove task
12-22 19:08:46.246 W/libprocessgroup(647): failed to open /acct/uid_10086/pid_25631/cgroup.procs: No such file or directory
12-22 19:08:46.246 I/ActivityManager(647): START u0 {act=android.intent.action.MAIN cat=[android.intent.category.HOME] flg=0x10200000 cmp=com.cyanogenmod.trebuchet/com.android.launcher3.Launcher} from uid 10019 on display 0
12-22 19:08:46.347 W/libprocessgroup(647): failed to open /acct/uid_10086/pid_25631/cgroup.procs: No such file or directory
12-22 19:08:46.397 I/iu.UploadsManager(1389): INFO: /storage/sdcard1/DCIM/Camera/20140105_131022.jpg does not contain any EXIF data
12-22 19:08:46.397 I/iu.UploadsManager(1389): #reloadSettings(); account: -1; IU: disabled; IS: disabled; IS account: -1; photoWiFi: true; videoWiFi: true; roam: false; battery: true; size: FULL; maxMobile: 157286400
12-22 19:08:46.447 I/iu.UploadsManager(1389): NEW; upload media id: 33708; iu: -1
12-22 19:08:46.447 I/iu.UploadsManager(1389): NEW; add media id: 33708
12-22 19:08:46.447 D/WifiService(647): releaseWifiLockLocked: WifiLock{NlpWifiLock type=2 binder=android.os.BinderProxy@38c21f99}
12-22 19:08:46.467 I/Timeline(1146): Timeline: Activity_idle id: android.os.BinderProxy@2868a045 time:9622018
12-22 19:08:46.557 I/iu.UploadsManager(1389): INFO: /storage/sdcard1/DCIM/Camera/20140105_131240.jpg does not contain any EXIF data
12-22 19:08:46.557 I/iu.UploadsManager(1389): #reloadSettings(); account: -1; IU: disabled; IS: disabled; IS account: -1; photoWiFi: true; videoWiFi: true; roam: false; battery: true; size: FULL; maxMobile: 157286400
12-22 19:08:46.577 I/iu.UploadsManager(1389): NEW; upload media id: 33709; iu: -1
12-22 19:08:46.577 I/iu.UploadsManager(1389): NEW; add media id: 33709
12-22 19:08:46.647 I/Timeline(647): Timeline: Activity_windows_visible id: ActivityRecord{3da246e4 u0 com.cyanogenmod.trebuchet/com.android.launcher3.Launcher t1} time:9622193
12-22 19:08:46.677 I/auditd  (25903): Starting up
12-22 19:08:46.687 E/auditd  (25903): Failed on audit_set_pid with error: Protocol not supported
12-22 19:08:46.687 I/auditd  (25903): Exiting
12-22 19:08:46.747 I/art     (647): Explicit concurrent mark sweep GC freed 15556(657KB) AllocSpace objects, 1(16KB) LOS objects, 30% free, 37MB/53MB, paused 1.464ms total 103.393ms
12-22 19:08:46.787 I/iu.UploadsManager(1389): INFO: /storage/sdcard1/DCIM/Camera/20140105_131250.jpg does not contain any EXIF data
12-22 19:08:46.787 I/iu.UploadsManager(1389): #reloadSettings(); account: -1; IU: disabled; IS: disabled; IS account: -1; photoWiFi: true; videoWiFi: true; roam: false; battery: true; size: FULL; maxMobile: 157286400
12-22 19:08:46.807 I/iu.UploadsManager(1389): NEW; upload media id: 33710; iu: -1
12-22 19:08:46.807 I/iu.UploadsManager(1389): NEW; add media id: 33710
12-22 19:08:46.887 I/iu.UploadsManager(1389): INFO: /storage/sdcard1/DCIM/Camera/20140105_131303.jpg does not contain any EXIF data
12-22 19:08:46.887 I/iu.UploadsManager(1389): #reloadSettings(); account: -1; IU: disabled; IS: disabled; IS account: -1; photoWiFi: true; videoWiFi: true; roam: false; battery: true; size: FULL; maxMobile: 157286400
12-22 19:08:46.907 I/iu.UploadsManager(1389): NEW; upload media id: 33711; iu: -1
12-22 19:08:46.907 I/iu.UploadsManager(1389): NEW; add media id: 33711
12-22 19:08:46.927 W/OpenGLRenderer(1146): Incorrectly called buildLayer on View: ShortcutAndWidgetContainer, destroying layer...
12-22 19:08:46.927 W/OpenGLRenderer(1146): Incorrectly called buildLayer on View: ShortcutAndWidgetContainer, destroying layer...
12-22 19:08:47.007 I/iu.UploadsManager(1389): INFO: /storage/sdcard1/DCIM/Camera/20140105_131306.jpg does not contain any EXIF data
12-22 19:08:47.007 I/iu.UploadsManager(1389): #reloadSettings(); account: -1; IU: disabled; IS: disabled; IS account: -1; photoWiFi: true; videoWiFi: true; roam: false; battery: true; size: FULL; maxMobile: 157286400
12-22 19:08:47.017 E/PowerHAL(647): touch_boost: failed to send: No such file or directory
12-22 19:08:47.017 E/PowerHAL(647): touch_boost: failed to send: No such file or directory
12-22 19:08:47.027 E/PowerHAL(647): touch_boost: failed to send: No such file or directory
12-22 19:08:47.027 I/iu.UploadsManager(1389): NEW; upload media id: 33712; iu: -1
12-22 19:08:47.027 I/iu.UploadsManager(1389): NEW; add media id: 33712
12-22 19:08:47.037 E/PowerHAL(647): touch_boost: failed to send: No such file or directory
12-22 19:08:47.037 E/PowerHAL(647): touch_boost: failed to send: No such file or directory
12-22 19:08:47.067 E/PowerHAL(647): touch_boost: failed to send: No such file or directory
12-22 19:08:47.067 E/PowerHAL(647): touch_boost: failed to send: No such file or directory
12-22 19:08:47.077 E/PowerHAL(647): touch_boost: failed to send: No such file or directory
12-22 19:08:47.077 E/PowerHAL(647): touch_boost: failed to send: No such file or directory
12-22 19:08:47.097 E/AudioTrack(647): AudioTrack::set : Exit
12-22 19:08:47.107 D/ALSADevice(251): route: devices 0x2 in mode 0
12-22 19:08:47.107 D/ALSADevice(251): No valid input device: 0
12-22 19:08:47.107 D/alsa_ucm(251): snd_use_case_set(): uc_mgr 0xb604f760 identifier _enadev value Speaker
12-22 19:08:47.107 D/ALSADevice(251): switchDevice: mCurTxUCMDevivce None mCurRxDevDevice Speaker
12-22 19:08:47.107 D/alsa_ucm(251): snd_use_case_set(): uc_mgr 0xb604f760 identifier _verb value HiFi
12-22 19:08:47.107 D/alsa_ucm(251): Set mixer controls for Speaker enable 1
12-22 19:08:47.107 D/alsa_ucm(251): acdb_id 15 cap 1 enable 1
12-22 19:08:47.107 D/alsa_ucm(251): Setting mixer control: SLIM_0_RX Channels, value: Two
12-22 19:08:47.107 D/alsa_ucm(251): Setting mixer control: RX5 MIX1 INP1, value: RX1
12-22 19:08:47.107 D/alsa_ucm(251): Setting mixer control: RX5 MIX1 INP2, value: RX2
12-22 19:08:47.107 D/alsa_ucm(251): Setting mixer control: RX6 DSM MUX, value: DSM_INV
12-22 19:08:47.107 D/alsa_ucm(251): Setting mixer control: LINEOUT2 Volume, value: 83
