10-20 17:35:48.603 I/ActivityManager(527): Delay finish: com.google.android.gms/.auth.crypto.ChannelBindingBroadcastReceiver
10-20 17:35:48.613 I/ActivityManager(527): Resuming delayed broadcast
10-20 17:35:48.623 V/GmsCoreStatsServiceLauncher(1001): Received broadcast intent Intent { act=com.google.android.gms.INITIALIZE flg=0x10 pkg=com.google.android.gms cmp=com.google.android.gms/.common.stats.GmsCoreStatsServiceLauncher }
10-20 17:35:48.713 E/MDM     (740): [59] b.run: Couldn't connect to Google API client: ConnectionResult{statusCode=API_UNAVAILABLE, resolution=null, message=null}
10-20 17:35:48.773 I/ActivityManager(527): Delay finish: com.google.android.gms/.init.InitializeGmsReceiver
10-20 17:35:48.783 D/LocationInitializer(1001): Restart initialization of location
10-20 17:35:48.863 I/ActivityManager(527): Resuming delayed broadcast
10-20 17:35:48.893 D/AuthorizationBluetoothService(957): Received GmsCore event: Intent { act=com.google.android.gms.INITIALIZE flg=0x10 pkg=com.google.android.gms cmp=com.google.android.gms/.auth.be.proximity.authorization.bt.AuthorizationBluetoothService$AutoStarter }.
10-20 17:35:48.893 E/AuthorizationBluetoothService(957): Proximity feature is not enabled.
10-20 17:35:48.903 D/GCM     (957): GcmService start Intent { act=com.google.android.gms.INITIALIZE flg=0x10 pkg=com.google.android.gms cmp=com.google.android.gms/.gcm.GcmService } com.google.android.gms.INITIALIZE
10-20 17:35:48.913 V/GLSActivity(957): AuthDelegateWrapperCreated with selected intent: Intent { cmp=com.google.android.gms/.auth.DefaultAuthDelegateService }
10-20 17:35:48.913 I/ActivityManager(527): Delay finish: com.google.android.gms/.auth.crypto.ChannelBindingBroadcastReceiver
10-20 17:35:48.933 V/GmsCoreStatsServiceLauncher(1001): Received broadcast intent Intent { act=com.google.android.gms.INITIALIZE flg=0x10 pkg=com.google.android.gms cmp=com.google.android.gms/.common.stats.GmsCoreStatsServiceLauncher }
10-20 17:35:48.933 I/ActivityManager(527): Resuming delayed broadcast
10-20 17:35:48.963 V/Zygote  (1740): Switching descriptor 32 to /dev/null
10-20 17:35:48.963 V/Zygote  (1740): Switching descriptor 9 to /dev/null
10-20 17:35:48.963 I/ActivityManager(527): Start proc com.android.dialer for broadcast com.android.dialer/.calllog.CallLogReceiver: pid=1740 uid=10009 gids={50009, 3003, 1028, 1015, 1023}
10-20 17:35:49.093 I/ActivityManager(527): Delay finish: com.android.dialer/.calllog.CallLogReceiver
10-20 17:35:49.123 I/ActivityManager(527): Resuming delayed broadcast
10-20 17:35:49.294 D/BluetoothManagerService(527): Message: 30
10-20 17:35:49.314 W/ContextImpl(527): Calling a method in the system process without a qualified user: android.app.ContextImpl.bindService:1551 android.bluetooth.BluetoothHeadset.doBind:283 android.bluetooth.BluetoothHeadset.<init>:276 android.bluetooth.BluetoothAdapter.getProfileProxy:1371 android.media.AudioService.getBluetoothHeadset:2287 
10-20 17:35:49.324 D/BluetoothManagerService(527): Message: 30
10-20 17:35:49.324 D/ChimeraCfgMgr(1001): Loading module com.google.android.gms.games from APK com.google.android.gms
10-20 17:35:49.324 D/dalvikvm(1001): DexOpt: couldn't find static field Landroid/os/Build;.SUPPORTED_ABIS
10-20 17:35:49.324 W/dalvikvm(1001): VFY: unable to resolve static field 134 (SUPPORTED_ABIS) in Landroid/os/Build;
10-20 17:35:49.324 D/dalvikvm(1001): VFY: replacing opcode 0x62 at 0x0022
10-20 17:35:49.324 W/ContextImpl(527): Calling a method in the system process without a qualified user: android.app.ContextImpl.bindService:1551 android.bluetooth.BluetoothA2dp.doBind:165 android.bluetooth.BluetoothA2dp.<init>:158 android.bluetooth.BluetoothAdapter.getProfileProxy:1374 android.media.AudioService$AudioServiceBroadcastReceiver.onReceive:4268 
10-20 17:35:49.334 I/ExtendedUtils(171): AV Sync late margin : Intended=40ms Using=0ms
10-20 17:35:49.334 D/AwesomePlayer(171): Before reset_l
10-20 17:35:49.334 D/ExtendedUtils(171): printFileName fd(21) -> /system/media/audio/ui/Effect_Tick.ogg
10-20 17:35:49.354 V/WiredAccessoryManager(527): init()
10-20 17:35:49.374 D/ExtendedUtils(171): extended extractor not needed, return default
10-20 17:35:49.394 E/AwesomePlayer(171): LPAPlayer::Clip duration setting of less than 30sec not supported, defaulting to 60sec
10-20 17:35:49.394 D/OMXCodec(171): Successfully allocated OMX node 'OMX.google.vorbis.decoder'
10-20 17:35:49.394 I/OMXCodec(171): Codec outputs a different number of channels than the input stream contains (contains 2 channels, codec outputs 1 channels).
10-20 17:35:49.394 I/OMXCodec(171): Codec outputs at different sampling rate than what the input stream contains (contains data at 48000 Hz, codec outputs 44100 Hz)
10-20 17:35:49.394 I/AwesomePlayer(171): Could not offload audio decode, try pcm offload (16-bit)
10-20 17:35:49.394 I/OMXCodec(171): [OMX.google.vorbis.decoder] allocating 4 buffers of size 8192 on input port
10-20 17:35:49.394 I/OMXCodec(171): [OMX.google.vorbis.decoder] allocated buffer 0xb72eb538 on input port
10-20 17:35:49.394 I/OMXCodec(171): [OMX.google.vorbis.decoder] allocated buffer 0xb72e0dc8 on input port
10-20 17:35:49.394 I/OMXCodec(171): [OMX.google.vorbis.decoder] allocated buffer 0xb72e0e98 on input port
10-20 17:35:49.394 I/OMXCodec(171): [OMX.google.vorbis.decoder] allocated buffer 0xb72e0f50 on input port
10-20 17:35:49.394 I/OMXCodec(171): [OMX.google.vorbis.decoder] allocating 4 buffers of size 32768 on output port
10-20 17:35:49.394 I/OMXCodec(171): [OMX.google.vorbis.decoder] allocated buffer 0xb72e3f00 on output port
10-20 17:35:49.394 I/OMXCodec(171): [OMX.google.vorbis.decoder] allocated buffer 0xb72e4120 on output port
10-20 17:35:49.394 I/OMXCodec(171): [OMX.google.vorbis.decoder] allocated buffer 0xb72e4260 on output port
10-20 17:35:49.394 I/OMXCodec(171): [OMX.google.vorbis.decoder] allocated buffer 0xb72e4388 on output port
10-20 17:35:49.394 E/AwesomePlayer(171): LPAPlayer::Clip duration setting of less than 30sec not supported, defaulting to 60sec
10-20 17:35:49.394 D/AudioPlayer(171): start of Playback, useOffload 0
10-20 17:35:49.404 I/OMXNodeInstance(171): OMX_FreeBuffer for buffer header 0xb72e3f00 successful
10-20 17:35:49.404 I/OMXNodeInstance(171): OMX_FreeBuffer for buffer header 0xb72e4120 successful
10-20 17:35:49.404 I/OMXNodeInstance(171): OMX_FreeBuffer for buffer header 0xb72e4260 successful
10-20 17:35:49.404 I/OMXNodeInstance(171): OMX_FreeBuffer for buffer header 0xb72e4388 successful
10-20 17:35:49.404 I/OMXCodec(171): [OMX.google.vorbis.decoder] allocating 4 buffers of size 32768 on output port
10-20 17:35:49.404 I/OMXCodec(171): [OMX.google.vorbis.decoder] allocated buffer 0xb72edd50 on output port
10-20 17:35:49.404 I/OMXCodec(171): [OMX.google.vorbis.decoder] allocated buffer 0xb72e3788 on output port
10-20 17:35:49.404 I/OMXCodec(171): [OMX.google.vorbis.decoder] allocated buffer 0xb72ef808 on output port
10-20 17:35:49.404 I/OMXCodec(171): [OMX.google.vorbis.decoder] allocated buffer 0xb72edaa0 on output port
10-20 17:35:49.414 D/AudioPlayer(171): Pause Playback at 0
10-20 17:35:49.414 D/AudioPlayer(171): reset: mPlaying=0 mReachedEOS=1 useOffload=0
10-20 17:35:49.414 I/OMXNodeInstance(171): OMX_FreeBuffer for buffer header 0xb72e0f50 successful
10-20 17:35:49.414 I/OMXNodeInstance(171): OMX_FreeBuffer for buffer header 0xb72e0e98 successful
10-20 17:35:49.414 I/OMXNodeInstance(171): OMX_FreeBuffer for buffer header 0xb72e0dc8 successful
10-20 17:35:49.414 I/OMXNodeInstance(171): OMX_FreeBuffer for buffer header 0xb72eb538 successful
10-20 17:35:49.414 I/OMXNodeInstance(171): OMX_FreeBuffer for buffer header 0xb72edaa0 successful
10-20 17:35:49.414 I/OMXNodeInstance(171): OMX_FreeBuffer for buffer header 0xb72ef808 successful
10-20 17:35:49.414 I/OMXNodeInstance(171): OMX_FreeBuffer for buffer header 0xb72e3788 successful
10-20 17:35:49.414 I/OMXNodeInstance(171): OMX_FreeBuffer for buffer header 0xb72edd50 successful
10-20 17:35:49.424 I/ExtendedUtils(171): AV Sync late margin : Intended=40ms Using=0ms
10-20 17:35:49.424 D/AwesomePlayer(171): Before reset_l
10-20 17:35:49.424 D/ExtendedUtils(171): printFileName fd(21) -> /system/media/audio/ui/KeypressStandard.ogg
10-20 17:35:49.464 D/ExtendedUtils(171): extended extractor not needed, return default
10-20 17:35:49.464 E/AwesomePlayer(171): LPAPlayer::Clip duration setting of less than 30sec not supported, defaulting to 60sec
10-20 17:35:49.464 D/OMXCodec(171): Successfully allocated OMX node 'OMX.google.vorbis.decoder'
10-20 17:35:49.464 I/OMXCodec(171): Codec outputs at different sampling rate than what the input stream contains (contains data at 48000 Hz, codec outputs 44100 Hz)
10-20 17:35:49.464 I/AwesomePlayer(171): Could not offload audio decode, try pcm offload (16-bit)
10-20 17:35:49.464 I/OMXCodec(171): [OMX.google.vorbis.decoder] allocating 4 buffers of size 8192 on input port
10-20 17:35:49.464 I/OMXCodec(171): [OMX.google.vorbis.decoder] allocated buffer 0xb72e0290 on input port
10-20 17:35:49.464 I/OMXCodec(171): [OMX.google.vorbis.decoder] allocated buffer 0xb72e0458 on input port
10-20 17:35:49.464 I/OMXCodec(171): [OMX.google.vorbis.decoder] allocated buffer 0xb72e0f00 on input port
10-20 17:35:49.464 I/OMXCodec(171): [OMX.google.vorbis.decoder] allocated buffer 0xb72dff90 on input port
10-20 17:35:49.464 I/OMXCodec(171): [OMX.google.vorbis.decoder] allocating 4 buffers of size 32768 on output port
10-20 17:35:49.464 I/OMXCodec(171): [OMX.google.vorbis.decoder] allocated buffer 0xb72e3ba8 on output port
10-20 17:35:49.464 I/OMXCodec(171): [OMX.google.vorbis.decoder] allocated buffer 0xb72e3e60 on output port
10-20 17:35:49.464 I/OMXCodec(171): [OMX.google.vorbis.decoder] allocated buffer 0xb72e3fa0 on output port
10-20 17:35:49.464 I/OMXCodec(171): [OMX.google.vorbis.decoder] allocated buffer 0xb72e40c8 on output port
10-20 17:35:49.464 E/AwesomePlayer(171): LPAPlayer::Clip duration setting of less than 30sec not supported, defaulting to 60sec
10-20 17:35:49.464 D/AudioPlayer(171): start of Playback, useOffload 0
10-20 17:35:49.464 I/OMXNodeInstance(171): OMX_FreeBuffer for buffer header 0xb72e3ba8 successful
10-20 17:35:49.464 I/OMXNodeInstance(171): OMX_FreeBuffer for buffer header 0xb72e3e60 successful
10-20 17:35:49.464 I/OMXNodeInstance(171): OMX_FreeBuffer for buffer header 0xb72e3fa0 successful
10-20 17:35:49.464 I/OMXNodeInstance(171): OMX_FreeBuffer for buffer header 0xb72e40c8 successful
10-20 17:35:49.464 I/OMXCodec(171): [OMX.google.vorbis.decoder] allocating 4 buffers of size 32768 on output port
10-20 17:35:49.464 I/OMXCodec(171): [OMX.google.vorbis.decoder] allocated buffer 0xb72f1d00 on output port
10-20 17:35:49.464 I/OMXCodec(171): [OMX.google.vorbis.decoder] allocated buffer 0xb72f1e08 on output port
10-20 17:35:49.464 I/OMXCodec(171): [OMX.google.vorbis.decoder] allocated buffer 0xb72e3c90 on output port
10-20 17:35:49.464 I/OMXCodec(171): [OMX.google.vorbis.decoder] allocated buffer 0xb72e3ad8 on output port
10-20 17:35:49.474 D/AudioPlayer(171): Pause Playback at 0
10-20 17:35:49.474 D/AudioPlayer(171): reset: mPlaying=0 mReachedEOS=1 useOffload=0
10-20 17:35:49.474 I/OMXNodeInstance(171): OMX_FreeBuffer for buffer header 0xb72dff90 successful
10-20 17:35:49.474 I/OMXNodeInstance(171): OMX_FreeBuffer for buffer header 0xb72e0f00 successful
10-20 17:35:49.474 I/OMXNodeInstance(171): OMX_FreeBuffer for buffer header 0xb72e0458 successful
10-20 17:35:49.474 I/OMXNodeInstance(171): OMX_FreeBuffer for buffer header 0xb72e0290 successful
10-20 17:35:49.474 I/OMXNodeInstance(171): OMX_FreeBuffer for buffer header 0xb72e3ad8 successful
10-20 17:35:49.474 I/OMXNodeInstance(171): OMX_FreeBuffer for buffer header 0xb72e3c90 successful
10-20 17:35:49.474 I/OMXNodeInstance(171): OMX_FreeBuffer for buffer header 0xb72f1e08 successful
10-20 17:35:49.474 I/OMXNodeInstance(171): OMX_FreeBuffer for buffer header 0xb72f1d00 successful
10-20 17:35:49.484 I/ExtendedUtils(171): AV Sync late margin : Intended=40ms Using=0ms
10-20 17:35:49.484 D/AwesomePlayer(171): Before reset_l
10-20 17:35:49.484 D/ExtendedUtils(171): printFileName fd(21) -> /system/media/audio/ui/KeypressSpacebar.ogg
10-20 17:35:49.504 D/ChimeraCfgMgr(1001): Loading module com.google.android.gms.games from APK com.google.android.gms
10-20 17:35:49.514 D/ExtendedUtils(171): extended extractor not needed, return default
10-20 17:35:49.514 E/AwesomePlayer(171): LPAPlayer::Clip duration setting of less than 30sec not supported, defaulting to 60sec
10-20 17:35:49.514 D/OMXCodec(171): Successfully allocated OMX node 'OMX.google.vorbis.decoder'
10-20 17:35:49.514 I/OMXCodec(171): Codec outputs at different sampling rate than what the input stream contains (contains data at 48000 Hz, codec outputs 44100 Hz)
10-20 17:35:49.514 I/AwesomePlayer(171): Could not offload audio decode, try pcm offload (16-bit)
10-20 17:35:49.514 I/OMXCodec(171): [OMX.google.vorbis.decoder] allocating 4 buffers of size 8192 on input port
10-20 17:35:49.514 I/OMXCodec(171): [OMX.google.vorbis.decoder] allocated buffer 0xb72e5688 on input port
10-20 17:35:49.514 I/OMXCodec(171): [OMX.google.vorbis.decoder] allocated buffer 0xb72e3670 on input port
10-20 17:35:49.514 I/OMXCodec(171): [OMX.google.vorbis.decoder] allocated buffer 0xb72e3740 on input port
10-20 17:35:49.514 I/OMXCodec(171): [OMX.google.vorbis.decoder] allocated buffer 0xb72e37f8 on input port
10-20 17:35:49.514 I/OMXCodec(171): [OMX.google.vorbis.decoder] allocating 4 buffers of size 32768 on output port
10-20 17:35:49.514 I/OMXCodec(171): [OMX.google.vorbis.decoder] allocated buffer 0xb72e3980 on output port
10-20 17:35:49.514 I/OMXCodec(171): [OMX.google.vorbis.decoder] allocated buffer 0xb72e3e78 on output port
10-20 17:35:49.514 I/OMXCodec(171): [OMX.google.vorbis.decoder] allocated buffer 0xb72e3fb8 on output port
10-20 17:35:49.514 I/OMXCodec(171): [OMX.google.vorbis.decoder] allocated buffer 0xb72e40e0 on output port
10-20 17:35:49.524 E/AwesomePlayer(171): LPAPlayer::Clip duration setting of less than 30sec not supported, defaulting to 60sec
10-20 17:35:49.524 D/AudioPlayer(171): start of Playback, useOffload 0
10-20 17:35:49.524 I/OMXNodeInstance(171): OMX_FreeBuffer for buffer header 0xb72e3980 successful
10-20 17:35:49.524 I/OMXNodeInstance(171): OMX_FreeBuffer for buffer header 0xb72e3e78 successful
10-20 17:35:49.524 I/OMXNodeInstance(171): OMX_FreeBuffer for buffer header 0xb72e3fb8 successful
10-20 17:35:49.524 I/OMXNodeInstance(171): OMX_FreeBuffer for buffer header 0xb72e40e0 successful
10-20 17:35:49.524 I/OMXCodec(171): [OMX.google.vorbis.decoder] allocating 4 buffers of size 32768 on output port
10-20 17:35:49.524 I/OMXCodec(171): [OMX.google.vorbis.decoder] allocated buffer 0xb72f2408 on output port
10-20 17:35:49.524 I/OMXCodec(171): [OMX.google.vorbis.decoder] allocated buffer 0xb72f2548 on output port
10-20 17:35:49.524 I/OMXCodec(171): [OMX.google.vorbis.decoder] allocated buffer 0xb72f20c0 on output port
10-20 17:35:49.524 I/OMXCodec(171): [OMX.google.vorbis.decoder] allocated buffer 0xb72e3850 on output port
10-20 17:35:49.534 D/AudioPlayer(171): Pause Playback at 0
10-20 17:35:49.534 D/AudioPlayer(171): reset: mPlaying=0 mReachedEOS=1 useOffload=0
10-20 17:35:49.534 I/OMXNodeInstance(171): OMX_FreeBuffer for buffer header 0xb72e37f8 successful
10-20 17:35:49.534 I/OMXNodeInstance(171): OMX_FreeBuffer for buffer header 0xb72e3740 successful
10-20 17:35:49.534 I/OMXNodeInstance(171): OMX_FreeBuffer for buffer header 0xb72e3670 successful
10-20 17:35:49.534 I/OMXNodeInstance(171): OMX_FreeBuffer for buffer header 0xb72e5688 successful
10-20 17:35:49.534 I/OMXNodeInstance(171): OMX_FreeBuffer for buffer header 0xb72e3850 successful
10-20 17:35:49.534 I/OMXNodeInstance(171): OMX_FreeBuffer for buffer header 0xb72f20c0 successful
10-20 17:35:49.534 I/OMXNodeInstance(171): OMX_FreeBuffer for buffer header 0xb72f2548 successful
10-20 17:35:49.534 I/OMXNodeInstance(171): OMX_FreeBuffer for buffer header 0xb72f2408 successful
10-20 17:35:49.534 I/PowerManagerService(527): Boot animation finished.
10-20 17:35:49.544 I/ExtendedUtils(171): AV Sync late margin : Intended=40ms Using=0ms
10-20 17:35:49.544 D/AwesomePlayer(171): Before reset_l
10-20 17:35:49.544 D/ExtendedUtils(171): printFileName fd(21) -> /system/media/audio/ui/KeypressDelete.ogg
10-20 17:35:49.564 D/ExtendedUtils(171): extended extractor not needed, return default
10-20 17:35:49.564 E/AwesomePlayer(171): LPAPlayer::Clip duration setting of less than 30sec not supported, defaulting to 60sec
10-20 17:35:49.564 D/OMXCodec(171): Successfully allocated OMX node 'OMX.google.vorbis.decoder'
10-20 17:35:49.564 I/OMXCodec(171): Codec outputs at different sampling rate than what the input stream contains (contains data at 48000 Hz, codec outputs 44100 Hz)
10-20 17:35:49.564 I/AwesomePlayer(171): Could not offload audio decode, try pcm offload (16-bit)
10-20 17:35:49.564 I/OMXCodec(171): [OMX.google.vorbis.decoder] allocating 4 buffers of size 8192 on input port
10-20 17:35:49.564 I/OMXCodec(171): [OMX.google.vorbis.decoder] allocated buffer 0xb72e7470 on input port
10-20 17:35:49.564 I/OMXCodec(171): [OMX.google.vorbis.decoder] allocated buffer 0xb72e7638 on input port
10-20 17:35:49.564 I/OMXCodec(171): [OMX.google.vorbis.decoder] allocated buffer 0xb72e7708 on input port
10-20 17:35:49.564 I/OMXCodec(171): [OMX.google.vorbis.decoder] allocated buffer 0xb72e97f0 on input port
10-20 17:35:49.564 I/OMXCodec(171): [OMX.google.vorbis.decoder] allocating 4 buffers of size 32768 on output port
10-20 17:35:49.564 I/OMXCodec(171): [OMX.google.vorbis.decoder] allocated buffer 0xb72e2ef8 on output port
10-20 17:35:49.564 I/OMXCodec(171): [OMX.google.vorbis.decoder] allocated buffer 0xb72e3118 on output port
10-20 17:35:49.564 I/OMXCodec(171): [OMX.google.vorbis.decoder] allocated buffer 0xb72e3258 on output port
10-20 17:35:49.564 I/OMXCodec(171): [OMX.google.vorbis.decoder] allocated buffer 0xb72e3380 on output port
10-20 17:35:49.564 E/AwesomePlayer(171): LPAPlayer::Clip duration setting of less than 30sec not supported, defaulting to 60sec
10-20 17:35:49.564 D/AudioPlayer(171): start of Playback, useOffload 0
10-20 17:35:49.574 I/OMXNodeInstance(171): OMX_FreeBuffer for buffer header 0xb72e2ef8 successful
10-20 17:35:49.574 I/OMXNodeInstance(171): OMX_FreeBuffer for buffer header 0xb72e3118 successful
10-20 17:35:49.574 I/OMXNodeInstance(171): OMX_FreeBuffer for buffer header 0xb72e3258 successful
10-20 17:35:49.574 I/OMXNodeInstance(171): OMX_FreeBuffer for buffer header 0xb72e3380 successful
10-20 17:35:49.574 I/OMXCodec(171): [OMX.google.vorbis.decoder] allocating 4 buffers of size 32768 on output port
10-20 17:35:49.574 I/OMXCodec(171): [OMX.google.vorbis.decoder] allocated buffer 0xb72f1da8 on output port
10-20 17:35:49.574 I/OMXCodec(171): [OMX.google.vorbis.decoder] allocated buffer 0xb72f1e90 on output port
10-20 17:35:49.574 I/OMXCodec(171): [OMX.google.vorbis.decoder] allocated buffer 0xb72f1fd0 on output port
10-20 17:35:49.574 I/OMXCodec(171): [OMX.google.vorbis.decoder] allocated buffer 0xb72f20f8 on output port
10-20 17:35:49.574 I/HeadsetService(774): Starting service.
10-20 17:35:49.584 D/AudioPlayer(171): Pause Playback at 30
10-20 17:35:49.584 D/AudioPlayer(171): reset: mPlaying=0 mReachedEOS=1 useOffload=0
10-20 17:35:49.584 I/OMXNodeInstance(171): OMX_FreeBuffer for buffer header 0xb72e97f0 successful
10-20 17:35:49.584 I/OMXNodeInstance(171): OMX_FreeBuffer for buffer header 0xb72e7708 successful
10-20 17:35:49.584 I/OMXNodeInstance(171): OMX_FreeBuffer for buffer header 0xb72e7638 successful
10-20 17:35:49.584 I/OMXNodeInstance(171): OMX_FreeBuffer for buffer header 0xb72e7470 successful
10-20 17:35:49.584 I/OMXNodeInstance(171): OMX_FreeBuffer for buffer header 0xb72f20f8 successful
10-20 17:35:49.584 I/OMXNodeInstance(171): OMX_FreeBuffer for buffer header 0xb72f1fd0 successful
10-20 17:35:49.584 I/OMXNodeInstance(171): OMX_FreeBuffer for buffer header 0xb72f1e90 successful
10-20 17:35:49.584 I/OMXNodeInstance(171): OMX_FreeBuffer for buffer header 0xb72f1da8 successful
10-20 17:35:49.594 I/ExtendedUtils(171): AV Sync late margin : Intended=40ms Using=0ms
10-20 17:35:49.594 D/AwesomePlayer(171): Before reset_l
10-20 17:35:49.594 D/ExtendedUtils(171): printFileName fd(21) -> /system/media/audio/ui/KeypressReturn.ogg
10-20 17:35:49.614 D/ExtendedUtils(171): extended extractor not needed, return default
10-20 17:35:49.614 E/AwesomePlayer(171): LPAPlayer::Clip duration setting of less than 30sec not supported, defaulting to 60sec
10-20 17:35:49.614 D/OMXCodec(171): Successfully allocated OMX node 'OMX.google.vorbis.decoder'
10-20 17:35:49.614 I/OMXCodec(171): Codec outputs at different sampling rate than what the input stream contains (contains data at 48000 Hz, codec outputs 44100 Hz)
10-20 17:35:49.614 I/AwesomePlayer(171): Could not offload audio decode, try pcm offload (16-bit)
10-20 17:35:49.614 I/OMXCodec(171): [OMX.google.vorbis.decoder] allocating 4 buffers of size 8192 on input port
10-20 17:35:49.614 I/OMXCodec(171): [OMX.google.vorbis.decoder] allocated buffer 0xb72e0208 on input port
10-20 17:35:49.614 I/OMXCodec(171): [OMX.google.vorbis.decoder] allocated buffer 0xb72e0398 on input port
10-20 17:35:49.614 I/OMXCodec(171): [OMX.google.vorbis.decoder] allocated buffer 0xb72e0468 on input port
10-20 17:35:49.614 I/OMXCodec(171): [OMX.google.vorbis.decoder] allocated buffer 0xb72dff48 on input port
10-20 17:35:49.614 I/OMXCodec(171): [OMX.google.vorbis.decoder] allocating 4 buffers of size 32768 on output port
10-20 17:35:49.614 I/OMXCodec(171): [OMX.google.vorbis.decoder] allocated buffer 0xb72e3488 on output port
10-20 17:35:49.614 I/OMXCodec(171): [OMX.google.vorbis.decoder] allocated buffer 0xb72e36a8 on output port
10-20 17:35:49.614 I/OMXCodec(171): [OMX.google.vorbis.decoder] allocated buffer 0xb72e37e8 on output port
10-20 17:35:49.614 I/OMXCodec(171): [OMX.google.vorbis.decoder] allocated buffer 0xb72e3910 on output port
10-20 17:35:49.614 E/AwesomePlayer(171): LPAPlayer::Clip duration setting of less than 30sec not supported, defaulting to 60sec
10-20 17:35:49.614 D/AudioPlayer(171): start of Playback, useOffload 0
10-20 17:35:49.614 I/OMXNodeInstance(171): OMX_FreeBuffer for buffer header 0xb72e3488 successful
10-20 17:35:49.614 I/OMXNodeInstance(171): OMX_FreeBuffer for buffer header 0xb72e36a8 successful
10-20 17:35:49.614 I/OMXNodeInstance(171): OMX_FreeBuffer for buffer header 0xb72e37e8 successful
10-20 17:35:49.614 I/OMXNodeInstance(171): OMX_FreeBuffer for buffer header 0xb72e3910 successful
10-20 17:35:49.614 I/OMXCodec(171): [OMX.google.vorbis.decoder] allocating 4 buffers of size 32768 on output port
10-20 17:35:49.614 I/OMXCodec(171): [OMX.google.vorbis.decoder] allocated buffer 0xb72dffa0 on output port
10-20 17:35:49.614 I/OMXCodec(171): [OMX.google.vorbis.decoder] allocated buffer 0xb72f29a0 on output port
10-20 17:35:49.614 I/OMXCodec(171): [OMX.google.vorbis.decoder] allocated buffer 0xb72e3b70 on output port
10-20 17:35:49.614 I/OMXCodec(171): [OMX.google.vorbis.decoder] allocated buffer 0xb72e3570 on output port
10-20 17:35:49.624 I/RecoverySystem(527): No recovery log file
10-20 17:35:49.624 D/AudioPlayer(171): Pause Playback at 0
10-20 17:35:49.624 D/AudioPlayer(171): reset: mPlaying=0 mReachedEOS=1 useOffload=0
10-20 17:35:49.624 I/OMXNodeInstance(171): OMX_FreeBuffer for buffer header 0xb72dff48 successful
10-20 17:35:49.624 I/OMXNodeInstance(171): OMX_FreeBuffer for buffer header 0xb72e0468 successful
10-20 17:35:49.624 I/OMXNodeInstance(171): OMX_FreeBuffer for buffer header 0xb72e0398 successful
10-20 17:35:49.624 I/OMXNodeInstance(171): OMX_FreeBuffer for buffer header 0xb72e0208 successful
10-20 17:35:49.624 I/OMXNodeInstance(171): OMX_FreeBuffer for buffer header 0xb72e3570 successful
10-20 17:35:49.624 I/OMXNodeInstance(171): OMX_FreeBuffer for buffer header 0xb72e3b70 successful
10-20 17:35:49.624 I/OMXNodeInstance(171): OMX_FreeBuffer for buffer header 0xb72f29a0 successful
10-20 17:35:49.624 I/OMXNodeInstance(171): OMX_FreeBuffer for buffer header 0xb72dffa0 successful
10-20 17:35:49.634 I/ExtendedUtils(171): AV Sync late margin : Intended=40ms Using=0ms
10-20 17:35:49.634 D/AwesomePlayer(171): Before reset_l
10-20 17:35:49.634 D/ExtendedUtils(171): printFileName fd(21) -> /system/media/audio/ui/KeypressInvalid.ogg
10-20 17:35:49.654 D/ExtendedUtils(171): extended extractor not needed, return default
10-20 17:35:49.654 I/BootReceiver(527): Copying /proc/last_kmsg to DropBox (SYSTEM_LAST_KMSG)
10-20 17:35:49.704 E/AwesomePlayer(171): LPAPlayer::Clip duration setting of less than 30sec not supported, defaulting to 60sec
10-20 17:35:49.714 D/OMXCodec(171): Successfully allocated OMX node 'OMX.google.vorbis.decoder'
10-20 17:35:49.714 I/AwesomePlayer(171): Could not offload audio decode, try pcm offload (16-bit)
10-20 17:35:49.714 I/OMXCodec(171): [OMX.google.vorbis.decoder] allocating 4 buffers of size 8192 on input port
10-20 17:35:49.714 I/OMXCodec(171): [OMX.google.vorbis.decoder] allocated buffer 0xb72eb368 on input port
10-20 17:35:49.714 I/OMXCodec(171): [OMX.google.vorbis.decoder] allocated buffer 0xb72e36f0 on input port
10-20 17:35:49.714 I/OMXCodec(171): [OMX.google.vorbis.decoder] allocated buffer 0xb72e3e00 on input port
10-20 17:35:49.714 I/OMXCodec(171): [OMX.google.vorbis.decoder] allocated buffer 0xb72e3eb8 on input port
10-20 17:35:49.714 I/OMXCodec(171): [OMX.google.vorbis.decoder] allocating 4 buffers of size 32768 on output port
10-20 17:35:49.714 I/OMXCodec(171): [OMX.google.vorbis.decoder] allocated buffer 0xb72e4040 on output port
10-20 17:35:49.714 I/OMXCodec(171): [OMX.google.vorbis.decoder] allocated buffer 0xb72e4260 on output port
10-20 17:35:49.714 I/OMXCodec(171): [OMX.google.vorbis.decoder] allocated buffer 0xb72e43a0 on output port
10-20 17:35:49.714 I/OMXCodec(171): [OMX.google.vorbis.decoder] allocated buffer 0xb72e44c8 on output port
10-20 17:35:49.724 E/AwesomePlayer(171): LPAPlayer::Clip duration setting of less than 30sec not supported, defaulting to 60sec
10-20 17:35:49.724 D/AudioPlayer(171): start of Playback, useOffload 0
10-20 17:35:49.724 I/OMXNodeInstance(171): OMX_FreeBuffer for buffer header 0xb72e4040 successful
10-20 17:35:49.724 I/OMXNodeInstance(171): OMX_FreeBuffer for buffer header 0xb72e4260 successful
10-20 17:35:49.724 I/OMXNodeInstance(171): OMX_FreeBuffer for buffer header 0xb72e43a0 successful
10-20 17:35:49.724 I/OMXNodeInstance(171): OMX_FreeBuffer for buffer header 0xb72e44c8 successful
10-20 17:35:49.724 I/OMXCodec(171): [OMX.google.vorbis.decoder] allocating 4 buffers of size 32768 on output port
10-20 17:35:49.724 I/OMXCodec(171): [OMX.google.vorbis.decoder] allocated buffer 0xb72e4d68 on output port
10-20 17:35:49.724 I/OMXCodec(171): [OMX.google.vorbis.decoder] allocated buffer 0xb72efa70 on output port
10-20 17:35:49.724 I/OMXCodec(171): [OMX.google.vorbis.decoder] allocated buffer 0xb72e3fc0 on output port
10-20 17:35:49.724 I/OMXCodec(171): [OMX.google.vorbis.decoder] allocated buffer 0xb72e4140 on output port
10-20 17:35:49.784 D/AudioPlayer(171): Pause Playback at 31
10-20 17:35:49.784 D/AudioPlayer(171): reset: mPlaying=0 mReachedEOS=1 useOffload=0
10-20 17:35:49.784 I/OMXNodeInstance(171): OMX_FreeBuffer for buffer header 0xb72e3eb8 successful
10-20 17:35:49.784 I/OMXNodeInstance(171): OMX_FreeBuffer for buffer header 0xb72e3e00 successful
10-20 17:35:49.784 I/OMXNodeInstance(171): OMX_FreeBuffer for buffer header 0xb72e36f0 successful
10-20 17:35:49.784 I/OMXNodeInstance(171): OMX_FreeBuffer for buffer header 0xb72eb368 successful
10-20 17:35:49.784 I/OMXNodeInstance(171): OMX_FreeBuffer for buffer header 0xb72e4140 successful
10-20 17:35:49.784 I/OMXNodeInstance(171): OMX_FreeBuffer for buffer header 0xb72e3fc0 successful
10-20 17:35:49.784 I/OMXNodeInstance(171): OMX_FreeBuffer for buffer header 0xb72efa70 successful
10-20 17:35:49.784 I/OMXNodeInstance(171): OMX_FreeBuffer for buffer header 0xb72e4d68 successful
10-20 17:35:50.044 I/ActivityManager(527): Delaying start of: ServiceRecord{41ca6820 u0 com.zentity.vodafone/eu.limecompany.sdk.service.BeaconScanService}
10-20 17:35:50.074 I/BootReceiver(527): Copying audit failures to DropBox
10-20 17:35:50.175 I/ActivityManager(527): Delay finish: com.android.mms/.transaction.SmsReceiver
10-20 17:35:50.185 I/ActivityManager(527): Resuming delayed broadcast
10-20 17:35:50.265 I/BootReceiver(527): Copied 26672 worth of audits to DropBox
10-20 17:35:50.285 V/Zygote  (1808): Switching descriptor 32 to /dev/null
10-20 17:35:50.285 V/Zygote  (1808): Switching descriptor 9 to /dev/null
10-20 17:35:50.285 I/ActivityManager(527): Start proc com.google.android.onetimeinitializer for broadcast com.google.android.onetimeinitializer/.OneTimeInitializerReceiver: pid=1808 uid=10015 gids={50015}
10-20 17:35:50.295 I/BootReceiver(527): Checking for fsck errors
10-20 17:35:50.305 D/Mms:app (1316): cancelNotification
10-20 17:35:50.345 V/OneTimeInitializerReceiver(1808): OneTimeInitializerReceiver.onReceive
10-20 17:35:50.355 V/OneTimeService(1808): OneTimeService.onHandleIntent
10-20 17:35:50.355 D/MmsSmsDatabaseHelper(767): [MmsSmsDb] tableName: threads hasAutoIncrement: CREATE TABLE threads (_id INTEGER PRIMARY KEY AUTOINCREMENT,date INTEGER DEFAULT 0,message_count INTEGER DEFAULT 0,recipient_ids TEXT,snippet TEXT,snippet_cs INTEGER DEFAULT 0,read INTEGER DEFAULT 1,type INTEGER DEFAULT 0,error INTEGER DEFAULT 0,has_attachment INTEGER DEFAULT 0) result: true
10-20 17:35:50.355 I/ActivityManager(527): Delay finish: com.google.android.onetimeinitializer/.OneTimeInitializerReceiver
10-20 17:35:50.365 I/ActivityManager(527): Resuming delayed broadcast
10-20 17:35:50.375 D/MmsSmsDatabaseHelper(767): [MmsSmsDb] tableName: canonical_addresses hasAutoIncrement: CREATE TABLE canonical_addresses (_id INTEGER PRIMARY KEY AUTOINCREMENT,address TEXT) result: true
10-20 17:35:50.375 V/Zygote  (1823): Switching descriptor 32 to /dev/null
10-20 17:35:50.375 V/Zygote  (1823): Switching descriptor 9 to /dev/null
10-20 17:35:50.385 I/ActivityManager(527): Start proc com.google.android.partnersetup for broadcast com.google.android.partnersetup/.GooglePartnerSetup: pid=1823 uid=10017 gids={50017, 3003}
10-20 17:35:50.425 D/MmsSmsDatabaseHelper(767): [MmsSmsDb] tableName: part hasAutoIncrement: CREATE TABLE part (_id INTEGER PRIMARY KEY AUTOINCREMENT,mid INTEGER,seq INTEGER DEFAULT 0,ct TEXT,name TEXT,chset INTEGER,cd TEXT,fn TEXT,cid TEXT,cl TEXT,ctt_s INTEGER,ctt_t TEXT,_data TEXT,text TEXT) result: true
10-20 17:35:50.425 D/MmsSmsDatabaseHelper(767): [MmsSmsDb] tableName: pdu hasAutoIncrement: CREATE TABLE pdu (_id INTEGER PRIMARY KEY AUTOINCREMENT,thread_id INTEGER,date INTEGER,date_sent INTEGER DEFAULT 0,msg_box INTEGER,read INTEGER DEFAULT 0,m_id TEXT,sub TEXT,sub_cs INTEGER,ct_t TEXT,ct_l TEXT,exp INTEGER,m_cls TEXT,m_type INTEGER,v INTEGER,m_size INTEGER,pri INTEGER,rr INTEGER,rpt_a INTEGER,resp_st INTEGER,st INTEGER,tr_id TEXT,retr_st INTEGER,retr_txt TEXT,retr_txt_cs INTEGER,read_status INTEGER,ct_cls INTEGER,resp_txt TEXT,d_tm INTEGER,d_rpt INTEGER,locked INTEGER DEFAULT 0,seen INTEGER DEFAULT 0,text_only INTEGER DEFAULT 0,sub_id INTEGER DEFAULT 0) result: true
10-20 17:35:50.425 D/MmsSmsDatabaseHelper(767): [getWritableDatabase] hasAutoIncrementThreads: true hasAutoIncrementAddresses: true hasAutoIncrementPart: true hasAutoIncrementPdu: true
10-20 17:35:50.555 I/ActivityManager(527): Delay finish: com.google.android.partnersetup/.RlzPingBroadcastReceiver
10-20 17:35:50.635 I/BATT_ALG(176): vol=3696;curr=0;dis_curr=467;temp=252;id=3;level=54;chg_src=0;chg_en=0;ov_chg=0;isOver_temp=0;timer=60;safety_count=0
10-20 17:35:50.635 I/healthd (160): battery l=54 v=3 t=25.2 h=2 st=4 chg=
10-20 17:35:50.685 I/dalvikvm(1001): Could not find method android.os.PowerManager.isInteractive, referenced from method com.google.android.gms.common.server.x.a
10-20 17:35:50.685 W/dalvikvm(1001): VFY: unable to resolve virtual method 1099: Landroid/os/PowerManager;.isInteractive ()Z
10-20 17:35:50.685 D/dalvikvm(1001): VFY: replacing opcode 0x6e at 0x0033
10-20 17:35:50.695 D/Mms:app (1316): cancelNotification
10-20 17:35:50.725 I/ActivityManager(527): Killing 1175:com.google.android.apps.maps/u0a55 (adj 15): empty #17
10-20 17:35:50.765 D/ChimeraCfgMgr(1001): Loading module com.google.android.gms.games from APK com.google.android.gms
10-20 17:35:50.835 D/ChimeraCfgMgr(1001): Loading module com.google.android.gms.games from APK com.google.android.gms
10-20 17:35:50.965 I/RlzPingService(1823): Setting next ping for 1445960150968
10-20 17:35:50.965 I/ActivityManager(527): Resuming delayed broadcast
10-20 17:35:50.985 V/Zygote  (1852): Switching descriptor 32 to /dev/null
10-20 17:35:50.985 V/Zygote  (1852): Switching descriptor 9 to /dev/null
10-20 17:35:50.985 I/ActivityManager(527): Start proc com.android.settings for broadcast com.android.settings/.slim.service.BootReceiver: pid=1852 uid=1000 gids={41000, 1028, 1015, 1023, 3002, 3001, 3003}
10-20 17:35:51.095 D/dalvikvm(957): null clazz in OP_INSTANCE_OF, single-stepping
10-20 17:35:51.105 I/ActivityManager(527): Killing 1256:com.android.externalstorage/u0a5 (adj 15): empty #17
10-20 17:35:51.145 V/Zygote  (1866): Switching descriptor 32 to /dev/null
10-20 17:35:51.145 V/Zygote  (1866): Switching descriptor 9 to /dev/null
10-20 17:35:51.155 I/ActivityManager(527): Start proc com.android.vending for broadcast com.android.vending/com.google.android.finsky.receivers.BootCompletedReceiver: pid=1866 uid=10019 gids={50019, 3003, 1028, 1015, 1023}
10-20 17:35:51.155 I/ActivityManager(527): Killing 846:android.process.acore/u0a1 (adj 15): empty #17
10-20 17:35:51.516 I/dalvikvm(1866): Could not find method android.content.pm.PackageManager.getPackageInstaller, referenced from method com.google.android.gms.common.GooglePlayServicesUtil.zzi
10-20 17:35:51.516 W/dalvikvm(1866): VFY: unable to resolve virtual method 616: Landroid/content/pm/PackageManager;.getPackageInstaller ()Landroid/content/pm/PackageInstaller;
10-20 17:35:51.516 D/dalvikvm(1866): VFY: replacing opcode 0x6e at 0x000d
10-20 17:35:51.596 D/Finsky  (1866): [1] FinskyApp.onCreate: Initializing network with DFE https://android.clients.google.com/fdfe/
10-20 17:35:51.626 E/ConnectivityChangeReceiver(1001): Ignoring connectivity change
10-20 17:35:51.756 I/dalvikvm(1866): Could not find method android.content.pm.ApplicationInfo.loadUnbadgedIcon, referenced from method com.google.android.finsky.utils.NotificationManager.showSuccessfulInstallMessage
10-20 17:35:51.756 W/dalvikvm(1866): VFY: unable to resolve virtual method 547: Landroid/content/pm/ApplicationInfo;.loadUnbadgedIcon (Landroid/content/pm/PackageManager;)Landroid/graphics/drawable/Drawable;
10-20 17:35:51.756 D/dalvikvm(1866): VFY: replacing opcode 0x6e at 0x01d3
10-20 17:35:51.776 I/dalvikvm(1866): Could not find method android.content.pm.PackageManager.getLeanbackLaunchIntentForPackage, referenced from method com.google.android.finsky.appstate.PackageManagerRepository.canLaunch
10-20 17:35:51.776 W/dalvikvm(1866): VFY: unable to resolve virtual method 612: Landroid/content/pm/PackageManager;.getLeanbackLaunchIntentForPackage (Ljava/lang/String;)Landroid/content/Intent;
10-20 17:35:51.776 D/dalvikvm(1866): VFY: replacing opcode 0x6e at 0x000a
10-20 17:35:51.826 D/Finsky  (1866): [1] DailyHygiene.goMakeHygieneIfDirty: No need to run daily hygiene.
10-20 17:35:51.826 I/dalvikvm(1866): Could not find method android.app.admin.DevicePolicyManager.isProfileOwnerApp, referenced from method com.google.android.finsky.utils.DeviceManagementHelper.updateCachedValues
10-20 17:35:51.826 W/dalvikvm(1866): VFY: unable to resolve virtual method 337: Landroid/app/admin/DevicePolicyManager;.isProfileOwnerApp (Ljava/lang/String;)Z
10-20 17:35:51.826 D/dalvikvm(1866): VFY: replacing opcode 0x6e at 0x0032
10-20 17:35:51.836 W/DriveInitializer(1001): Awaiting to be initialized
10-20 17:35:51.836 W/DriveInitializer(1001): Background init thread started
10-20 17:35:51.836 W/Settings(1866): Setting download_manager_max_bytes_over_mobile has moved from android.provider.Settings.Secure to android.provider.Settings.Global.
10-20 17:35:51.846 W/Settings(1866): Setting download_manager_recommended_max_bytes_over_mobile has moved from android.provider.Settings.Secure to android.provider.Settings.Global.
10-20 17:35:51.936 I/dalvikvm(1866): Could not find method com.google.android.finsky.layout.DocImageView.setTransitionName, referenced from method com.google.android.finsky.utils.PlayCardUtils.bindCard
10-20 17:35:51.936 W/dalvikvm(1866): VFY: unable to resolve virtual method 20701: Lcom/google/android/finsky/layout/DocImageView;.setTransitionName (Ljava/lang/String;)V
10-20 17:35:51.936 D/dalvikvm(1866): VFY: replacing opcode 0x6e at 0x013c
10-20 17:35:51.966 I/dalvikvm(1866): Could not find method com.google.android.finsky.layout.DocImageView.setTransitionName, referenced from method com.google.android.finsky.utils.PlayCardUtils.bindCard
10-20 17:35:51.966 W/dalvikvm(1866): VFY: unable to resolve virtual method 20701: Lcom/google/android/finsky/layout/DocImageView;.setTransitionName (Ljava/lang/String;)V
10-20 17:35:51.966 D/dalvikvm(1866): VFY: replacing opcode 0x6e at 0x0392
10-20 17:35:51.966 I/dalvikvm(1866): Could not find method com.google.android.finsky.layout.DocImageView.setTransitionName, referenced from method com.google.android.finsky.utils.PlayCardUtils.bindCard
10-20 17:35:51.966 W/dalvikvm(1866): VFY: unable to resolve virtual method 20701: Lcom/google/android/finsky/layout/DocImageView;.setTransitionName (Ljava/lang/String;)V
10-20 17:35:51.966 D/dalvikvm(1866): VFY: replacing opcode 0x6e at 0x0398
10-20 17:35:51.966 I/ActivityManager(527): Waited long enough for: ServiceRecord{41b2e068 u0 com.google.android.deskclock/com.android.deskclock.WearableSyncService}
10-20 17:35:52.026 E/cutils  (162): Failed to mkdirat(/storage/usbdisk/Android): Read-only file system
10-20 17:35:52.026 W/ContextImpl(1001): Failed to ensure directory: /storage/usbdisk/Android/data/com.google.android.gms/files
10-20 17:35:52.026 W/Vold    (162): Returning OperationFailed - no handler for errno 30
10-20 17:35:52.096 I/dalvikvm(1866): Could not find method android.view.View.getTransitionName, referenced from method com.google.android.finsky.navigationmanager.NavigationManager.showPage
10-20 17:35:52.096 W/dalvikvm(1866): VFY: unable to resolve virtual method 8983: Landroid/view/View;.getTransitionName ()Ljava/lang/String;
10-20 17:35:52.096 D/dalvikvm(1866): VFY: replacing opcode 0x6e at 0x0019
10-20 17:35:52.176 V/Zygote  (1905): Switching descriptor 32 to /dev/null
10-20 17:35:52.176 V/Zygote  (1905): Switching descriptor 9 to /dev/null
10-20 17:35:52.186 I/ActivityManager(527): Start proc com.google.android.googlequicksearchbox:search for broadcast com.google.android.googlequicksearchbox/com.google.android.search.core.StartUpReceiver: pid=1905 uid=10020 gids={50020, 3003, 3001, 1028, 1023, 3002, 1015}
10-20 17:35:52.186 I/ActivityManager(527): Killing 1270:com.buak.Link2SD/u0a59 (adj 15): empty #17
10-20 17:35:52.267 E/cutils  (162): Failed to mkdirat(/storage/usbdisk/Android): Read-only file system
10-20 17:35:52.267 W/ContextImpl(1001): Failed to ensure directory: /storage/usbdisk/Android/data/com.google.android.gms/files
10-20 17:35:52.267 W/Vold    (162): Returning OperationFailed - no handler for errno 30
10-20 17:35:52.287 E/cutils  (162): Failed to mkdirat(/storage/usbdisk/Android): Read-only file system
10-20 17:35:52.287 W/ContextImpl(1001): Failed to ensure directory: /storage/usbdisk/Android/data/com.google.android.gms/files
10-20 17:35:52.287 W/Vold    (162): Returning OperationFailed - no handler for errno 30
10-20 17:35:52.317 D/su      (1336): sending code
10-20 17:35:52.317 D/su      (1336): child exited
10-20 17:35:52.317 D/su      (1334): client exited 0
10-20 17:35:52.327 D/Ads     (1866): Skipping gmscore version check
10-20 17:35:52.347 E/cutils  (162): Failed to mkdirat(/storage/usbdisk/Android): Read-only file system
10-20 17:35:52.347 W/Vold    (162): Returning OperationFailed - no handler for errno 30
10-20 17:35:52.357 W/ContextImpl(1001): Failed to ensure directory: /storage/usbdisk/Android/data/com.google.android.gms/files
10-20 17:35:52.397 W/DriveInitializer(1001): Background init thread ended
10-20 17:35:52.407 D/Volley  (1866): [137] DiskBasedCache.clear: Cache cleared.
10-20 17:35:52.537 D/Finsky  (1866): [1] GmsCoreHelper.cleanupNlp: result=false type=4
10-20 17:35:52.657 D/Finsky  (1866): [1] 2.run: Loaded library for account: [LuMMRL4SKemZ4TAx36LD0mQ17SU]
10-20 17:35:52.817 D/Finsky  (1866): [1] 2.run: Loaded library for account: [l5QDhA4MwBtPa1LpZAIEr3KfuhY]
10-20 17:35:52.817 D/Finsky  (1866): [1] 2.run: Finished loading 2 libraries.
10-20 17:35:52.887 D/Finsky  (1866): [1] RestoreTracker.stopServiceIfDone: Restore complete with 0 success and 0 failed.
10-20 17:35:53.137 D/dalvikvm(1905): DexOpt: couldn't find static field Landroid/os/Build;.SUPPORTED_ABIS
10-20 17:35:53.137 W/dalvikvm(1905): VFY: unable to resolve static field 193 (SUPPORTED_ABIS) in Landroid/os/Build;
10-20 17:35:53.137 D/dalvikvm(1905): VFY: replacing opcode 0x62 at 0x0053
10-20 17:35:53.137 I/dalvikvm(1905): Could not find method android.net.wifi.WifiInfo.getFrequency, referenced from method com.google.android.apps.gsa.shared.util.debug.n.aOI
10-20 17:35:53.137 W/dalvikvm(1905): VFY: unable to resolve virtual method 1692: Landroid/net/wifi/WifiInfo;.getFrequency ()I
10-20 17:35:53.137 D/dalvikvm(1905): VFY: replacing opcode 0x6e at 0x0039
10-20 17:35:53.187 I/dalvikvm(1905): Could not find method android.content.pm.PackageManager.getPackageInstaller, referenced from method com.google.android.gms.common.e.I
10-20 17:35:53.187 W/dalvikvm(1905): VFY: unable to resolve virtual method 973: Landroid/content/pm/PackageManager;.getPackageInstaller ()Landroid/content/pm/PackageInstaller;
10-20 17:35:53.187 D/dalvikvm(1905): VFY: replacing opcode 0x6e at 0x000d
10-20 17:35:53.217 I/dalvikvm(1905): Could not find method android.app.Notification$Builder.setLocalOnly, referenced from method com.google.android.gms.common.e.h
10-20 17:35:53.217 W/dalvikvm(1905): VFY: unable to resolve virtual method 497: Landroid/app/Notification$Builder;.setLocalOnly (Z)Landroid/app/Notification$Builder;
10-20 17:35:53.217 D/dalvikvm(1905): VFY: replacing opcode 0x6e at 0x0206
10-20 17:35:53.268 I/dalvikvm(1905): Could not find method android.app.Activity.requestPermissions, referenced from method com.google.android.apps.gsa.c.b.a
10-20 17:35:53.268 W/dalvikvm(1905): VFY: unable to resolve virtual method 281: Landroid/app/Activity;.requestPermissions ([Ljava/lang/String;I)V
10-20 17:35:53.268 D/dalvikvm(1905): VFY: replacing opcode 0x6e at 0x000c
10-20 17:35:53.268 I/dalvikvm(1905): Could not find method android.content.Context.checkSelfPermission, referenced from method com.google.android.apps.gsa.c.b.f
10-20 17:35:53.268 W/dalvikvm(1905): VFY: unable to resolve virtual method 749: Landroid/content/Context;.checkSelfPermission (Ljava/lang/String;)I
10-20 17:35:53.268 D/dalvikvm(1905): VFY: replacing opcode 0x6e at 0x0006
10-20 17:35:53.368 I/dalvikvm(1905): Could not find method android.os.UserManager.getUserProfiles, referenced from method com.google.android.apps.gsa.shared.util.ch.ci
10-20 17:35:53.368 W/dalvikvm(1905): VFY: unable to resolve virtual method 2031: Landroid/os/UserManager;.getUserProfiles ()Ljava/util/List;
10-20 17:35:53.368 D/dalvikvm(1905): VFY: replacing opcode 0x6e at 0x0017
10-20 17:35:53.488 I/dalvikvm(1905): Could not find method android.webkit.CookieManager.setAcceptThirdPartyCookies, referenced from method com.google.android.apps.gsa.search.core.c.a
10-20 17:35:53.488 W/dalvikvm(1905): VFY: unable to resolve virtual method 6618: Landroid/webkit/CookieManager;.setAcceptThirdPartyCookies (Landroid/webkit/WebView;Z)V
10-20 17:35:53.488 D/dalvikvm(1905): VFY: replacing opcode 0x6e at 0x0021
10-20 17:35:53.848 V/GLSActivity(957): AuthDelegateWrapperCreated with selected intent: Intent { cmp=com.google.android.gms/.auth.DefaultAuthDelegateService }
10-20 17:35:53.858 V/GLSActivity(957): AuthDelegateWrapperCreated with selected intent: Intent { cmp=com.google.android.gms/.auth.DefaultAuthDelegateService }
10-20 17:35:54.028 I/dalvikvm(957): Could not find method android.os.PowerManager.isInteractive, referenced from method com.google.android.gms.common.server.x.a
10-20 17:35:54.028 W/dalvikvm(957): VFY: unable to resolve virtual method 1099: Landroid/os/PowerManager;.isInteractive ()Z
10-20 17:35:54.028 D/dalvikvm(957): VFY: replacing opcode 0x6e at 0x0033
10-20 17:35:54.118 W/LocationOracleImpl(1905): Best location was null
10-20 17:35:54.228 D/Volley  (1866): [144] DiskBasedCache.clear: Cache cleared.
10-20 17:35:54.238 D/dalvikvm(1001): DexOpt: couldn't find static field Landroid/os/Build;.SUPPORTED_ABIS
10-20 17:35:54.238 W/dalvikvm(1001): VFY: unable to resolve static field 134 (SUPPORTED_ABIS) in Landroid/os/Build;
10-20 17:35:54.238 D/dalvikvm(1001): VFY: replacing opcode 0x62 at 0x0008
10-20 17:35:54.339 D/FileApkUtils(1001): Spent 106ms computing apk sha1.
10-20 17:35:54.349 D/FileApkUtils(1001): Module already staged or being staged:chimera-modules/MapsModule.apk
10-20 17:35:54.359 W/SQLiteConnectionPool(1001): A SQLiteConnection object for database '/data/data/com.google.android.gms/databases/networkstatistics.sqlite' was leaked!  Please fix your application to end transactions in progress properly and to close the database when it is no longer needed.
10-20 17:35:54.449 D/DexOptUtils(1001): Module /data/data/com.google.android.gms/app_chimera/chimera-module-root/module-b795bfbcaeae8a5884cd6b9798432fa1eb960751/MapsModule.apk is already optimized. Bailing.
10-20 17:35:54.449 D/FileApkUtils(1001): Keeping up-to-date module: module-b795bfbcaeae8a5884cd6b9798432fa1eb960751
10-20 17:35:54.459 D/GmsModuleFndr(1001): Beginning GMS chimera module scan
10-20 17:35:54.589 E/dalvikvm(1001): Could not find class 'android.telephony.SubscriptionManager', referenced from method com.google.android.gms.checkin.d.a
10-20 17:35:54.589 W/dalvikvm(1001): VFY: unable to resolve check-cast 519 (Landroid/telephony/SubscriptionManager;) in Lcom/google/android/gms/checkin/d;
10-20 17:35:54.589 D/dalvikvm(1001): VFY: replacing opcode 0x1f at 0x00ef
10-20 17:35:54.589 W/dalvikvm(1001): VFY: unable to find class referenced in signature (Landroid/telephony/SubscriptionManager;)
10-20 17:35:54.599 I/dalvikvm(1001): Could not find method android.telephony.SubscriptionManager.getActiveSubscriptionInfoList, referenced from method com.google.android.gms.checkin.d.a
10-20 17:35:54.599 W/dalvikvm(1001): VFY: unable to resolve virtual method 2352: Landroid/telephony/SubscriptionManager;.getActiveSubscriptionInfoList ()Ljava/util/List;
10-20 17:35:54.599 D/dalvikvm(1001): VFY: replacing opcode 0x6e at 0x0004
10-20 17:35:54.599 D/dalvikvm(1001): DexOpt: couldn't find static field Landroid/os/Build;.SUPPORTED_ABIS
10-20 17:35:54.599 W/dalvikvm(1001): VFY: unable to resolve static field 196 (SUPPORTED_ABIS) in Landroid/os/Build;
10-20 17:35:54.599 D/dalvikvm(1001): VFY: replacing opcode 0x62 at 0x0008
10-20 17:35:54.609 D/GCM     (1001): COMPAT: Multi user not supported
10-20 17:35:54.609 D/GCM     (957): GcmService start Intent { act=android.intent.action.BOOT_COMPLETED flg=0x8000010 cmp=com.google.android.gms/.gcm.GcmService (has extras) } android.intent.action.BOOT_COMPLETED
10-20 17:35:54.629 D/dalvikvm(1001): DexOpt: couldn't find static field Landroid/os/Build;.SUPPORTED_ABIS
10-20 17:35:54.629 I/dalvikvm(1001): DexOpt: unable to optimize static field ref 0x00c4 at 0x0c in Lcom/google/android/gms/checkin/d;.a
10-20 17:35:54.639 D/GmsModuleFndr(1001): Module pkg com.google.android.play.games not installed, skipping
10-20 17:35:54.639 D/ChimeraCfgMgr(1001): Beginning module configuration check
10-20 17:35:54.639 D/ChimeraCfgMgr(1001): Module APKs unchanged, check complete
10-20 17:35:54.669 I/CheckinService(1001): Checkin interval check for package: unspecified last checkin: 1445344940255 min interval config: 0 actual interval: 10414420
10-20 17:35:54.679 I/GCoreUlr(1001): Starting service, intent=Intent { act=com.google.android.location.reporting.ACTION_UPDATE_WORLD cmp=com.google.android.gms/com.google.android.location.reporting.service.DispatchingService (has extras) }, extras=Bundle[{receiverAction=android.intent.action.BOOT_COMPLETED}]
10-20 17:35:54.689 I/GCoreUlr(740): DispatchingService.onCreate()
10-20 17:35:54.709 I/CheckinService(1001): Disabling old GoogleServicesFramework version
10-20 17:35:54.729 W/dalvikvm(1001): VFY: unable to find class referenced in signature (Landroid/net/Network;)
10-20 17:35:54.729 W/dalvikvm(1001): VFY: unable to find class referenced in signature (Landroid/net/Network;)
10-20 17:35:54.829 I/CheckinService(1001): Checking schedule, now: 1445355354830 next: 1445384573189
10-20 17:35:54.829 I/CheckinService(1001): active receiver: disabled
10-20 17:35:54.839 D/SystemUpdateService(1001): onCreate
10-20 17:35:54.879 D/SystemUpdateService(1001): onStartCommand: intent: Intent { cmp=com.google.android.gms/.update.SystemUpdateService (has extras) }
10-20 17:35:54.889 I/dalvikvm(1001): Could not find method android.app.Notification$Builder.setCategory, referenced from method com.google.android.gms.update.t.a
10-20 17:35:54.889 W/dalvikvm(1001): VFY: unable to resolve virtual method 181: Landroid/app/Notification$Builder;.setCategory (Ljava/lang/String;)Landroid/app/Notification$Builder;
10-20 17:35:54.889 D/dalvikvm(1001): VFY: replacing opcode 0x6e at 0x040d
10-20 17:35:54.899 W/Search.LoginHelper(1905): TimeoutException while waiting for token.
10-20 17:35:54.899 W/Search.LoginHelper(1905): java.util.concurrent.TimeoutException
10-20 17:35:54.899 W/Search.LoginHelper(1905): 	at java.util.concurrent.FutureTask.get(FutureTask.java:176)
