10-20 17:35:54.899 W/Search.LoginHelper(1905): 	at com.google.android.apps.gsa.search.core.google.gaia.o.a(LoginHelper.java:805)
10-20 17:35:54.899 W/Search.LoginHelper(1905): 	at com.google.android.apps.gsa.search.core.google.gaia.o.b(LoginHelper.java:716)
10-20 17:35:54.899 W/Search.LoginHelper(1905): 	at com.google.android.apps.gsa.search.core.h.e.t(SearchHistoryHelper.java:555)
10-20 17:35:54.899 W/Search.LoginHelper(1905): 	at com.google.android.apps.gsa.search.core.h.e.s(SearchHistoryHelper.java:525)
10-20 17:35:54.899 W/Search.LoginHelper(1905): 	at com.google.android.apps.gsa.search.core.h.h.a(SearchHistoryHelper.java:389)
10-20 17:35:54.899 W/Search.LoginHelper(1905): 	at com.google.android.apps.gsa.search.core.h.d.c(SearchHistoryHelper.java:259)
10-20 17:35:54.899 W/Search.LoginHelper(1905): 	at com.google.android.apps.gsa.search.core.h.d.b(SearchHistoryHelper.java:200)
10-20 17:35:54.899 W/Search.LoginHelper(1905): 	at com.google.android.search.core.e.run(FetchOptInStatusTask.java:1112)
10-20 17:35:54.899 W/Search.LoginHelper(1905): 	at java.util.concurrent.Executors$RunnableAdapter.call(Executors.java:422)
10-20 17:35:54.899 W/Search.LoginHelper(1905): 	at java.util.concurrent.FutureTask.run(FutureTask.java:237)
10-20 17:35:54.899 W/Search.LoginHelper(1905): 	at java.util.concurrent.Executors$RunnableAdapter.call(Executors.java:422)
10-20 17:35:54.899 W/Search.LoginHelper(1905): 	at java.util.concurrent.FutureTask.run(FutureTask.java:237)
10-20 17:35:54.899 W/Search.LoginHelper(1905): 	at java.util.concurrent.ThreadPoolExecutor.runWorker(ThreadPoolExecutor.java:1112)
10-20 17:35:54.899 W/Search.LoginHelper(1905): 	at java.util.concurrent.ThreadPoolExecutor$Worker.run(ThreadPoolExecutor.java:587)
10-20 17:35:54.899 W/Search.LoginHelper(1905): 	at java.lang.Thread.run(Thread.java:841)
10-20 17:35:54.899 W/Search.LoginHelper(1905): 	at com.google.android.apps.gsa.shared.util.concurrent.a.q$1.run(GsaThreadFactory.java:108)
10-20 17:35:54.909 V/AuthZen (1001): Handling intent: android.intent.action.BOOT_COMPLETED
10-20 17:35:54.919 I/dalvikvm(1001): Could not find method android.os.UserHandle.isOwner, referenced from method com.google.android.gms.icing.service.w.a
10-20 17:35:54.919 W/dalvikvm(1001): VFY: unable to resolve virtual method 1418: Landroid/os/UserHandle;.isOwner ()Z
10-20 17:35:54.919 D/dalvikvm(1001): VFY: replacing opcode 0x6e at 0x002b
10-20 17:35:54.929 W/Search.LoginHelper(1905): [Trace]
10-20 17:35:54.929 W/Search.LoginHelper(1905): LoginHelper: get token: 1056+
10-20 17:35:54.929 W/Search.LoginHelper(1905):   CachingGoogleAuthAdapter: access token cache: 0
10-20 17:35:54.929 W/Search.LoginHelper(1905):   CachingGoogleAuthAdapter: get token from wrapped adapter: 1056+
10-20 17:35:54.929 W/Search.LoginHelper(1905):     FallingBackGoogleAuthAdapter: try chosen adapter: 1056+
10-20 17:35:54.929 W/Search.LoginHelper(1905):       GoogleAuthAdapter: get token with auth-util: 1056+
10-20 17:35:55.099 D/AuthZenEventHandler(1001): Handling event: android.intent.action.BOOT_COMPLETED
10-20 17:35:55.109 I/SystemUpdateService(1001): cancelUpdate (empty URL)
10-20 17:35:55.109 I/SystemUpdateService(1001): active receiver: disabled
10-20 17:35:55.129 E/dalvikvm(1905): ERROR: couldn't find native method
10-20 17:35:55.129 E/dalvikvm(1905): Requested: Lorg/chromium/net/CronetUrlRequest;.nativeGetStatus:(JLorg/chromium/net/UrlRequest$StatusListener;)V
10-20 17:35:55.129 E/dalvikvm(1905): Candidate: Lorg/chromium/net/CronetUrlRequest;.nativeGetStatus:(JLorg/chromium/net/StatusListener;)V
10-20 17:35:55.129 E/chromium(1905): [1020/173555:ERROR:jni_generator_helper.h(29)] RegisterNatives failed in gen/cronet/jni/CronetUrlRequest_jni.h
10-20 17:35:55.129 W/ErrorReporter(1905): ErrorReporter is not initialized. Some actions are unavailable.
10-20 17:35:55.129 W/ErrorReporter(1905): reportError [type: 29, code: 917507]: null
10-20 17:35:55.159 W/DefaultHttpEngineProv(1905): Unable to instantiate the Cronet engine.
10-20 17:35:55.159 W/DefaultHttpEngineProv(1905): java.lang.IllegalStateException: Cannot instantiate: org.chromium.net.CronetUrlRequestContext
10-20 17:35:55.159 W/DefaultHttpEngineProv(1905): 	at org.chromium.net.UrlRequestContext.c(UrlRequestContext.java:140)
10-20 17:35:55.159 W/DefaultHttpEngineProv(1905): 	at org.chromium.net.UrlRequestContext.b(UrlRequestContext.java:109)
10-20 17:35:55.159 W/DefaultHttpEngineProv(1905): 	at com.google.android.apps.gsa.search.core.i.a.a.d.<init>(CronetAsyncHttpEngine.java:109)
10-20 17:35:55.159 W/DefaultHttpEngineProv(1905): 	at com.google.android.apps.gsa.search.core.i.l.w(DefaultHttpEngineProvider.java:157)
10-20 17:35:55.159 W/DefaultHttpEngineProv(1905): 	at com.google.android.apps.gsa.search.core.i.l.v(DefaultHttpEngineProvider.java:102)
10-20 17:35:55.159 W/DefaultHttpEngineProv(1905): 	at com.google.android.apps.gsa.shared.io.k.kO(HttpHelper.java:355)
10-20 17:35:55.159 W/DefaultHttpEngineProv(1905): 	at com.google.android.apps.gsa.shared.io.k.f(HttpHelper.java:267)
10-20 17:35:55.159 W/DefaultHttpEngineProv(1905): 	at com.google.android.apps.gsa.shared.io.k.c(HttpHelper.java:224)
10-20 17:35:55.159 W/DefaultHttpEngineProv(1905): 	at com.google.android.apps.gsa.shared.io.k.executeRequest(HttpHelper.java:173)
10-20 17:35:55.159 W/DefaultHttpEngineProv(1905): 	at com.google.android.apps.gsa.search.core.google.b.e.b(GwsSuggestionFetcher.java:222)
10-20 17:35:55.159 W/DefaultHttpEngineProv(1905): 	at com.google.android.apps.gsa.search.core.google.b.e.a(GwsSuggestionFetcher.java:118)
10-20 17:35:55.159 W/DefaultHttpEngineProv(1905): 	at com.google.android.d.a.a.a.e.run(RefreshZeroPrefixSuggestionsTask.java:67)
10-20 17:35:55.159 W/DefaultHttpEngineProv(1905): 	at java.util.concurrent.Executors$RunnableAdapter.call(Executors.java:422)
10-20 17:35:55.159 W/DefaultHttpEngineProv(1905): 	at java.util.concurrent.FutureTask.run(FutureTask.java:237)
10-20 17:35:55.159 W/DefaultHttpEngineProv(1905): 	at java.util.concurrent.Executors$RunnableAdapter.call(Executors.java:422)
10-20 17:35:55.159 W/DefaultHttpEngineProv(1905): 	at java.util.concurrent.FutureTask.run(FutureTask.java:237)
10-20 17:35:55.159 W/DefaultHttpEngineProv(1905): 	at java.util.concurrent.ThreadPoolExecutor.runWorker(ThreadPoolExecutor.java:1112)
10-20 17:35:55.159 W/DefaultHttpEngineProv(1905): 	at java.util.concurrent.ThreadPoolExecutor$Worker.run(ThreadPoolExecutor.java:587)
10-20 17:35:55.159 W/DefaultHttpEngineProv(1905): 	at java.lang.Thread.run(Thread.java:841)
10-20 17:35:55.159 W/DefaultHttpEngineProv(1905): 	at com.google.android.apps.gsa.shared.util.concurrent.a.q$1.run(GsaThreadFactory.java:108)
10-20 17:35:55.159 W/DefaultHttpEngineProv(1905): Caused by: java.lang.reflect.InvocationTargetException
10-20 17:35:55.159 W/DefaultHttpEngineProv(1905): 	at java.lang.reflect.Constructor.constructNative(Native Method)
10-20 17:35:55.159 W/DefaultHttpEngineProv(1905): 	at java.lang.reflect.Constructor.newInstance(Constructor.java:423)
10-20 17:35:55.159 W/DefaultHttpEngineProv(1905): 	at org.chromium.net.UrlRequestContext.c(UrlRequestContext.java:132)
10-20 17:35:55.159 W/DefaultHttpEngineProv(1905): 	... 19 more
10-20 17:35:55.159 W/DefaultHttpEngineProv(1905): Caused by: java.lang.NoSuchMethodError: no static or non-static method "Lorg/chromium/net/CronetUrlRequest;.nativeGetStatus(JLorg/chromium/net/UrlRequest$StatusListener;)V"
10-20 17:35:55.159 W/DefaultHttpEngineProv(1905): 	at java.lang.Runtime.nativeLoad(Native Method)
10-20 17:35:55.159 W/DefaultHttpEngineProv(1905): 	at java.lang.Runtime.doLoad(Runtime.java:421)
10-20 17:35:55.159 W/DefaultHttpEngineProv(1905): 	at java.lang.Runtime.loadLibrary(Runtime.java:362)
10-20 17:35:55.159 W/DefaultHttpEngineProv(1905): 	at java.lang.System.loadLibrary(System.java:526)
10-20 17:35:55.159 W/DefaultHttpEngineProv(1905): 	at org.chromium.net.CronetLibraryLoader.a(CronetLibraryLoader.java:34)
10-20 17:35:55.159 W/DefaultHttpEngineProv(1905): 	at org.chromium.net.CronetUrlRequestContext.<init>(CronetUrlRequestContext.java:48)
10-20 17:35:55.159 W/DefaultHttpEngineProv(1905): 	... 22 more
10-20 17:35:55.209 I/ActivityManager(527): Delay finish: com.google.android.gms/.subscribedfeeds.ConfigurationReceiver
10-20 17:35:55.290 I/GCoreUlr(740): WorldUpdater received intent Intent { act=com.google.android.location.reporting.ACTION_UPDATE_WORLD cmp=com.google.android.gms/com.google.android.location.reporting.service.DispatchingService (has extras) } with receiverAction android.intent.action.BOOT_COMPLETED
10-20 17:35:55.290 W/dalvikvm(1001): VFY: unable to find class referenced in signature (Landroid/net/Network;)
10-20 17:35:55.490 D/SystemUpdateService(1001): onDestroy
10-20 17:35:55.520 W/BaseAppContext(1001): Using Auth Proxy for data requests.
10-20 17:35:55.540 D/dalvikvm(1001): No JNI_OnLoad found in /system/lib/libAppDataSearch.so 0x41a17e08, skipping init
10-20 17:35:55.550 W/dalvikvm(1001): VFY: unable to find class referenced in signature (Landroid/net/Network;)
10-20 17:35:55.580 W/dalvikvm(1001): VFY: unable to find class referenced in signature (Landroid/net/Network;)
10-20 17:35:55.580 W/dalvikvm(1001): VFY: unable to find class referenced in signature (Landroid/net/Network;)
10-20 17:35:55.580 I/dalvikvm(1001): Could not find method android.net.Network.openConnection, referenced from method com.google.android.gms.http.g.a
10-20 17:35:55.580 W/dalvikvm(1001): VFY: unable to resolve virtual method 1092: Landroid/net/Network;.openConnection (Ljava/net/URL;)Ljava/net/URLConnection;
10-20 17:35:55.580 D/dalvikvm(1001): VFY: replacing opcode 0x6e at 0x00bb
10-20 17:35:55.680 I/dalvikvm(1001): Could not find method android.os.UserManager.isManagedProfile, referenced from method com.google.android.gms.auth.be.proximity.authorization.bt.b.a
10-20 17:35:55.680 W/dalvikvm(1001): VFY: unable to resolve virtual method 1135: Landroid/os/UserManager;.isManagedProfile ()Z
10-20 17:35:55.680 D/dalvikvm(1001): VFY: replacing opcode 0x6e at 0x002f
10-20 17:35:56.030 I/GCoreUlr(740): WorldUpdater:android.intent.action.BOOT_COMPLETED: Ensuring that reporting is stopped because of reasons: {account#-5#=[InactiveReason{mVersionCode=0, mIdentifier=6, mName='ReportingNotEnabled'}], account#2#=[InactiveReason{mVersionCode=0, mIdentifier=6, mName='ReportingNotEnabled'}, InactiveReason{mVersionCode=0, mIdentifier=14, mName='HistoryNotEnabled'}, InactiveReason{mVersionCode=0, mIdentifier=7, mName='DasherPolicy'}]}
10-20 17:35:56.050 I/GCoreUlr(740): Unbound from all location providers
10-20 17:35:56.120 I/GCoreUlr(740): DispatchingService.onDestroy()
10-20 17:35:56.120 I/GCoreUlr(740): Stopping handler for UlrDispSvcFast
10-20 17:35:56.130 I/GCoreUlr(740): Unbound from all location providers
10-20 17:35:56.160 W/Search.LoginHelper(1905): TimeoutException while waiting for token.
10-20 17:35:56.160 W/Search.LoginHelper(1905): java.util.concurrent.TimeoutException
10-20 17:35:56.160 W/Search.LoginHelper(1905): 	at java.util.concurrent.FutureTask.get(FutureTask.java:176)
10-20 17:35:56.160 W/Search.LoginHelper(1905): 	at com.google.android.apps.gsa.search.core.google.gaia.o.a(LoginHelper.java:805)
10-20 17:35:56.160 W/Search.LoginHelper(1905): 	at com.google.android.apps.gsa.search.core.google.gaia.o.b(LoginHelper.java:716)
10-20 17:35:56.160 W/Search.LoginHelper(1905): 	at com.google.android.apps.gsa.search.core.h.e.t(SearchHistoryHelper.java:555)
10-20 17:35:56.160 W/Search.LoginHelper(1905): 	at com.google.android.apps.gsa.search.core.h.e.s(SearchHistoryHelper.java:525)
10-20 17:35:56.160 W/Search.LoginHelper(1905): 	at com.google.android.apps.gsa.search.core.h.h.a(SearchHistoryHelper.java:389)
10-20 17:35:56.160 W/Search.LoginHelper(1905): 	at com.google.android.apps.gsa.search.core.h.d.c(SearchHistoryHelper.java:259)
10-20 17:35:56.160 W/Search.LoginHelper(1905): 	at com.google.android.apps.gsa.search.core.h.d.b(SearchHistoryHelper.java:200)
10-20 17:35:56.160 W/Search.LoginHelper(1905): 	at com.google.android.search.core.e.run(FetchOptInStatusTask.java:1115)
10-20 17:35:56.160 W/Search.LoginHelper(1905): 	at java.util.concurrent.Executors$RunnableAdapter.call(Executors.java:422)
10-20 17:35:56.160 W/Search.LoginHelper(1905): 	at java.util.concurrent.FutureTask.run(FutureTask.java:237)
10-20 17:35:56.160 W/Search.LoginHelper(1905): 	at java.util.concurrent.Executors$RunnableAdapter.call(Executors.java:422)
10-20 17:35:56.160 W/Search.LoginHelper(1905): 	at java.util.concurrent.FutureTask.run(FutureTask.java:237)
10-20 17:35:56.160 W/Search.LoginHelper(1905): 	at java.util.concurrent.ThreadPoolExecutor.runWorker(ThreadPoolExecutor.java:1112)
10-20 17:35:56.160 W/Search.LoginHelper(1905): 	at java.util.concurrent.ThreadPoolExecutor$Worker.run(ThreadPoolExecutor.java:587)
10-20 17:35:56.160 W/Search.LoginHelper(1905): 	at java.lang.Thread.run(Thread.java:841)
10-20 17:35:56.160 W/Search.LoginHelper(1905): 	at com.google.android.apps.gsa.shared.util.concurrent.a.q$1.run(GsaThreadFactory.java:108)
10-20 17:35:56.160 W/Search.LoginHelper(1905): [Trace]
10-20 17:35:56.160 W/Search.LoginHelper(1905): LoginHelper: get token: 1243+
10-20 17:35:56.160 W/Search.LoginHelper(1905):   CachingGoogleAuthAdapter: access token cache: 0
10-20 17:35:56.160 W/Search.LoginHelper(1905):   CachingGoogleAuthAdapter: get token from wrapped adapter: 1243+
10-20 17:35:56.160 W/Search.LoginHelper(1905):     FallingBackGoogleAuthAdapter: try chosen adapter: 1243+
10-20 17:35:56.160 W/Search.LoginHelper(1905):       GoogleAuthAdapter: get token with auth-util: 1243+
10-20 17:35:56.451 I/ActivityManager(527): Resuming delayed broadcast
10-20 17:35:56.461 I/AuthZen (1001): Fetching signing key...
10-20 17:35:56.481 W/Auth    (957): [FRP,FrpUpdateIntentService] Received invalid intent action: com.google.android.gms.auth.ACTION_INVALID
10-20 17:35:56.491 V/GLSActivity(957): AuthDelegateWrapperCreated with selected intent: Intent { cmp=com.google.android.gms/.auth.DefaultAuthDelegateService }
10-20 17:35:56.561 I/AuthZen (1001): Signing key fetched successfully!
10-20 17:35:56.591 W/BaseAppContext(1001): Using Auth Proxy for data requests.
10-20 17:35:56.631 I/AuthZen (1001): Fetching signing key...
10-20 17:35:56.641 I/AuthZen (1001): Signing key fetched successfully!
10-20 17:35:56.641 W/BaseAppContext(1001): Using Auth Proxy for data requests.
10-20 17:35:56.661 D/AuthZenTransactionCache(1001): Initialized cache in: /data/data/com.google.android.gms/files
10-20 17:35:56.661 D/AuthZenTransactionCache(1001): Clearing transaction cache
10-20 17:35:56.671 V/GmsCoreStatsServiceLauncher(1001): Received broadcast intent Intent { act=android.intent.action.BOOT_COMPLETED flg=0x8000010 cmp=com.google.android.gms/.common.stats.GmsCoreStatsServiceLauncher (has extras) }
10-20 17:35:56.701 D/PersistentNotificationBroadcastReceiver(957): Received intent: Intent { act=android.intent.action.BOOT_COMPLETED flg=0x8000010 cmp=com.google.android.gms/.common.notification.PersistentNotificationBroadcastReceiver (has extras) }
10-20 17:35:56.711 D/SyncManager(527): failed sync operation davidoutrata@gmail.com u0 (com.google), com.google.android.gms.auth.api.credentials, USER, latestRunTime 86627, EXPEDITED, reason: 10016, SyncResult: syncAlreadyInProgress: true stats []
10-20 17:35:56.711 D/SyncManager(527): not retrying sync operation because SYNC_EXTRAS_DO_NOT_RETRY was specified davidoutrata@gmail.com u0 (com.google), com.google.android.gms.auth.api.credentials, USER, latestRunTime 87255, EXPEDITED, reason: 10016
10-20 17:35:56.721 D/AlertReceiver(1510): onReceive: a=android.intent.action.BOOT_COMPLETED Intent { act=android.intent.action.BOOT_COMPLETED flg=0x8000010 cmp=com.android.calendar/.alerts.AlertReceiver (has extras) }
10-20 17:35:56.731 V/Zygote  (2028): Switching descriptor 32 to /dev/null
10-20 17:35:56.731 V/Zygote  (2028): Switching descriptor 9 to /dev/null
10-20 17:35:56.731 I/ActivityManager(527): Start proc com.android.cellbroadcastreceiver for broadcast com.android.cellbroadcastreceiver/.CellBroadcastReceiver: pid=2028 uid=10024 gids={50024}
10-20 17:35:56.761 D/AlertService(1510): 0 Action = android.intent.action.BOOT_COMPLETED
10-20 17:35:56.771 D/AlertService(1510): Scheduling next alarm with AlarmScheduler. sEventReminderReceived: null
10-20 17:35:56.811 D/CellBroadcastReceiver(2028): onReceive Intent { act=android.intent.action.BOOT_COMPLETED flg=0x8000010 cmp=com.android.cellbroadcastreceiver/.CellBroadcastReceiver (has extras) }
10-20 17:35:56.811 D/CellBroadcastReceiver(2028): Registering for ServiceState updates
10-20 17:35:56.821 D/CellBroadcastReceiver(2028): Service state changed! 0 Full: 0 0 home Vodafone CZ Vodafone CZ 23003  HSDPA HSDPA CSS not supported -1 -1 RoamInd=-1 DefRoamInd=-1 EmergOnly=false
10-20 17:35:56.821 I/ActivityManager(527): Delay finish: com.android.cellbroadcastreceiver/.CellBroadcastReceiver
10-20 17:35:56.821 I/ActivityManager(527): Delaying start of: ServiceRecord{41b97878 u0 com.android.cellbroadcastreceiver/.CellBroadcastConfigService}
10-20 17:35:56.841 D/AlarmScheduler(1510): Query result count for events starting within 1 week: 18
10-20 17:35:56.891 D/AlarmScheduler(1510): Scheduling alarm for EVENT_REMINDER_APP broadcast for event 186 at 1445441757784 (Wed, Oct 21, 2015 05:35pm)
10-20 17:35:57.081 D/CellBroadcastConfigService(2028): enabling emergency cell broadcast channels
10-20 17:35:57.081 D/IccSmsInterfaceManager(767): [IccSmsInterfaceManager] enableGsmBroadcastRange
10-20 17:35:57.081 D/IccSmsInterfaceManager(767): [IccSmsInterfaceManager] Calling setGsmBroadcastConfig with 1 configurations
10-20 17:35:57.091 D/IccSmsInterfaceManager(767): [IccSmsInterfaceManager] Added cell broadcast subscription for MID range 4352 to 4354 from client com.android.cellbroadcastreceiver
10-20 17:35:57.091 D/IccSmsInterfaceManager(767): [IccSmsInterfaceManager] Calling setCellBroadcastActivation(true)
10-20 17:35:57.101 D/IccSmsInterfaceManager(767): [IccSmsInterfaceManager] enableGsmBroadcastRange
10-20 17:35:57.101 D/IccSmsInterfaceManager(767): [IccSmsInterfaceManager] Calling setGsmBroadcastConfig with 2 configurations
10-20 17:35:57.111 D/IccSmsInterfaceManager(767): [IccSmsInterfaceManager] Added cell broadcast subscription for MID range 4356 to 4356 from client com.android.cellbroadcastreceiver
10-20 17:35:57.111 D/IccSmsInterfaceManager(767): [IccSmsInterfaceManager] Calling setCellBroadcastActivation(true)
10-20 17:35:57.111 D/IccSmsInterfaceManager(767): [IccSmsInterfaceManager] enableGsmBroadcastRange
10-20 17:35:57.111 D/IccSmsInterfaceManager(767): [IccSmsInterfaceManager] Calling setGsmBroadcastConfig with 3 configurations
10-20 17:35:57.121 D/IccSmsInterfaceManager(767): [IccSmsInterfaceManager] Added cell broadcast subscription for MID range 4371 to 4372 from client com.android.cellbroadcastreceiver
10-20 17:35:57.121 D/IccSmsInterfaceManager(767): [IccSmsInterfaceManager] Calling setCellBroadcastActivation(true)
10-20 17:35:57.121 D/IccSmsInterfaceManager(767): [IccSmsInterfaceManager] enableGsmBroadcastRange
10-20 17:35:57.131 D/IccSmsInterfaceManager(767): [IccSmsInterfaceManager] Calling setGsmBroadcastConfig with 4 configurations
10-20 17:35:57.131 D/IccSmsInterfaceManager(767): [IccSmsInterfaceManager] Added cell broadcast subscription for MID range 4373 to 4378 from client com.android.cellbroadcastreceiver
10-20 17:35:57.131 D/IccSmsInterfaceManager(767): [IccSmsInterfaceManager] Calling setCellBroadcastActivation(true)
10-20 17:35:57.141 D/IccSmsInterfaceManager(767): [IccSmsInterfaceManager] enableGsmBroadcastRange
10-20 17:35:57.141 D/IccSmsInterfaceManager(767): [IccSmsInterfaceManager] Calling setGsmBroadcastConfig with 4 configurations
10-20 17:35:57.141 D/IccSmsInterfaceManager(767): [IccSmsInterfaceManager] Added cell broadcast subscription for MID range 4379 to 4379 from client com.android.cellbroadcastreceiver
10-20 17:35:57.141 D/IccSmsInterfaceManager(767): [IccSmsInterfaceManager] Calling setCellBroadcastActivation(true)
10-20 17:35:57.151 D/IccSmsInterfaceManager(767): [IccSmsInterfaceManager] enableGsmBroadcastRange
10-20 17:35:57.151 D/IccSmsInterfaceManager(767): [IccSmsInterfaceManager] Calling setGsmBroadcastConfig with 4 configurations
10-20 17:35:57.151 D/IccSmsInterfaceManager(767): [IccSmsInterfaceManager] Added cell broadcast subscription for MID range 4370 to 4370 from client com.android.cellbroadcastreceiver
10-20 17:35:57.151 D/IccSmsInterfaceManager(767): [IccSmsInterfaceManager] Calling setCellBroadcastActivation(true)
10-20 17:35:57.161 D/CellBroadcastConfigService(2028): enabled emergency cell broadcast channels
10-20 17:35:57.161 D/CellBroadcastConfigService(2028): disabling cell broadcast channel 50
10-20 17:35:57.161 D/IccSmsInterfaceManager(767): [IccSmsInterfaceManager] disableGsmBroadcastRange
10-20 17:35:57.161 D/IccSmsInterfaceManager(767): [IccSmsInterfaceManager] Failed to remove cell broadcast subscription for MID range 50 to 50 from client com.android.cellbroadcastreceiver
10-20 17:35:57.161 D/CellBroadcastConfigService(2028): disabling channels 919-928
10-20 17:35:57.161 D/IccSmsInterfaceManager(767): [IccSmsInterfaceManager] disableGsmBroadcastRange
10-20 17:35:57.161 D/IccSmsInterfaceManager(767): [IccSmsInterfaceManager] Failed to remove cell broadcast subscription for MID range 919 to 928 from client com.android.cellbroadcastreceiver
10-20 17:35:57.161 D/CellBroadcastConfigService(2028): disabling cell broadcast ETWS test messages
10-20 17:35:57.161 D/IccSmsInterfaceManager(767): [IccSmsInterfaceManager] disableGsmBroadcastRange
10-20 17:35:57.161 D/IccSmsInterfaceManager(767): [IccSmsInterfaceManager] Failed to remove cell broadcast subscription for MID range 4355 to 4355 from client com.android.cellbroadcastreceiver
10-20 17:35:57.161 D/CellBroadcastConfigService(2028): disabling cell broadcast CMAS test messages
10-20 17:35:57.161 D/IccSmsInterfaceManager(767): [IccSmsInterfaceManager] disableGsmBroadcastRange
10-20 17:35:57.171 D/IccSmsInterfaceManager(767): [IccSmsInterfaceManager] Failed to remove cell broadcast subscription for MID range 4380 to 4382 from client com.android.cellbroadcastreceiver
10-20 17:35:57.171 I/ActivityManager(527): Resuming delayed broadcast
10-20 17:35:57.181 V/Zygote  (2046): Switching descriptor 32 to /dev/null
10-20 17:35:57.181 V/Zygote  (2046): Switching descriptor 9 to /dev/null
10-20 17:35:57.191 W/Search.LoginHelper(1905): TimeoutException while waiting for token.
10-20 17:35:57.191 W/Search.LoginHelper(1905): java.util.concurrent.TimeoutException
10-20 17:35:57.191 W/Search.LoginHelper(1905): 	at java.util.concurrent.FutureTask.get(FutureTask.java:176)
10-20 17:35:57.191 W/Search.LoginHelper(1905): 	at com.google.android.apps.gsa.search.core.google.gaia.o.a(LoginHelper.java:805)
10-20 17:35:57.191 W/Search.LoginHelper(1905): 	at com.google.android.apps.gsa.search.core.google.gaia.o.b(LoginHelper.java:716)
10-20 17:35:57.191 W/Search.LoginHelper(1905): 	at com.google.android.apps.gsa.search.core.h.e.t(SearchHistoryHelper.java:555)
10-20 17:35:57.191 W/Search.LoginHelper(1905): 	at com.google.android.apps.gsa.search.core.h.e.s(SearchHistoryHelper.java:525)
10-20 17:35:57.191 W/Search.LoginHelper(1905): 	at com.google.android.apps.gsa.search.core.h.h.a(SearchHistoryHelper.java:389)
10-20 17:35:57.191 W/Search.LoginHelper(1905): 	at com.google.android.apps.gsa.search.core.h.d.c(SearchHistoryHelper.java:259)
10-20 17:35:57.191 W/Search.LoginHelper(1905): 	at com.google.android.apps.gsa.search.core.h.d.b(SearchHistoryHelper.java:200)
10-20 17:35:57.191 W/Search.LoginHelper(1905): 	at com.google.android.search.core.e.run(FetchOptInStatusTask.java:1112)
10-20 17:35:57.191 W/Search.LoginHelper(1905): 	at java.util.concurrent.Executors$RunnableAdapter.call(Executors.java:422)
10-20 17:35:57.191 W/Search.LoginHelper(1905): 	at java.util.concurrent.FutureTask.run(FutureTask.java:237)
10-20 17:35:57.191 W/Search.LoginHelper(1905): 	at java.util.concurrent.Executors$RunnableAdapter.call(Executors.java:422)
10-20 17:35:57.191 W/Search.LoginHelper(1905): 	at java.util.concurrent.FutureTask.run(FutureTask.java:237)
10-20 17:35:57.191 W/Search.LoginHelper(1905): 	at java.util.concurrent.ThreadPoolExecutor.runWorker(ThreadPoolExecutor.java:1112)
10-20 17:35:57.191 W/Search.LoginHelper(1905): 	at java.util.concurrent.ThreadPoolExecutor$Worker.run(ThreadPoolExecutor.java:587)
10-20 17:35:57.191 W/Search.LoginHelper(1905): 	at java.lang.Thread.run(Thread.java:841)
10-20 17:35:57.191 W/Search.LoginHelper(1905): 	at com.google.android.apps.gsa.shared.util.concurrent.a.q$1.run(GsaThreadFactory.java:108)
10-20 17:35:57.201 W/Search.LoginHelper(1905): [Trace]
10-20 17:35:57.201 W/Search.LoginHelper(1905): LoginHelper: get token: 1016
10-20 17:35:57.201 W/Search.LoginHelper(1905):   CachingGoogleAuthAdapter: access token cache: 0
10-20 17:35:57.201 W/Search.LoginHelper(1905):   CachingGoogleAuthAdapter: get token from wrapped adapter: 1010
10-20 17:35:57.201 W/Search.LoginHelper(1905):     FallingBackGoogleAuthAdapter: try chosen adapter: 1010
10-20 17:35:57.201 W/Search.LoginHelper(1905):       GoogleAuthAdapter: get token with auth-util: 1010
10-20 17:35:57.201 W/Search.LoginHelper(1905):   CachingGoogleAuthAdapter: put token in cache: 0
10-20 17:35:57.201 I/ActivityManager(527): Start proc com.android.inputmethod.latin for broadcast com.android.inputmethod.latin/.setup.LauncherIconVisibilityManager: pid=2046 uid=10040 gids={50040, 1028, 1015, 1023}
10-20 17:35:57.271 V/Zygote  (2063): Switching descriptor 32 to /dev/null
10-20 17:35:57.271 V/Zygote  (2063): Switching descriptor 9 to /dev/null
10-20 17:35:57.271 I/ActivityManager(527): Start proc android.process.acore for content provider com.android.providers.contacts/.ContactsProvider2: pid=2063 uid=10001 gids={50001, 3003, 1028, 1015, 1023}
10-20 17:35:57.452 I/LauncherIconVisibilityManager(2046): Boot has been completed
10-20 17:35:57.462 I/LauncherIconVisibilityManager(2046): Activity has already been disabled: ComponentInfo{com.android.inputmethod.latin/com.android.inputmethod.latin.setup.SetupActivity}
10-20 17:35:57.502 I/LauncherIconVisibilityManager(2046): Killing my process: pid=2046
10-20 17:35:57.502 I/Process (2046): Sending signal. PID: 2046 SIG: 9
10-20 17:35:57.502 I/HotwordDataManager(1905): setSpeakerModel(outratad@natur.cuni.cz,null)
10-20 17:35:57.502 I/ActivityManager(527): Process com.android.inputmethod.latin (pid 2046) has died.
10-20 17:35:57.512 I/ActivityManager(527): Killing 1564:com.google.android.keep/u0a53 (adj 15): empty #17
10-20 17:35:57.582 V/ContactsDatabaseHelper(2063): is_restricted column already present in database
10-20 17:35:57.702 I/ContactLocale(2063): AddressBook Labels [zz_ZZ]: [, A, B, C, D, E, F, G, H, I, J, K, L, M, N, O, P, Q, R, S, T, U, V, W, X, Y, Z, Α, Β, Γ, Δ, Ε, Ζ, Η, Θ, Ι, Κ, Λ, Μ, Ν, Ξ, Ο, Π, Ρ, Σ, Τ, Υ, Φ, Χ, Ψ, Ω, , А, Б, В, Г, Д, Е, Є, Ж, З, И, І, Ї, Й, К, Л, М, Н, О, П, Р, С, Т, У, Ф, Х, Ц, Ч, Ш, Щ, Ю, Я, , א, ב, ג, ד, ה, ו, ז, ח, ט, י, כ, ל, מ, נ, ס, ע, פ, צ, ק, ר, ש, ת, , ا, ب, ت, ث, ج, ح, خ, د, ذ, ر, ز, س, ش, ص, ض, ط, ظ, ع, غ, ف, ق, ك, ل, م, ن, ه, و, ي, , ก, ข, ฃ, ค, ฅ, ฆ, ง, จ, ฉ, ช, ซ, ฌ, ญ, ฎ, ฏ, ฐ, ฑ, ฒ, ณ, ด, ต, ถ, ท, ธ, น, บ, ป, ผ, ฝ, พ, ฟ, ภ, ม, ย, ร, ฤ, ล, ฦ, ว, ศ, ษ, ส, ห, ฬ, อ, ฮ, , ㄱ, ㄴ, ㄷ, ㄹ, ㅁ, ㅂ, ㅅ, ㅇ, ㅈ, ㅊ, ㅋ, ㅌ, ㅍ, ㅎ, , あ, か, さ, た, な, は, ま, や, ら, わ, #, ]
10-20 17:35:57.772 V/ContactsDatabaseHelper(2063): is_restricted column already present in database
10-20 17:35:57.832 I/ActivityManager(527): Killing 1585:com.appgenix.bizcal/u0a69 (adj 15): empty #17
10-20 17:35:58.493 W/BaseAppContext(1001): Using Auth Proxy for data requests.
10-20 17:36:04.829 I/InputReader(527): Reconfiguring input devices.  changes=0x00000010
10-20 17:36:04.849 I/PackageManager(527):   Action: "android.intent.action.SENDTO"
10-20 17:36:04.849 I/PackageManager(527):   Category: "android.intent.category.DEFAULT"
10-20 17:36:04.849 I/PackageManager(527):   Scheme: "sms"
10-20 17:36:04.849 I/PackageManager(527): Adding preferred activity ComponentInfo{com.android.mms/com.android.mms.ui.ComposeMessageActivity} for user 0 :
10-20 17:36:04.919 I/PackageManager(527):   Action: "android.intent.action.SENDTO"
10-20 17:36:04.919 I/PackageManager(527):   Category: "android.intent.category.DEFAULT"
10-20 17:36:04.919 I/PackageManager(527):   Scheme: "smsto"
10-20 17:36:04.919 I/PackageManager(527): Adding preferred activity ComponentInfo{com.android.mms/com.android.mms.ui.ComposeMessageActivity} for user 0 :
10-20 17:36:04.969 V/Zygote  (2112): Switching descriptor 32 to /dev/null
10-20 17:36:04.969 V/Zygote  (2112): Switching descriptor 9 to /dev/null
10-20 17:36:04.969 I/PackageManager(527):   Action: "android.intent.action.SENDTO"
10-20 17:36:04.969 I/PackageManager(527):   Category: "android.intent.category.DEFAULT"
10-20 17:36:04.969 I/PackageManager(527):   Scheme: "mms"
10-20 17:36:04.969 I/PackageManager(527): Adding preferred activity ComponentInfo{com.android.mms/com.android.mms.ui.ComposeMessageActivity} for user 0 :
10-20 17:36:04.979 I/ActivityManager(527): Start proc com.slim.ota for broadcast com.slim.ota/com.commonsware.cwac.wakeful.AlarmReceiver: pid=2112 uid=10041 gids={50041, 3003, 1028, 1015, 1023}
10-20 17:36:05.009 I/PackageManager(527):   Action: "android.intent.action.SENDTO"
10-20 17:36:05.009 I/PackageManager(527):   Category: "android.intent.category.DEFAULT"
10-20 17:36:05.009 I/PackageManager(527):   Scheme: "mmsto"
10-20 17:36:05.009 I/PackageManager(527): Adding preferred activity ComponentInfo{com.android.mms/com.android.mms.ui.ComposeMessageActivity} for user 0 :
10-20 17:36:05.109 W/BackupManagerService(527): dataChanged but no participant pkg='com.teslacoilsw.launcher' uid=10063
10-20 17:36:05.119 I/PackageManager(527):   Action: "android.intent.action.SENDTO"
10-20 17:36:05.119 I/PackageManager(527):   Category: "android.intent.category.DEFAULT"
10-20 17:36:05.119 I/PackageManager(527):   Scheme: "sms"
10-20 17:36:05.119 I/PackageManager(527): Adding preferred activity ComponentInfo{com.android.mms/com.android.mms.ui.ComposeMessageActivity} for user 0 :
10-20 17:36:05.149 I/PackageManager(527):   Action: "android.intent.action.SENDTO"
10-20 17:36:05.149 I/PackageManager(527):   Category: "android.intent.category.DEFAULT"
10-20 17:36:05.149 I/PackageManager(527):   Scheme: "smsto"
10-20 17:36:05.149 I/PackageManager(527): Adding preferred activity ComponentInfo{com.android.mms/com.android.mms.ui.ComposeMessageActivity} for user 0 :
10-20 17:36:05.209 I/PackageManager(527):   Action: "android.intent.action.SENDTO"
10-20 17:36:05.209 I/PackageManager(527):   Category: "android.intent.category.DEFAULT"
10-20 17:36:05.209 I/PackageManager(527):   Scheme: "mms"
10-20 17:36:05.209 I/PackageManager(527): Adding preferred activity ComponentInfo{com.android.mms/com.android.mms.ui.ComposeMessageActivity} for user 0 :
10-20 17:36:05.289 I/PackageManager(527):   Action: "android.intent.action.SENDTO"
10-20 17:36:05.289 I/PackageManager(527):   Category: "android.intent.category.DEFAULT"
10-20 17:36:05.289 I/PackageManager(527):   Scheme: "mmsto"
10-20 17:36:05.289 I/PackageManager(527): Adding preferred activity ComponentInfo{com.android.mms/com.android.mms.ui.ComposeMessageActivity} for user 0 :
10-20 17:36:05.409 I/ActivityManager(527): Start proc com.countercultured.irc.slim for broadcast com.countercultured.irc.slim/.BootReceiver: pid=2128 uid=10046 gids={50046, 3003, 1028, 1015, 1023}
10-20 17:36:05.419 V/Zygote  (2128): Switching descriptor 32 to /dev/null
10-20 17:36:05.419 V/Zygote  (2128): Switching descriptor 9 to /dev/null
10-20 17:36:05.439 I/dalvikvm(2128): Enabling JNI app bug workarounds for target SDK version 13...
10-20 17:36:05.479 I/ActivityManager(527): Killing 1235:com.google.android.apps.photos/u0a61 (adj 15): empty #17
10-20 17:36:05.600 I/IRC     (2128): Boot intent received, starting servers in 10 seconds
10-20 17:36:05.600 V/GmsNetworkLocationProvi(740): DISABLE
10-20 17:36:05.610 I/ActivityManager(527): Killing 1378:com.facebook.lite/u0a65 (adj 15): empty #17
10-20 17:36:05.630 V/AlarmClock(1528): AlarmInitReceiver android.intent.action.BOOT_COMPLETED
10-20 17:36:05.680 V/AlarmClock(1528): AlarmInitReceiver - Reset timers and clear stopwatch data
10-20 17:36:05.700 V/AlarmClock(1528): Setting silent state to instance 3
10-20 17:36:05.810 V/AlarmClock(1528): *** notifyChange() id: 3 url content://com.google.android.deskclock/instances/3
10-20 17:36:05.810 V/AlarmClock(1528): Clearing notifications for alarm instance: 3
10-20 17:36:05.810 V/AlarmClock(1528): Scheduling state change 1 to instance 3 at Wed 06:00 (1445400000000)
10-20 17:36:05.840 D/AlarmClock(1528): No state change op for alarm state 0
10-20 17:36:05.840 I/AlarmClock(1528): Displaying next alarm time: 'Wed 08:00'
10-20 17:36:05.850 V/AlarmClock(1528): AlarmInitReceiver finished
10-20 17:36:05.850 V/Zygote  (2144): Switching descriptor 32 to /dev/null
10-20 17:36:05.850 V/Zygote  (2144): Switching descriptor 9 to /dev/null
10-20 17:36:05.860 V/GmsNetworkLocationProvi(740): ENABLE
10-20 17:36:05.860 V/GmsNetworkLocationProvi(740): onSetRequest: ProviderRequestUnbundled, reportLocation is true and interval is 86400000
10-20 17:36:05.860 V/GmsNetworkLocationProvi(740): SET-REQUEST
10-20 17:36:05.860 V/GmsNetworkLocationProvi(740): in Handler: ProviderRequestUnbundled, reportLocation is true and interval is 86400000
10-20 17:36:05.860 I/ActivityManager(527): Start proc com.google.android.keep for broadcast com.google.android.keep/.notification.AlertReceiver: pid=2144 uid=10053 gids={50053, 3003, 1028, 1015, 1023}
10-20 17:36:05.890 I/dalvikvm(2144): Could not find method android.content.Context.checkSelfPermission, referenced from method com.google.android.keep.activities.KeepApplication.isPermissionGranted
10-20 17:36:05.890 W/dalvikvm(2144): VFY: unable to resolve virtual method 389: Landroid/content/Context;.checkSelfPermission (Ljava/lang/String;)I
10-20 17:36:05.890 D/dalvikvm(2144): VFY: replacing opcode 0x6e at 0x0008
10-20 17:36:06.050 I/dalvikvm(2144): Could not find method android.app.Notification$Builder.setLocalOnly, referenced from method com.google.android.gms.common.GooglePlayServicesUtil.zza
10-20 17:36:06.050 W/dalvikvm(2144): VFY: unable to resolve virtual method 245: Landroid/app/Notification$Builder;.setLocalOnly (Z)Landroid/app/Notification$Builder;
10-20 17:36:06.050 D/dalvikvm(2144): VFY: replacing opcode 0x6e at 0x0105
10-20 17:36:06.060 I/dalvikvm(2144): Could not find method android.content.pm.PackageManager.getPackageInstaller, referenced from method com.google.android.gms.common.GooglePlayServicesUtil.zzk
10-20 17:36:06.060 W/dalvikvm(2144): VFY: unable to resolve virtual method 537: Landroid/content/pm/PackageManager;.getPackageInstaller ()Landroid/content/pm/PackageInstaller;
10-20 17:36:06.060 D/dalvikvm(2144): VFY: replacing opcode 0x6e at 0x001e
10-20 17:36:06.130 I/ActivityManager(527): Delay finish: com.google.android.keep/.syncadapter.RefreshSyncReceiver
10-20 17:36:06.370 I/ActivityManager(527): Resuming delayed broadcast
10-20 17:36:06.390 V/Zygote  (2170): Switching descriptor 32 to /dev/null
10-20 17:36:06.390 V/Zygote  (2170): Switching descriptor 9 to /dev/null
10-20 17:36:06.390 I/ActivityManager(527): Start proc com.google.android.gm for broadcast com.google.android.gm/.GoogleMailDeviceStartupReceiver: pid=2170 uid=10052 gids={50052, 3003, 1028, 1015, 1023}
10-20 17:36:06.430 I/ActivityManager(527): Killing 1469:org.androworks.meteor/u0a73 (adj 15): empty #17
10-20 17:36:06.561 E/dalvikvm(2170): Could not find class 'android.app.job.JobScheduler', referenced from method com.android.email.service.r.a
10-20 17:36:06.561 W/dalvikvm(2170): VFY: unable to resolve check-cast 90 (Landroid/app/job/JobScheduler;) in Lcom/android/email/service/r;
10-20 17:36:06.561 D/dalvikvm(2170): VFY: replacing opcode 0x1f at 0x000e
10-20 17:36:06.561 E/dalvikvm(2170): Could not find class 'android.app.job.JobScheduler', referenced from method com.android.email.service.r.b
10-20 17:36:06.561 W/dalvikvm(2170): VFY: unable to resolve check-cast 90 (Landroid/app/job/JobScheduler;) in Lcom/android/email/service/r;
10-20 17:36:06.561 D/dalvikvm(2170): VFY: replacing opcode 0x1f at 0x000d
10-20 17:36:06.561 D/dalvikvm(2170): DexOpt: unable to opt direct call 0x01e1 at 0x19 in Lcom/android/email/service/r;.a
10-20 17:36:06.611 D/ActivityThread(2170): Loading provider com.android.gmail.ui: com.google.android.gm.provider.GmailProvider
10-20 17:36:06.661 D/ActivityThread(2170): Loading provider com.google.android.gmail.provider;com.android.mail.notifier;com.google.android.gm.email.provider;com.google.android.gm.email.notifier: com.android.email.provider.EmailProvider
10-20 17:36:06.721 I/dalvikvm(2170): Could not find method android.content.pm.PackageManager.getPackageInstaller, referenced from method com.google.android.gms.common.e.a
10-20 17:36:06.721 W/dalvikvm(2170): VFY: unable to resolve virtual method 801: Landroid/content/pm/PackageManager;.getPackageInstaller ()Landroid/content/pm/PackageInstaller;
10-20 17:36:06.721 D/dalvikvm(2170): VFY: replacing opcode 0x6e at 0x000b
10-20 17:36:06.721 I/dalvikvm(2170): Could not find method android.app.Notification$Builder.setLocalOnly, referenced from method com.google.android.gms.common.e.c
10-20 17:36:06.721 W/dalvikvm(2170): VFY: unable to resolve virtual method 381: Landroid/app/Notification$Builder;.setLocalOnly (Z)Landroid/app/Notification$Builder;
10-20 17:36:06.721 D/dalvikvm(2170): VFY: replacing opcode 0x6e at 0x01f9
10-20 17:36:06.731 I/Gmail   (2170): getAccountsCursor
10-20 17:36:06.791 I/dalvikvm(2170): Could not find method com.android.mail.browse.ah.setExtras, referenced from method com.android.mail.browse.w.setExtras
10-20 17:36:06.791 W/dalvikvm(2170): VFY: unable to resolve virtual method 16966: Lcom/android/mail/browse/ah;.setExtras (Landroid/os/Bundle;)V
10-20 17:36:06.791 D/dalvikvm(2170): VFY: replacing opcode 0x6e at 0x0006
10-20 17:36:06.851 W/GAV2    (2170): Thread[main,5,main]: Need to call initialize() and be in fallback mode to start dispatch.
10-20 17:36:06.911 V/Zygote  (2195): Switching descriptor 32 to /dev/null
10-20 17:36:06.911 V/Zygote  (2195): Switching descriptor 9 to /dev/null
10-20 17:36:06.911 I/ActivityManager(527): Start proc com.google.android.gm.exchange for service com.google.android.gm.exchange/com.android.exchange.service.EasService: pid=2195 uid=10049 gids={50049, 3003, 1028, 1015, 1023}
10-20 17:36:06.931 E/Gmail   (2170): Error finding the version of the Email provider.....
10-20 17:36:06.931 E/Gmail   (2170): android.content.pm.PackageManager$NameNotFoundException: com.google.android.email
10-20 17:36:06.931 E/Gmail   (2170): 	at android.app.ApplicationPackageManager.getPackageInfo(ApplicationPackageManager.java:83)
10-20 17:36:06.931 E/Gmail   (2170): 	at com.google.android.gm.EmailMigrationService.a(SourceFile:1280)
10-20 17:36:06.931 E/Gmail   (2170): 	at com.google.android.gm.EmailMigrationService.onHandleIntent(SourceFile:219)
10-20 17:36:06.931 E/Gmail   (2170): 	at android.app.IntentService$ServiceHandler.handleMessage(IntentService.java:65)
10-20 17:36:06.931 E/Gmail   (2170): 	at android.os.Handler.dispatchMessage(Handler.java:102)
10-20 17:36:06.931 E/Gmail   (2170): 	at android.os.Looper.loop(Looper.java:136)
10-20 17:36:06.931 E/Gmail   (2170): 	at android.os.HandlerThread.run(HandlerThread.java:61)
10-20 17:36:06.931 W/EmailMigration(2170): We do not support migrating this version of the Email provider.
10-20 17:36:06.991 W/ActivityManager(527): Unable to start service Intent { cmp=com.google.android.gm/com.android.email.service.AttachmentService } U=0: not found
10-20 17:36:07.001 I/Gmail   (2170): Observing account changes for notifications
10-20 17:36:07.021 W/InstanceID/Rpc(2170): Found 10016
10-20 17:36:07.021 I/Gmail   (2170): getAccountsCursor
10-20 17:36:07.031 I/ActivityManager(527): Delay finish: com.google.android.gm/com.android.email.service.EmailBroadcastReceiver
10-20 17:36:07.081 V/AlarmClock(1528): No connected nodes
10-20 17:36:07.091 V/Zygote  (2216): Switching descriptor 32 to /dev/null
10-20 17:36:07.091 V/Zygote  (2216): Switching descriptor 9 to /dev/null
10-20 17:36:07.091 I/ActivityManager(527): Resuming delayed broadcast
10-20 17:36:07.101 I/ActivityManager(527): Start proc com.google.android.apps.maps for broadcast com.google.android.apps.maps/com.google.android.apps.gmm.iamhere.ble.StartBleServiceReceiver: pid=2216 uid=10055 gids={50055, 3003, 1028, 1015, 1023, 3002, 3001}
10-20 17:36:07.111 E/ActivityThread(2170): Service com.android.email.service.EmailBroadcastProcessorService has leaked ServiceConnection com.android.emailcommon.service.an@41b97868 that was originally bound here
10-20 17:36:07.111 E/ActivityThread(2170): android.app.ServiceConnectionLeaked: Service com.android.email.service.EmailBroadcastProcessorService has leaked ServiceConnection com.android.emailcommon.service.an@41b97868 that was originally bound here
10-20 17:36:07.111 E/ActivityThread(2170): 	at android.app.LoadedApk$ServiceDispatcher.<init>(LoadedApk.java:970)
10-20 17:36:07.111 E/ActivityThread(2170): 	at android.app.LoadedApk.getServiceDispatcher(LoadedApk.java:864)
10-20 17:36:07.111 E/ActivityThread(2170): 	at android.app.ContextImpl.bindServiceCommon(ContextImpl.java:1569)
10-20 17:36:07.111 E/ActivityThread(2170): 	at android.app.ContextImpl.bindService(ContextImpl.java:1552)
10-20 17:36:07.111 E/ActivityThread(2170): 	at android.content.ContextWrapper.bindService(ContextWrapper.java:517)
10-20 17:36:07.111 E/ActivityThread(2170): 	at com.android.emailcommon.service.al.a(SourceFile:181)
10-20 17:36:07.111 E/ActivityThread(2170): 	at com.android.emailcommon.service.al.e(SourceFile:222)
10-20 17:36:07.111 E/ActivityThread(2170): 	at com.android.email.service.m.c(SourceFile:158)
10-20 17:36:07.111 E/ActivityThread(2170): 	at com.android.email.provider.b.a(SourceFile:201)
10-20 17:36:07.111 E/ActivityThread(2170): 	at com.android.email.provider.b.a(SourceFile:145)
10-20 17:36:07.111 E/ActivityThread(2170): 	at com.android.email.service.EmailBroadcastProcessorService.c(SourceFile:349)
10-20 17:36:07.111 E/ActivityThread(2170): 	at com.android.email.service.EmailBroadcastProcessorService.onHandleIntent(SourceFile:1334)
10-20 17:36:07.111 E/ActivityThread(2170): 	at android.app.IntentService$ServiceHandler.handleMessage(IntentService.java:65)
10-20 17:36:07.111 E/ActivityThread(2170): 	at android.os.Handler.dispatchMessage(Handler.java:102)
10-20 17:36:07.111 E/ActivityThread(2170): 	at android.os.Looper.loop(Looper.java:136)
10-20 17:36:07.111 E/ActivityThread(2170): 	at android.os.HandlerThread.run(HandlerThread.java:61)
10-20 17:36:07.131 W/GAV2    (2195): Thread[main,5,main]: Need to call initialize() and be in fallback mode to start dispatch.
10-20 17:36:07.151 I/dalvikvm(2170): Could not find method android.os.PowerManager.isInteractive, referenced from method com.google.android.gm.provider.fp.a
10-20 17:36:07.151 W/dalvikvm(2170): VFY: unable to resolve virtual method 1655: Landroid/os/PowerManager;.isInteractive ()Z
10-20 17:36:07.151 D/dalvikvm(2170): VFY: replacing opcode 0x6e at 0x006a
10-20 17:36:07.181 I/Exchange(2195): EasService.onCreate
10-20 17:36:07.231 I/Exchange(2195): RestartPingTask
10-20 17:36:07.251 I/Exchange(2195): RestartPingsTask did not start any pings.
10-20 17:36:07.251 I/Exchange(2195): PSS stopIfIdle
10-20 17:36:07.251 I/Exchange(2195): PSS has no active accounts; stopping service.
10-20 17:36:07.251 I/Exchange(2195): onDestroy
10-20 17:36:07.261 I/ActivityManager(527): Killing 1491:com.sygic.aura/u0a74 (adj 15): empty #17
10-20 17:36:08.122 E/cutils  (162): Failed to mkdirat(/storage/usbdisk/Android): Read-only file system
10-20 17:36:08.122 W/ContextImpl(2216): Failed to ensure directory: /storage/usbdisk/Android/data/com.google.android.apps.maps/files
10-20 17:36:08.122 W/Vold    (162): Returning OperationFailed - no handler for errno 30
10-20 17:36:08.132 I/Gmail   (2170): getAccountsCursor
10-20 17:36:08.142 E/cutils  (162): Failed to mkdirat(/storage/usbdisk/Android): Read-only file system
10-20 17:36:08.142 W/ContextImpl(2216): Failed to ensure directory: /storage/usbdisk/Android/data/com.google.android.apps.maps/files
10-20 17:36:08.142 W/Vold    (162): Returning OperationFailed - no handler for errno 30
10-20 17:36:08.162 I/Gmail   (2170): notifyAccountChanged
10-20 17:36:08.192 I/Gmail   (2170): calculateUnknownSyncRationalesAndPurgeInBackground: queueing
10-20 17:36:08.192 V/GLSActivity(957): AuthDelegateWrapperCreated with selected intent: Intent { cmp=com.google.android.gms/.auth.DefaultAuthDelegateService }
10-20 17:36:08.202 V/GLSActivity(957): AuthDelegateWrapperCreated with selected intent: Intent { cmp=com.google.android.gms/.auth.DefaultAuthDelegateService }
10-20 17:36:08.282 I/Gmail   (2170): calculateUnknownSyncRationalesAndPurgeInBackground: queueing
10-20 17:36:08.402 I/Gmail   (2170): calculateUnknownSyncRationalesAndPurgeInBackground: exiting (labelMap not synced
10-20 17:36:08.412 I/Gmail   (2170): Sending provider changed intent: Intent { act=android.intent.action.PROVIDER_CHANGED dat=content://gmail-ls/unread/^sq_ig_i_social (has extras) }
10-20 17:36:08.442 I/Gmail   (2170): Sending provider changed intent: Intent { act=android.intent.action.PROVIDER_CHANGED dat=content://gmail-ls/unread/^sq_ig_i_promo (has extras) }
10-20 17:36:08.452 D/StrictMode(2216): StrictMode policy violation; ~duration=644 ms: android.os.StrictMode$StrictModeDiskReadViolation: policy=31 violation=2
10-20 17:36:08.452 D/StrictMode(2216): 	at android.os.StrictMode$AndroidBlockGuardPolicy.onReadFromDisk(StrictMode.java:1135)
10-20 17:36:08.452 D/StrictMode(2216): 	at libcore.io.BlockGuardOs.open(BlockGuardOs.java:106)
10-20 17:36:08.452 D/StrictMode(2216): 	at libcore.io.IoUtils.canOpenReadOnly(IoUtils.java:163)
10-20 17:36:08.452 D/StrictMode(2216): 	at dalvik.system.DexPathList.findLibrary(DexPathList.java:384)
10-20 17:36:08.452 D/StrictMode(2216): 	at dalvik.system.BaseDexClassLoader.findLibrary(BaseDexClassLoader.java:77)
10-20 17:36:08.452 D/StrictMode(2216): 	at java.lang.Runtime.loadLibrary(Runtime.java:356)
10-20 17:36:08.452 D/StrictMode(2216): 	at java.lang.System.loadLibrary(System.java:526)
10-20 17:36:08.452 D/StrictMode(2216): 	at com.google.android.libraries.social.jni.crashreporter.NativeCrashHandler.a(PG:188)
10-20 17:36:08.452 D/StrictMode(2216): 	at com.google.android.libraries.social.jni.crashreporter.NativeCrashHandler.a(PG:1065)
10-20 17:36:08.452 D/StrictMode(2216): 	at com.google.android.apps.gmm.base.app.a.a(PG:129)
10-20 17:36:08.452 D/StrictMode(2216): 	at com.google.android.apps.gmm.base.app.GoogleMapsApplication.a(PG:221)
10-20 17:36:08.452 D/StrictMode(2216): 	at com.google.android.apps.gmm.base.app.GoogleMapsApplication.onCreate(PG:189)
10-20 17:36:08.452 D/StrictMode(2216): 	at android.app.Instrumentation.callApplicationOnCreate(Instrumentation.java:1007)
10-20 17:36:08.452 D/StrictMode(2216): 	at android.app.ActivityThread.handleBindApplication(ActivityThread.java:4361)
10-20 17:36:08.452 D/StrictMode(2216): 	at android.app.ActivityThread.access$1500(ActivityThread.java:138)
10-20 17:36:08.452 D/StrictMode(2216): 	at android.app.ActivityThread$H.handleMessage(ActivityThread.java:1259)
10-20 17:36:08.452 D/StrictMode(2216): 	at android.os.Handler.dispatchMessage(Handler.java:102)
10-20 17:36:08.452 D/StrictMode(2216): 	at android.os.Looper.loop(Looper.java:136)
10-20 17:36:08.452 D/StrictMode(2216): 	at android.app.ActivityThread.main(ActivityThread.java:5034)
10-20 17:36:08.452 D/StrictMode(2216): 	at java.lang.reflect.Method.invokeNative(Native Method)
10-20 17:36:08.452 D/StrictMode(2216): 	at java.lang.reflect.Method.invoke(Method.java:515)
10-20 17:36:08.452 D/StrictMode(2216): 	at com.android.internal.os.ZygoteInit$MethodAndArgsCaller.run(ZygoteInit.java:795)
10-20 17:36:08.452 D/StrictMode(2216): 	at com.android.internal.os.ZygoteInit.main(ZygoteInit.java:611)
10-20 17:36:08.452 D/StrictMode(2216): 	at dalvik.system.NativeStart.main(Native Method)
10-20 17:36:08.452 D/StrictMode(2216): StrictMode policy violation; ~duration=322 ms: android.os.StrictMode$StrictModeDiskReadViolation: policy=31 violation=2
10-20 17:36:08.452 D/StrictMode(2216): 	at android.os.StrictMode$AndroidBlockGuardPolicy.onReadFromDisk(StrictMode.java:1135)
10-20 17:36:08.452 D/StrictMode(2216): 	at libcore.io.BlockGuardOs.open(BlockGuardOs.java:106)
10-20 17:36:08.452 D/StrictMode(2216): 	at libcore.io.IoBridge.open(IoBridge.java:393)
10-20 17:36:08.452 D/StrictMode(2216): 	at java.io.FileInputStream.<init>(FileInputStream.java:78)
10-20 17:36:08.452 D/StrictMode(2216): 	at android.app.ContextImpl.openFileInput(ContextImpl.java:788)
10-20 17:36:08.452 D/StrictMode(2216): 	at android.content.ContextWrapper.openFileInput(ContextWrapper.java:179)
10-20 17:36:08.452 D/StrictMode(2216): 	at com.google.android.apps.gmm.shared.i.h.a(PG:266)
10-20 17:36:08.452 D/StrictMode(2216): 	at com.google.android.apps.gmm.map.m.q.a(PG:9908)
10-20 17:36:08.452 D/StrictMode(2216): 	at com.google.android.apps.gmm.shared.f.a.a(PG:48)
10-20 17:36:08.452 D/StrictMode(2216): 	at com.google.android.apps.gmm.map.m.e.a(PG:1537)
10-20 17:36:08.452 D/StrictMode(2216): 	at com.google.android.apps.gmm.base.app.a.a(PG:244)
10-20 17:36:08.452 D/StrictMode(2216): 	at com.google.android.apps.gmm.base.app.a.a(PG:2265)
10-20 17:36:08.452 D/StrictMode(2216): 	at com.google.android.apps.gmm.base.app.GoogleMapsApplication.a(PG:221)
10-20 17:36:08.452 D/StrictMode(2216): 	at com.google.android.apps.gmm.base.app.GoogleMapsApplication.onCreate(PG:189)
10-20 17:36:08.452 D/StrictMode(2216): 	at android.app.Instrumentation.callApplicationOnCreate(Instrumentation.java:1007)
10-20 17:36:08.452 D/StrictMode(2216): 	at android.app.ActivityThread.handleBindApplication(ActivityThread.java:4361)
