10-20 17:36:08.452 D/StrictMode(2216): 	at android.app.ActivityThread.access$1500(ActivityThread.java:138)
10-20 17:36:08.452 D/StrictMode(2216): 	at android.app.ActivityThread$H.handleMessage(ActivityThread.java:1259)
10-20 17:36:08.452 D/StrictMode(2216): 	at android.os.Handler.dispatchMessage(Handler.java:102)
10-20 17:36:08.452 D/StrictMode(2216): 	at android.os.Looper.loop(Looper.java:136)
10-20 17:36:08.452 D/StrictMode(2216): 	at android.app.ActivityThread.main(ActivityThread.java:5034)
10-20 17:36:08.452 D/StrictMode(2216): 	at java.lang.reflect.Method.invokeNative(Native Method)
10-20 17:36:08.452 D/StrictMode(2216): 	at java.lang.reflect.Method.invoke(Method.java:515)
10-20 17:36:08.452 D/StrictMode(2216): 	at com.android.internal.os.ZygoteInit$MethodAndArgsCaller.run(ZygoteInit.java:795)
10-20 17:36:08.452 D/StrictMode(2216): 	at com.android.internal.os.ZygoteInit.main(ZygoteInit.java:611)
10-20 17:36:08.452 D/StrictMode(2216): 	at dalvik.system.NativeStart.main(Native Method)
10-20 17:36:08.452 D/StrictMode(2216): StrictMode policy violation; ~duration=301 ms: android.os.StrictMode$StrictModeDiskReadViolation: policy=31 violation=2
10-20 17:36:08.452 D/StrictMode(2216): 	at android.os.StrictMode$AndroidBlockGuardPolicy.onReadFromDisk(StrictMode.java:1135)
10-20 17:36:08.452 D/StrictMode(2216): 	at libcore.io.BlockGuardOs.read(BlockGuardOs.java:148)
10-20 17:36:08.452 D/StrictMode(2216): 	at libcore.io.IoBridge.read(IoBridge.java:425)
10-20 17:36:08.452 D/StrictMode(2216): 	at java.io.FileInputStream.read(FileInputStream.java:179)
10-20 17:36:08.452 D/StrictMode(2216): 	at java.io.BufferedInputStream.read(BufferedInputStream.java:283)
10-20 17:36:08.452 D/StrictMode(2216): 	at java.io.DataInputStream.read(DataInputStream.java:63)
10-20 17:36:08.452 D/StrictMode(2216): 	at com.google.q.k.d(PG:1187)
10-20 17:36:08.452 D/StrictMode(2216): 	at com.google.q.k.a(PG:2107)
10-20 17:36:08.452 D/StrictMode(2216): 	at com.google.android.apps.gmm.shared.net.d.c.<init>(PG:66)
10-20 17:36:08.452 D/StrictMode(2216): 	at com.google.android.apps.gmm.shared.net.d.c.a(PG:492)
10-20 17:36:08.452 D/StrictMode(2216): 	at com.google.q.v.a(PG:1149)
10-20 17:36:08.452 D/StrictMode(2216): 	at com.google.q.y.a(PG:2176)
10-20 17:36:08.452 D/StrictMode(2216): 	at com.google.q.e.b(PG:170)
10-20 17:36:08.452 D/StrictMode(2216): 	at com.google.q.e.b(PG:15188)
10-20 17:36:08.452 D/StrictMode(2216): 	at com.google.android.apps.gmm.shared.i.h.a(PG:267)
10-20 17:36:08.452 D/StrictMode(2216): 	at com.google.android.apps.gmm.map.m.q.a(PG:9908)
10-20 17:36:08.452 D/StrictMode(2216): 	at com.google.android.apps.gmm.shared.f.a.a(PG:48)
10-20 17:36:08.452 D/StrictMode(2216): 	at com.google.android.apps.gmm.map.m.e.a(PG:1537)
10-20 17:36:08.452 D/StrictMode(2216): 	at com.google.android.apps.gmm.base.app.a.a(PG:244)
10-20 17:36:08.452 D/StrictMode(2216): 	at com.google.android.apps.gmm.base.app.a.a(PG:2265)
10-20 17:36:08.452 D/StrictMode(2216): 	at com.google.android.apps.gmm.base.app.GoogleMapsApplication.a(PG:221)
10-20 17:36:08.452 D/StrictMode(2216): 	at com.google.android.apps.gmm.base.app.GoogleMapsApplication.onCreate(PG:189)
10-20 17:36:08.452 D/StrictMode(2216): 	at android.app.Instrumentation.callApplicationOnCreate(Instrumentation.java:1007)
10-20 17:36:08.452 D/StrictMode(2216): 	at android.app.ActivityThread.handleBindApplication(ActivityThread.java:4361)
10-20 17:36:08.452 D/StrictMode(2216): 	at android.app.ActivityThread.access$1500(ActivityThread.java:138)
10-20 17:36:08.452 D/StrictMode(2216): 	at android.app.ActivityThread$H.handleMessage(ActivityThread.java:1259)
10-20 17:36:08.452 D/StrictMode(2216): 	at android.os.Handler.dispatchMessage(Handler.java:102)
10-20 17:36:08.452 D/StrictMode(2216): 	at android.os.Looper.loop(Looper.java:136)
10-20 17:36:08.452 D/StrictMode(2216): 	at android.app.ActivityThread.main(ActivityThread.java:5034)
10-20 17:36:08.452 D/StrictMode(2216): 	at java.lang.reflect.Method.invokeNative(Native Method)
10-20 17:36:08.452 D/StrictMode(2216): 	at java.lang.reflect.Method.invoke(Method.java:515)
10-20 17:36:08.452 D/StrictMode(2216): 	at com.android.internal.os.ZygoteInit$MethodAndArgsCaller.run(ZygoteInit.java:795)
10-20 17:36:08.452 D/StrictMode(2216): 	at com.android.internal.os.ZygoteInit.main(ZygoteInit.java:611)
10-20 17:36:08.452 D/StrictMode(2216): 	at dalvik.system.NativeStart.main(Native Method)
10-20 17:36:08.452 I/Gmail   (2170): Sending provider changed intent: Intent { act=android.intent.action.PROVIDER_CHANGED dat=content://gmail-ls/unread/^sq_ig_i_personal (has extras) }
10-20 17:36:08.462 D/StrictMode(2216): StrictMode policy violation; ~duration=295 ms: android.os.StrictMode$StrictModeDiskReadViolation: policy=31 violation=2
10-20 17:36:08.462 D/StrictMode(2216): 	at android.os.StrictMode$AndroidBlockGuardPolicy.onReadFromDisk(StrictMode.java:1135)
10-20 17:36:08.462 D/StrictMode(2216): 	at libcore.io.BlockGuardOs.read(BlockGuardOs.java:148)
10-20 17:36:08.462 D/StrictMode(2216): 	at libcore.io.IoBridge.read(IoBridge.java:425)
10-20 17:36:08.462 D/StrictMode(2216): 	at java.io.FileInputStream.read(FileInputStream.java:179)
10-20 17:36:08.462 D/StrictMode(2216): 	at java.io.InputStream.read(InputStream.java:162)
10-20 17:36:08.462 D/StrictMode(2216): 	at java.io.BufferedInputStream.fillbuf(BufferedInputStream.java:142)
10-20 17:36:08.462 D/StrictMode(2216): 	at java.io.BufferedInputStream.read(BufferedInputStream.java:288)
10-20 17:36:08.462 D/StrictMode(2216): 	at java.io.DataInputStream.read(DataInputStream.java:63)
10-20 17:36:08.462 D/StrictMode(2216): 	at com.google.q.k.c(PG:1302)
10-20 17:36:08.462 D/StrictMode(2216): 	at com.google.q.k.d(PG:583)
10-20 17:36:08.462 D/StrictMode(2216): 	at com.google.android.apps.gmm.shared.net.d.c.<init>(PG:90)
10-20 17:36:08.462 D/StrictMode(2216): 	at com.google.android.apps.gmm.shared.net.d.c.a(PG:492)
10-20 17:36:08.462 D/StrictMode(2216): 	at com.google.q.v.a(PG:1149)
10-20 17:36:08.462 D/StrictMode(2216): 	at com.google.q.y.a(PG:2176)
10-20 17:36:08.462 D/StrictMode(2216): 	at com.google.q.e.b(PG:170)
10-20 17:36:08.462 D/StrictMode(2216): 	at com.google.q.e.b(PG:15188)
10-20 17:36:08.462 D/StrictMode(2216): 	at com.google.android.apps.gmm.shared.i.h.a(PG:267)
10-20 17:36:08.462 D/StrictMode(2216): 	at com.google.android.apps.gmm.map.m.q.a(PG:9908)
10-20 17:36:08.462 D/StrictMode(2216): 	at com.google.android.apps.gmm.shared.f.a.a(PG:48)
10-20 17:36:08.462 D/StrictMode(2216): 	at com.google.android.apps.gmm.map.m.e.a(PG:1537)
10-20 17:36:08.462 D/StrictMode(2216): 	at com.google.android.apps.gmm.base.app.a.a(PG:244)
10-20 17:36:08.462 D/StrictMode(2216): 	at com.google.android.apps.gmm.base.app.a.a(PG:2265)
10-20 17:36:08.462 D/StrictMode(2216): 	at com.google.android.apps.gmm.base.app.GoogleMapsApplication.a(PG:221)
10-20 17:36:08.462 D/StrictMode(2216): 	at com.google.android.apps.gmm.base.app.GoogleMapsApplication.onCreate(PG:189)
10-20 17:36:08.462 D/StrictMode(2216): 	at android.app.Instrumentation.callApplicationOnCreate(Instrumentation.java:1007)
10-20 17:36:08.462 D/StrictMode(2216): 	at android.app.ActivityThread.handleBindApplication(ActivityThread.java:4361)
10-20 17:36:08.462 D/StrictMode(2216): 	at android.app.ActivityThread.access$1500(ActivityThread.java:138)
10-20 17:36:08.462 D/StrictMode(2216): 	at android.app.ActivityThread$H.handleMessage(ActivityThread.java:1259)
10-20 17:36:08.462 D/StrictMode(2216): 	at android.os.Handler.dispatchMessage(Handler.java:102)
10-20 17:36:08.462 D/StrictMode(2216): 	at android.os.Looper.loop(Looper.java:136)
10-20 17:36:08.462 D/StrictMode(2216): 	at android.app.ActivityThread.main(ActivityThread.java:5034)
10-20 17:36:08.462 D/StrictMode(2216): 	at java.lang.reflect.Method.invokeNative(Native Method)
10-20 17:36:08.462 D/StrictMode(2216): 	at java.lang.reflect.Method.invoke(Method.java:515)
10-20 17:36:08.462 D/StrictMode(2216): 	at com.android.internal.os.ZygoteInit$MethodAndArgsCaller.run(ZygoteInit.java:795)
10-20 17:36:08.462 D/StrictMode(2216): 	at com.android.internal.os.ZygoteInit.main(ZygoteInit.java:611)
10-20 17:36:08.462 D/StrictMode(2216): 	at dalvik.system.NativeStart.main(Native Method)
10-20 17:36:08.472 V/Zygote  (2250): Switching descriptor 32 to /dev/null
10-20 17:36:08.472 V/Zygote  (2250): Switching descriptor 9 to /dev/null
10-20 17:36:08.472 I/Gmail   (2170): calculateUnknownSyncRationalesAndPurgeInBackground: running
10-20 17:36:08.482 I/Gmail   (2170): Sending provider changed intent: Intent { act=android.intent.action.PROVIDER_CHANGED dat=content://gmail-ls/unread/^sq_ig_i_notification (has extras) }
10-20 17:36:08.482 I/ActivityManager(527): Start proc com.buak.Link2SD for broadcast com.buak.Link2SD/.BootReceiver: pid=2250 uid=10059 gids={50059, 1028, 1023, 1015, 3003}
10-20 17:36:08.482 I/ActivityManager(527): Killing 1740:com.android.dialer/u0a9 (adj 15): empty #17
10-20 17:36:08.492 I/Gmail   (2170): calculateUnknownSyncRationalesAndPurgeInBackground: exiting (labelMap not synced
10-20 17:36:08.552 I/ActivityManager(527): Killing 1407:com.zentity.vodafone/u0a70 (adj 15): empty #17
10-20 17:36:08.602 I/dalvikvm(2216): Could not find method android.os.PowerManager.isPowerSaveMode, referenced from method com.google.android.apps.gmm.iamhere.ble.o.b
10-20 17:36:08.602 W/dalvikvm(2216): VFY: unable to resolve virtual method 1475: Landroid/os/PowerManager;.isPowerSaveMode ()Z
10-20 17:36:08.602 D/dalvikvm(2216): VFY: replacing opcode 0x6e at 0x0068
10-20 17:36:08.613 I/Gmail   (2170): calculateUnknownSyncRationalesAndPurgeInBackground: running
10-20 17:36:08.613 D/dalvikvm(2250): DexOpt: couldn't find static field Landroid/os/Build;.SUPPORTED_64_BIT_ABIS
10-20 17:36:08.613 W/dalvikvm(2250): VFY: unable to resolve static field 1164 (SUPPORTED_64_BIT_ABIS) in Landroid/os/Build;
10-20 17:36:08.613 D/dalvikvm(2250): VFY: replacing opcode 0x62 at 0x0007
10-20 17:36:08.673 I/dalvikvm(2216): Could not find method android.content.pm.PackageManager.getPackageInstaller, referenced from method com.google.android.gms.common.d.a
10-20 17:36:08.673 W/dalvikvm(2216): VFY: unable to resolve virtual method 571: Landroid/content/pm/PackageManager;.getPackageInstaller ()Landroid/content/pm/PackageInstaller;
10-20 17:36:08.673 D/dalvikvm(2216): VFY: replacing opcode 0x6e at 0x000f
10-20 17:36:08.683 I/Gmail   (2170): getAccountsCursor
10-20 17:36:08.693 I/dalvikvm(2216): Could not find method android.app.Notification$Builder.setLocalOnly, referenced from method com.google.android.gms.common.d.c
10-20 17:36:08.693 W/dalvikvm(2216): VFY: unable to resolve virtual method 306: Landroid/app/Notification$Builder;.setLocalOnly (Z)Landroid/app/Notification$Builder;
10-20 17:36:08.693 D/dalvikvm(2216): VFY: replacing opcode 0x6e at 0x01d7
10-20 17:36:08.703 V/Zygote  (2265): Switching descriptor 32 to /dev/null
10-20 17:36:08.703 V/Zygote  (2265): Switching descriptor 9 to /dev/null
10-20 17:36:08.703 I/ActivityManager(527): Start proc com.keramidas.TitaniumBackup for broadcast com.keramidas.TitaniumBackup/.schedules.BootReceiver: pid=2265 uid=10058 gids={50058, 1028, 1023, 1015, 3003}
10-20 17:36:08.823 I/o.ᔁ   (2265): onCreate()
10-20 17:36:08.823 D/dalvikvm(2265): Trying to load lib /data/app-lib/com.keramidas.TitaniumBackup-1/libtitanium.so 0x41a0ddc0
10-20 17:36:08.823 D/dalvikvm(2265): Added shared lib /data/app-lib/com.keramidas.TitaniumBackup-1/libtitanium.so 0x41a0ddc0
10-20 17:36:09.033 I/Gmail   (2170): master sync=true, engine sync=false
10-20 17:36:09.043 I/o.ᔁ   (2265): Detected CPU architecture: ARM
10-20 17:36:09.063 W/Settings(2265): Setting android_id has moved from android.provider.Settings.System to android.provider.Settings.Secure, returning read-only value.
10-20 17:36:09.073 D/o.S     (2265): Debug features are disabled.
10-20 17:36:09.073 I/o.I     (2265): restoreMySettings_ifNeeded()
10-20 17:36:09.073 I/o.I     (2265): Internal settings found => No need to restore.
10-20 17:36:09.153 E/Gmail.LabelManager(2170): Unable to get label ^i for account outratad@natur.cuni.cz
10-20 17:36:09.153 E/Gmail   (2170): Couldn't find label: ^i
10-20 17:36:09.153 D/su      (2300): su invoked.
10-20 17:36:09.153 D/su      (2300): starting daemon client 10059 10059
10-20 17:36:09.153 D/su      (2302): remote pid: 2300
10-20 17:36:09.153 D/su      (2302): remote pts_slave: 
10-20 17:36:09.153 D/su      (2302): waiting for child exit
10-20 17:36:09.163 W/Resources(2265): Converting to string: TypedValue{t=0x10/d=0x0 a=-1}
10-20 17:36:09.163 D/su      (2304): su invoked.
10-20 17:36:09.163 W/Resources(2265): Converting to string: TypedValue{t=0x10/d=0x0 a=-1}
10-20 17:36:09.173 W/Resources(2265): Converting to string: TypedValue{t=0x10/d=0x0 a=-1}
10-20 17:36:09.173 W/Resources(2265): Converting to string: TypedValue{t=0x10/d=0xf a=-1}
10-20 17:36:09.173 D/su      (2304): db allowed
10-20 17:36:09.173 W/Resources(2265): Converting to string: TypedValue{t=0x10/d=0x80 a=-1}
10-20 17:36:09.173 D/su      (2304): 10059 /system/xbin/su executing 0 /system/bin/sh using binary /system/bin/sh : sh
10-20 17:36:09.183 W/Resources(2265): Converting to string: TypedValue{t=0x10/d=0x80 a=-1}
10-20 17:36:09.183 W/Resources(2265): Converting to string: TypedValue{t=0x10/d=0x3 a=-1}
10-20 17:36:09.183 W/Resources(2265): Converting to string: TypedValue{t=0x10/d=0x3 a=-1}
10-20 17:36:09.213 W/Resources(2265): Converting to string: TypedValue{t=0x10/d=0x20 a=-1}
10-20 17:36:09.213 W/Resources(2265): Converting to string: TypedValue{t=0x10/d=0x20 a=-1}
10-20 17:36:09.213 W/Resources(2265): Converting to string: TypedValue{t=0x10/d=0x1 a=-1}
10-20 17:36:09.223 W/Resources(2265): Converting to string: TypedValue{t=0x10/d=0x3 a=-1}
10-20 17:36:09.223 W/Resources(2265): Converting to string: TypedValue{t=0x10/d=0x3 a=-1}
10-20 17:36:09.243 I/com.keramidas.TitaniumBackup.schedules.BootReceiver(2265): Boot has completed => Scheduling next wake-up ...
10-20 17:36:09.243 I/o.s     (2265): scheduleNextWakeup(): Invoked with idToExcludeForToday=null
10-20 17:36:09.253 W/com.google.a.a.b.d.a(2216): Application name is not set. Call Builder#setApplicationName.
10-20 17:36:09.323 D/BluetoothManagerService(527): Message: 20
10-20 17:36:09.323 D/BluetoothManagerService(527): Added callback: android.bluetooth.IBluetoothManagerCallback$Stub$Proxy@41d89e48:true
10-20 17:36:09.363 I/o.s     (2265): scheduleNextWakeup(): No next wakeup scheduled.
10-20 17:36:09.363 I/ActivityManager(527): Killing 1535:com.android.providers.calendar/u0a2 (adj 15): empty #17
10-20 17:36:09.403 V/Zygote  (2313): Switching descriptor 32 to /dev/null
10-20 17:36:09.403 V/Zygote  (2313): Switching descriptor 9 to /dev/null
10-20 17:36:09.423 I/ActivityManager(527): Start proc com.appgenix.bizcal for broadcast com.appgenix.bizcal/.BizCalReceiver: pid=2313 uid=10069 gids={50069, 3003, 1028, 1023, 1015}
10-20 17:36:09.704 I/Fabric  (2313): Initializing Crashlytics 2.3.3.61
10-20 17:36:09.734 D/AndroidRuntime(2305): 
10-20 17:36:09.734 D/AndroidRuntime(2305): >>>>>> AndroidRuntime START com.android.internal.os.RuntimeInit <<<<<<
10-20 17:36:09.744 D/AndroidRuntime(2305): CheckJNI is OFF
10-20 17:36:09.764 D/dalvikvm(2305): Trying to load lib libjavacore.so 0x0
10-20 17:36:09.774 D/dalvikvm(2305): Added shared lib libjavacore.so 0x0
10-20 17:36:09.774 D/dalvikvm(2305): Trying to load lib libnativehelper.so 0x0
10-20 17:36:09.774 D/dalvikvm(2305): Added shared lib libnativehelper.so 0x0
10-20 17:36:09.774 D/dalvikvm(2305): No JNI_OnLoad found in libnativehelper.so 0x0, skipping init
10-20 17:36:09.864 D/dalvikvm(2305): Note: class Landroid/app/ActivityManagerNative; has 181 unimplemented (abstract) methods
10-20 17:36:09.934 W/System.err(2313): android.content.pm.PackageManager$NameNotFoundException: com.google.android.calendar
10-20 17:36:09.944 W/System.err(2313): 	at android.app.ApplicationPackageManager.getPackageInfo(ApplicationPackageManager.java:83)
10-20 17:36:09.944 W/System.err(2313): 	at com.appgenix.bizcal.util.Util.isGoogleCalendar5Installed(Util.java:507)
10-20 17:36:09.944 W/System.err(2313): 	at com.appgenix.bizcal.BizCalApplication.onCreate(BizCalApplication.java:47)
10-20 17:36:09.944 W/System.err(2313): 	at android.app.Instrumentation.callApplicationOnCreate(Instrumentation.java:1007)
10-20 17:36:09.944 W/System.err(2313): 	at android.app.ActivityThread.handleBindApplication(ActivityThread.java:4361)
10-20 17:36:09.944 W/System.err(2313): 	at android.app.ActivityThread.access$1500(ActivityThread.java:138)
10-20 17:36:09.944 W/System.err(2313): 	at android.app.ActivityThread$H.handleMessage(ActivityThread.java:1259)
10-20 17:36:09.944 W/System.err(2313): 	at android.os.Handler.dispatchMessage(Handler.java:102)
10-20 17:36:09.944 W/System.err(2313): 	at android.os.Looper.loop(Looper.java:136)
10-20 17:36:09.944 W/System.err(2313): 	at android.app.ActivityThread.main(ActivityThread.java:5034)
10-20 17:36:09.944 W/System.err(2313): 	at java.lang.reflect.Method.invokeNative(Native Method)
10-20 17:36:09.944 W/System.err(2313): 	at java.lang.reflect.Method.invoke(Method.java:515)
10-20 17:36:09.944 W/System.err(2313): 	at com.android.internal.os.ZygoteInit$MethodAndArgsCaller.run(ZygoteInit.java:795)
10-20 17:36:09.944 W/System.err(2313): 	at com.android.internal.os.ZygoteInit.main(ZygoteInit.java:611)
10-20 17:36:09.944 W/System.err(2313): 	at dalvik.system.NativeStart.main(Native Method)
10-20 17:36:10.114 I/dalvikvm(2313): Could not find method android.content.pm.PackageManager.getPackageInstaller, referenced from method com.google.android.gms.common.GooglePlayServicesUtil.zzh
10-20 17:36:10.114 W/dalvikvm(2313): VFY: unable to resolve virtual method 514: Landroid/content/pm/PackageManager;.getPackageInstaller ()Landroid/content/pm/PackageInstaller;
10-20 17:36:10.114 D/dalvikvm(2313): VFY: replacing opcode 0x6e at 0x000b
10-20 17:36:10.124 I/ActivityManager(527): Delay finish: com.appgenix.bizcal/.BizCalReceiver
10-20 17:36:10.164 V/Zygote  (2355): Switching descriptor 32 to /dev/null
10-20 17:36:10.164 V/Zygote  (2355): Switching descriptor 9 to /dev/null
10-20 17:36:10.184 I/ActivityManager(527): Start proc com.android.providers.calendar for content provider com.android.providers.calendar/.CalendarProvider2: pid=2355 uid=10002 gids={50002, 3003, 1028, 1015, 1023}
10-20 17:36:10.414 D/AndroidRuntime(2305): Calling main entry com.android.commands.am.Am
10-20 17:36:10.514 I/CalendarProvider2(2355): Created com.android.providers.calendar.CalendarAlarmManager@41a258f8(com.android.providers.calendar.CalendarProvider2@41a1ca48)
10-20 17:36:10.524 W/ContentResolver(2313): Failed to get type for: content://com.appgenix.bizcal.provider (length=9; index=-1)
10-20 17:36:10.955 I/ActivityManager(527): Killing 1675:com.zentity.vodafone:scan/u0a70 (adj 15): empty #17
10-20 17:36:11.035 I/GAV3    (2144): Thread[GAThread,5,main]: No campaign data found.
10-20 17:36:11.585 I/CalendarProvider2(2355): Sending notification intent: Intent { act=android.intent.action.PROVIDER_CHANGED dat=content://com.android.calendar }
10-20 17:36:11.585 W/ContentResolver(2355): Failed to get type for: content://com.android.calendar (Unknown URL content://com.android.calendar)
10-20 17:36:11.605 I/ActivityManager(527): Resuming delayed broadcast
10-20 17:36:11.625 V/Zygote  (2379): Switching descriptor 32 to /dev/null
10-20 17:36:11.625 V/Zygote  (2379): Switching descriptor 9 to /dev/null
10-20 17:36:11.635 I/ActivityManager(527): Start proc com.zentity.vodafone for broadcast com.zentity.vodafone/.widget.AppWidgetActionReceiver: pid=2379 uid=10070 gids={50070, 3003, 1028, 1015, 1023, 3002, 3001}
10-20 17:36:11.696 I/ActivityManager(527): Killing 1316:com.android.mms/u0a12 (adj 15): empty #17
10-20 17:36:11.766 W/ActivityThread(2216): ClassLoader.loadClass: The class loader returned by Thread.getContextClassLoader() may fail for processes that host multiple applications. You should explicitly specify a context class loader. For example: Thread.setContextClassLoader(getClass().getClassLoader());
10-20 17:36:11.776 I/ActivityManager(527): Waited long enough for: ServiceRecord{41c701e0 u0 com.android.calendar/.alerts.InitAlarmsService}
10-20 17:36:11.826 D/CountryDetector(527): No listener is left
10-20 17:36:12.026 I/GAV2    (2170): Thread[GAThread,5,main]: No campaign data found.
10-20 17:36:12.176 I/GAV2    (2195): Thread[GAThread,5,main]: No campaign data found.
10-20 17:36:12.546 V/NQFileLogger(957): [119] e.a: about to write to file
10-20 17:36:12.586 V/ProcessReports(957): [119] ProcessReportsService.a: If not already scheduled, schedule for 3600 to 14400 seconds from now (but might be processed inline after 900 seconds instead)
10-20 17:36:12.817 V/Zygote  (2416): Switching descriptor 32 to /dev/null
10-20 17:36:12.817 V/Zygote  (2416): Switching descriptor 9 to /dev/null
10-20 17:36:12.827 I/ActivityManager(527): Start proc menion.android.locus.pro for broadcast menion.android.locus.pro/com.asamm.locus.features.backup.AutoBackupAction: pid=2416 uid=10084 gids={50084, 3002, 3001, 3003, 1028, 1015, 1023}
10-20 17:36:13.307 D/dalvikvm(2416): Trying to load lib /data/app-lib/menion.android.locus.pro-2/libmacore.so 0x41a086e8
10-20 17:36:13.307 D/dalvikvm(2416): Added shared lib /data/app-lib/menion.android.locus.pro-2/libmacore.so 0x41a086e8
10-20 17:36:13.307 D/dalvikvm(2416): No JNI_OnLoad found in /data/app-lib/menion.android.locus.pro-2/libmacore.so 0x41a086e8, skipping init
10-20 17:36:13.307 W/System.err(2416): MainApplicationLocus, initialize(), version: 3.12.2/417/1/2
10-20 17:36:13.467 D/dalvikvm(2416): DexOpt: --- BEGIN '.檻ᔡ紋' (bootstrap=0) ---
10-20 17:36:13.537 D/dalvikvm(2432): DexOpt: load 9ms, verify+opt 1ms, 86372 bytes
10-20 17:36:13.577 D/dalvikvm(2416): DexOpt: --- END '.檻ᔡ紋' (success) ---
10-20 17:36:13.577 D/dalvikvm(2416): DEX prep '/data/data/menion.android.locus.pro/.檻ᔡ紋': unzip in 0ms, rewrite 107ms
10-20 17:36:13.667 D/dalvikvm(2416): DexOpt: --- BEGIN '.檻ᔡ紋' (bootstrap=0) ---
10-20 17:36:13.738 D/dalvikvm(2433): DexOpt: load 7ms, verify+opt 0ms, 84188 bytes
10-20 17:36:13.798 D/dalvikvm(2416): DexOpt: --- END '.檻ᔡ紋' (success) ---
10-20 17:36:13.798 D/dalvikvm(2416): DEX prep '/data/data/menion.android.locus.pro/.檻ᔡ紋': unzip in 0ms, rewrite 131ms
10-20 17:36:14.458 I/dalvikvm(2416): Could not find method android.content.pm.PackageManager.getPackageInstaller, referenced from method o.alQ.ˊ
10-20 17:36:14.458 W/dalvikvm(2416): VFY: unable to resolve virtual method 476: Landroid/content/pm/PackageManager;.getPackageInstaller ()Landroid/content/pm/PackageInstaller;
10-20 17:36:14.458 D/dalvikvm(2416): VFY: replacing opcode 0x6e at 0x0058
10-20 17:36:14.468 I/GAv4    (2416): Google Analytics 7.8.95 is starting up. To enable debug logging on a device run:
10-20 17:36:14.468 I/GAv4    (2416):   adb shell setprop log.tag.GAv4 DEBUG
10-20 17:36:14.468 I/GAv4    (2416):   adb logcat -s GAv4
10-20 17:36:14.538 I/ActivityManager(527): Killing 1808:com.google.android.onetimeinitializer/u0a15 (adj 15): empty #17
10-20 17:36:14.728 I/CheckinService(1001): Done disabling old GoogleServicesFramework version
10-20 17:36:14.748 I/NotificationRegistrar(731): Using pre-existing GCM registration ID: APA91bEPrPcEZhQQhlS_37K5TVMa_uH6DqNMVwwY17CmZeqJQcCS2B1trpdzW_bCOJ1mJRGLHU_331YGgy6cxtwxSri_X0dcxXTADKnEB18reU-azpa5Fnz-evoukY2j-d3vE2V7DTwc
10-20 17:36:14.759 V/Zygote  (2451): Switching descriptor 32 to /dev/null
10-20 17:36:14.759 V/Zygote  (2451): Switching descriptor 9 to /dev/null
10-20 17:36:14.769 I/ActivityManager(527): Start proc com.zentity.vodafone:scan for service com.zentity.vodafone/eu.limecompany.sdk.service.BeaconScanService: pid=2451 uid=10070 gids={50070, 3003, 1028, 1015, 1023, 3002, 3001}
10-20 17:36:14.769 I/ActivityManager(527): Delay finish: com.touchtype.swiftkey/com.touchtype.BootReceiver
10-20 17:36:14.779 I/ActivityManager(527): Resuming delayed broadcast
10-20 17:36:14.799 V/Zygote  (2464): Switching descriptor 32 to /dev/null
10-20 17:36:14.799 V/Zygote  (2464): Switching descriptor 9 to /dev/null
10-20 17:36:14.809 I/ActivityManager(527): Start proc com.sygic.aura for broadcast com.sygic.aura/.service.AlarmReceiver: pid=2464 uid=10074 gids={50074, 3003, 1028, 1015, 1023, 3002}
10-20 17:36:14.809 I/ActivityManager(527): Killing 1852:com.android.settings/1000 (adj 15): empty #17
10-20 17:36:15.059 I/ActivityManager(527): Killing 1823:com.google.android.partnersetup/u0a17 (adj 15): empty #17
10-20 17:36:15.139 V/Zygote  (2488): Switching descriptor 32 to /dev/null
10-20 17:36:15.139 V/Zygote  (2488): Switching descriptor 9 to /dev/null
10-20 17:36:15.159 I/ActivityManager(527): Start proc com.sygic.aura:fcd for service com.sygic.aura/.fcd.FloatingCarDataService: pid=2488 uid=10074 gids={50074, 3003, 1028, 1015, 1023, 3002}
10-20 17:36:15.299 D/Infinario(2464): Setting up alarm after a reboot
10-20 17:36:15.309 V/Zygote  (2502): Switching descriptor 32 to /dev/null
10-20 17:36:15.309 V/Zygote  (2502): Switching descriptor 9 to /dev/null
10-20 17:36:15.339 I/ActivityManager(527): Start proc com.android.settings for broadcast com.android.settings/com.koushikdutta.superuser.SuReceiver: pid=2502 uid=1000 gids={41000, 1028, 1015, 1023, 3002, 3001, 3003}
10-20 17:36:15.339 I/ActivityManager(527): Killing 1905:com.google.android.googlequicksearchbox:search/u0a20 (adj 15): empty #17
10-20 17:36:15.719 D/AndroidRuntime(1076): Shutting down VM
10-20 17:36:15.729 V/Zygote  (2515): Switching descriptor 32 to /dev/null
10-20 17:36:15.729 V/Zygote  (2515): Switching descriptor 9 to /dev/null
10-20 17:36:15.739 I/ActivityManager(527): Start proc net.nurik.roman.dashclock for broadcast net.nurik.roman.dashclock/com.google.android.apps.dashclock.WidgetProvider: pid=2515 uid=10027 gids={50027, 3003}
10-20 17:36:15.840 I/ActivityManager(527): Delay finish: net.nurik.roman.dashclock/com.google.android.apps.dashclock.WidgetProvider
10-20 17:36:16.070 I/HeadsetService(774): Audio session removed: 5
10-20 17:36:16.070 I/HeadsetService(774): Selected configuration: speaker
10-20 17:36:16.080 I/MediaFocusControl(527):  AudioFocus  abandonAudioFocus() from android.media.AudioManager@41a0bf78com.android.music.MediaPlaybackService$3@41a0adf8
10-20 17:36:16.080 I/ActivityManager(527): Killing 872:com.android.music/u0a34 (adj 15): empty #17
10-20 17:36:16.110 W/MediaFocusControl(527):   RemoteControlClient died
10-20 17:36:17.491 I/GCoreUlr(740): Starting service, intent=Intent { act=com.google.android.location.reporting.ACTION_UPDATE_WORLD cmp=com.google.android.gms/com.google.android.location.reporting.service.DispatchingService (has extras) }, extras=Bundle[{receiverAction=com.google.android.location.internal.server.ACTION_RESTARTED}]
10-20 17:36:17.491 I/ActivityManager(527): Resuming delayed broadcast
10-20 17:36:17.491 I/ActivityManager(527): Killing 1866:com.android.vending/u0a19 (adj 15): empty #17
10-20 17:36:17.501 I/GCoreUlr(740): DispatchingService.onCreate()
10-20 17:36:17.511 I/ActivityManager(527): Delay finish: com.google.android.keep/.notification.AlertReceiver
10-20 17:36:17.741 I/ActivityManager(527): Resuming delayed broadcast
10-20 17:36:17.751 V/Zygote  (2545): Switching descriptor 32 to /dev/null
10-20 17:36:17.751 V/Zygote  (2545): Switching descriptor 9 to /dev/null
10-20 17:36:17.751 I/ActivityManager(527): Start proc com.google.android.music:main for broadcast com.google.android.music/.store.MediaStoreImportService$Receiver: pid=2545 uid=10056 gids={50056, 3003, 1028, 1015, 1023}
10-20 17:36:17.751 I/ActivityManager(527): Killing 2028:com.android.cellbroadcastreceiver/u0a24 (adj 15): empty #17
10-20 17:36:17.821 I/GCoreUlr(740): WorldUpdater received intent Intent { act=com.google.android.location.reporting.ACTION_UPDATE_WORLD cmp=com.google.android.gms/com.google.android.location.reporting.service.DispatchingService (has extras) } with receiverAction com.google.android.location.internal.server.ACTION_RESTARTED
10-20 17:36:17.962 I/MultiDex(2545): VM with version 1.6.0 does not have multidex support
10-20 17:36:17.962 I/MultiDex(2545): install
10-20 17:36:17.972 I/MultiDex(2545): MultiDexExtractor.load(/system/app/Music2.apk, false)
10-20 17:36:17.982 I/MultiDex(2545): loading existing secondary dex files
10-20 17:36:18.012 I/MultiDex(2545): load found 1 secondary dex files
10-20 17:36:18.042 I/MultiDex(2545): install done
10-20 17:36:18.062 I/GCoreUlr(740): WorldUpdater:com.google.android.location.internal.server.ACTION_RESTARTED: Ensuring that reporting is stopped because of reasons: {account#-5#=[InactiveReason{mVersionCode=0, mIdentifier=6, mName='ReportingNotEnabled'}], account#2#=[InactiveReason{mVersionCode=0, mIdentifier=6, mName='ReportingNotEnabled'}, InactiveReason{mVersionCode=0, mIdentifier=14, mName='HistoryNotEnabled'}, InactiveReason{mVersionCode=0, mIdentifier=7, mName='DasherPolicy'}]}
10-20 17:36:18.072 I/GCoreUlr(740): Unbound from all location providers
10-20 17:36:18.152 I/GCoreUlr(740): DispatchingService.onDestroy()
10-20 17:36:18.152 I/GCoreUlr(740): Stopping handler for UlrDispSvcFast
10-20 17:36:18.162 I/GCoreUlr(740): Unbound from all location providers
10-20 17:36:18.202 I/MusicStore(2545): Database version: 121
10-20 17:36:18.272 I/dalvikvm(2545): Could not find method android.app.Notification$Builder.setLocalOnly, referenced from method com.google.android.gms.common.GooglePlayServicesUtil.zza
10-20 17:36:18.272 W/dalvikvm(2545): VFY: unable to resolve virtual method 612: Landroid/app/Notification$Builder;.setLocalOnly (Z)Landroid/app/Notification$Builder;
10-20 17:36:18.272 D/dalvikvm(2545): VFY: replacing opcode 0x6e at 0x00c2
10-20 17:36:18.272 I/dalvikvm(2545): Could not find method android.content.pm.PackageManager.getPackageInstaller, referenced from method com.google.android.gms.common.GooglePlayServicesUtil.zzk
10-20 17:36:18.272 W/dalvikvm(2545): VFY: unable to resolve virtual method 967: Landroid/content/pm/PackageManager;.getPackageInstaller ()Landroid/content/pm/PackageInstaller;
10-20 17:36:18.272 D/dalvikvm(2545): VFY: replacing opcode 0x6e at 0x000b
10-20 17:36:18.372 E/cutils  (162): Failed to mkdirat(/storage/usbdisk/Android): Read-only file system
10-20 17:36:18.372 W/ContextImpl(2545): Failed to ensure directory: /storage/usbdisk/Android/data/com.google.android.music/files
10-20 17:36:18.372 W/Vold    (162): Returning OperationFailed - no handler for errno 30
10-20 17:36:18.522 E/Auth.Api.Credentials(1001): [SyncManager] Error during the sync.
10-20 17:36:18.542 D/Volley  (1001): [1] Request.finish: 20035 ms: [ ] https://www.googleapis.com/credentials/v1/settings?alt=proto&header.playServicesVersion=8299000&isSyncRequest=true&returnOriginSettings=false 0x30b75e1c NORMAL 1
10-20 17:36:18.652 I/ActivityManager(527): Killing 2063:android.process.acore/u0a1 (adj 15): empty #17
10-20 17:36:18.993 E/cutils  (162): Failed to mkdirat(/storage/usbdisk/Android): Read-only file system
10-20 17:36:18.993 W/ContextImpl(2545): Failed to ensure directory: /storage/usbdisk/Android/data/com.google.android.music/files
10-20 17:36:18.993 W/Vold    (162): Returning OperationFailed - no handler for errno 30
10-20 17:36:19.003 E/cutils  (162): Failed to mkdirat(/storage/usbdisk/Android): Read-only file system
10-20 17:36:19.003 W/ContextImpl(2545): Failed to ensure directory: /storage/usbdisk/Android/data/com.google.android.music/files
10-20 17:36:19.003 W/Vold    (162): Returning OperationFailed - no handler for errno 30
10-20 17:36:19.013 D/MusicLifecycle(2545): com.google.android.music.MusicApplication generated event: Application created
10-20 17:36:19.043 D/dalvikvm(2545): DexOpt: couldn't find static field Landroid/os/Build;.SUPPORTED_ABIS
10-20 17:36:19.043 W/dalvikvm(2545): VFY: unable to resolve static field 134 (SUPPORTED_ABIS) in Landroid/os/Build;
10-20 17:36:19.043 D/dalvikvm(2545): VFY: replacing opcode 0x62 at 0x000a
10-20 17:36:19.043 D/dalvikvm(2545): DexOpt: couldn't find field Landroid/content/pm/ApplicationInfo;.splitSourceDirs
10-20 17:36:19.043 W/dalvikvm(2545): VFY: unable to resolve instance field 46
10-20 17:36:19.043 D/dalvikvm(2545): VFY: replacing opcode 0x54 at 0x005f
10-20 17:36:19.043 D/dalvikvm(2545): DexOpt: couldn't find static field Landroid/os/Build;.SUPPORTED_ABIS
10-20 17:36:19.043 W/dalvikvm(2545): VFY: unable to resolve static field 134 (SUPPORTED_ABIS) in Landroid/os/Build;
10-20 17:36:19.043 D/dalvikvm(2545): VFY: replacing opcode 0x62 at 0x0047
10-20 17:36:19.043 D/dalvikvm(2545): DexOpt: couldn't find field Landroid/content/pm/ApplicationInfo;.splitSourceDirs
10-20 17:36:19.043 I/dalvikvm(2545): DexOpt: unable to optimize instance field ref 0x002e at 0x63 in Lcom/google/android/gms/common/util/bc;.b
10-20 17:36:19.053 D/dalvikvm(2545): No JNI_OnLoad found in /system/lib/libgmscore.so 0x41b09030, skipping init
10-20 17:36:19.053 V/JNIHelp (2545): Registering com/google/android/gms/org/conscrypt/NativeCrypto's 241 native methods...
10-20 17:36:19.163 I/ProviderInstaller(2545): Installed default security provider GmsCore_OpenSSL
10-20 17:36:19.163 D/AndroidMusic(2545): GMSCore installation verified
10-20 17:36:19.183 I/ConfigStore(2545): Config Database version: 1
10-20 17:36:19.283 I/MediaRouter(2545): Found default route: MediaRouter.RouteInfo{ uniqueId=android/.support.v7.media.SystemMediaRouteProvider:DEFAULT_ROUTE, name=Phone, description=null, iconUri=null, enabled=true, connecting=false, connectionState=0, canDisconnect=false, playbackType=0, playbackStream=3, deviceType=0, volumeHandling=1, volume=14, volumeMax=15, presentationDisplayId=-1, extras=null, settingsIntent=null, providerPackageName=android }
10-20 17:36:19.283 D/MusicLifecycle(2545): com.google.android.music.store.MediaStoreImportService$Receiver generated event: Broadcast received with context android.app.ReceiverRestrictedContext@41ba5db0 and intent Intent { act=android.intent.action.MEDIA_SCANNER_STARTED dat=file:///storage/sdcard0 flg=0x10 cmp=com.google.android.music/.store.MediaStoreImportService$Receiver }
10-20 17:36:19.283 D/MusicLifecycle(2545): com.google.android.music.net.NetworkMonitor generated event: Service created
10-20 17:36:19.283 I/ActivityManager(527): Delay finish: com.google.android.music/.store.MediaStoreImportService$Receiver
10-20 17:36:19.293 I/NetworkMonitor(2545): type=WIFI subType= reason=null isConnected=true
10-20 17:36:19.343 D/MusicLifecycle(2545): com.google.android.music.preferences.MusicPreferenceService$MusicPreferenceServiceBinder generated event: Service created
10-20 17:36:19.353 D/MusicLifecycle(2545): com.google.android.music.download.cache.StorageMigrationService generated event: Service created
10-20 17:36:19.373 D/MusicLifecycle(2545): com.google.android.music.download.artwork.ArtDownloadService generated event: Service created
10-20 17:36:19.383 D/MusicLifecycle(2545): com.google.android.music.store.MediaStoreImportService generated event: Service created
10-20 17:36:19.393 D/MusicLifecycle(2545): com.google.android.music.net.NetworkMonitor$2 generated event: Broadcast received with context com.google.android.music.net.NetworkMonitor@41ba84b0 and intent Intent { act=android.net.conn.CONNECTIVITY_CHANGE flg=0x4000010 (has extras) }
10-20 17:36:19.393 I/NetworkMonitor(2545): type=WIFI subType= reason=null isConnected=true
10-20 17:36:19.403 D/MusicLifecycle(2545): com.google.android.music.download.ArtDownloadQueueService generated event: Service created
10-20 17:36:19.403 I/ActivityManager(527): Resuming delayed broadcast
10-20 17:36:19.423 I/GHttpClientFactory(2545): Using our fixed implementation of GMSCore's GoogleHttpClient
10-20 17:36:19.423 W/dalvikvm(2545): VFY: unable to find class referenced in signature (Landroid/net/Network;)
10-20 17:36:19.423 W/dalvikvm(2545): VFY: unable to find class referenced in signature (Landroid/net/Network;)
10-20 17:36:19.433 I/dalvikvm(2545): Could not find method android.net.Network.openConnection, referenced from method com.google.android.gms.http.GoogleURLConnectionFactory.openConnection
10-20 17:36:19.433 W/dalvikvm(2545): VFY: unable to resolve virtual method 1667: Landroid/net/Network;.openConnection (Ljava/net/URL;)Ljava/net/URLConnection;
10-20 17:36:19.433 D/dalvikvm(2545): VFY: replacing opcode 0x6e at 0x00a0
10-20 17:36:19.433 I/GoogleURLConnFactory(2545): Using platform SSLCertificateSocketFactory
10-20 17:36:19.453 D/MusicLifecycle(2545): com.google.android.music.download.cache.ArtCacheService generated event: Service created
10-20 17:36:19.473 D/MusicLifecycle(2545): com.google.android.music.store.MediaStoreImportService generated event: Service destroyed
10-20 17:36:19.473 D/MusicLifecycle(2545): com.google.android.music.download.cache.StorageMigrationService generated event: Service destroyed
10-20 17:36:19.533 I/PowerManagerService(527): Going to sleep due to screen timeout...
10-20 17:36:19.563 I/Adreno200-EGL(527): <qeglDrvAPI_eglInitialize:269>: EGL 1.4 QUALCOMM build: AU_LINUX_ANDROID_JB_VANILLA.04.02.02.60.051_msm8960_JB_VANILLA_CL2997615_release_AU (CL2997615)
10-20 17:36:19.563 I/Adreno200-EGL(527): Build Date: 04/11/13 Thu
10-20 17:36:19.563 I/Adreno200-EGL(527): Local Branch: 
10-20 17:36:19.563 I/Adreno200-EGL(527): Remote Branch: quic/mako_jb_mr1
10-20 17:36:19.563 I/Adreno200-EGL(527): Local Patches: NONE
10-20 17:36:19.563 I/Adreno200-EGL(527): Reconstruct Branch: AU_LINUX_ANDROID_JB_VANILLA.04.02.02.60.051 +  NOTHING
10-20 17:36:19.583 D/PermissionCache(168): checking android.permission.READ_FRAME_BUFFER for uid=1000 => granted (274 us)
10-20 17:36:19.813 V/Zygote  (2590): Switching descriptor 32 to /dev/null
10-20 17:36:19.813 V/Zygote  (2590): Switching descriptor 9 to /dev/null
10-20 17:36:19.813 I/ActivityManager(527): Start proc org.androworks.meteorgram for broadcast org.androworks.meteorgram/.AladinWidgetProvider: pid=2590 uid=10072 gids={50072, 3003, 1028, 1015, 1023}
10-20 17:36:19.823 I/ActivityManager(527): Killing 2112:com.slim.ota/u0a41 (adj 15): empty #17
10-20 17:36:19.934 I/System.out(2590): r0 = 1.1791605255116668E7
10-20 17:36:19.934 I/System.out(2590): sinLat0 = 0.7222915792327191
10-20 17:36:19.974 D/SurfaceFlinger(168): Screen released, type=0 flinger=0xb7ae44e0
10-20 17:36:19.994 D/qdhwcomposer(168): hwc_blank: Blanking display: 0
10-20 17:36:20.144 D/aladinwidget(2590): onUpdate()
10-20 17:36:20.144 I/ActivityManager(527): Delay finish: org.androworks.meteorgram/.AladinWidgetProvider
10-20 17:36:20.154 D/aladinwidget(2590): loaded bitmap for wi_cloud_snow_light: android.graphics.Bitmap@41b33868
10-20 17:36:20.164 D/aladinwidget(2590): loaded bitmap for wi_cloud_rain_light: android.graphics.Bitmap@41b348b8
10-20 17:36:20.164 D/aladinwidget(2590): loaded bitmap for wi_day_cloud_rain: android.graphics.Bitmap@41b357e0
10-20 17:36:20.164 D/aladinwidget(2590): loaded bitmap for wi_cloud_rain_medium: android.graphics.Bitmap@41b36708
10-20 17:36:20.164 D/aladinwidget(2590): loaded bitmap for wi_cloud_rain_heavy: android.graphics.Bitmap@41b37638
10-20 17:36:20.164 D/aladinwidget(2590): loaded bitmap for wi_cloud_snow_heavy: android.graphics.Bitmap@41b385a0
10-20 17:36:20.164 D/aladinwidget(2590): loaded bitmap for wi_day_cloud: android.graphics.Bitmap@41b394c0
10-20 17:36:20.164 D/aladinwidget(2590): loaded bitmap for wi_night_cloud: android.graphics.Bitmap@41b3a3d8
10-20 17:36:20.164 D/aladinwidget(2590): loaded bitmap for wi_night_cloud_snow: android.graphics.Bitmap@41b3b350
10-20 17:36:20.164 D/aladinwidget(2590): loaded bitmap for wi_day_cloud_snow: android.graphics.Bitmap@41b3c278
10-20 17:36:20.164 D/aladinwidget(2590): loaded bitmap for wi_day: android.graphics.Bitmap@41b3d188
10-20 17:36:20.164 D/aladinwidget(2590): loaded bitmap for wi_night_cloud_rain: android.graphics.Bitmap@41b3e030
10-20 17:36:20.164 D/aladinwidget(2590): loaded bitmap for wi_cloud_snow_medium: android.graphics.Bitmap@41b3f070
10-20 17:36:20.164 D/aladinwidget(2590): loaded bitmap for wi_night: android.graphics.Bitmap@41b3ff88
10-20 17:36:20.174 D/aladinwidget(2590): loaded bitmap for wi_cloud: android.graphics.Bitmap@41b40f28
10-20 17:36:20.174 D/aladinwidget(2590): w=323, h=103,forecast=org.androworks.meteorgram.ForecastData@41a97dd0, userLocation=org.androworks.meteorgram.UserLocation@41a21318
10-20 17:36:20.184 D/aladinwidget(2590): min=0.0, max=20.0, coef=1.1125, zeroY=66, temperatureTop=21, tempMinValue=66
10-20 17:36:20.184 D/aladingwidget(2590): temp=9.397125, y=55
10-20 17:36:20.184 D/aladingwidget(2590): temp=8.428375, y=56
10-20 17:36:20.184 D/aladingwidget(2590): temp=7.7989807, y=57
10-20 17:36:20.184 D/aladingwidget(2590): temp=7.582184, y=57
10-20 17:36:20.184 D/aladingwidget(2590): temp=7.346588, y=57
10-20 17:36:20.184 D/aladingwidget(2590): temp=7.3419495, y=57
10-20 17:36:20.184 D/aladingwidget(2590): temp=7.132965, y=58
10-20 17:36:20.184 D/aladingwidget(2590): temp=6.9169006, y=58
10-20 17:36:20.184 D/aladingwidget(2590): temp=6.7186584, y=58
10-20 17:36:20.184 D/aladingwidget(2590): temp=6.619293, y=58
10-20 17:36:20.184 D/aladingwidget(2590): temp=6.6217346, y=58
10-20 17:36:20.184 D/aladingwidget(2590): temp=6.644928, y=58
10-20 17:36:20.184 D/aladingwidget(2590): temp=6.573395, y=58
10-20 17:36:20.184 D/aladingwidget(2590): temp=6.584137, y=58
10-20 17:36:20.184 D/aladingwidget(2590): temp=6.554596, y=58
10-20 17:36:20.184 D/aladingwidget(2590): temp=6.5765686, y=58
10-20 17:36:20.184 D/aladingwidget(2590): temp=6.942047, y=58
10-20 17:36:20.184 D/aladingwidget(2590): temp=7.710602, y=57
10-20 17:36:20.184 D/aladingwidget(2590): temp=8.720856, y=56
10-20 17:36:20.184 D/aladingwidget(2590): temp=9.645172, y=55
10-20 17:36:20.184 D/aladingwidget(2590): temp=9.853668, y=55
10-20 17:36:20.184 D/aladingwidget(2590): temp=10.045074, y=54
10-20 17:36:20.184 D/aladingwidget(2590): temp=10.28653, y=54
10-20 17:36:20.184 D/aladingwidget(2590): temp=10.594879, y=54
10-20 17:36:20.184 D/aladingwidget(2590): temp=10.324127, y=54
10-20 17:36:20.184 D/aladingwidget(2590): temp=9.444489, y=55
10-20 17:36:20.184 D/aladingwidget(2590): temp=9.339264, y=55
10-20 17:36:20.184 D/aladingwidget(2590): temp=7.910797, y=57
10-20 17:36:20.184 D/aladingwidget(2590): temp=7.15567, y=58
10-20 17:36:20.184 D/aladingwidget(2590): temp=7.021637, y=58
10-20 17:36:20.184 D/aladingwidget(2590): temp=7.731598, y=57
10-20 17:36:20.184 D/aladingwidget(2590): temp=6.877594, y=58
10-20 17:36:20.184 D/aladingwidget(2590): temp=6.3419495, y=58
10-20 17:36:20.184 D/aladingwidget(2590): temp=7.294586, y=57
10-20 17:36:20.184 D/aladingwidget(2590): temp=6.7970276, y=58
10-20 17:36:20.184 D/aladingwidget(2590): temp=6.0885315, y=59
10-20 17:36:20.184 D/aladingwidget(2590): temp=5.758209, y=59
10-20 17:36:20.184 D/aladingwidget(2590): temp=5.9410706, y=59
10-20 17:36:20.184 D/aladingwidget(2590): temp=5.990631, y=59
10-20 17:36:20.184 D/aladingwidget(2590): temp=5.5846252, y=59
10-20 17:36:20.184 D/aladingwidget(2590): temp=6.2828674, y=59
10-20 17:36:20.194 D/aladinwidget(2590): drawing bitmap
10-20 17:36:20.194 D/qdhwcomposer(168): hwc_blank: Done blanking display: 0
10-20 17:36:20.194 D/SurfaceControl(527): Excessive delay in blankDisplay() while turning screen off: 216ms
10-20 17:36:20.494 E/audio_a2dp_hw(171): adev_set_parameters: ERROR: set param called even when stream out is null
10-20 17:36:20.564 I/WindowManager(527): Lock screen displayed!
10-20 17:36:20.844 D/aladinwidget(2590): updated widget 13, image uri: /data/data/org.androworks.meteorgram/files/aladinWidget13.png
10-20 17:36:20.844 I/ActivityManager(527): Resuming delayed broadcast
10-20 17:36:20.854 D/aladinwidget(2590): WidgetUpdateService destroyed
10-20 17:36:20.925 D/Sensors (527): handle : 4 en: 0, v010.0 - Try to resolve lock issue
10-20 17:36:20.925 D/Sensors (527): lock_status = 4
10-20 17:36:20.925 D/Sensors (527): Andy: MPLSensor::enable: lock1
10-20 17:36:20.925 W/MPL-sup (527): MLGetAKMComassStatus, gAKMCompassStatus = 0
10-20 17:36:20.925 D/Sensors (527): mEnabled = 0x0
10-20 17:36:20.925 D/Sensors (527): set_power_states++: enabled_sensors: 0 dmp_started: 1
10-20 17:36:20.925 D/Sensors (527): Before if statment: cs:0 rs:0 en_ped:0 da_ped:0 en_g:0 da_g:0
10-20 17:36:20.925 D/Sensors (527): Stopping DMP
10-20 17:36:20.925 I/        (527): mpu3050_suspend: suspending sensors to 0000
10-20 17:36:20.925 I/        (527): mpu3050_suspend: Will resume next to 0070
10-20 17:36:20.925 D/Sensors (527): inside if(s_use_timerirq)
10-20 17:36:20.935 E/BitmapFactory(822): Unable to decode stream: java.io.FileNotFoundException: /: open failed: EISDIR (Is a directory)
10-20 17:36:20.935 I/System.out(822): resolveUri failed on bad bitmap uri: 
10-20 17:36:20.955 D/Sensors (527): set_power_states--
10-20 17:36:20.955 D/Sensors (527): Andy: MPLSensor::enable: unlock1
10-20 17:36:20.955 D/Sensors (527): calling MLStoreCalibration()
10-20 17:36:20.955 D/Sensors (527): MPLSensor::enable--1
10-20 17:36:21.045 E/audio_a2dp_hw(171): adev_set_parameters: ERROR: set param called even when stream out is null
10-20 17:36:21.535 I/Choreographer(636): Skipped 36 frames!  The application may be doing too much work on its main thread.
10-20 17:36:21.555 W/View    (636): requestLayout() improperly called by android.widget.TextClock{41a2b178 V.ED.... ......ID 0,0-195,110 #7f090008 app:id/large_time_component_1} during layout: running second layout pass
10-20 17:36:21.555 W/View    (636): requestLayout() improperly called by android.widget.TextClock{41a83178 V.ED.... ......ID 0,0-33,25 #7f09000e app:id/date_component_1} during layout: running second layout pass
10-20 17:36:21.555 W/View    (636): requestLayout() improperly called by android.widget.TextClock{4207f278 V.ED.... ......ID 40,0-60,25 #7f09000f app:id/date_component_2} during layout: running second layout pass
10-20 17:36:21.555 W/View    (636): requestLayout() improperly called by android.widget.TextClock{41b6dfe0 V.ED.... ......ID 67,0-102,25 #7f090010 app:id/date_component_3} during layout: running second layout pass
10-20 17:36:21.555 W/View    (636): requestLayout() improperly called by android.widget.TextView{41b49b98 V.ED.... ......ID 41,10-56,35 #7f090035 app:id/collapsed_extension_text} during layout: running second layout pass
10-20 17:36:21.555 W/View    (636): requestLayout() improperly called by android.widget.TextView{41bbbc28 V.ED.... ......ID 41,9-64,37 #7f090035 app:id/collapsed_extension_text} during layout: running second layout pass
10-20 17:36:22.686 I/ActivityManager(527): Delay finish: com.appgenix.bizcal/.appwidgets.provider.WidgetProvider
10-20 17:36:22.786 I/ActivityManager(527): Resuming delayed broadcast
10-20 17:36:22.876 I/o.ḹ   (2265): MyWidget: onUpdate()
10-20 17:36:22.896 I/o.ḹ   (2265): MyWidget: onReceive()
10-20 17:36:22.896 I/o.ḹ   (2265): MyWidget: onUpdate()
10-20 17:36:22.906 I/o.ḹ   (2265): MyWidget: onReceive()
10-20 17:36:24.028 V/Zygote  (2629): Switching descriptor 32 to /dev/null
10-20 17:36:24.028 V/Zygote  (2629): Switching descriptor 9 to /dev/null
10-20 17:36:24.028 I/ActivityManager(527): Start proc com.google.android.googlequicksearchbox:search for broadcast com.google.android.googlequicksearchbox/.SearchWidgetProvider: pid=2629 uid=10020 gids={50020, 3003, 3001, 1028, 1023, 3002, 1015}
10-20 17:36:24.238 V/Zygote  (2647): Switching descriptor 32 to /dev/null
10-20 17:36:24.238 V/Zygote  (2647): Switching descriptor 9 to /dev/null
10-20 17:36:24.328 I/ActivityManager(527): Start proc com.android.vending for service com.android.vending/com.google.android.finsky.services.DailyHygiene: pid=2647 uid=10019 gids={50019, 3003, 1028, 1015, 1023}
10-20 17:36:24.498 I/dalvikvm(2647): Could not find method android.content.pm.PackageManager.getPackageInstaller, referenced from method com.google.android.gms.common.GooglePlayServicesUtil.zzi
10-20 17:36:24.498 W/dalvikvm(2647): VFY: unable to resolve virtual method 616: Landroid/content/pm/PackageManager;.getPackageInstaller ()Landroid/content/pm/PackageInstaller;
10-20 17:36:24.498 D/dalvikvm(2647): VFY: replacing opcode 0x6e at 0x000d
10-20 17:36:24.548 D/Finsky  (2647): [1] FinskyApp.onCreate: Initializing network with DFE https://android.clients.google.com/fdfe/
10-20 17:36:24.628 I/dalvikvm(2647): Could not find method android.content.pm.ApplicationInfo.loadUnbadgedIcon, referenced from method com.google.android.finsky.utils.NotificationManager.showSuccessfulInstallMessage
10-20 17:36:24.628 W/dalvikvm(2647): VFY: unable to resolve virtual method 547: Landroid/content/pm/ApplicationInfo;.loadUnbadgedIcon (Landroid/content/pm/PackageManager;)Landroid/graphics/drawable/Drawable;
10-20 17:36:24.628 D/dalvikvm(2647): VFY: replacing opcode 0x6e at 0x01d3
10-20 17:36:24.668 I/dalvikvm(2647): Could not find method android.content.pm.PackageManager.getLeanbackLaunchIntentForPackage, referenced from method com.google.android.finsky.appstate.PackageManagerRepository.canLaunch
10-20 17:36:24.668 W/dalvikvm(2647): VFY: unable to resolve virtual method 612: Landroid/content/pm/PackageManager;.getLeanbackLaunchIntentForPackage (Ljava/lang/String;)Landroid/content/Intent;
10-20 17:36:24.668 D/dalvikvm(2647): VFY: replacing opcode 0x6e at 0x000a
10-20 17:36:24.738 I/dalvikvm(2144): Could not find method android.view.Window.setStatusBarColor, referenced from method com.google.android.keep.util.CommonUtil.setWindowStatusBarBackground
10-20 17:36:24.738 W/dalvikvm(2144): VFY: unable to resolve virtual method 11548: Landroid/view/Window;.setStatusBarColor (I)V
10-20 17:36:24.738 D/dalvikvm(2144): VFY: replacing opcode 0x6e at 0x000c
10-20 17:36:24.758 D/Finsky  (2647): [1] DailyHygiene.goMakeHygieneIfDirty: No need to run daily hygiene.
10-20 17:36:24.758 I/dalvikvm(2647): Could not find method android.app.admin.DevicePolicyManager.isProfileOwnerApp, referenced from method com.google.android.finsky.utils.DeviceManagementHelper.updateCachedValues
10-20 17:36:24.758 W/dalvikvm(2647): VFY: unable to resolve virtual method 337: Landroid/app/admin/DevicePolicyManager;.isProfileOwnerApp (Ljava/lang/String;)Z
