10-20 17:35:28.369 D/QC-QMI  (163): 0A D6 37 39 6C 7E BB CB 43 2D 00 
10-20 17:35:28.369 D/QC-QMI  (163): qmi_qmux.c: Got 43 bytes from platform layer for conn_id=6
10-20 17:35:28.369 D/QC-QMI  (163): 01 2A 00 80 03 FF 04 00 00 3A 00 1E 00 14 1B 00 00 00 03 02 0B D6 37 39 6C 7E BB CB A0 A1 16 03 
10-20 17:35:28.369 D/QC-QMI  (163): 0A D6 37 39 6C 7E BB CB 43 2D 00 
10-20 17:35:28.369 D/QC-QMI  (163): qmi_qmux.c: Got 43 bytes from platform layer for conn_id=7
10-20 17:35:28.369 D/QC-QMI  (163): 01 2A 00 80 03 FF 04 00 00 3A 00 1E 00 14 1B 00 00 00 03 02 0B D6 37 39 6C 7E BB CB A0 A1 16 03 
10-20 17:35:28.369 D/QC-QMI  (163): 0A D6 37 39 6C 7E BB CB 43 2D 00 
10-20 17:35:28.379 D/        (767): Setting time of day to sec=1445355328
10-20 17:35:28.454 I/wpa_supplicant(625): wlan0: CTRL-EVENT-SCAN-STARTED 
10-20 17:35:28.464 I/dalvikvm(1235): Could not find method android.content.pm.PackageManager.getPackageInstaller, referenced from method jtv.a
10-20 17:35:28.464 W/dalvikvm(1235): VFY: unable to resolve virtual method 3112: Landroid/content/pm/PackageManager;.getPackageInstaller ()Landroid/content/pm/PackageInstaller;
10-20 17:35:28.464 D/dalvikvm(1235): VFY: replacing opcode 0x6e at 0x000d
10-20 17:35:28.464 I/dalvikvm(1235): Could not find method android.app.Notification$Builder.setLocalOnly, referenced from method jtv.c
10-20 17:35:28.464 W/dalvikvm(1235): VFY: unable to resolve virtual method 2798: Landroid/app/Notification$Builder;.setLocalOnly (Z)Landroid/app/Notification$Builder;
10-20 17:35:28.464 D/dalvikvm(1235): VFY: replacing opcode 0x6e at 0x01ff
10-20 17:35:28.484 I/GCoreUlr(740): WorldUpdater:android.intent.action.ACTION_POWER_DISCONNECTED: Ensuring that reporting is stopped because of reasons: {account#-5#=[InactiveReason{mVersionCode=0, mIdentifier=6, mName='ReportingNotEnabled'}], account#2#=[InactiveReason{mVersionCode=0, mIdentifier=6, mName='ReportingNotEnabled'}, InactiveReason{mVersionCode=0, mIdentifier=14, mName='HistoryNotEnabled'}, InactiveReason{mVersionCode=0, mIdentifier=7, mName='DasherPolicy'}]}
10-20 17:35:28.484 I/GCoreUlr(740): Unbound from all location providers
10-20 17:35:28.494 D/QC-QMI  (163): qmi_qmux.c: Got 44 bytes from platform layer for conn_id=0
10-20 17:35:28.494 D/QC-QMI  (163): 01 2B 00 80 03 FF 04 00 00 3A 00 1F 00 14 1C 00 00 00 03 03 0B D6 37 39 6C 7E BB CB A0 A1 16 00 
10-20 17:35:28.494 D/QC-QMI  (163): 0B D6 37 39 6C 7E BB CB A0 A1 16 00 
10-20 17:35:28.494 D/QC-QMI  (163): qmi_qmux.c: Got 44 bytes from platform layer for conn_id=1
10-20 17:35:28.494 D/QC-QMI  (163): 01 2B 00 80 03 FF 04 00 00 3A 00 1F 00 14 1C 00 00 00 03 03 0B D6 37 39 6C 7E BB CB A0 A1 16 00 
10-20 17:35:28.494 D/QC-QMI  (163): 0B D6 37 39 6C 7E BB CB A0 A1 16 00 
10-20 17:35:28.494 D/QC-QMI  (163): qmi_qmux.c: Got 44 bytes from platform layer for conn_id=2
10-20 17:35:28.494 D/QC-QMI  (163): 01 2B 00 80 03 FF 04 00 00 3A 00 1F 00 14 1C 00 00 00 03 03 0B D6 37 39 6C 7E BB CB A0 A1 16 00 
10-20 17:35:28.494 D/QC-QMI  (163): 0B D6 37 39 6C 7E BB CB A0 A1 16 00 
10-20 17:35:28.494 D/QC-QMI  (163): qmi_qmux.c: Got 44 bytes from platform layer for conn_id=3
10-20 17:35:28.494 D/QC-QMI  (163): 01 2B 00 80 03 FF 04 00 00 3A 00 1F 00 14 1C 00 00 00 03 03 0B D6 37 39 6C 7E BB CB A0 A1 16 00 
10-20 17:35:28.494 D/QC-QMI  (163): 0B D6 37 39 6C 7E BB CB A0 A1 16 00 
10-20 17:35:28.494 D/QC-QMI  (163): qmi_qmux.c: Got 44 bytes from platform layer for conn_id=4
10-20 17:35:28.494 D/QC-QMI  (163): 01 2B 00 80 03 FF 04 00 00 3A 00 1F 00 14 1C 00 00 00 03 03 0B D6 37 39 6C 7E BB CB A0 A1 16 00 
10-20 17:35:28.494 D/QC-QMI  (163): 0B D6 37 39 6C 7E BB CB A0 A1 16 00 
10-20 17:35:28.494 D/QC-QMI  (163): qmi_qmux.c: Got 44 bytes from platform layer for conn_id=5
10-20 17:35:28.494 D/QC-QMI  (163): 01 2B 00 80 03 FF 04 00 00 3A 00 1F 00 14 1C 00 00 00 03 03 0B D6 37 39 6C 7E BB CB A0 A1 16 00 
10-20 17:35:28.494 D/QC-QMI  (163): 0B D6 37 39 6C 7E BB CB A0 A1 16 00 
10-20 17:35:28.494 D/QC-QMI  (163): qmi_qmux.c: Got 44 bytes from platform layer for conn_id=6
10-20 17:35:28.494 D/QC-QMI  (163): 01 2B 00 80 03 FF 04 00 00 3A 00 1F 00 14 1C 00 00 00 03 03 0B D6 37 39 6C 7E BB CB A0 A1 16 00 
10-20 17:35:28.494 D/QC-QMI  (163): 0B D6 37 39 6C 7E BB CB A0 A1 16 00 
10-20 17:35:28.494 D/QC-QMI  (163): qmi_qmux.c: Got 44 bytes from platform layer for conn_id=7
10-20 17:35:28.494 D/QC-QMI  (163): 01 2B 00 80 03 FF 04 00 00 3A 00 1F 00 14 1C 00 00 00 03 03 0B D6 37 39 6C 7E BB CB A0 A1 16 00 
10-20 17:35:28.494 D/QC-QMI  (163): 0B D6 37 39 6C 7E BB CB A0 A1 16 00 
10-20 17:35:28.504 W/BroadcastQueue(527): Permission Denial: broadcasting Intent { act=com.android.music.metachanged flg=0x10 (has extras) } from com.android.music (pid=872, uid=10034) is not exported from uid 10056 due to receiver com.google.android.music/.wear.WearBroadcastReceiver
10-20 17:35:28.524 V/Zygote  (1256): Switching descriptor 32 to /dev/null
10-20 17:35:28.524 V/Zygote  (1256): Switching descriptor 9 to /dev/null
10-20 17:35:28.534 I/ActivityManager(527): Start proc com.android.externalstorage for broadcast com.android.externalstorage/.MountReceiver: pid=1256 uid=10005 gids={50005, 1028, 1023, 1015}
10-20 17:35:28.574 W/dalvikvm(957): VFY: unable to resolve static field 529 (PR_SET_DUMPABLE) in Landroid/system/OsConstants;
10-20 17:35:28.574 D/dalvikvm(957): VFY: replacing opcode 0x60 at 0x000b
10-20 17:35:28.584 I/dalvikvm(957): Could not find method com.google.android.gms.common.app.GmsApplication.getSystemService, referenced from method com.google.android.gms.common.app.GmsApplication.onCreate
10-20 17:35:28.584 W/dalvikvm(957): VFY: unable to resolve virtual method 10979: Lcom/google/android/gms/common/app/GmsApplication;.getSystemService (Ljava/lang/Class;)Ljava/lang/Object;
10-20 17:35:28.584 D/dalvikvm(957): VFY: replacing opcode 0x6e at 0x00ca
10-20 17:35:28.584 I/MultiDex(957): VM with version 1.6.0 does not have multidex support
10-20 17:35:28.584 I/MultiDex(957): install
10-20 17:35:28.594 I/MultiDex(957): MultiDexExtractor.load(/system/priv-app/PrebuiltGmsCore.apk, false)
10-20 17:35:28.604 D/ExternalStorage(1256): After updating volumes, found 1 active roots
10-20 17:35:28.604 D/ExternalStorage(1256): After updating volumes, found 1 active roots
10-20 17:35:28.614 D/MediaScannerReceiver(716): action: android.intent.action.MEDIA_MOUNTED path: /storage/sdcard0
10-20 17:35:28.634 V/Zygote  (1270): Switching descriptor 32 to /dev/null
10-20 17:35:28.634 V/Zygote  (1270): Switching descriptor 9 to /dev/null
10-20 17:35:28.634 I/ActivityManager(527): Start proc com.buak.Link2SD for broadcast com.buak.Link2SD/.MediaMountedReceiver: pid=1270 uid=10059 gids={50059, 1028, 1023, 1015, 3003}
10-20 17:35:28.644 I/GCoreUlr(740): DispatchingService.onDestroy()
10-20 17:35:28.644 I/GCoreUlr(740): Stopping handler for UlrDispSvcFast
10-20 17:35:28.664 I/GCoreUlr(740): Unbound from all location providers
10-20 17:35:28.694 I/MultiDex(957): loading existing secondary dex files
10-20 17:35:28.694 I/MultiDex(957): load found 3 secondary dex files
10-20 17:35:28.704 I/MultiDex(957): install done
10-20 17:35:28.724 D/dalvikvm(957): DexOpt: couldn't find static field Landroid/os/Build;.SUPPORTED_ABIS
10-20 17:35:28.724 W/dalvikvm(957): VFY: unable to resolve static field 134 (SUPPORTED_ABIS) in Landroid/os/Build;
10-20 17:35:28.724 D/dalvikvm(957): VFY: replacing opcode 0x62 at 0x000a
10-20 17:35:28.724 D/dalvikvm(957): DexOpt: couldn't find field Landroid/content/pm/ApplicationInfo;.splitSourceDirs
10-20 17:35:28.724 W/dalvikvm(957): VFY: unable to resolve instance field 46
10-20 17:35:28.724 D/dalvikvm(957): VFY: replacing opcode 0x54 at 0x005f
10-20 17:35:28.724 D/dalvikvm(957): DexOpt: couldn't find static field Landroid/os/Build;.SUPPORTED_ABIS
10-20 17:35:28.724 W/dalvikvm(957): VFY: unable to resolve static field 134 (SUPPORTED_ABIS) in Landroid/os/Build;
10-20 17:35:28.724 D/dalvikvm(957): VFY: replacing opcode 0x62 at 0x0047
10-20 17:35:28.724 D/dalvikvm(957): DexOpt: couldn't find field Landroid/content/pm/ApplicationInfo;.splitSourceDirs
10-20 17:35:28.724 I/dalvikvm(957): DexOpt: unable to optimize instance field ref 0x002e at 0x63 in Lcom/google/android/gms/common/util/bc;.b
10-20 17:35:28.734 D/dalvikvm(957): No JNI_OnLoad found in /system/lib/libgmscore.so 0x41a3d5b0, skipping init
10-20 17:35:28.734 V/JNIHelp (957): Registering com/google/android/gms/org/conscrypt/NativeCrypto's 241 native methods...
10-20 17:35:28.744 W/MediaProvider(716): no database for scanned volume external
10-20 17:35:28.754 D/CaptivePortalTracker(527): DelayedCaptiveCheckState{ when=0 what=2 arg1=1 target=com.android.internal.util.StateMachine$SmHandler }
10-20 17:35:28.754 D/ConnectivityService(527): setProvNotificationVisible: E visible=false networkType=1 extraInfo=null url=null
10-20 17:35:28.774 D/dalvikvm(1270): DexOpt: couldn't find static field Landroid/os/Build;.SUPPORTED_64_BIT_ABIS
10-20 17:35:28.774 W/dalvikvm(1270): VFY: unable to resolve static field 1164 (SUPPORTED_64_BIT_ABIS) in Landroid/os/Build;
10-20 17:35:28.774 D/dalvikvm(1270): VFY: replacing opcode 0x62 at 0x0007
10-20 17:35:28.824 D/MccTable(767): updateMccMncConfiguration: mcc=230, mnc=3
10-20 17:35:28.824 D/MccTable(767): getLocaleFromMcc to cs_cz mcc=230
10-20 17:35:28.824 D/MccTable(767): getLocaleForLanguageCountry: skipping already persisted
10-20 17:35:28.824 D/MccTable(767): getLocaleForLanguageCountry: X locale=null
10-20 17:35:28.824 D/MccTable(767): updateMccMncConfiguration updateConfig config={1.0 230mcc3mnc ?locale ?layoutDir ?swdp ?wdp ?hdp ?density ?lsize ?long ?orien ?uithememode ?uimode ?night ?touch ?keyb/?/? ?nav/?}
10-20 17:35:28.824 I/ActivityManager(527): Config changes=3 {1.0 230mcc3mnc zz_ZZ ldltr sw474dp w474dp h819dp 182dpi nrml long port holodark finger -keyb/v/h -nav/h s.7}
10-20 17:35:28.834 D/PhoneStatusBar(636): mSettingsPanelGravity = 55
10-20 17:35:29.274 D/MobileDataStateTracker(527): dun: Broadcast received: android.intent.action.ANY_DATA_STATE apnType=dun
10-20 17:35:29.274 D/MobileDataStateTracker(527): dun: Received state=DISCONNECTED, old=DISCONNECTED, reason=simLoaded
10-20 17:35:29.274 D/MobileDataStateTracker(527): supl: Broadcast received: android.intent.action.ANY_DATA_STATE apnType=supl
10-20 17:35:29.284 D/MobileDataStateTracker(527): supl: Received state=DISCONNECTED, old=DISCONNECTED, reason=simLoaded
10-20 17:35:29.284 D/MobileDataStateTracker(527): hipri: Broadcast received: android.intent.action.ANY_DATA_STATE apnType=hipri
10-20 17:35:29.294 D/MobileDataStateTracker(527): hipri: Received state=DISCONNECTED, old=DISCONNECTED, reason=simLoaded
10-20 17:35:29.294 D/MobileDataStateTracker(527): default: Broadcast received: android.intent.action.ANY_DATA_STATE apnType=default
10-20 17:35:29.294 D/MobileDataStateTracker(527): default: Received state=DISCONNECTED, old=DISCONNECTED, reason=simLoaded
10-20 17:35:29.294 D/MobileDataStateTracker(527): mms: Broadcast received: android.intent.action.ANY_DATA_STATE apnType=mms
10-20 17:35:29.304 D/MobileDataStateTracker(527): mms: Received state=DISCONNECTED, old=DISCONNECTED, reason=simLoaded
10-20 17:35:29.304 D/MobileDataStateTracker(527): dun: Broadcast received: android.intent.action.ANY_DATA_STATE apnType=dun
10-20 17:35:29.304 D/MobileDataStateTracker(527): dun: Received state=DISCONNECTED, old=DISCONNECTED, reason=simLoaded
10-20 17:35:29.314 D/MobileDataStateTracker(527): supl: Broadcast received: android.intent.action.ANY_DATA_STATE apnType=supl
10-20 17:35:29.324 D/MobileDataStateTracker(527): supl: Received state=DISCONNECTED, old=DISCONNECTED, reason=simLoaded
10-20 17:35:29.324 D/MobileDataStateTracker(527): hipri: Broadcast received: android.intent.action.ANY_DATA_STATE apnType=hipri
10-20 17:35:29.324 D/MobileDataStateTracker(527): hipri: Received state=DISCONNECTED, old=DISCONNECTED, reason=simLoaded
10-20 17:35:29.324 D/MobileDataStateTracker(527): default: Broadcast received: android.intent.action.ANY_DATA_STATE apnType=default
10-20 17:35:29.324 D/MobileDataStateTracker(527): default: Received state=DISCONNECTED, old=DISCONNECTED, reason=simLoaded
10-20 17:35:29.324 D/MobileDataStateTracker(527): mms: Broadcast received: android.intent.action.ANY_DATA_STATE apnType=mms
10-20 17:35:29.334 D/MobileDataStateTracker(527): mms: Received state=DISCONNECTED, old=DISCONNECTED, reason=simLoaded
10-20 17:35:29.334 D/MccTable(767): updateMccMncConfiguration: mcc=230, mnc=3
10-20 17:35:29.334 D/MccTable(767): getLocaleFromMcc to cs_cz mcc=230
10-20 17:35:29.334 D/MccTable(767): getLocaleForLanguageCountry: skipping already persisted
10-20 17:35:29.334 D/MccTable(767): getLocaleForLanguageCountry: X locale=null
10-20 17:35:29.334 D/MccTable(767): WIFI_COUNTRY_CODE set to cz
10-20 17:35:29.334 I/WifiService(527): WifiService trying to set country code to cz with persist set to true
10-20 17:35:29.374 D/AlarmManagerService(527): Kernel timezone updated to -120 minutes west of GMT
10-20 17:35:29.374 D/AlarmManagerService(527): Kernel timezone updated to -120 minutes west of GMT
10-20 17:35:29.394 D/MobileDataStateTracker(527): dun: Broadcast received: android.intent.action.ANY_DATA_STATE apnType=dun
10-20 17:35:29.404 D/MobileDataStateTracker(527): dun: Received state=DISCONNECTED, old=DISCONNECTED, reason=dataAttached
10-20 17:35:29.404 D/MobileDataStateTracker(527): supl: Broadcast received: android.intent.action.ANY_DATA_STATE apnType=supl
10-20 17:35:29.404 D/MobileDataStateTracker(527): supl: Received state=DISCONNECTED, old=DISCONNECTED, reason=dataAttached
10-20 17:35:29.414 D/MobileDataStateTracker(527): hipri: Broadcast received: android.intent.action.ANY_DATA_STATE apnType=hipri
10-20 17:35:29.414 D/MobileDataStateTracker(527): hipri: Received state=DISCONNECTED, old=DISCONNECTED, reason=dataAttached
10-20 17:35:29.414 D/MobileDataStateTracker(527): mms: Broadcast received: android.intent.action.ANY_DATA_STATE apnType=mms
10-20 17:35:29.414 D/MobileDataStateTracker(527): mms: Received state=DISCONNECTED, old=DISCONNECTED, reason=dataAttached
10-20 17:35:29.414 D/MobileDataStateTracker(527): dun: Broadcast received: android.intent.action.ANY_DATA_STATE apnType=dun
10-20 17:35:29.424 D/MobileDataStateTracker(527): dun: Received state=DISCONNECTED, old=DISCONNECTED, reason=dataAttached
10-20 17:35:29.424 D/MobileDataStateTracker(527): supl: Broadcast received: android.intent.action.ANY_DATA_STATE apnType=supl
10-20 17:35:29.424 D/MobileDataStateTracker(527): supl: Received state=DISCONNECTED, old=DISCONNECTED, reason=dataAttached
10-20 17:35:29.424 D/MobileDataStateTracker(527): hipri: Broadcast received: android.intent.action.ANY_DATA_STATE apnType=hipri
10-20 17:35:29.434 D/MobileDataStateTracker(527): hipri: Received state=DISCONNECTED, old=DISCONNECTED, reason=dataAttached
10-20 17:35:29.434 D/MobileDataStateTracker(527): mms: Broadcast received: android.intent.action.ANY_DATA_STATE apnType=mms
10-20 17:35:29.444 D/MobileDataStateTracker(527): mms: Received state=DISCONNECTED, old=DISCONNECTED, reason=dataAttached
10-20 17:35:29.444 D/WifiService(527): setWifiEnabled: true pid=895, uid=10066
10-20 17:35:29.454 D/WifiService(527): setWifiEnabled: true pid=895, uid=10066
10-20 17:35:29.635 I/ProviderInstaller(957): Installed default security provider GmsCore_OpenSSL
10-20 17:35:29.665 I/dalvikvm(957): Failed resolving Lcom/google/android/gms/common/h/c; interface 123 'Landroid/content/pm/PackageManager$OnPermissionsChangedListener;'
10-20 17:35:29.665 W/dalvikvm(957): Link of class 'Lcom/google/android/gms/common/h/c;' failed
10-20 17:35:29.665 E/dalvikvm(957): Could not find class 'com.google.android.gms.common.h.c', referenced from method com.google.android.gms.common.h.b.a
10-20 17:35:29.665 W/dalvikvm(957): VFY: unable to resolve new-instance 2668 (Lcom/google/android/gms/common/h/c;) in Lcom/google/android/gms/common/h/b;
10-20 17:35:29.665 D/dalvikvm(957): VFY: replacing opcode 0x22 at 0x0000
10-20 17:35:29.665 I/dalvikvm(957): Could not find method android.content.Context.checkSelfPermission, referenced from method com.google.android.gms.common.h.b.b
10-20 17:35:29.665 W/dalvikvm(957): VFY: unable to resolve virtual method 328: Landroid/content/Context;.checkSelfPermission (Ljava/lang/String;)I
10-20 17:35:29.665 D/dalvikvm(957): VFY: replacing opcode 0x6e at 0x0036
10-20 17:35:29.665 I/dalvikvm(957): Failed resolving Lcom/google/android/gms/common/h/c; interface 123 'Landroid/content/pm/PackageManager$OnPermissionsChangedListener;'
10-20 17:35:29.665 W/dalvikvm(957): Link of class 'Lcom/google/android/gms/common/h/c;' failed
10-20 17:35:29.685 W/ActivityThread(1175): ClassLoader.loadClass: The class loader returned by Thread.getContextClassLoader() may fail for processes that host multiple applications. You should explicitly specify a context class loader. For example: Thread.setContextClassLoader(getClass().getClassLoader());
10-20 17:35:29.695 D/dalvikvm(957): DexOpt: unable to opt direct call 0x2d44 at 0x02 in Lcom/google/android/gms/common/h/b;.a
10-20 17:35:29.715 I/dalvikvm(527): Jit: resizing JitTable from 4096 to 8192
10-20 17:35:29.765 I/Choreographer(822): Skipped 41 frames!  The application may be doing too much work on its main thread.
10-20 17:35:29.805 I/dalvikvm(957): Could not find method android.accounts.AccountManager.removeAccount, referenced from method com.google.android.gms.auth.n.a
10-20 17:35:29.805 W/dalvikvm(957): VFY: unable to resolve virtual method 15: Landroid/accounts/AccountManager;.removeAccount (Landroid/accounts/Account;Landroid/app/Activity;Landroid/accounts/AccountManagerCallback;Landroid/os/Handler;)Landroid/accounts/AccountManagerFuture;
10-20 17:35:29.805 D/dalvikvm(957): VFY: replacing opcode 0x6e at 0x001c
10-20 17:35:29.895 W/BroadcastQueue(527): Permission Denial: broadcasting Intent { act=com.android.music.metachanged flg=0x10 (has extras) } from com.android.music (pid=872, uid=10034) is not exported from uid 10056 due to receiver com.google.android.music/.wear.WearBroadcastReceiver
10-20 17:35:29.925 I/dalvikvm(957): Could not find method android.content.pm.PackageManager.getPackageInstaller, referenced from method com.google.android.gms.common.ma.a
10-20 17:35:29.925 W/dalvikvm(957): VFY: unable to resolve virtual method 484: Landroid/content/pm/PackageManager;.getPackageInstaller ()Landroid/content/pm/PackageInstaller;
10-20 17:35:29.925 D/dalvikvm(957): VFY: replacing opcode 0x6e at 0x000d
10-20 17:35:29.925 I/dalvikvm(957): Could not find method android.app.Notification$Builder.setLocalOnly, referenced from method com.google.android.gms.common.ma.b
10-20 17:35:29.925 W/dalvikvm(957): VFY: unable to resolve virtual method 148: Landroid/app/Notification$Builder;.setLocalOnly (Z)Landroid/app/Notification$Builder;
10-20 17:35:29.925 D/dalvikvm(957): VFY: replacing opcode 0x6e at 0x0220
10-20 17:35:29.975 I/Choreographer(636): Skipped 53 frames!  The application may be doing too much work on its main thread.
10-20 17:35:29.985 V/Zygote  (1316): Switching descriptor 32 to /dev/null
10-20 17:35:29.985 V/Zygote  (1316): Switching descriptor 9 to /dev/null
10-20 17:35:29.985 I/ActivityManager(527): Start proc com.android.mms for broadcast com.android.mms/.transaction.MmsSystemEventReceiver: pid=1316 uid=10012 gids={50012, 3003, 1028, 1015, 1023}
10-20 17:35:30.285 V/GLSActivity(957): AuthDelegateWrapperCreated with selected intent: Intent { cmp=com.google.android.gms/.auth.DefaultAuthDelegateService }
10-20 17:35:30.305 V/GLSActivity(957): AuthDelegateWrapperCreated with selected intent: Intent { cmp=com.google.android.gms/.auth.DefaultAuthDelegateService }
10-20 17:35:30.405 D/NativeLibraryUtils(957): Install completed successfully. count=0 extracted=0
10-20 17:35:30.495 D/su      (1334): su invoked.
10-20 17:35:30.495 D/su      (1334): starting daemon client 10059 10059
10-20 17:35:30.505 D/su      (1336): remote pid: 1334
10-20 17:35:30.505 D/su      (1336): remote pts_slave: 
10-20 17:35:30.505 D/su      (1336): waiting for child exit
10-20 17:35:30.505 D/su      (1338): su invoked.
10-20 17:35:30.515 D/su      (1338): db allowed
10-20 17:35:30.515 D/su      (1338): 10059 /system/xbin/su executing 0 /system/bin/sh using binary /system/bin/sh : sh
10-20 17:35:31.026 D/AndroidRuntime(1339): 
10-20 17:35:31.026 D/AndroidRuntime(1339): >>>>>> AndroidRuntime START com.android.internal.os.RuntimeInit <<<<<<
10-20 17:35:31.036 D/AndroidRuntime(1339): CheckJNI is OFF
10-20 17:35:31.066 D/dalvikvm(1339): Trying to load lib libjavacore.so 0x0
10-20 17:35:31.076 D/dalvikvm(1339): Added shared lib libjavacore.so 0x0
10-20 17:35:31.076 D/dalvikvm(1339): Trying to load lib libnativehelper.so 0x0
10-20 17:35:31.076 D/dalvikvm(1339): Added shared lib libnativehelper.so 0x0
10-20 17:35:31.076 D/dalvikvm(1339): No JNI_OnLoad found in libnativehelper.so 0x0, skipping init
10-20 17:35:31.156 D/dalvikvm(1339): Note: class Landroid/app/ActivityManagerNative; has 181 unimplemented (abstract) methods
10-20 17:35:31.276 D/CountryDetector(527): The first listener is added
10-20 17:35:31.486 D/AndroidRuntime(1339): Calling main entry com.android.commands.am.Am
10-20 17:35:31.526 V/MmsConfig(1316): mnc/mcc: 23003
10-20 17:35:31.536 V/MmsConfig(1316): tag: bool value: enabledMMS - true
10-20 17:35:31.536 V/MmsConfig(1316): tag: int value: maxMessageSize - 307200
10-20 17:35:31.536 V/MmsConfig(1316): tag: int value: maxImageHeight - 480
10-20 17:35:31.536 V/MmsConfig(1316): tag: int value: maxImageWidth - 640
10-20 17:35:31.536 V/MmsConfig(1316): tag: int value: defaultSMSMessagesPerThread - 10000
10-20 17:35:31.536 V/MmsConfig(1316): tag: int value: defaultMMSMessagesPerThread - 1000
10-20 17:35:31.536 V/MmsConfig(1316): tag: int value: minMessageCountPerThread - 10
10-20 17:35:31.536 V/MmsConfig(1316): tag: int value: maxMessageCountPerThread - 5000
10-20 17:35:31.536 V/MmsConfig(1316): tag: string value: uaProfUrl - http://www.google.com/oha/rdf/ua-profile-kila.xml
10-20 17:35:31.536 V/MmsConfig(1316): tag: int value: recipientLimit - -1
10-20 17:35:31.536 V/MmsConfig(1316): tag: bool value: enableMultipartSMS - true
10-20 17:35:31.536 V/MmsConfig(1316): tag: bool value: enableSplitSMS - false
10-20 17:35:31.536 V/MmsConfig(1316): tag: int value: smsToMmsTextThreshold - 7
10-20 17:35:31.536 V/MmsConfig(1316): tag: bool value: enableSlideDuration - true
10-20 17:35:31.536 V/MmsConfig(1316): tag: int value: maxMessageTextSize - -1
10-20 17:35:31.536 V/MmsConfig(1316): tag: bool value: enableSprintVVM - false
10-20 17:35:31.596 I/dalvikvm(957): Could not find method android.accounts.AccountManager.removeAccountExplicitly, referenced from method com.google.android.gms.auth.be.o.a
10-20 17:35:31.596 W/dalvikvm(957): VFY: unable to resolve virtual method 16: Landroid/accounts/AccountManager;.removeAccountExplicitly (Landroid/accounts/Account;)Z
10-20 17:35:31.596 D/dalvikvm(957): VFY: replacing opcode 0x6e at 0x001f
10-20 17:35:31.717 V/GLSActivity(957): AuthDelegateWrapperCreated with selected intent: Intent { cmp=com.google.android.gms/.auth.DefaultAuthDelegateService }
10-20 17:35:31.787 W/dalvikvm(957): VFY: unable to find class referenced in signature (Landroid/net/Network;)
10-20 17:35:31.787 W/dalvikvm(957): VFY: unable to find class referenced in signature (Landroid/net/Network;)
10-20 17:35:31.797 W/dalvikvm(957): VFY: unable to find class referenced in signature (Landroid/net/Network;)
10-20 17:35:31.827 I/dalvikvm(957): Could not find method android.net.Network.openConnection, referenced from method com.google.android.gms.http.g.a
10-20 17:35:31.827 W/dalvikvm(957): VFY: unable to resolve virtual method 1092: Landroid/net/Network;.openConnection (Ljava/net/URL;)Ljava/net/URLConnection;
10-20 17:35:31.827 D/dalvikvm(957): VFY: replacing opcode 0x6e at 0x00bb
10-20 17:35:32.037 I/dalvikvm(957): Could not find method android.accounts.AccountManager.notifyAccountAuthenticated, referenced from method com.google.android.gms.auth.be.r.a
10-20 17:35:32.037 W/dalvikvm(957): VFY: unable to resolve virtual method 13: Landroid/accounts/AccountManager;.notifyAccountAuthenticated (Landroid/accounts/Account;)Z
10-20 17:35:32.037 D/dalvikvm(957): VFY: replacing opcode 0x6e at 0x0041
10-20 17:35:32.147 E/dalvikvm(957): Could not find class 'android.net.Network', referenced from method com.google.android.gms.auth.be.account.b.d.a
10-20 17:35:32.147 W/dalvikvm(957): VFY: unable to resolve check-cast 241 (Landroid/net/Network;) in Lcom/google/android/gms/auth/be/account/b/d;
10-20 17:35:32.147 D/dalvikvm(957): VFY: replacing opcode 0x1f at 0x031e
10-20 17:35:32.217 I/dalvikvm(1001): Could not find method android.os.UserManager.getUserProfiles, referenced from method com.google.android.gms.wearable.service.u.a
10-20 17:35:32.217 W/dalvikvm(1001): VFY: unable to resolve virtual method 1133: Landroid/os/UserManager;.getUserProfiles ()Ljava/util/List;
10-20 17:35:32.217 D/dalvikvm(1001): VFY: replacing opcode 0x6e at 0x003f
10-20 17:35:32.267 I/dalvikvm(957): Could not find method android.accounts.AccountManager.renameAccount, referenced from method com.google.android.gms.auth.be.account.a.b
10-20 17:35:32.267 W/dalvikvm(957): VFY: unable to resolve virtual method 24: Landroid/accounts/AccountManager;.renameAccount (Landroid/accounts/Account;Ljava/lang/String;Landroid/accounts/AccountManagerCallback;Landroid/os/Handler;)Landroid/accounts/AccountManagerFuture;
10-20 17:35:32.267 D/dalvikvm(957): VFY: replacing opcode 0x6e at 0x0046
10-20 17:35:32.267 I/dalvikvm(957): Could not find method android.accounts.AccountManager.removeAccountExplicitly, referenced from method com.google.android.gms.auth.be.account.a.a
10-20 17:35:32.267 W/dalvikvm(957): VFY: unable to resolve virtual method 22: Landroid/accounts/AccountManager;.removeAccountExplicitly (Landroid/accounts/Account;)Z
10-20 17:35:32.267 D/dalvikvm(957): VFY: replacing opcode 0x6e at 0x00ba
10-20 17:35:32.397 I/Scheduler(957): Use legacy PeriodicScheduler
10-20 17:35:32.597 D/GCM     (957): COMPAT: Multi user not supported
10-20 17:35:32.627 V/Zygote  (1378): Switching descriptor 32 to /dev/null
10-20 17:35:32.627 V/Zygote  (1378): Switching descriptor 9 to /dev/null
10-20 17:35:32.637 I/ActivityManager(527): Start proc com.facebook.lite for broadcast com.facebook.lite/.net.ConnectivityReceiver: pid=1378 uid=10065 gids={50065, 3003, 1028, 1015, 1023}
10-20 17:35:32.687 I/dalvikvm(957): Could not find method android.os.PowerManager.isDeviceIdleMode, referenced from method com.google.android.gms.gcm.nts.a.c.b
10-20 17:35:32.687 W/dalvikvm(957): VFY: unable to resolve virtual method 1363: Landroid/os/PowerManager;.isDeviceIdleMode ()Z
10-20 17:35:32.687 D/dalvikvm(957): VFY: replacing opcode 0x6e at 0x000f
10-20 17:35:32.697 I/dalvikvm(1001): Could not find method android.content.pm.PackageManager.getPackageInstaller, referenced from method com.google.android.gms.common.ma.a
10-20 17:35:32.697 W/dalvikvm(1001): VFY: unable to resolve virtual method 484: Landroid/content/pm/PackageManager;.getPackageInstaller ()Landroid/content/pm/PackageInstaller;
10-20 17:35:32.697 D/dalvikvm(1001): VFY: replacing opcode 0x6e at 0x000d
10-20 17:35:32.697 I/dalvikvm(1001): Could not find method android.app.Notification$Builder.setLocalOnly, referenced from method com.google.android.gms.common.ma.b
10-20 17:35:32.697 W/dalvikvm(1001): VFY: unable to resolve virtual method 148: Landroid/app/Notification$Builder;.setLocalOnly (Z)Landroid/app/Notification$Builder;
10-20 17:35:32.697 D/dalvikvm(1001): VFY: replacing opcode 0x6e at 0x0220
10-20 17:35:32.918 V/Zygote  (1392): Switching descriptor 32 to /dev/null
10-20 17:35:32.918 V/Zygote  (1392): Switching descriptor 9 to /dev/null
10-20 17:35:32.918 I/ActivityManager(527): Start proc com.facebook.lite:fbns for broadcast com.facebook.lite/com.facebook.rti.push.service.MqttSystemBroadcastReceiver: pid=1392 uid=10065 gids={50065, 3003, 1028, 1015, 1023}
10-20 17:35:32.928 W/InstanceID/Rpc(957): Found 10016
10-20 17:35:33.088 D/dalvikvm(957): DexOpt: couldn't find field Landroid/os/Message;.sendingUid
10-20 17:35:33.088 W/dalvikvm(957): VFY: unable to resolve instance field 213
10-20 17:35:33.088 D/dalvikvm(957): VFY: replacing opcode 0x52 at 0x0006
10-20 17:35:33.118 V/Zygote  (1407): Switching descriptor 32 to /dev/null
10-20 17:35:33.118 V/Zygote  (1407): Switching descriptor 9 to /dev/null
10-20 17:35:33.118 I/ActivityManager(527): Start proc com.zentity.vodafone for broadcast com.zentity.vodafone/.widget.AppWidgetActionReceiver: pid=1407 uid=10070 gids={50070, 3003, 1028, 1015, 1023, 3002, 3001}
10-20 17:35:33.158 I/dalvikvm(957): Could not find method android.app.AlarmManager.setAndAllowWhileIdle, referenced from method com.google.android.gms.gcm.d.a
10-20 17:35:33.158 W/dalvikvm(957): VFY: unable to resolve virtual method 83: Landroid/app/AlarmManager;.setAndAllowWhileIdle (IJLandroid/app/PendingIntent;)V
10-20 17:35:33.158 D/dalvikvm(957): VFY: replacing opcode 0x6e at 0x0038
10-20 17:35:33.288 I/dalvikvm(957): Could not find method android.os.PowerManager.isDeviceIdleMode, referenced from method com.google.android.gms.gcm.ca.d
10-20 17:35:33.288 W/dalvikvm(957): VFY: unable to resolve virtual method 1098: Landroid/os/PowerManager;.isDeviceIdleMode ()Z
10-20 17:35:33.288 D/dalvikvm(957): VFY: replacing opcode 0x6e at 0x003e
10-20 17:35:33.328 I/dalvikvm(957): Could not find method android.os.PowerManager.isDeviceIdleMode, referenced from method com.google.android.gms.gcm.e.c
10-20 17:35:33.328 W/dalvikvm(957): VFY: unable to resolve virtual method 1098: Landroid/os/PowerManager;.isDeviceIdleMode ()Z
10-20 17:35:33.328 D/dalvikvm(957): VFY: replacing opcode 0x6e at 0x0022
10-20 17:35:33.899 I/GCM     (957): GCM config loaded
10-20 17:35:34.269 I/GCM     (957): GCM message GSYNC_TICKLE 0:1445355157991886%e7a71353e6593d39
10-20 17:35:34.679 D/ConnectivityService(527): handleInetConditionHoldEnd: net=1, condition=100, published condition=0
10-20 17:35:34.779 V/Zygote  (1469): Switching descriptor 32 to /dev/null
10-20 17:35:34.779 V/Zygote  (1469): Switching descriptor 9 to /dev/null
10-20 17:35:34.790 I/ActivityManager(527): Start proc org.androworks.meteor for broadcast org.androworks.meteor/.RadarWidget2x2: pid=1469 uid=10073 gids={50073, 3003}
10-20 17:35:34.910 D/MeteorApplication(1469): App created!!!
10-20 17:35:35.070 V/Zygote  (1491): Switching descriptor 32 to /dev/null
10-20 17:35:35.070 V/Zygote  (1491): Switching descriptor 9 to /dev/null
10-20 17:35:35.070 I/ActivityManager(527): Start proc com.sygic.aura for broadcast com.sygic.aura/com.sygic.widget.TrafficWidgetProvider: pid=1491 uid=10074 gids={50074, 3003, 1028, 1015, 1023, 3002}
10-20 17:35:35.650 E/dalvikvm(1001): Could not find class 'android.telephony.SubscriptionManager', referenced from method com.google.android.gms.checkin.CheckinService.d
10-20 17:35:35.650 W/dalvikvm(1001): VFY: unable to resolve check-cast 519 (Landroid/telephony/SubscriptionManager;) in Lcom/google/android/gms/checkin/CheckinService;
10-20 17:35:35.650 D/dalvikvm(1001): VFY: replacing opcode 0x1f at 0x000e
10-20 17:35:35.740 I/CheckinService(1001): Checkin interval check for package: unspecified last checkin: 1445344940255 min interval config: 0 actual interval: 10395502
10-20 17:35:36.191 V/Zygote  (1510): Switching descriptor 32 to /dev/null
10-20 17:35:36.191 V/Zygote  (1510): Switching descriptor 9 to /dev/null
10-20 17:35:36.201 I/ActivityManager(527): Start proc com.android.calendar for broadcast com.android.calendar/.widget.CalendarAppWidgetService$CalendarFactory: pid=1510 uid=10023 gids={50023, 3003}
10-20 17:35:36.291 D/ExtensionsFactory(1510): No custom extensions.
10-20 17:35:36.311 V/Zygote  (1528): Switching descriptor 32 to /dev/null
10-20 17:35:36.311 V/Zygote  (1528): Switching descriptor 9 to /dev/null
10-20 17:35:36.321 V/Zygote  (1535): Switching descriptor 32 to /dev/null
10-20 17:35:36.321 V/Zygote  (1535): Switching descriptor 9 to /dev/null
10-20 17:35:36.321 I/ActivityManager(527): Start proc com.google.android.deskclock for broadcast com.google.android.deskclock/com.android.deskclock.AlarmInitReceiver: pid=1528 uid=10050 gids={50050, 1028, 1023, 3003}
10-20 17:35:36.351 I/ActivityManager(527): Start proc com.android.providers.calendar for content provider com.android.providers.calendar/.CalendarProvider2: pid=1535 uid=10002 gids={50002, 3003, 1028, 1015, 1023}
10-20 17:35:36.611 I/CalendarProvider2(1535): Created com.android.providers.calendar.CalendarAlarmManager@41a255f8(com.android.providers.calendar.CalendarProvider2@41a1c748)
10-20 17:35:36.631 I/dalvikvm(1528): Could not find method android.content.pm.PackageManager.getPackageInstaller, referenced from method com.google.android.gms.common.GooglePlayServicesUtil.zzi
10-20 17:35:36.631 W/dalvikvm(1528): VFY: unable to resolve virtual method 457: Landroid/content/pm/PackageManager;.getPackageInstaller ()Landroid/content/pm/PackageInstaller;
10-20 17:35:36.631 D/dalvikvm(1528): VFY: replacing opcode 0x6e at 0x000b
10-20 17:35:36.651 I/GAv4    (1528): Google Analytics 7.8.95 is starting up. To enable debug logging on a device run:
10-20 17:35:36.651 I/GAv4    (1528):   adb shell setprop log.tag.GAv4 DEBUG
10-20 17:35:36.651 I/GAv4    (1528):   adb logcat -s GAv4
10-20 17:35:36.671 W/GAv4    (1528): AnalyticsReceiver is not registered or is disabled. Register the receiver for reliable dispatching on non-Google Play devices. See http://goo.gl/8Rd3yj for instructions.
10-20 17:35:36.721 W/GAv4    (1528): CampaignTrackingReceiver is not registered, not exported or is disabled. Installation campaign tracking is not possible. See http://goo.gl/8Rd3yj for instructions.
10-20 17:35:36.731 V/AlarmClock(1528): AlarmInitReceiver android.intent.action.TIME_SET
10-20 17:35:36.741 W/GAv4    (1528): AnalyticsService not registered in the app manifest. Hits might not be delivered reliably. See http://goo.gl/8Rd3yj for instructions.
10-20 17:35:36.761 E/dalvikvm(1528): Could not find class 'android.app.AlarmManager$AlarmClockInfo', referenced from method com.android.deskclock.alarms.AlarmStateManager.m
10-20 17:35:36.761 W/dalvikvm(1528): VFY: unable to resolve new-instance 30 (Landroid/app/AlarmManager$AlarmClockInfo;) in Lcom/android/deskclock/alarms/AlarmStateManager;
10-20 17:35:36.761 D/dalvikvm(1528): VFY: replacing opcode 0x22 at 0x002d
10-20 17:35:36.761 D/dalvikvm(1528): DexOpt: unable to opt direct call 0x0068 at 0x2f in Lcom/android/deskclock/alarms/AlarmStateManager;.m
10-20 17:35:36.821 I/ActivityManager(527): Delaying start of: ServiceRecord{41b2f2a8 u0 com.android.providers.calendar/.EmptyService}
10-20 17:35:36.852 V/AlarmClock(1528): Setting silent state to instance 3
10-20 17:35:36.922 V/AlarmClock(1528): *** notifyChange() id: 3 url content://com.google.android.deskclock/instances/3
10-20 17:35:36.942 V/AlarmClock(1528): Clearing notifications for alarm instance: 3
10-20 17:35:36.952 D/AlarmClock(1528): No state change op for alarm state 0
10-20 17:35:36.992 V/AlarmClock(1528): Scheduling state change 1 to instance 3 at Wed 06:00 (1445400000000)
10-20 17:35:37.012 I/dalvikvm(1528): Could not find method android.app.AlarmManager.getNextAlarmClock, referenced from method com.android.deskclock.bn.A
10-20 17:35:37.012 W/dalvikvm(1528): VFY: unable to resolve virtual method 107: Landroid/app/AlarmManager;.getNextAlarmClock ()Landroid/app/AlarmManager$AlarmClockInfo;
10-20 17:35:37.012 D/dalvikvm(1528): VFY: replacing opcode 0x6e at 0x0008
10-20 17:35:37.022 I/AlarmClock(1528): Displaying next alarm time: 'Wed 08:00'
10-20 17:35:37.062 D/WearableService(740): callingUid 10016, callindPid: 740
10-20 17:35:37.082 V/AlarmClock(1528): AlarmInitReceiver finished
10-20 17:35:37.102 V/Zygote  (1564): Switching descriptor 32 to /dev/null
10-20 17:35:37.102 V/Zygote  (1564): Switching descriptor 9 to /dev/null
10-20 17:35:37.122 I/ActivityManager(527): Start proc com.google.android.keep for broadcast com.google.android.keep/.notification.AlertReceiver: pid=1564 uid=10053 gids={50053, 3003, 1028, 1015, 1023}
10-20 17:35:37.132 D/AlarmClock(1528): onConnectionFailed: ConnectionResult{statusCode=API_UNAVAILABLE, resolution=null}
10-20 17:35:37.342 I/dalvikvm(1564): Could not find method android.content.Context.checkSelfPermission, referenced from method com.google.android.keep.activities.KeepApplication.isPermissionGranted
10-20 17:35:37.342 W/dalvikvm(1564): VFY: unable to resolve virtual method 389: Landroid/content/Context;.checkSelfPermission (Ljava/lang/String;)I
10-20 17:35:37.342 D/dalvikvm(1564): VFY: replacing opcode 0x6e at 0x0008
10-20 17:35:37.832 I/CalendarProvider2(1535): Sending notification intent: Intent { act=android.intent.action.PROVIDER_CHANGED dat=content://com.android.calendar }
10-20 17:35:37.832 W/ContentResolver(1535): Failed to get type for: content://com.android.calendar (Unknown URL content://com.android.calendar)
10-20 17:35:37.852 V/Zygote  (1585): Switching descriptor 32 to /dev/null
10-20 17:35:37.852 V/Zygote  (1585): Switching descriptor 9 to /dev/null
10-20 17:35:37.873 I/ActivityManager(527): Start proc com.appgenix.bizcal for broadcast com.appgenix.bizcal/.BizCalReceiver: pid=1585 uid=10069 gids={50069, 3003, 1028, 1023, 1015}
10-20 17:35:38.073 I/dalvikvm(1564): Could not find method android.app.Notification$Builder.setLocalOnly, referenced from method com.google.android.gms.common.GooglePlayServicesUtil.zza
10-20 17:35:38.073 W/dalvikvm(1564): VFY: unable to resolve virtual method 245: Landroid/app/Notification$Builder;.setLocalOnly (Z)Landroid/app/Notification$Builder;
10-20 17:35:38.073 D/dalvikvm(1564): VFY: replacing opcode 0x6e at 0x0105
10-20 17:35:38.073 I/dalvikvm(1564): Could not find method android.content.pm.PackageManager.getPackageInstaller, referenced from method com.google.android.gms.common.GooglePlayServicesUtil.zzk
10-20 17:35:38.073 W/dalvikvm(1564): VFY: unable to resolve virtual method 537: Landroid/content/pm/PackageManager;.getPackageInstaller ()Landroid/content/pm/PackageInstaller;
10-20 17:35:38.073 D/dalvikvm(1564): VFY: replacing opcode 0x6e at 0x001e
10-20 17:35:38.173 I/dalvikvm(1001): Failed resolving Lcom/google/android/gms/common/h/c; interface 123 'Landroid/content/pm/PackageManager$OnPermissionsChangedListener;'
10-20 17:35:38.173 W/dalvikvm(1001): Link of class 'Lcom/google/android/gms/common/h/c;' failed
10-20 17:35:38.173 E/dalvikvm(1001): Could not find class 'com.google.android.gms.common.h.c', referenced from method com.google.android.gms.common.h.b.a
10-20 17:35:38.173 W/dalvikvm(1001): VFY: unable to resolve new-instance 2668 (Lcom/google/android/gms/common/h/c;) in Lcom/google/android/gms/common/h/b;
10-20 17:35:38.173 D/dalvikvm(1001): VFY: replacing opcode 0x22 at 0x0000
10-20 17:35:38.173 I/dalvikvm(1001): Could not find method android.content.Context.checkSelfPermission, referenced from method com.google.android.gms.common.h.b.b
10-20 17:35:38.173 W/dalvikvm(1001): VFY: unable to resolve virtual method 328: Landroid/content/Context;.checkSelfPermission (Ljava/lang/String;)I
10-20 17:35:38.173 D/dalvikvm(1001): VFY: replacing opcode 0x6e at 0x0036
10-20 17:35:38.183 I/dalvikvm(1001): Failed resolving Lcom/google/android/gms/common/h/c; interface 123 'Landroid/content/pm/PackageManager$OnPermissionsChangedListener;'
10-20 17:35:38.183 W/dalvikvm(1001): Link of class 'Lcom/google/android/gms/common/h/c;' failed
10-20 17:35:38.183 D/dalvikvm(1001): DexOpt: unable to opt direct call 0x2d44 at 0x02 in Lcom/google/android/gms/common/h/b;.a
10-20 17:35:38.463 I/Fabric  (1585): Initializing Crashlytics 2.3.3.61
10-20 17:35:38.733 W/System.err(1585): android.content.pm.PackageManager$NameNotFoundException: com.google.android.calendar
10-20 17:35:38.743 W/System.err(1585): 	at android.app.ApplicationPackageManager.getPackageInfo(ApplicationPackageManager.java:83)
10-20 17:35:38.743 W/System.err(1585): 	at com.appgenix.bizcal.util.Util.isGoogleCalendar5Installed(Util.java:507)
10-20 17:35:38.743 W/System.err(1585): 	at com.appgenix.bizcal.BizCalApplication.onCreate(BizCalApplication.java:47)
10-20 17:35:38.743 W/System.err(1585): 	at android.app.Instrumentation.callApplicationOnCreate(Instrumentation.java:1007)
10-20 17:35:38.743 W/System.err(1585): 	at android.app.ActivityThread.handleBindApplication(ActivityThread.java:4361)
10-20 17:35:38.743 W/System.err(1585): 	at android.app.ActivityThread.access$1500(ActivityThread.java:138)
10-20 17:35:38.743 W/System.err(1585): 	at android.app.ActivityThread$H.handleMessage(ActivityThread.java:1259)
10-20 17:35:38.743 W/System.err(1585): 	at android.os.Handler.dispatchMessage(Handler.java:102)
10-20 17:35:38.743 W/System.err(1585): 	at android.os.Looper.loop(Looper.java:136)
10-20 17:35:38.743 W/System.err(1585): 	at android.app.ActivityThread.main(ActivityThread.java:5034)
10-20 17:35:38.743 W/System.err(1585): 	at java.lang.reflect.Method.invokeNative(Native Method)
10-20 17:35:38.743 W/System.err(1585): 	at java.lang.reflect.Method.invoke(Method.java:515)
10-20 17:35:38.743 W/System.err(1585): 	at com.android.internal.os.ZygoteInit$MethodAndArgsCaller.run(ZygoteInit.java:795)
10-20 17:35:38.743 W/System.err(1585): 	at com.android.internal.os.ZygoteInit.main(ZygoteInit.java:611)
10-20 17:35:38.743 W/System.err(1585): 	at dalvik.system.NativeStart.main(Native Method)
10-20 17:35:38.813 I/dalvikvm(1585): Could not find method android.content.pm.PackageManager.getPackageInstaller, referenced from method com.google.android.gms.common.GooglePlayServicesUtil.zzh
10-20 17:35:38.813 W/dalvikvm(1585): VFY: unable to resolve virtual method 514: Landroid/content/pm/PackageManager;.getPackageInstaller ()Landroid/content/pm/PackageInstaller;
10-20 17:35:38.813 D/dalvikvm(1585): VFY: replacing opcode 0x6e at 0x000b
10-20 17:35:38.813 D/CaptivePortalTracker(527): Checking http://216.58.209.174/generate_204
10-20 17:35:38.813 W/ActivityThread(527): ClassLoader.loadClass: The class loader returned by Thread.getContextClassLoader() may fail for processes that host multiple applications. You should explicitly specify a context class loader. For example: Thread.setContextClassLoader(getClass().getClassLoader());
10-20 17:35:39.294 W/GCM-DMM (957): Force release of GOOGLE_C2DM lock
10-20 17:35:39.344 V/NQFileLogger(957): [84] e.a: about to write to file
10-20 17:35:39.354 V/ProcessReports(957): [84] ProcessReportsService.a: If not already scheduled, schedule for 3600 to 14400 seconds from now (but might be processed inline after 900 seconds instead)
10-20 17:35:39.434 D/ConnectivityService(527): handleInetConditionHoldEnd: net=1, condition=100, published condition=100
10-20 17:35:39.444 I/ActivityManager(527): Delay finish: com.google.android.gms/.fitness.service.FitnessInitReceiver
10-20 17:35:39.464 E/GmsWearableLS(740): GoogleApiClient connection failed: ConnectionResult{statusCode=API_UNAVAILABLE, resolution=null, message=null}
10-20 17:35:39.534 I/ActivityManager(527): Killing 911:com.mikersmicros.fm_unlock/u0a83 (adj 15): empty #17
10-20 17:35:39.884 D/CaptivePortalTracker(527): Don't send network conditions - lacking user consent.
10-20 17:35:39.884 D/CaptivePortalTracker(527): isCaptivePortal: ret=false rspCode=204
10-20 17:35:39.884 D/CaptivePortalTracker(527): Not captive network NetworkInfo: type: WIFI[], state: CONNECTED/CONNECTED, reason: (unspecified), extra: "neneezatch", roaming: false, failover: false, isAvailable: true, isConnectedToProvisioningNetwork: false
10-20 17:35:39.884 D/CaptivePortalTracker(527): notifyPortalCheckCompleted: captive=false ni=NetworkInfo: type: WIFI[], state: CONNECTED/CONNECTED, reason: (unspecified), extra: "neneezatch", roaming: false, failover: false, isAvailable: true, isConnectedToProvisioningNetwork: false
10-20 17:35:39.884 D/ConnectivityService(527): captivePortalCheckCompleted: ni=NetworkInfo: type: WIFI[], state: CONNECTED/CONNECTED, reason: (unspecified), extra: "neneezatch", roaming: false, failover: false, isAvailable: true, isConnectedToProvisioningNetwork: false captive=false
10-20 17:35:42.097 W/MediaScanner(716): Error opening directory '/storage/sdcard0/.android_secure/', skipping: Permission denied.
10-20 17:35:42.707 I/GAV3    (1564): Thread[GAThread,5,main]: No campaign data found.
10-20 17:35:42.747 I/GAv4-SVC(1001): Google Analytics 8.2.99 is starting up.
10-20 17:35:43.058 E/dalvikvm(1235): Could not find class 'android.media.session.PlaybackState$Builder', referenced from method c.a
10-20 17:35:43.058 W/dalvikvm(1235): VFY: unable to resolve new-instance 644 (Landroid/media/session/PlaybackState$Builder;) in Lc;
10-20 17:35:43.058 D/dalvikvm(1235): VFY: replacing opcode 0x22 at 0x0000
10-20 17:35:43.058 D/dalvikvm(1235): DexOpt: unable to opt direct call 0x0f7e at 0x02 in Lc;.a
10-20 17:35:43.628 I/ActivityManager(527): Waited long enough for: ServiceRecord{41bac3e0 u0 com.android.providers.media/.MediaScannerService}
10-20 17:35:47.192 I/ActivityManager(527): Delaying start of: ServiceRecord{41cf3d00 u0 com.zentity.vodafone/eu.limecompany.sdk.service.BeaconScanService}
10-20 17:35:47.192 I/ActivityManager(527): Killing 868:com.android.printspooler/u0a39 (adj 15): empty #17
10-20 17:35:47.592 I/ActivityManager(527): Waited long enough for: ServiceRecord{41e19590 u0 com.google.android.gms/.gcm.GcmService}
10-20 17:35:47.632 V/Zygote  (1675): Switching descriptor 32 to /dev/null
10-20 17:35:47.632 V/Zygote  (1675): Switching descriptor 9 to /dev/null
10-20 17:35:47.642 I/ActivityManager(527): Start proc com.zentity.vodafone:scan for service com.zentity.vodafone/eu.limecompany.sdk.service.BeaconScanService: pid=1675 uid=10070 gids={50070, 3003, 1028, 1015, 1023, 3002, 3001}
10-20 17:35:47.852 I/ActivityManager(527): Resuming delayed broadcast
10-20 17:35:47.862 I/ActivityManager(527): Killing 1206:com.android.settings/1000 (adj 15): empty #17
10-20 17:35:47.892 I/iu.UploadsManager(1001): #reloadSettings(); account: 0; IU: enabled; IS: disabled; IS account: -1; photoWiFi: true; videoWiFi: true; roam: false; battery: true; size: FULL; maxMobile: 157286400
10-20 17:35:47.892 D/WearableService(740): callingUid 10016, callindPid: 740
10-20 17:35:47.902 E/MDM     (740): [58] b.run: Couldn't connect to Google API client: ConnectionResult{statusCode=API_UNAVAILABLE, resolution=null, message=null}
10-20 17:35:48.042 I/iu.UploadsManager(1001): storage changed; old: -699178208, new: -699178208
10-20 17:35:48.052 W/InstanceID/Rpc(1001): Found 10016
10-20 17:35:48.062 I/dalvikvm(740): Could not find method android.os.UserManager.isManagedProfile, referenced from method com.google.android.gms.tapandpay.i.e.a
10-20 17:35:48.062 W/dalvikvm(740): VFY: unable to resolve virtual method 1135: Landroid/os/UserManager;.isManagedProfile ()Z
10-20 17:35:48.062 D/dalvikvm(740): VFY: replacing opcode 0x6e at 0x0034
10-20 17:35:48.072 I/ActivityManager(527): Delay finish: com.google.android.gms/.init.InitializeGmsReceiver
10-20 17:35:48.092 I/ActivityManager(527): Waited long enough for: ServiceRecord{41cb4b70 u0 com.facebook.lite/com.facebook.rti.push.service.FbnsService}
10-20 17:35:48.092 I/ActivityManager(527): Resuming delayed broadcast
10-20 17:35:48.133 D/LocationInitializer(1001): Restart initialization of location
10-20 17:35:48.153 E/dalvikvm(1001): Could not find class 'android.app.usage.UsageStatsManager', referenced from method com.google.android.gms.lockbox.LockboxService.a
10-20 17:35:48.153 W/dalvikvm(1001): VFY: unable to resolve check-cast 60 (Landroid/app/usage/UsageStatsManager;) in Lcom/google/android/gms/lockbox/LockboxService;
10-20 17:35:48.153 D/dalvikvm(1001): VFY: replacing opcode 0x1f at 0x0035
10-20 17:35:48.403 I/dalvikvm(957): Could not find method android.bluetooth.BluetoothAdapter.isBleScanAlwaysAvailable, referenced from method com.google.android.location.copresence.d.n.o
10-20 17:35:48.403 W/dalvikvm(957): VFY: unable to resolve virtual method 296: Landroid/bluetooth/BluetoothAdapter;.isBleScanAlwaysAvailable ()Z
10-20 17:35:48.403 D/dalvikvm(957): VFY: replacing opcode 0x6e at 0x0022
10-20 17:35:48.403 D/BluetoothManagerService(527): Message: 20
10-20 17:35:48.403 D/BluetoothManagerService(527): Added callback: android.bluetooth.IBluetoothManagerCallback$Stub$Proxy@4201fc38:true
10-20 17:35:48.483 E/dalvikvm(957): Could not find class 'android.app.usage.UsageStatsManager', referenced from method com.google.android.gms.lockbox.LockboxService.a
10-20 17:35:48.483 W/dalvikvm(957): VFY: unable to resolve check-cast 60 (Landroid/app/usage/UsageStatsManager;) in Lcom/google/android/gms/lockbox/LockboxService;
10-20 17:35:48.483 D/dalvikvm(957): VFY: replacing opcode 0x1f at 0x0035
10-20 17:35:48.523 D/AuthorizationBluetoothService(957): Received GmsCore event: Intent { act=com.google.android.gms.INITIALIZE flg=0x10 pkg=com.google.android.gms cmp=com.google.android.gms/.auth.be.proximity.authorization.bt.AuthorizationBluetoothService$AutoStarter }.
10-20 17:35:48.523 I/dalvikvm(957): Could not find method android.os.UserManager.isManagedProfile, referenced from method com.google.android.gms.auth.be.proximity.authorization.bt.b.a
10-20 17:35:48.523 W/dalvikvm(957): VFY: unable to resolve virtual method 1135: Landroid/os/UserManager;.isManagedProfile ()Z
10-20 17:35:48.523 D/dalvikvm(957): VFY: replacing opcode 0x6e at 0x002f
10-20 17:35:48.533 D/GCM     (957): GcmService start Intent { act=com.google.android.gms.INITIALIZE flg=0x10 pkg=com.google.android.gms cmp=com.google.android.gms/.gcm.GcmService } com.google.android.gms.INITIALIZE
10-20 17:35:48.553 E/AuthorizationBluetoothService(957): Proximity feature is not enabled.
10-20 17:35:48.573 I/iu.UploadsManager(1001): num queued entries: 0
10-20 17:35:48.573 I/iu.UploadsManager(1001): num updated entries: 0
10-20 17:35:48.573 I/iu.SyncManager(1001): NEXT; no task
10-20 17:35:48.573 V/GLSActivity(957): AuthDelegateWrapperCreated with selected intent: Intent { cmp=com.google.android.gms/.auth.DefaultAuthDelegateService }
