10-20 17:35:20.231 V/KeyguardTouchDelegate(636): Connected to keyguard
10-20 17:35:20.331 E/cutils  (162): Failed to mkdirat(/storage/usbdisk/Android): Read-only file system
10-20 17:35:20.331 W/Vold    (162): Returning OperationFailed - no handler for errno 30
10-20 17:35:20.341 W/ContextImpl(731): Failed to ensure directory: /storage/usbdisk/Android/data/com.touchtype.swiftkey/files
10-20 17:35:20.341 I/Choreographer(822): Skipped 49 frames!  The application may be doing too much work on its main thread.
10-20 17:35:20.411 V/GmsNetworkLocationProvi(740): DISABLE
10-20 17:35:20.421 E/cutils  (162): Failed to mkdirat(/storage/usbdisk/Android): Read-only file system
10-20 17:35:20.421 W/Vold    (162): Returning OperationFailed - no handler for errno 30
10-20 17:35:20.431 W/ContextImpl(731): Failed to ensure directory: /storage/usbdisk/Android/data/com.touchtype.swiftkey/files
10-20 17:35:20.431 W/BackupManagerService(527): dataChanged but no participant pkg='com.teslacoilsw.launcher' uid=10063
10-20 17:35:20.441 D/dalvikvm(822): DexOpt: couldn't find static field Landroid/os/Build;.SUPPORTED_64_BIT_ABIS
10-20 17:35:20.441 W/dalvikvm(822): VFY: unable to resolve static field 153 (SUPPORTED_64_BIT_ABIS) in Landroid/os/Build;
10-20 17:35:20.441 D/dalvikvm(822): VFY: replacing opcode 0x62 at 0x0004
10-20 17:35:20.441 D/dalvikvm(822): DexOpt: couldn't find static field Landroid/os/Build;.SUPPORTED_32_BIT_ABIS
10-20 17:35:20.441 I/dalvikvm(822): DexOpt: unable to optimize static field ref 0x0098 at 0x11 in Lo/cun;.CN
10-20 17:35:20.461 I/ActivityManager(527): Displayed com.teslacoilsw.launcher/.NovaLauncher: +5s106ms
10-20 17:35:20.461 I/Timeline(527): Timeline: Activity_windows_visible id: ActivityRecord{41b46f50 u0 com.teslacoilsw.launcher/.NovaLauncher t1} time:50625
10-20 17:35:20.501 D/su      (1071): su invoked.
10-20 17:35:20.501 D/su      (1071): starting daemon client 10063 10063
10-20 17:35:20.501 D/su      (1073): remote pid: 1071
10-20 17:35:20.501 D/su      (1073): remote pts_slave: 
10-20 17:35:20.501 D/su      (1073): waiting for child exit
10-20 17:35:20.501 W/BackupManagerService(527): dataChanged but no participant pkg='com.teslacoilsw.launcher' uid=10063
10-20 17:35:20.511 D/su      (1075): su invoked.
10-20 17:35:20.521 I/KebabCommon(895): Apply true
10-20 17:35:20.531 D/su      (1075): db allowed
10-20 17:35:20.531 D/su      (1075): 10063 /system/xbin/su executing 0 /system/bin/sh using binary /system/bin/sh : sh
10-20 17:35:20.792 I/Timeline(822): Timeline: Activity_idle id: android.os.BinderProxy@41a0b190 time:50955
10-20 17:35:20.802 V/Zygote  (1079): Switching descriptor 32 to /dev/null
10-20 17:35:20.802 V/Zygote  (1079): Switching descriptor 9 to /dev/null
10-20 17:35:20.822 I/Adreno200-EGL(636): <qeglDrvAPI_eglInitialize:269>: EGL 1.4 QUALCOMM build: AU_LINUX_ANDROID_JB_VANILLA.04.02.02.60.051_msm8960_JB_VANILLA_CL2997615_release_AU (CL2997615)
10-20 17:35:20.822 I/Adreno200-EGL(636): Build Date: 04/11/13 Thu
10-20 17:35:20.822 I/Adreno200-EGL(636): Local Branch: 
10-20 17:35:20.822 I/Adreno200-EGL(636): Remote Branch: quic/mako_jb_mr1
10-20 17:35:20.822 I/Adreno200-EGL(636): Local Patches: NONE
10-20 17:35:20.822 I/Adreno200-EGL(636): Reconstruct Branch: AU_LINUX_ANDROID_JB_VANILLA.04.02.02.60.051 +  NOTHING
10-20 17:35:20.822 I/ActivityManager(527): Start proc com.google.process.location for on-hold: pid=1079 uid=10016 gids={50016, 3003, 1007, 1028, 1023, 1015, 3002, 3001, 3007, 2001, 3006}
10-20 17:35:20.882 D/AndroidRuntime(1076): 
10-20 17:35:20.882 D/AndroidRuntime(1076): >>>>>> AndroidRuntime START com.android.internal.os.RuntimeInit <<<<<<
10-20 17:35:20.882 D/OpenGLRenderer(636): Enabling debug mode 0
10-20 17:35:20.882 D/AndroidRuntime(1076): CheckJNI is OFF
10-20 17:35:20.902 D/dalvikvm(1076): Trying to load lib libjavacore.so 0x0
10-20 17:35:20.902 D/dalvikvm(1076): Added shared lib libjavacore.so 0x0
10-20 17:35:20.912 D/dalvikvm(1076): Trying to load lib libnativehelper.so 0x0
10-20 17:35:20.912 D/dalvikvm(1076): Added shared lib libnativehelper.so 0x0
10-20 17:35:20.912 D/dalvikvm(1076): No JNI_OnLoad found in libnativehelper.so 0x0, skipping init
10-20 17:35:20.982 D/dalvikvm(1076): Note: class Landroid/app/ActivityManagerNative; has 181 unimplemented (abstract) methods
10-20 17:35:21.062 E/bp      (731): selectionUpdated event aborted: com.touchtype.keyboard.c.af: Unable to get TouchTypeExtractedText from InputConnection. (class com.touchtype.keyboard.c.af)
10-20 17:35:21.092 V/BackupManagerService(527): Connected to transport ComponentInfo{com.google.android.backuptransport/com.google.android.backup.BackupTransportService}
10-20 17:35:21.092 V/BackupManagerService(527): Registering transport com.google.android.backuptransport/com.google.android.backup.BackupTransportService::com.google.android.backup/.BackupTransportService = com.android.internal.backup.IBackupTransport$Stub$Proxy@41d4f438
10-20 17:35:21.302 D/AndroidRuntime(1076): Calling main entry com.android.commands.am.Am
10-20 17:35:21.452 D/Launcher.Model(822): 11683562 -   sBgWorkspaceScreens: WorkspaceScreenInfo{id=1, rank=0, allowBlank=false}, WorkspaceScreenInfo{id=2, rank=1, allowBlank=false}, WorkspaceScreenInfo{id=3, rank=2, allowBlank=false}
10-20 17:35:21.612 E/cutils  (162): Failed to mkdirat(/storage/usbdisk/Android): Read-only file system
10-20 17:35:21.612 W/Vold    (162): Returning OperationFailed - no handler for errno 30
10-20 17:35:21.622 W/ContextImpl(731): Failed to ensure directory: /storage/usbdisk/Android/data/com.touchtype.swiftkey/files
10-20 17:35:21.622 E/cutils  (162): Failed to mkdirat(/storage/usbdisk/Android): Read-only file system
10-20 17:35:21.622 W/ContextImpl(731): Failed to ensure directory: /storage/usbdisk/Android/data/com.touchtype.swiftkey/files
10-20 17:35:21.622 W/Vold    (162): Returning OperationFailed - no handler for errno 30
10-20 17:35:21.632 D/Launcher(822): 11683562 - bindAddScreens()
10-20 17:35:21.632 D/Launcher(822): 11683562 -   orderedScreenIds: WorkspaceScreenInfo{id=1, rank=0, allowBlank=false}, WorkspaceScreenInfo{id=2, rank=1, allowBlank=false}, WorkspaceScreenInfo{id=3, rank=2, allowBlank=false}
10-20 17:35:21.833 I/dalvikvm(740): Could not find method android.os.UserHandle.isOwner, referenced from method com.google.android.location.internal.server.o.f
10-20 17:35:21.833 W/dalvikvm(740): VFY: unable to resolve virtual method 1418: Landroid/os/UserHandle;.isOwner ()Z
10-20 17:35:21.833 D/dalvikvm(740): VFY: replacing opcode 0x6e at 0x00a8
10-20 17:35:21.873 V/GmsNetworkLocationProvi(740): onSetRequest: ProviderRequestUnbundled, reportLocation is true and interval is 86400000
10-20 17:35:21.883 V/ContactsDatabaseHelper(846): is_restricted column already present in database
10-20 17:35:22.043 D/GpsLocationProvider(527): NTP server returned: 1445355316161 (Tue Oct 20 17:35:16 CEST 2015) reference: 46307 certainty: 5 system time offset: -5898
10-20 17:35:22.263 I/dalvikvm(822): Could not find method android.widget.FrameLayout.dispatchNestedPreFling, referenced from method com.teslacoilsw.launcher.widget.RippleScrollView.CN
10-20 17:35:22.263 W/dalvikvm(822): VFY: unable to resolve virtual method 3455: Landroid/widget/FrameLayout;.dispatchNestedPreFling (FF)Z
10-20 17:35:22.263 D/dalvikvm(822): VFY: replacing opcode 0x6f at 0x001c
10-20 17:35:22.273 I/dalvikvm(822): Could not find method android.widget.FrameLayout.dispatchNestedFling, referenced from method com.teslacoilsw.launcher.widget.RippleScrollView.CN
10-20 17:35:22.273 W/dalvikvm(822): VFY: unable to resolve virtual method 3454: Landroid/widget/FrameLayout;.dispatchNestedFling (FFZ)Z
10-20 17:35:22.273 D/dalvikvm(822): VFY: replacing opcode 0x6f at 0x0027
10-20 17:35:22.273 I/dalvikvm(822): Could not find method android.widget.FrameLayout.startNestedScroll, referenced from method com.teslacoilsw.launcher.widget.RippleScrollView.declared
10-20 17:35:22.273 W/dalvikvm(822): VFY: unable to resolve virtual method 3504: Landroid/widget/FrameLayout;.startNestedScroll (I)Z
10-20 17:35:22.273 D/dalvikvm(822): VFY: replacing opcode 0x6f at 0x0005
10-20 17:35:22.273 I/dalvikvm(822): Could not find method android.widget.FrameLayout.dispatchNestedScroll, referenced from method com.teslacoilsw.launcher.widget.RippleScrollView.eN
10-20 17:35:22.273 W/dalvikvm(822): VFY: unable to resolve virtual method 3457: Landroid/widget/FrameLayout;.dispatchNestedScroll (IIII[I)Z
10-20 17:35:22.273 D/dalvikvm(822): VFY: replacing opcode 0x75 at 0x000a
10-20 17:35:22.283 I/dalvikvm(822): Could not find method android.widget.FrameLayout.getNestedScrollAxes, referenced from method com.teslacoilsw.launcher.widget.RippleScrollView.onInterceptTouchEvent
10-20 17:35:22.283 W/dalvikvm(822): VFY: unable to resolve virtual method 3468: Landroid/widget/FrameLayout;.getNestedScrollAxes ()I
10-20 17:35:22.283 D/dalvikvm(822): VFY: replacing opcode 0x6f at 0x0065
10-20 17:35:22.283 I/dalvikvm(822): Could not find method android.widget.FrameLayout.stopNestedScroll, referenced from method com.teslacoilsw.launcher.widget.RippleScrollView.onInterceptTouchEvent
10-20 17:35:22.283 W/dalvikvm(822): VFY: unable to resolve virtual method 3505: Landroid/widget/FrameLayout;.stopNestedScroll ()V
10-20 17:35:22.283 D/dalvikvm(822): VFY: replacing opcode 0x6f at 0x011f
10-20 17:35:22.283 I/dalvikvm(822): Could not find method android.widget.FrameLayout.onNestedScrollAccepted, referenced from method com.teslacoilsw.launcher.widget.RippleScrollView.onNestedScrollAccepted
10-20 17:35:22.283 W/dalvikvm(822): VFY: unable to resolve virtual method 3482: Landroid/widget/FrameLayout;.onNestedScrollAccepted (Landroid/view/View;Landroid/view/View;I)V
10-20 17:35:22.283 D/dalvikvm(822): VFY: replacing opcode 0x6f at 0x0000
10-20 17:35:22.283 I/dalvikvm(822): Could not find method android.widget.FrameLayout.onStopNestedScroll, referenced from method com.teslacoilsw.launcher.widget.RippleScrollView.onStopNestedScroll
10-20 17:35:22.283 W/dalvikvm(822): VFY: unable to resolve virtual method 3488: Landroid/widget/FrameLayout;.onStopNestedScroll (Landroid/view/View;)V
10-20 17:35:22.283 D/dalvikvm(822): VFY: replacing opcode 0x6f at 0x0000
10-20 17:35:22.283 I/dalvikvm(822): Could not find method android.widget.FrameLayout.dispatchNestedPreScroll, referenced from method com.teslacoilsw.launcher.widget.RippleScrollView.onTouchEvent
10-20 17:35:22.283 W/dalvikvm(822): VFY: unable to resolve virtual method 3456: Landroid/widget/FrameLayout;.dispatchNestedPreScroll (II[I[I)Z
10-20 17:35:22.283 D/dalvikvm(822): VFY: replacing opcode 0x6f at 0x009f
10-20 17:35:22.283 I/dalvikvm(822): Could not find method android.widget.FrameLayout.hasNestedScrollingParent, referenced from method com.teslacoilsw.launcher.widget.RippleScrollView.onTouchEvent
10-20 17:35:22.283 W/dalvikvm(822): VFY: unable to resolve virtual method 3470: Landroid/widget/FrameLayout;.hasNestedScrollingParent ()Z
10-20 17:35:22.283 D/dalvikvm(822): VFY: replacing opcode 0x6f at 0x0116
10-20 17:35:22.313 I/dalvikvm(822): Could not find method android.content.Context.getDrawable, referenced from method o.gF.eN
10-20 17:35:22.313 W/dalvikvm(822): VFY: unable to resolve virtual method 413: Landroid/content/Context;.getDrawable (I)Landroid/graphics/drawable/Drawable;
10-20 17:35:22.313 D/dalvikvm(822): VFY: replacing opcode 0x6e at 0x0006
10-20 17:35:22.793 W/WindowManager(527): Window freeze timeout expired.
10-20 17:35:22.793 W/WindowManager(527): Force clearing orientation change: Window{41c61c68 u0 NavigationBar}
10-20 17:35:22.793 W/WindowManager(527): Force clearing orientation change: Window{41fa2a50 u0 StatusBar}
10-20 17:35:22.833 D/BluetoothManagerService(527): Message: 20
10-20 17:35:22.833 D/BluetoothManagerService(527): Added callback: android.bluetooth.IBluetoothManagerCallback$Stub$Proxy@41b22f40:true
10-20 17:35:22.974 V/GmsNetworkLocationProvi(740): ENABLE
10-20 17:35:22.984 V/GmsNetworkLocationProvi(740): SET-REQUEST
10-20 17:35:22.984 V/GmsNetworkLocationProvi(740): in Handler: ProviderRequestUnbundled, reportLocation is true and interval is 86400000
10-20 17:35:23.054 I/dalvikvm(740): Failed resolving Lcom/google/android/gms/common/h/c; interface 123 'Landroid/content/pm/PackageManager$OnPermissionsChangedListener;'
10-20 17:35:23.054 W/dalvikvm(740): Link of class 'Lcom/google/android/gms/common/h/c;' failed
10-20 17:35:23.054 E/dalvikvm(740): Could not find class 'com.google.android.gms.common.h.c', referenced from method com.google.android.gms.common.h.b.a
10-20 17:35:23.054 W/dalvikvm(740): VFY: unable to resolve new-instance 2668 (Lcom/google/android/gms/common/h/c;) in Lcom/google/android/gms/common/h/b;
10-20 17:35:23.054 D/dalvikvm(740): VFY: replacing opcode 0x22 at 0x0000
10-20 17:35:23.054 I/dalvikvm(740): Could not find method android.content.Context.checkSelfPermission, referenced from method com.google.android.gms.common.h.b.b
10-20 17:35:23.054 W/dalvikvm(740): VFY: unable to resolve virtual method 328: Landroid/content/Context;.checkSelfPermission (Ljava/lang/String;)I
10-20 17:35:23.054 D/dalvikvm(740): VFY: replacing opcode 0x6e at 0x0036
10-20 17:35:23.054 I/dalvikvm(740): Failed resolving Lcom/google/android/gms/common/h/c; interface 123 'Landroid/content/pm/PackageManager$OnPermissionsChangedListener;'
10-20 17:35:23.054 W/dalvikvm(740): Link of class 'Lcom/google/android/gms/common/h/c;' failed
10-20 17:35:23.074 D/dalvikvm(740): DexOpt: unable to opt direct call 0x2d44 at 0x02 in Lcom/google/android/gms/common/h/b;.a
10-20 17:35:23.174 D/GeofencerStateMachine(740): Creating GeofencerStateMachine
10-20 17:35:23.544 I/Choreographer(636): Skipped 201 frames!  The application may be doing too much work on its main thread.
10-20 17:35:23.574 D/SizeAdaptiveLayout(636): com.android.internal.widget.SizeAdaptiveLayout{42078b58 V.E..... ......I. 0,0-0,0 #7f0d008a app:id/adaptive}child view android.widget.FrameLayout{4207e180 G.E..... ......ID 0,0-0,0 #10202da android:id/status_bar_latest_event_content} measured out of bounds at 73px clamped to 82px
10-20 17:35:23.885 V/MediaFocusControl(527): updating focussed RCC change to RCD: CallingPackageName:com.android.music isFocussed:false isAvailable:true
10-20 17:35:23.885 V/MediaFocusControl(527): updating focussed RCC change to RCD: CallingPackageName:com.android.music isFocussed:true isAvailable:true
10-20 17:35:23.945 E/cutils  (162): Failed to mkdirat(/storage/usbdisk/Android): Read-only file system
10-20 17:35:23.945 W/ContextImpl(731): Failed to ensure directory: /storage/usbdisk/Android/data/com.touchtype.swiftkey/files
10-20 17:35:23.945 W/Vold    (162): Returning OperationFailed - no handler for errno 30
10-20 17:35:24.045 I/dalvikvm(740): Failed resolving Lcom/google/android/gms/common/util/bp; interface 123 'Landroid/content/pm/PackageManager$OnPermissionsChangedListener;'
10-20 17:35:24.045 W/dalvikvm(740): Link of class 'Lcom/google/android/gms/common/util/bp;' failed
10-20 17:35:24.045 E/dalvikvm(740): Could not find class 'com.google.android.gms.common.util.bp', referenced from method com.google.android.gms.common.util.bn.a
10-20 17:35:24.045 W/dalvikvm(740): VFY: unable to resolve new-instance 2684 (Lcom/google/android/gms/common/util/bp;) in Lcom/google/android/gms/common/util/bn;
10-20 17:35:24.045 D/dalvikvm(740): VFY: replacing opcode 0x22 at 0x0010
10-20 17:35:24.045 I/dalvikvm(740): Failed resolving Lcom/google/android/gms/common/util/bp; interface 123 'Landroid/content/pm/PackageManager$OnPermissionsChangedListener;'
10-20 17:35:24.045 W/dalvikvm(740): Link of class 'Lcom/google/android/gms/common/util/bp;' failed
10-20 17:35:24.045 D/dalvikvm(740): DexOpt: unable to opt direct call 0x32ab at 0x16 in Lcom/google/android/gms/common/util/bn;.a
10-20 17:35:24.075 W/dalvikvm(740): VFY: unable to find class referenced in signature (Lcom/android/location/provider/ActivityChangedEvent;)
10-20 17:35:24.075 I/dalvikvm(740): Could not find method com.android.location.provider.ActivityChangedEvent.getActivityRecognitionEvents, referenced from method com.google.android.location.activity.j.a
10-20 17:35:24.075 W/dalvikvm(740): VFY: unable to resolve virtual method 6388: Lcom/android/location/provider/ActivityChangedEvent;.getActivityRecognitionEvents ()Ljava/lang/Iterable;
10-20 17:35:24.075 D/dalvikvm(740): VFY: replacing opcode 0x6e at 0x0008
10-20 17:35:24.185 E/cutils  (162): Failed to mkdirat(/storage/usbdisk/Android): Read-only file system
10-20 17:35:24.185 W/Vold    (162): Returning OperationFailed - no handler for errno 30
10-20 17:35:24.195 W/ContextImpl(731): Failed to ensure directory: /storage/usbdisk/Android/data/com.touchtype.swiftkey/files
10-20 17:35:24.215 E/cutils  (162): Failed to mkdirat(/storage/usbdisk/Android): Read-only file system
10-20 17:35:24.215 W/ContextImpl(731): Failed to ensure directory: /storage/usbdisk/Android/data/com.touchtype.swiftkey/files
10-20 17:35:24.215 W/Vold    (162): Returning OperationFailed - no handler for errno 30
10-20 17:35:24.265 I/Choreographer(636): Skipped 42 frames!  The application may be doing too much work on its main thread.
10-20 17:35:24.355 I/SurfaceFlinger(168): Boot is finished (32564 ms)
10-20 17:35:24.415 D/PhoneStatusBar(636): disable: < expand icons alerts ticker system_info BACK* HOME* RECENT* CLOCK* search >
10-20 17:35:24.435 I/dalvikvm(740): Could not find method android.os.PowerManager.isDeviceIdleMode, referenced from method com.google.android.location.util.m.a
10-20 17:35:24.435 W/dalvikvm(740): VFY: unable to resolve virtual method 1384: Landroid/os/PowerManager;.isDeviceIdleMode ()Z
10-20 17:35:24.435 D/dalvikvm(740): VFY: replacing opcode 0x6e at 0x0029
10-20 17:35:24.585 D/ThermalDaemon(1170): Thermal daemon started
10-20 17:35:24.595 D/ThermalDaemon(1170): Threshold 0 Action[0] : cpu
10-20 17:35:24.595 D/ThermalDaemon(1170): Threshold 1 Action[0] : cpu
10-20 17:35:24.595 D/ThermalDaemon(1170): Threshold 2 Action[0] : cpu
10-20 17:35:24.595 D/ThermalDaemon(1170): Threshold 3 Action[0] : cpu
10-20 17:35:24.595 D/ThermalDaemon(1170): Threshold 0 Action Info[0] : 1134000.000000
10-20 17:35:24.595 D/ThermalDaemon(1170): Threshold 1 Action Info[0] : 972000.000000
10-20 17:35:24.595 D/ThermalDaemon(1170): Threshold 2 Action Info[0] : 648000.000000
10-20 17:35:24.595 D/ThermalDaemon(1170): Threshold 3 Action Info[0] : 384000.000000
10-20 17:35:24.595 D/ThermalDaemon(1170): Sensor '(null)' config:  sampling 500000
10-20 17:35:24.595 D/ThermalDaemon(1170): Sensor 'tsens_tz_sensor0' config:  sampling 3000000
10-20 17:35:24.595 D/ThermalDaemon(1170):  56320 53248 cpu 1134000
10-20 17:35:24.595 D/ThermalDaemon(1170):  66560 61440 cpu 972000
10-20 17:35:24.595 D/ThermalDaemon(1170):  76800 71680 cpu 648000
10-20 17:35:24.595 D/ThermalDaemon(1170):  87040 81920 cpu 384000
10-20 17:35:24.595 D/ThermalDaemon(1170): Number of cpus :2
10-20 17:35:24.595 D/ThermalDaemon(1170): Sensor setup:[tsens_tz_sensor0]
10-20 17:35:24.595 D/ThermalDaemon(1170): No rules to monitor sensor 'pm8058_tz' disabled: 1 num_thresholds: 0
10-20 17:35:25.236 I/GCoreUlr(740): Starting service, intent=Intent { act=com.google.android.location.reporting.ACTION_UPDATE_WORLD cmp=com.google.android.gms/com.google.android.location.reporting.service.DispatchingService (has extras) }, extras=Bundle[{receiverAction=android.location.PROVIDERS_CHANGED}]
10-20 17:35:25.266 V/Zygote  (1175): Switching descriptor 32 to /dev/null
10-20 17:35:25.266 V/Zygote  (1175): Switching descriptor 9 to /dev/null
10-20 17:35:25.286 I/ActivityManager(527): Start proc com.google.android.apps.maps for broadcast com.google.android.apps.maps/com.google.android.apps.gmm.iamhere.ble.StartBleServiceReceiver: pid=1175 uid=10055 gids={50055, 3003, 1028, 1015, 1023, 3002, 3001}
10-20 17:35:25.296 V/GeofencerHelper(740): Initializing geofence's system cache.
10-20 17:35:25.306 I/dalvikvm(740): Could not find method android.os.UserManager.getUserProfiles, referenced from method com.google.android.gms.wearable.service.u.a
10-20 17:35:25.306 W/dalvikvm(740): VFY: unable to resolve virtual method 1133: Landroid/os/UserManager;.getUserProfiles ()Ljava/util/List;
10-20 17:35:25.306 D/dalvikvm(740): VFY: replacing opcode 0x6e at 0x003f
10-20 17:35:25.316 D/GeofenceStateCache(740): Recovered 0 geofences.
10-20 17:35:25.336 D/WearableService(740): callingUid 10016, callindPid: 740
10-20 17:35:25.336 E/dalvikvm(740): Could not find class 'android.telecom.TelecomManager', referenced from method com.google.android.gms.wearable.service.af.a
10-20 17:35:25.336 W/dalvikvm(740): VFY: unable to resolve check-cast 415 (Landroid/telecom/TelecomManager;) in Lcom/google/android/gms/wearable/service/af;
10-20 17:35:25.336 D/dalvikvm(740): VFY: replacing opcode 0x1f at 0x0054
10-20 17:35:25.336 W/dalvikvm(740): VFY: unable to find class referenced in signature (Landroid/telecom/TelecomManager;)
10-20 17:35:25.977 I/GCoreUlr(740): DispatchingService.onCreate()
10-20 17:35:25.997 W/Settings(740): Setting airplane_mode_on has moved from android.provider.Settings.System to android.provider.Settings.Global, returning read-only value.
10-20 17:35:25.997 I/dalvikvm(740): Could not find method android.accounts.AccountManager.getPreviousName, referenced from method com.google.android.location.util.c.a
10-20 17:35:25.997 W/dalvikvm(740): VFY: unable to resolve virtual method 20: Landroid/accounts/AccountManager;.getPreviousName (Landroid/accounts/Account;)Ljava/lang/String;
10-20 17:35:25.997 D/dalvikvm(740): VFY: replacing opcode 0x6e at 0x000a
10-20 17:35:26.097 E/cutils  (162): Failed to mkdirat(/storage/usbdisk/Android): Read-only file system
10-20 17:35:26.097 W/ContextImpl(731): Failed to ensure directory: /storage/usbdisk/Android/data/com.touchtype.swiftkey/files
10-20 17:35:26.097 W/Vold    (162): Returning OperationFailed - no handler for errno 30
10-20 17:35:26.327 E/cutils  (162): Failed to mkdirat(/storage/usbdisk/Android): Read-only file system
10-20 17:35:26.327 W/ContextImpl(1175): Failed to ensure directory: /storage/usbdisk/Android/data/com.google.android.apps.maps/files
10-20 17:35:26.327 W/Vold    (162): Returning OperationFailed - no handler for errno 30
10-20 17:35:26.337 E/cutils  (162): Failed to mkdirat(/storage/usbdisk/Android): Read-only file system
10-20 17:35:26.337 W/ContextImpl(1175): Failed to ensure directory: /storage/usbdisk/Android/data/com.google.android.apps.maps/files
10-20 17:35:26.337 W/Vold    (162): Returning OperationFailed - no handler for errno 30
10-20 17:35:26.497 E/GmsWearableLS(740): GoogleApiClient connection failed: ConnectionResult{statusCode=API_UNAVAILABLE, resolution=null, message=null}
10-20 17:35:26.647 D/StrictMode(1175): StrictMode policy violation; ~duration=550 ms: android.os.StrictMode$StrictModeDiskReadViolation: policy=31 violation=2
10-20 17:35:26.647 D/StrictMode(1175): 	at android.os.StrictMode$AndroidBlockGuardPolicy.onReadFromDisk(StrictMode.java:1135)
10-20 17:35:26.647 D/StrictMode(1175): 	at libcore.io.BlockGuardOs.open(BlockGuardOs.java:106)
10-20 17:35:26.647 D/StrictMode(1175): 	at libcore.io.IoUtils.canOpenReadOnly(IoUtils.java:163)
10-20 17:35:26.647 D/StrictMode(1175): 	at dalvik.system.DexPathList.findLibrary(DexPathList.java:384)
10-20 17:35:26.647 D/StrictMode(1175): 	at dalvik.system.BaseDexClassLoader.findLibrary(BaseDexClassLoader.java:77)
10-20 17:35:26.647 D/StrictMode(1175): 	at java.lang.Runtime.loadLibrary(Runtime.java:356)
10-20 17:35:26.647 D/StrictMode(1175): 	at java.lang.System.loadLibrary(System.java:526)
10-20 17:35:26.647 D/StrictMode(1175): 	at com.google.android.libraries.social.jni.crashreporter.NativeCrashHandler.a(PG:188)
10-20 17:35:26.647 D/StrictMode(1175): 	at com.google.android.libraries.social.jni.crashreporter.NativeCrashHandler.a(PG:1065)
10-20 17:35:26.647 D/StrictMode(1175): 	at com.google.android.apps.gmm.base.app.a.a(PG:129)
10-20 17:35:26.647 D/StrictMode(1175): 	at com.google.android.apps.gmm.base.app.GoogleMapsApplication.a(PG:221)
10-20 17:35:26.647 D/StrictMode(1175): 	at com.google.android.apps.gmm.base.app.GoogleMapsApplication.onCreate(PG:189)
10-20 17:35:26.647 D/StrictMode(1175): 	at android.app.Instrumentation.callApplicationOnCreate(Instrumentation.java:1007)
10-20 17:35:26.647 D/StrictMode(1175): 	at android.app.ActivityThread.handleBindApplication(ActivityThread.java:4361)
10-20 17:35:26.647 D/StrictMode(1175): 	at android.app.ActivityThread.access$1500(ActivityThread.java:138)
10-20 17:35:26.647 D/StrictMode(1175): 	at android.app.ActivityThread$H.handleMessage(ActivityThread.java:1259)
10-20 17:35:26.647 D/StrictMode(1175): 	at android.os.Handler.dispatchMessage(Handler.java:102)
10-20 17:35:26.647 D/StrictMode(1175): 	at android.os.Looper.loop(Looper.java:136)
10-20 17:35:26.647 D/StrictMode(1175): 	at android.app.ActivityThread.main(ActivityThread.java:5034)
10-20 17:35:26.647 D/StrictMode(1175): 	at java.lang.reflect.Method.invokeNative(Native Method)
10-20 17:35:26.647 D/StrictMode(1175): 	at java.lang.reflect.Method.invoke(Method.java:515)
10-20 17:35:26.647 D/StrictMode(1175): 	at com.android.internal.os.ZygoteInit$MethodAndArgsCaller.run(ZygoteInit.java:795)
10-20 17:35:26.647 D/StrictMode(1175): 	at com.android.internal.os.ZygoteInit.main(ZygoteInit.java:611)
10-20 17:35:26.647 D/StrictMode(1175): 	at dalvik.system.NativeStart.main(Native Method)
10-20 17:35:26.647 D/StrictMode(1175): StrictMode policy violation; ~duration=268 ms: android.os.StrictMode$StrictModeDiskReadViolation: policy=31 violation=2
10-20 17:35:26.647 D/StrictMode(1175): 	at android.os.StrictMode$AndroidBlockGuardPolicy.onReadFromDisk(StrictMode.java:1135)
10-20 17:35:26.647 D/StrictMode(1175): 	at libcore.io.BlockGuardOs.open(BlockGuardOs.java:106)
10-20 17:35:26.647 D/StrictMode(1175): 	at libcore.io.IoBridge.open(IoBridge.java:393)
10-20 17:35:26.647 D/StrictMode(1175): 	at java.io.FileInputStream.<init>(FileInputStream.java:78)
10-20 17:35:26.647 D/StrictMode(1175): 	at android.app.ContextImpl.openFileInput(ContextImpl.java:788)
10-20 17:35:26.647 D/StrictMode(1175): 	at android.content.ContextWrapper.openFileInput(ContextWrapper.java:179)
10-20 17:35:26.647 D/StrictMode(1175): 	at com.google.android.apps.gmm.shared.i.h.a(PG:266)
10-20 17:35:26.647 D/StrictMode(1175): 	at com.google.android.apps.gmm.map.m.q.a(PG:9908)
10-20 17:35:26.647 D/StrictMode(1175): 	at com.google.android.apps.gmm.shared.f.a.a(PG:48)
10-20 17:35:26.647 D/StrictMode(1175): 	at com.google.android.apps.gmm.map.m.e.a(PG:1537)
10-20 17:35:26.647 D/StrictMode(1175): 	at com.google.android.apps.gmm.base.app.a.a(PG:244)
10-20 17:35:26.647 D/StrictMode(1175): 	at com.google.android.apps.gmm.base.app.a.a(PG:2265)
10-20 17:35:26.647 D/StrictMode(1175): 	at com.google.android.apps.gmm.base.app.GoogleMapsApplication.a(PG:221)
10-20 17:35:26.647 D/StrictMode(1175): 	at com.google.android.apps.gmm.base.app.GoogleMapsApplication.onCreate(PG:189)
10-20 17:35:26.647 D/StrictMode(1175): 	at android.app.Instrumentation.callApplicationOnCreate(Instrumentation.java:1007)
10-20 17:35:26.647 D/StrictMode(1175): 	at android.app.ActivityThread.handleBindApplication(ActivityThread.java:4361)
10-20 17:35:26.647 D/StrictMode(1175): 	at android.app.ActivityThread.access$1500(ActivityThread.java:138)
10-20 17:35:26.647 D/StrictMode(1175): 	at android.app.ActivityThread$H.handleMessage(ActivityThread.java:1259)
10-20 17:35:26.647 D/StrictMode(1175): 	at android.os.Handler.dispatchMessage(Handler.java:102)
10-20 17:35:26.647 D/StrictMode(1175): 	at android.os.Looper.loop(Looper.java:136)
10-20 17:35:26.647 D/StrictMode(1175): 	at android.app.ActivityThread.main(ActivityThread.java:5034)
10-20 17:35:26.647 D/StrictMode(1175): 	at java.lang.reflect.Method.invokeNative(Native Method)
10-20 17:35:26.647 D/StrictMode(1175): 	at java.lang.reflect.Method.invoke(Method.java:515)
10-20 17:35:26.647 D/StrictMode(1175): 	at com.android.internal.os.ZygoteInit$MethodAndArgsCaller.run(ZygoteInit.java:795)
10-20 17:35:26.647 D/StrictMode(1175): 	at com.android.internal.os.ZygoteInit.main(ZygoteInit.java:611)
10-20 17:35:26.647 D/StrictMode(1175): 	at dalvik.system.NativeStart.main(Native Method)
10-20 17:35:26.647 D/StrictMode(1175): StrictMode policy violation; ~duration=257 ms: android.os.StrictMode$StrictModeDiskReadViolation: policy=31 violation=2
10-20 17:35:26.647 D/StrictMode(1175): 	at android.os.StrictMode$AndroidBlockGuardPolicy.onReadFromDisk(StrictMode.java:1135)
10-20 17:35:26.647 D/StrictMode(1175): 	at libcore.io.BlockGuardOs.read(BlockGuardOs.java:148)
10-20 17:35:26.647 D/StrictMode(1175): 	at libcore.io.IoBridge.read(IoBridge.java:425)
10-20 17:35:26.647 D/StrictMode(1175): 	at java.io.FileInputStream.read(FileInputStream.java:179)
10-20 17:35:26.647 D/StrictMode(1175): 	at java.io.BufferedInputStream.read(BufferedInputStream.java:283)
10-20 17:35:26.647 D/StrictMode(1175): 	at java.io.DataInputStream.read(DataInputStream.java:63)
10-20 17:35:26.647 D/StrictMode(1175): 	at com.google.q.k.d(PG:1187)
10-20 17:35:26.647 D/StrictMode(1175): 	at com.google.q.k.a(PG:2107)
10-20 17:35:26.647 D/StrictMode(1175): 	at com.google.android.apps.gmm.shared.net.d.c.<init>(PG:66)
10-20 17:35:26.647 D/StrictMode(1175): 	at com.google.android.apps.gmm.shared.net.d.c.a(PG:492)
10-20 17:35:26.647 D/StrictMode(1175): 	at com.google.q.v.a(PG:1149)
10-20 17:35:26.647 D/StrictMode(1175): 	at com.google.q.y.a(PG:2176)
10-20 17:35:26.647 D/StrictMode(1175): 	at com.google.q.e.b(PG:170)
10-20 17:35:26.647 D/StrictMode(1175): 	at com.google.q.e.b(PG:15188)
10-20 17:35:26.647 D/StrictMode(1175): 	at com.google.android.apps.gmm.shared.i.h.a(PG:267)
10-20 17:35:26.647 D/StrictMode(1175): 	at com.google.android.apps.gmm.map.m.q.a(PG:9908)
10-20 17:35:26.647 D/StrictMode(1175): 	at com.google.android.apps.gmm.shared.f.a.a(PG:48)
10-20 17:35:26.647 D/StrictMode(1175): 	at com.google.android.apps.gmm.map.m.e.a(PG:1537)
10-20 17:35:26.647 D/StrictMode(1175): 	at com.google.android.apps.gmm.base.app.a.a(PG:244)
10-20 17:35:26.647 D/StrictMode(1175): 	at com.google.android.apps.gmm.base.app.a.a(PG:2265)
10-20 17:35:26.647 D/StrictMode(1175): 	at com.google.android.apps.gmm.base.app.GoogleMapsApplication.a(PG:221)
10-20 17:35:26.647 D/StrictMode(1175): 	at com.google.android.apps.gmm.base.app.GoogleMapsApplication.onCreate(PG:189)
10-20 17:35:26.647 D/StrictMode(1175): 	at android.app.Instrumentation.callApplicationOnCreate(Instrumentation.java:1007)
10-20 17:35:26.647 D/StrictMode(1175): 	at android.app.ActivityThread.handleBindApplication(ActivityThread.java:4361)
10-20 17:35:26.647 D/StrictMode(1175): 	at android.app.ActivityThread.access$1500(ActivityThread.java:138)
10-20 17:35:26.647 D/StrictMode(1175): 	at android.app.ActivityThread$H.handleMessage(ActivityThread.java:1259)
10-20 17:35:26.647 D/StrictMode(1175): 	at android.os.Handler.dispatchMessage(Handler.java:102)
10-20 17:35:26.647 D/StrictMode(1175): 	at android.os.Looper.loop(Looper.java:136)
10-20 17:35:26.647 D/StrictMode(1175): 	at android.app.ActivityThread.main(ActivityThread.java:5034)
10-20 17:35:26.647 D/StrictMode(1175): 	at java.lang.reflect.Method.invokeNative(Native Method)
10-20 17:35:26.647 D/StrictMode(1175): 	at java.lang.reflect.Method.invoke(Method.java:515)
10-20 17:35:26.647 D/StrictMode(1175): 	at com.android.internal.os.ZygoteInit$MethodAndArgsCaller.run(ZygoteInit.java:795)
10-20 17:35:26.647 D/StrictMode(1175): 	at com.android.internal.os.ZygoteInit.main(ZygoteInit.java:611)
10-20 17:35:26.647 D/StrictMode(1175): 	at dalvik.system.NativeStart.main(Native Method)
10-20 17:35:26.647 D/StrictMode(1175): StrictMode policy violation; ~duration=250 ms: android.os.StrictMode$StrictModeDiskReadViolation: policy=31 violation=2
10-20 17:35:26.647 D/StrictMode(1175): 	at android.os.StrictMode$AndroidBlockGuardPolicy.onReadFromDisk(StrictMode.java:1135)
10-20 17:35:26.647 D/StrictMode(1175): 	at libcore.io.BlockGuardOs.read(BlockGuardOs.java:148)
10-20 17:35:26.647 D/StrictMode(1175): 	at libcore.io.IoBridge.read(IoBridge.java:425)
10-20 17:35:26.647 D/StrictMode(1175): 	at java.io.FileInputStream.read(FileInputStream.java:179)
10-20 17:35:26.647 D/StrictMode(1175): 	at java.io.InputStream.read(InputStream.java:162)
10-20 17:35:26.647 D/StrictMode(1175): 	at java.io.BufferedInputStream.fillbuf(BufferedInputStream.java:142)
10-20 17:35:26.647 D/StrictMode(1175): 	at java.io.BufferedInputStream.read(BufferedInputStream.java:288)
10-20 17:35:26.647 D/StrictMode(1175): 	at java.io.DataInputStream.read(DataInputStream.java:63)
10-20 17:35:26.647 D/StrictMode(1175): 	at com.google.q.k.c(PG:1302)
10-20 17:35:26.647 D/StrictMode(1175): 	at com.google.q.k.d(PG:583)
10-20 17:35:26.647 D/StrictMode(1175): 	at com.google.android.apps.gmm.shared.net.d.c.<init>(PG:90)
10-20 17:35:26.647 D/StrictMode(1175): 	at com.google.android.apps.gmm.shared.net.d.c.a(PG:492)
10-20 17:35:26.647 D/StrictMode(1175): 	at com.google.q.v.a(PG:1149)
10-20 17:35:26.647 D/StrictMode(1175): 	at com.google.q.y.a(PG:2176)
10-20 17:35:26.647 D/StrictMode(1175): 	at com.google.q.e.b(PG:170)
10-20 17:35:26.647 D/StrictMode(1175): 	at com.google.q.e.b(PG:15188)
10-20 17:35:26.647 D/StrictMode(1175): 	at com.google.android.apps.gmm.shared.i.h.a(PG:267)
10-20 17:35:26.647 D/StrictMode(1175): 	at com.google.android.apps.gmm.map.m.q.a(PG:9908)
10-20 17:35:26.647 D/StrictMode(1175): 	at com.google.android.apps.gmm.shared.f.a.a(PG:48)
10-20 17:35:26.647 D/StrictMode(1175): 	at com.google.android.apps.gmm.map.m.e.a(PG:1537)
10-20 17:35:26.647 D/StrictMode(1175): 	at com.google.android.apps.gmm.base.app.a.a(PG:244)
10-20 17:35:26.647 D/StrictMode(1175): 	at com.google.android.apps.gmm.base.app.a.a(PG:2265)
10-20 17:35:26.647 D/StrictMode(1175): 	at com.google.android.apps.gmm.base.app.GoogleMapsApplication.a(PG:221)
10-20 17:35:26.647 D/StrictMode(1175): 	at com.google.android.apps.gmm.base.app.GoogleMapsApplication.onCreate(PG:189)
10-20 17:35:26.647 D/StrictMode(1175): 	at android.app.Instrumentation.callApplicationOnCreate(Instrumentation.java:1007)
10-20 17:35:26.647 D/StrictMode(1175): 	at android.app.ActivityThread.handleBindApplication(ActivityThread.java:4361)
10-20 17:35:26.647 D/StrictMode(1175): 	at android.app.ActivityThread.access$1500(ActivityThread.java:138)
10-20 17:35:26.647 D/StrictMode(1175): 	at android.app.ActivityThread$H.handleMessage(ActivityThread.java:1259)
10-20 17:35:26.647 D/StrictMode(1175): 	at android.os.Handler.dispatchMessage(Handler.java:102)
10-20 17:35:26.647 D/StrictMode(1175): 	at android.os.Looper.loop(Looper.java:136)
10-20 17:35:26.647 D/StrictMode(1175): 	at android.app.ActivityThread.main(ActivityThread.java:5034)
10-20 17:35:26.647 D/StrictMode(1175): 	at java.lang.reflect.Method.invokeNative(Native Method)
10-20 17:35:26.647 D/StrictMode(1175): 	at java.lang.reflect.Method.invoke(Method.java:515)
10-20 17:35:26.647 D/StrictMode(1175): 	at com.android.internal.os.ZygoteInit$MethodAndArgsCaller.run(ZygoteInit.java:795)
10-20 17:35:26.647 D/StrictMode(1175): 	at com.android.internal.os.ZygoteInit.main(ZygoteInit.java:611)
10-20 17:35:26.647 D/StrictMode(1175): 	at dalvik.system.NativeStart.main(Native Method)
10-20 17:35:26.657 V/Zygote  (1206): Switching descriptor 32 to /dev/null
10-20 17:35:26.657 V/Zygote  (1206): Switching descriptor 9 to /dev/null
10-20 17:35:26.657 I/ActivityManager(527): Start proc com.android.settings for broadcast com.android.settings/.widget.SettingsAppWidgetProvider: pid=1206 uid=1000 gids={41000, 1028, 1015, 1023, 3002, 3001, 3003}
10-20 17:35:26.827 I/GCoreUlr(740): WorldUpdater received intent Intent { act=com.google.android.location.reporting.ACTION_UPDATE_WORLD cmp=com.google.android.gms/com.google.android.location.reporting.service.DispatchingService (has extras) } with receiverAction android.location.PROVIDERS_CHANGED
10-20 17:35:26.887 I/dalvikvm(1175): Could not find method android.os.PowerManager.isPowerSaveMode, referenced from method com.google.android.apps.gmm.iamhere.ble.o.b
10-20 17:35:26.887 W/dalvikvm(1175): VFY: unable to resolve virtual method 1475: Landroid/os/PowerManager;.isPowerSaveMode ()Z
10-20 17:35:26.887 D/dalvikvm(1175): VFY: replacing opcode 0x6e at 0x0068
10-20 17:35:26.988 I/dalvikvm(1175): Could not find method android.content.pm.PackageManager.getPackageInstaller, referenced from method com.google.android.gms.common.d.a
10-20 17:35:26.988 W/dalvikvm(1175): VFY: unable to resolve virtual method 571: Landroid/content/pm/PackageManager;.getPackageInstaller ()Landroid/content/pm/PackageInstaller;
10-20 17:35:26.988 D/dalvikvm(1175): VFY: replacing opcode 0x6e at 0x000f
10-20 17:35:26.988 I/dalvikvm(1175): Could not find method android.app.Notification$Builder.setLocalOnly, referenced from method com.google.android.gms.common.d.c
10-20 17:35:26.988 W/dalvikvm(1175): VFY: unable to resolve virtual method 306: Landroid/app/Notification$Builder;.setLocalOnly (Z)Landroid/app/Notification$Builder;
10-20 17:35:26.988 D/dalvikvm(1175): VFY: replacing opcode 0x6e at 0x01d7
10-20 17:35:27.018 D/BluetoothManagerService(527): Message: 20
10-20 17:35:27.018 D/BluetoothManagerService(527): Added callback: android.bluetooth.IBluetoothManagerCallback$Stub$Proxy@41f9f228:true
10-20 17:35:27.018 D/BluetoothAdapter(1206): 1101119616: getState() :  mService = null. Returning STATE_OFF
10-20 17:35:27.028 D/BluetoothManagerService(527): Message: 30
10-20 17:35:27.028 W/ContextImpl(1206): Calling a method in the system process without a qualified user: android.app.ContextImpl.bindService:1551 android.content.ContextWrapper.bindService:517 android.bluetooth.BluetoothInputDevice.doBind:256 android.bluetooth.BluetoothInputDevice.<init>:249 android.bluetooth.BluetoothAdapter.getProfileProxy:1377 
10-20 17:35:27.038 D/BluetoothManagerService(527): Message: 30
10-20 17:35:27.038 D/LocalBluetoothProfileManager(1206): Adding local MAP profile
10-20 17:35:27.038 D/BluetoothMap(1206): Create BluetoothMap proxy object
10-20 17:35:27.038 D/BluetoothManagerService(527): Message: 30
10-20 17:35:27.038 W/ContextImpl(1206): Calling a method in the system process without a qualified user: android.app.ContextImpl.bindService:1551 android.content.ContextWrapper.bindService:517 android.bluetooth.BluetoothPan.doBind:148 android.bluetooth.BluetoothPan.<init>:141 android.bluetooth.BluetoothAdapter.getProfileProxy:1380 
10-20 17:35:27.038 W/ContextImpl(1206): Calling a method in the system process without a qualified user: android.app.ContextImpl.bindService:1551 android.content.ContextWrapper.bindService:517 android.bluetooth.BluetoothMap.doBind:109 android.bluetooth.BluetoothMap.<init>:102 android.bluetooth.BluetoothAdapter.getProfileProxy:1392 
10-20 17:35:27.088 D/BluetoothManagerService(527): Message: 30
10-20 17:35:27.098 D/LocalBluetoothProfileManager(1206): LocalBluetoothProfileManager construction complete
10-20 17:35:27.098 D/BluetoothAdapter(1206): 1101119616: getState() :  mService = null. Returning STATE_OFF
10-20 17:35:27.098 D/BluetoothAdapter(1206): 1101119616: getState() :  mService = null. Returning STATE_OFF
10-20 17:35:27.098 W/ContextImpl(1206): Calling a method in the system process without a qualified user: android.app.ContextImpl.bindService:1551 android.content.ContextWrapper.bindService:517 android.bluetooth.BluetoothPbap.doBind:164 android.bluetooth.BluetoothPbap.<init>:157 com.android.settings.bluetooth.PbapServerProfile.<init>:68 
10-20 17:35:27.308 W/com.google.a.a.b.d.a(1175): Application name is not set. Call Builder#setApplicationName.
10-20 17:35:27.408 I/iu.SyncManager(1001): SYNC; picasa accounts
10-20 17:35:27.458 I/Choreographer(636): Skipped 38 frames!  The application may be doing too much work on its main thread.
10-20 17:35:27.518 D/NetworkLogImpl(1001): Loaded NetworkSpeedPredictor
10-20 17:35:27.528 I/iu.Environment(1001): update connectivity state; isNetworkMetered? false, isRoaming? false, isBackgroundDataAllowed? true*
10-20 17:35:27.558 D/BluetoothManagerService(527): Message: 20
10-20 17:35:27.558 D/BluetoothManagerService(527): Added callback: android.bluetooth.IBluetoothManagerCallback$Stub$Proxy@41debf38:true
10-20 17:35:27.578 I/GCoreUlr(740): Starting service, intent=Intent { act=com.google.android.location.reporting.ACTION_UPDATE_WORLD cmp=com.google.android.gms/com.google.android.location.reporting.service.DispatchingService (has extras) }, extras=Bundle[{receiverAction=android.intent.action.ACTION_POWER_DISCONNECTED}]
10-20 17:35:27.588 V/Zygote  (1235): Switching descriptor 32 to /dev/null
10-20 17:35:27.588 V/Zygote  (1235): Switching descriptor 9 to /dev/null
10-20 17:35:27.598 I/ActivityManager(527): Start proc com.google.android.apps.photos for broadcast com.google.android.apps.photos/.scheduler.PowerReceiver: pid=1235 uid=10061 gids={50061, 3003, 3002, 1028, 1015, 1023}
10-20 17:35:27.979 I/iu.UploadsManager(1001): num queued entries: 0
10-20 17:35:27.989 I/iu.UploadsManager(1001): num updated entries: 0
10-20 17:35:27.989 I/iu.SyncManager(1001): NEXT; no task
10-20 17:35:28.024 E/dalvikvm(1235): Could not find class 'android.app.Notification$Action$Builder', referenced from method b.a
10-20 17:35:28.024 W/dalvikvm(1235): VFY: unable to resolve new-instance 405 (Landroid/app/Notification$Action$Builder;) in Lb;
10-20 17:35:28.024 D/dalvikvm(1235): VFY: replacing opcode 0x22 at 0x0000
10-20 17:35:28.034 W/dalvikvm(1235): Unable to resolve superclass of Lbq; (819)
10-20 17:35:28.034 W/dalvikvm(1235): Link of class 'Lbq;' failed
10-20 17:35:28.034 E/dalvikvm(1235): Could not find class 'bq', referenced from method b.a
10-20 17:35:28.034 W/dalvikvm(1235): VFY: unable to resolve new-instance 1908 (Lbq;) in Lb;
10-20 17:35:28.034 D/dalvikvm(1235): VFY: replacing opcode 0x22 at 0x0006
10-20 17:35:28.044 W/dalvikvm(1235): Unable to resolve superclass of Lbs; (819)
10-20 17:35:28.044 W/dalvikvm(1235): Link of class 'Lbs;' failed
10-20 17:35:28.044 E/dalvikvm(1235): Could not find class 'bs', referenced from method b.a
10-20 17:35:28.044 W/dalvikvm(1235): VFY: unable to resolve new-instance 1962 (Lbs;) in Lb;
10-20 17:35:28.044 D/dalvikvm(1235): VFY: replacing opcode 0x22 at 0x002c
10-20 17:35:28.044 I/dalvikvm(1235): Could not find method android.transition.TransitionSet.getTransitionCount, referenced from method b.a
10-20 17:35:28.044 W/dalvikvm(1235): VFY: unable to resolve virtual method 5608: Landroid/transition/TransitionSet;.getTransitionCount ()I
10-20 17:35:28.044 D/dalvikvm(1235): VFY: replacing opcode 0x6e at 0x0008
10-20 17:35:28.064 I/dalvikvm(1235): Could not find method android.view.ViewGroup.isTransitionGroup, referenced from method b.a
10-20 17:35:28.064 W/dalvikvm(1235): VFY: unable to resolve virtual method 6178: Landroid/view/ViewGroup;.isTransitionGroup ()Z
10-20 17:35:28.064 D/dalvikvm(1235): VFY: replacing opcode 0x6e at 0x000c
10-20 17:35:28.064 I/dalvikvm(1235): Could not find method android.view.View.getTransitionName, referenced from method b.a
10-20 17:35:28.064 W/dalvikvm(1235): VFY: unable to resolve virtual method 5995: Landroid/view/View;.getTransitionName ()Ljava/lang/String;
10-20 17:35:28.064 D/dalvikvm(1235): VFY: replacing opcode 0x6e at 0x0006
10-20 17:35:28.069 I/dalvikvm(1235): Could not find method android.content.res.Resources.getDrawable, referenced from method b.a
10-20 17:35:28.069 W/dalvikvm(1235): VFY: unable to resolve virtual method 3156: Landroid/content/res/Resources;.getDrawable (ILandroid/content/res/Resources$Theme;)Landroid/graphics/drawable/Drawable;
10-20 17:35:28.069 D/dalvikvm(1235): VFY: replacing opcode 0x6e at 0x0006
10-20 17:35:28.074 I/dalvikvm(1235): Could not find method android.transition.Transition.getTargetNames, referenced from method b.a
10-20 17:35:28.074 W/dalvikvm(1235): VFY: unable to resolve virtual method 5598: Landroid/transition/Transition;.getTargetNames ()Ljava/util/List;
10-20 17:35:28.074 D/dalvikvm(1235): VFY: replacing opcode 0x6e at 0x000a
10-20 17:35:28.074 I/dalvikvm(1235): Could not find method android.view.ViewParent.onNestedPreFling, referenced from method b.a
10-20 17:35:28.074 W/dalvikvm(1235): VFY: unable to resolve interface method 6226: Landroid/view/ViewParent;.onNestedPreFling (Landroid/view/View;FF)Z
10-20 17:35:28.074 D/dalvikvm(1235): VFY: replacing opcode 0x72 at 0x0000
10-20 17:35:28.074 I/dalvikvm(1235): Could not find method android.view.ViewParent.onNestedFling, referenced from method b.a
10-20 17:35:28.074 W/dalvikvm(1235): VFY: unable to resolve interface method 6225: Landroid/view/ViewParent;.onNestedFling (Landroid/view/View;FFZ)Z
10-20 17:35:28.074 D/dalvikvm(1235): VFY: replacing opcode 0x72 at 0x0000
10-20 17:35:28.074 I/dalvikvm(1235): Could not find method android.view.ViewParent.onStartNestedScroll, referenced from method b.a
10-20 17:35:28.074 W/dalvikvm(1235): VFY: unable to resolve interface method 6230: Landroid/view/ViewParent;.onStartNestedScroll (Landroid/view/View;Landroid/view/View;I)Z
10-20 17:35:28.074 D/dalvikvm(1235): VFY: replacing opcode 0x72 at 0x0000
10-20 17:35:28.084 W/dalvikvm(1235): VFY: unable to find class referenced in signature ([Landroid/app/RemoteInput;)
10-20 17:35:28.084 E/dalvikvm(1235): Could not find class 'android.app.RemoteInput[]', referenced from method b.a
10-20 17:35:28.084 W/dalvikvm(1235): VFY: unable to resolve new-array 13834 ([Landroid/app/RemoteInput;) in Lb;
10-20 17:35:28.084 D/dalvikvm(1235): VFY: replacing opcode 0x23 at 0x0005
10-20 17:35:28.094 I/dalvikvm(1235): Could not find method android.transition.TransitionSet.getTransitionCount, referenced from method b.b
10-20 17:35:28.094 W/dalvikvm(1235): VFY: unable to resolve virtual method 5608: Landroid/transition/TransitionSet;.getTransitionCount ()I
10-20 17:35:28.094 D/dalvikvm(1235): VFY: replacing opcode 0x6e at 0x0009
10-20 17:35:28.144 D/dalvikvm(1235): DexOpt: unable to opt direct call 0x0f7e at 0x02 in Lb;.a
10-20 17:35:28.144 D/dalvikvm(1235): DexOpt: unable to opt direct call 0x0f6e at 0x04 in Lb;.a
10-20 17:35:28.144 D/dalvikvm(1235): DexOpt: unable to opt direct call 0x0aca at 0x0e in Lb;.a
10-20 17:35:28.144 W/dalvikvm(1235): Unable to resolve superclass of Lbq; (819)
10-20 17:35:28.144 W/dalvikvm(1235): Link of class 'Lbq;' failed
10-20 17:35:28.154 D/dalvikvm(1235): DexOpt: unable to opt direct call 0x2fb6 at 0x08 in Lb;.a
10-20 17:35:28.154 W/dalvikvm(1235): Unable to resolve superclass of Lbs; (819)
10-20 17:35:28.154 W/dalvikvm(1235): Link of class 'Lbs;' failed
10-20 17:35:28.154 D/dalvikvm(1235): DexOpt: unable to opt direct call 0x30bb at 0x30 in Lb;.a
10-20 17:35:28.154 D/dalvikvm(1235): DexOpt: unable to opt direct call 0x0b21 at 0x13 in Lb;.a
10-20 17:35:28.204 I/GCoreUlr(740): WorldUpdater received intent Intent { act=com.google.android.location.reporting.ACTION_UPDATE_WORLD cmp=com.google.android.gms/com.google.android.location.reporting.service.DispatchingService (has extras) } with receiverAction android.intent.action.ACTION_POWER_DISCONNECTED
10-20 17:35:28.269 E/dalvikvm(1235): Could not find class 'android.media.session.PlaybackState$Builder', referenced from method b.a
10-20 17:35:28.269 W/dalvikvm(1235): VFY: unable to resolve new-instance 644 (Landroid/media/session/PlaybackState$Builder;) in Lb;
10-20 17:35:28.269 D/dalvikvm(1235): VFY: replacing opcode 0x22 at 0x0000
10-20 17:35:28.269 E/dalvikvm(1235): Could not find class 'android.media.session.MediaController', referenced from method b.a
10-20 17:35:28.269 W/dalvikvm(1235): VFY: unable to resolve new-instance 640 (Landroid/media/session/MediaController;) in Lb;
10-20 17:35:28.269 D/dalvikvm(1235): VFY: replacing opcode 0x22 at 0x0000
10-20 17:35:28.314 W/Settings(740): Setting airplane_mode_on has moved from android.provider.Settings.System to android.provider.Settings.Global, returning read-only value.
10-20 17:35:28.339 I/GCoreUlr(740): WorldUpdater:android.location.PROVIDERS_CHANGED: Ensuring that reporting is stopped because of reasons: {account#-5#=[InactiveReason{mVersionCode=0, mIdentifier=6, mName='ReportingNotEnabled'}], account#2#=[InactiveReason{mVersionCode=0, mIdentifier=6, mName='ReportingNotEnabled'}, InactiveReason{mVersionCode=0, mIdentifier=14, mName='HistoryNotEnabled'}, InactiveReason{mVersionCode=0, mIdentifier=7, mName='DasherPolicy'}]}
10-20 17:35:28.369 I/GCoreUlr(740): Unbound from all location providers
10-20 17:35:28.369 D/QC-QMI  (163): qmi_qmux.c: Got 43 bytes from platform layer for conn_id=1
10-20 17:35:28.369 D/QC-QMI  (163): 01 2A 00 80 03 FF 04 00 00 3A 00 1E 00 14 1B 00 00 00 03 02 0B D6 37 39 6C 7E BB CB A0 A1 16 03 
10-20 17:35:28.369 D/QC-QMI  (163): 0A D6 37 39 6C 7E BB CB 43 2D 00 
10-20 17:35:28.369 D/QC-QMI  (163): qmi_qmux.c: Got 43 bytes from platform layer for conn_id=0
10-20 17:35:28.369 D/QC-QMI  (163): 01 2A 00 80 03 FF 04 00 00 3A 00 1E 00 14 1B 00 00 00 03 02 0B D6 37 39 6C 7E BB CB A0 A1 16 03 
10-20 17:35:28.369 D/QC-QMI  (163): 0A D6 37 39 6C 7E BB CB 43 2D 00 
10-20 17:35:28.369 D/QC-QMI  (163): qmi_qmux.c: Got 43 bytes from platform layer for conn_id=2
10-20 17:35:28.369 D/QC-QMI  (163): 01 2A 00 80 03 FF 04 00 00 3A 00 1E 00 14 1B 00 00 00 03 02 0B D6 37 39 6C 7E BB CB A0 A1 16 03 
10-20 17:35:28.369 D/QC-QMI  (163): 0A D6 37 39 6C 7E BB CB 43 2D 00 
10-20 17:35:28.369 D/QC-QMI  (163): qmi_qmux.c: Got 43 bytes from platform layer for conn_id=3
10-20 17:35:28.369 D/QC-QMI  (163): 01 2A 00 80 03 FF 04 00 00 3A 00 1E 00 14 1B 00 00 00 03 02 0B D6 37 39 6C 7E BB CB A0 A1 16 03 
10-20 17:35:28.369 D/QC-QMI  (163): 0A D6 37 39 6C 7E BB CB 43 2D 00 
10-20 17:35:28.369 D/QC-QMI  (163): qmi_qmux.c: Got 43 bytes from platform layer for conn_id=4
10-20 17:35:28.369 D/QC-QMI  (163): 01 2A 00 80 03 FF 04 00 00 3A 00 1E 00 14 1B 00 00 00 03 02 0B D6 37 39 6C 7E BB CB A0 A1 16 03 
10-20 17:35:28.369 D/QC-QMI  (163): 0A D6 37 39 6C 7E BB CB 43 2D 00 
10-20 17:35:28.369 D/QC-QMI  (163): qmi_qmux.c: Got 43 bytes from platform layer for conn_id=5
10-20 17:35:28.369 D/QC-QMI  (163): 01 2A 00 80 03 FF 04 00 00 3A 00 1E 00 14 1B 00 00 00 03 02 0B D6 37 39 6C 7E BB CB A0 A1 16 03 
