10-20 17:36:24.758 D/dalvikvm(2647): VFY: replacing opcode 0x6e at 0x0032
10-20 17:36:24.768 W/Settings(2647): Setting download_manager_max_bytes_over_mobile has moved from android.provider.Settings.Secure to android.provider.Settings.Global.
10-20 17:36:24.778 W/Settings(2647): Setting download_manager_recommended_max_bytes_over_mobile has moved from android.provider.Settings.Secure to android.provider.Settings.Global.
10-20 17:36:24.818 I/dalvikvm(2647): Could not find method com.google.android.finsky.layout.DocImageView.setTransitionName, referenced from method com.google.android.finsky.utils.PlayCardUtils.bindCard
10-20 17:36:24.818 W/dalvikvm(2647): VFY: unable to resolve virtual method 20701: Lcom/google/android/finsky/layout/DocImageView;.setTransitionName (Ljava/lang/String;)V
10-20 17:36:24.818 D/dalvikvm(2647): VFY: replacing opcode 0x6e at 0x013c
10-20 17:36:24.828 I/dalvikvm(2647): Could not find method com.google.android.finsky.layout.DocImageView.setTransitionName, referenced from method com.google.android.finsky.utils.PlayCardUtils.bindCard
10-20 17:36:24.828 W/dalvikvm(2647): VFY: unable to resolve virtual method 20701: Lcom/google/android/finsky/layout/DocImageView;.setTransitionName (Ljava/lang/String;)V
10-20 17:36:24.828 D/dalvikvm(2647): VFY: replacing opcode 0x6e at 0x0392
10-20 17:36:24.828 I/dalvikvm(2647): Could not find method com.google.android.finsky.layout.DocImageView.setTransitionName, referenced from method com.google.android.finsky.utils.PlayCardUtils.bindCard
10-20 17:36:24.828 W/dalvikvm(2647): VFY: unable to resolve virtual method 20701: Lcom/google/android/finsky/layout/DocImageView;.setTransitionName (Ljava/lang/String;)V
10-20 17:36:24.828 D/dalvikvm(2647): VFY: replacing opcode 0x6e at 0x0398
10-20 17:36:24.928 I/dalvikvm(2647): Could not find method android.view.View.getTransitionName, referenced from method com.google.android.finsky.navigationmanager.NavigationManager.showPage
10-20 17:36:24.928 W/dalvikvm(2647): VFY: unable to resolve virtual method 8983: Landroid/view/View;.getTransitionName ()Ljava/lang/String;
10-20 17:36:24.928 D/dalvikvm(2647): VFY: replacing opcode 0x6e at 0x0019
10-20 17:36:24.978 D/Finsky  (2647): [1] DailyHygiene.onStartCommand: Beginning daily hygiene
10-20 17:36:24.978 D/dalvikvm(2647): DexOpt: couldn't find static field Landroid/os/Build;.SUPPORTED_ABIS
10-20 17:36:24.978 W/dalvikvm(2647): VFY: unable to resolve static field 177 (SUPPORTED_ABIS) in Landroid/os/Build;
10-20 17:36:24.978 D/dalvikvm(2647): VFY: replacing opcode 0x62 at 0x0038
10-20 17:36:25.359 D/Ads     (2647): Skipping gmscore version check
10-20 17:36:25.429 V/GLSActivity(957): AuthDelegateWrapperCreated with selected intent: Intent { cmp=com.google.android.gms/.auth.DefaultAuthDelegateService }
10-20 17:36:25.429 V/GLSActivity(957): AuthDelegateWrapperCreated with selected intent: Intent { cmp=com.google.android.gms/.auth.DefaultAuthDelegateService }
10-20 17:36:25.829 E/dalvikvm(2629): Could not find class 'android.content.pm.LauncherApps', referenced from method com.google.android.apps.gsa.velvet.util.i.a
10-20 17:36:25.829 W/dalvikvm(2629): VFY: unable to resolve check-cast 177 (Landroid/content/pm/LauncherApps;) in Lcom/google/android/apps/gsa/velvet/util/i;
10-20 17:36:25.829 D/dalvikvm(2629): VFY: replacing opcode 0x1f at 0x0016
10-20 17:36:26.100 D/Finsky  (2647): [1] GmsCoreHelper.cleanupNlp: result=false type=4
10-20 17:36:26.210 I/ActivityManager(527): Delay finish: com.google.android.googlequicksearchbox/.SearchWidgetProvider
10-20 17:36:26.270 D/Finsky  (2647): [1] 2.run: Loaded library for account: [LuMMRL4SKemZ4TAx36LD0mQ17SU]
10-20 17:36:26.390 D/Finsky  (2647): [1] 2.run: Loaded library for account: [l5QDhA4MwBtPa1LpZAIEr3KfuhY]
10-20 17:36:26.390 D/Finsky  (2647): [1] 2.run: Finished loading 2 libraries.
10-20 17:36:26.420 D/Finsky  (2647): [1] RestoreTracker.stopServiceIfDone: Restore complete with 0 success and 0 failed.
10-20 17:36:26.420 I/ActivityManager(527): Resuming delayed broadcast
10-20 17:36:26.720 V/Zygote  (2710): Switching descriptor 32 to /dev/null
10-20 17:36:26.720 V/Zygote  (2710): Switching descriptor 9 to /dev/null
10-20 17:36:26.720 I/ActivityManager(527): Start proc com.android.mms for broadcast com.android.mms/.widget.MmsWidgetProvider: pid=2710 uid=10012 gids={50012, 3003, 1028, 1015, 1023}
10-20 17:36:26.810 D/InitAlarmsService(1510): Clearing and rescheduling alarms.
10-20 17:36:26.880 D/Finsky  (2647): [1] SelfUpdateScheduler.checkForSelfUpdate: Skipping DFE self-update. Local Version [80402900] >= Server Version [-1]
10-20 17:36:26.890 D/CountryDetector(527): The first listener is added
10-20 17:36:26.930 V/MmsConfig(2710): mnc/mcc: 23003
10-20 17:36:26.930 V/MmsConfig(2710): tag: bool value: enabledMMS - true
10-20 17:36:26.930 V/MmsConfig(2710): tag: int value: maxMessageSize - 307200
10-20 17:36:26.930 V/MmsConfig(2710): tag: int value: maxImageHeight - 480
10-20 17:36:26.930 V/MmsConfig(2710): tag: int value: maxImageWidth - 640
10-20 17:36:26.930 V/MmsConfig(2710): tag: int value: defaultSMSMessagesPerThread - 10000
10-20 17:36:26.930 V/MmsConfig(2710): tag: int value: defaultMMSMessagesPerThread - 1000
10-20 17:36:26.930 V/MmsConfig(2710): tag: int value: minMessageCountPerThread - 10
10-20 17:36:26.930 V/MmsConfig(2710): tag: int value: maxMessageCountPerThread - 5000
10-20 17:36:26.930 V/MmsConfig(2710): tag: string value: uaProfUrl - http://www.google.com/oha/rdf/ua-profile-kila.xml
10-20 17:36:26.930 V/MmsConfig(2710): tag: int value: recipientLimit - -1
10-20 17:36:26.930 V/MmsConfig(2710): tag: bool value: enableMultipartSMS - true
10-20 17:36:26.930 V/MmsConfig(2710): tag: bool value: enableSplitSMS - false
10-20 17:36:26.930 V/MmsConfig(2710): tag: int value: smsToMmsTextThreshold - 7
10-20 17:36:26.930 V/MmsConfig(2710): tag: bool value: enableSlideDuration - true
10-20 17:36:26.930 V/MmsConfig(2710): tag: int value: maxMessageTextSize - -1
10-20 17:36:26.930 V/MmsConfig(2710): tag: bool value: enableSprintVVM - false
10-20 17:36:26.950 V/GLSActivity(957): AuthDelegateWrapperCreated with selected intent: Intent { cmp=com.google.android.gms/.auth.DefaultAuthDelegateService }
10-20 17:36:26.950 V/GLSActivity(957): AuthDelegateWrapperCreated with selected intent: Intent { cmp=com.google.android.gms/.auth.DefaultAuthDelegateService }
10-20 17:36:26.990 V/GLSActivity(957): AuthDelegateWrapperCreated with selected intent: Intent { cmp=com.google.android.gms/.auth.DefaultAuthDelegateService }
10-20 17:36:26.990 V/GLSActivity(957): AuthDelegateWrapperCreated with selected intent: Intent { cmp=com.google.android.gms/.auth.DefaultAuthDelegateService }
10-20 17:36:27.151 I/ActivityManager(527): Delay finish: com.android.mms/.widget.MmsWidgetProvider
10-20 17:36:27.171 I/ActivityManager(527): Resuming delayed broadcast
10-20 17:36:27.171 I/ActivityManager(527): Killing 1510:com.android.calendar/u0a23 (adj 15): empty #17
10-20 17:36:27.191 W/BroadcastQueue(527): Permission Denial: broadcasting Intent { cat=[android.intent.category.ALTERNATIVE] dat=3 flg=0x10 cmp=com.android.settings/.widget.SettingsAppWidgetProvider } from com.kebab.Llama (pid=895, uid=10066) is not exported from uid 1000 due to receiver com.android.settings/.widget.SettingsAppWidgetProvider
10-20 17:36:27.191 W/BroadcastQueue(527): Permission Denial: broadcasting Intent { cat=[android.intent.category.ALTERNATIVE] dat=3 flg=0x10 cmp=com.android.settings/.widget.SettingsAppWidgetProvider } from com.kebab.Llama (pid=895, uid=10066) is not exported from uid 1000 due to receiver com.android.settings/.widget.SettingsAppWidgetProvider
10-20 17:36:27.211 D/WearableService(740): callingUid 10016, callindPid: 740
10-20 17:36:27.221 E/MDM     (740): [65] b.run: Couldn't connect to Google API client: ConnectionResult{statusCode=API_UNAVAILABLE, resolution=null, message=null}
10-20 17:36:27.291 D/GCM     (957): GcmService start Intent { act=com.google.android.gms.INITIALIZE flg=0x10 pkg=com.google.android.gms cmp=com.google.android.gms/.gcm.GcmService } com.google.android.gms.INITIALIZE
10-20 17:36:27.301 D/LocationInitializer(1001): Restart initialization of location
10-20 17:36:27.301 D/AuthorizationBluetoothService(957): Received GmsCore event: Intent { act=com.google.android.gms.INITIALIZE flg=0x10 pkg=com.google.android.gms cmp=com.google.android.gms/.auth.be.proximity.authorization.bt.AuthorizationBluetoothService$AutoStarter }.
10-20 17:36:27.311 E/AuthorizationBluetoothService(957): Proximity feature is not enabled.
10-20 17:36:27.421 V/GLSActivity(957): AuthDelegateWrapperCreated with selected intent: Intent { cmp=com.google.android.gms/.auth.DefaultAuthDelegateService }
10-20 17:36:27.431 V/GmsCoreStatsServiceLauncher(1001): Received broadcast intent Intent { act=com.google.android.gms.INITIALIZE flg=0x10 pkg=com.google.android.gms cmp=com.google.android.gms/.common.stats.GmsCoreStatsServiceLauncher }
10-20 17:36:27.681 D/AndroidRuntime(1339): Shutting down VM
10-20 17:36:27.701 V/SmsReceiverService(2710): onStart: #1 mResultCode: -1 = Activity.RESULT_OK
10-20 17:36:27.701 I/ActivityManager(527): Delay finish: com.android.mms/.transaction.SmsReceiver
10-20 17:36:27.751 I/ActivityManager(527): Resuming delayed broadcast
10-20 17:36:27.761 V/Zygote  (2738): Switching descriptor 32 to /dev/null
10-20 17:36:27.761 V/Zygote  (2738): Switching descriptor 9 to /dev/null
10-20 17:36:27.761 I/ActivityManager(527): Start proc com.google.android.apps.photos for broadcast com.google.android.apps.photos/.actionqueue.InternalReceiver: pid=2738 uid=10061 gids={50061, 3003, 3002, 1028, 1015, 1023}
10-20 17:36:28.092 I/dalvikvm(2738): Could not find method android.content.res.Resources.getDrawable, referenced from method b.a
10-20 17:36:28.092 W/dalvikvm(2738): VFY: unable to resolve virtual method 3156: Landroid/content/res/Resources;.getDrawable (ILandroid/content/res/Resources$Theme;)Landroid/graphics/drawable/Drawable;
10-20 17:36:28.092 D/dalvikvm(2738): VFY: replacing opcode 0x6e at 0x0006
10-20 17:36:28.212 E/dalvikvm(2738): Could not find class 'android.media.session.PlaybackState$Builder', referenced from method b.a
10-20 17:36:28.212 W/dalvikvm(2738): VFY: unable to resolve new-instance 644 (Landroid/media/session/PlaybackState$Builder;) in Lb;
10-20 17:36:28.212 D/dalvikvm(2738): VFY: replacing opcode 0x22 at 0x0000
10-20 17:36:28.212 E/dalvikvm(2738): Could not find class 'android.media.session.MediaController', referenced from method b.a
10-20 17:36:28.212 W/dalvikvm(2738): VFY: unable to resolve new-instance 640 (Landroid/media/session/MediaController;) in Lb;
10-20 17:36:28.212 D/dalvikvm(2738): VFY: replacing opcode 0x22 at 0x0000
10-20 17:36:28.292 E/dalvikvm(2738): Could not find class 'android.app.Notification$Action$Builder', referenced from method b.a
10-20 17:36:28.292 W/dalvikvm(2738): VFY: unable to resolve new-instance 405 (Landroid/app/Notification$Action$Builder;) in Lb;
10-20 17:36:28.292 D/dalvikvm(2738): VFY: replacing opcode 0x22 at 0x0000
10-20 17:36:28.302 W/dalvikvm(2738): Unable to resolve superclass of Lbq; (819)
10-20 17:36:28.302 W/dalvikvm(2738): Link of class 'Lbq;' failed
10-20 17:36:28.302 E/dalvikvm(2738): Could not find class 'bq', referenced from method b.a
10-20 17:36:28.302 W/dalvikvm(2738): VFY: unable to resolve new-instance 1908 (Lbq;) in Lb;
10-20 17:36:28.302 D/dalvikvm(2738): VFY: replacing opcode 0x22 at 0x0006
10-20 17:36:28.312 W/dalvikvm(2738): Unable to resolve superclass of Lbs; (819)
10-20 17:36:28.312 W/dalvikvm(2738): Link of class 'Lbs;' failed
10-20 17:36:28.312 E/dalvikvm(2738): Could not find class 'bs', referenced from method b.a
10-20 17:36:28.312 W/dalvikvm(2738): VFY: unable to resolve new-instance 1962 (Lbs;) in Lb;
10-20 17:36:28.312 D/dalvikvm(2738): VFY: replacing opcode 0x22 at 0x002c
10-20 17:36:28.312 I/dalvikvm(2738): Could not find method android.transition.TransitionSet.getTransitionCount, referenced from method b.a
10-20 17:36:28.312 W/dalvikvm(2738): VFY: unable to resolve virtual method 5608: Landroid/transition/TransitionSet;.getTransitionCount ()I
10-20 17:36:28.312 D/dalvikvm(2738): VFY: replacing opcode 0x6e at 0x0008
10-20 17:36:28.332 I/dalvikvm(2738): Could not find method android.view.ViewGroup.isTransitionGroup, referenced from method b.a
10-20 17:36:28.332 W/dalvikvm(2738): VFY: unable to resolve virtual method 6178: Landroid/view/ViewGroup;.isTransitionGroup ()Z
10-20 17:36:28.332 D/dalvikvm(2738): VFY: replacing opcode 0x6e at 0x000c
10-20 17:36:28.332 I/dalvikvm(2738): Could not find method android.view.View.getTransitionName, referenced from method b.a
10-20 17:36:28.332 W/dalvikvm(2738): VFY: unable to resolve virtual method 5995: Landroid/view/View;.getTransitionName ()Ljava/lang/String;
10-20 17:36:28.332 D/dalvikvm(2738): VFY: replacing opcode 0x6e at 0x0006
10-20 17:36:28.342 I/dalvikvm(2738): Could not find method android.transition.Transition.getTargetNames, referenced from method b.a
10-20 17:36:28.342 W/dalvikvm(2738): VFY: unable to resolve virtual method 5598: Landroid/transition/Transition;.getTargetNames ()Ljava/util/List;
10-20 17:36:28.342 D/dalvikvm(2738): VFY: replacing opcode 0x6e at 0x000a
10-20 17:36:28.342 I/dalvikvm(2738): Could not find method android.view.ViewParent.onNestedPreFling, referenced from method b.a
10-20 17:36:28.342 W/dalvikvm(2738): VFY: unable to resolve interface method 6226: Landroid/view/ViewParent;.onNestedPreFling (Landroid/view/View;FF)Z
10-20 17:36:28.342 D/dalvikvm(2738): VFY: replacing opcode 0x72 at 0x0000
10-20 17:36:28.342 I/dalvikvm(2738): Could not find method android.view.ViewParent.onNestedFling, referenced from method b.a
10-20 17:36:28.342 W/dalvikvm(2738): VFY: unable to resolve interface method 6225: Landroid/view/ViewParent;.onNestedFling (Landroid/view/View;FFZ)Z
10-20 17:36:28.342 D/dalvikvm(2738): VFY: replacing opcode 0x72 at 0x0000
10-20 17:36:28.342 I/dalvikvm(2738): Could not find method android.view.ViewParent.onStartNestedScroll, referenced from method b.a
10-20 17:36:28.342 W/dalvikvm(2738): VFY: unable to resolve interface method 6230: Landroid/view/ViewParent;.onStartNestedScroll (Landroid/view/View;Landroid/view/View;I)Z
10-20 17:36:28.342 D/dalvikvm(2738): VFY: replacing opcode 0x72 at 0x0000
10-20 17:36:28.382 W/dalvikvm(2738): VFY: unable to find class referenced in signature ([Landroid/app/RemoteInput;)
10-20 17:36:28.382 E/dalvikvm(2738): Could not find class 'android.app.RemoteInput[]', referenced from method b.a
10-20 17:36:28.382 W/dalvikvm(2738): VFY: unable to resolve new-array 13834 ([Landroid/app/RemoteInput;) in Lb;
10-20 17:36:28.382 D/dalvikvm(2738): VFY: replacing opcode 0x23 at 0x0005
10-20 17:36:28.412 I/dalvikvm(2738): Could not find method android.transition.TransitionSet.getTransitionCount, referenced from method b.b
10-20 17:36:28.412 W/dalvikvm(2738): VFY: unable to resolve virtual method 5608: Landroid/transition/TransitionSet;.getTransitionCount ()I
10-20 17:36:28.412 D/dalvikvm(2738): VFY: replacing opcode 0x6e at 0x0009
10-20 17:36:28.492 D/dalvikvm(2738): DexOpt: unable to opt direct call 0x0f7e at 0x02 in Lb;.a
10-20 17:36:28.492 D/dalvikvm(2738): DexOpt: unable to opt direct call 0x0f6e at 0x04 in Lb;.a
10-20 17:36:28.492 D/dalvikvm(2738): DexOpt: unable to opt direct call 0x0aca at 0x0e in Lb;.a
10-20 17:36:28.492 W/dalvikvm(2738): Unable to resolve superclass of Lbq; (819)
10-20 17:36:28.492 W/dalvikvm(2738): Link of class 'Lbq;' failed
10-20 17:36:28.492 D/dalvikvm(2738): DexOpt: unable to opt direct call 0x2fb6 at 0x08 in Lb;.a
10-20 17:36:28.492 W/dalvikvm(2738): Unable to resolve superclass of Lbs; (819)
10-20 17:36:28.492 W/dalvikvm(2738): Link of class 'Lbs;' failed
10-20 17:36:28.492 D/dalvikvm(2738): DexOpt: unable to opt direct call 0x30bb at 0x30 in Lb;.a
10-20 17:36:28.492 D/dalvikvm(2738): DexOpt: unable to opt direct call 0x0b21 at 0x13 in Lb;.a
10-20 17:36:28.672 D/Sensors (527): handle : 4 en: 1, v010.0 - Try to resolve lock issue
10-20 17:36:28.672 D/Sensors (527): lock_status = 2
10-20 17:36:28.672 D/Sensors (527): Andy: MPLSensor::enable: lock1
10-20 17:36:28.672 D/Sensors (527): mEnabled = 0x10
10-20 17:36:28.672 D/Sensors (527): set_power_states++: enabled_sensors: 16 dmp_started: 0
10-20 17:36:28.672 D/Sensors (527): Before if statment: cs:0 rs:1 en_ped:0 da_ped:0 en_g:0 da_g:0
10-20 17:36:28.672 D/Sensors (527): STOP timerirq_1
10-20 17:36:28.672 I/PowerManagerService(527): Waking up from sleep...
10-20 17:36:28.692 D/Sensors (527): Starting DMP
10-20 17:36:28.712 I/        (527): mpu3050_resume: Resuming to 0070
10-20 17:36:28.712 D/Sensors (527): Exit: Starting DMP
10-20 17:36:28.712 D/Sensors (527): set_power_states--
10-20 17:36:28.712 D/Sensors (527): Andy: MPLSensor::enable: unlock1
10-20 17:36:28.712 D/Sensors (527): MPLSensor::enable--1
10-20 17:36:28.812 D/SurfaceFlinger(168): Screen acquired, type=0 flinger=0xb7ae44e0
10-20 17:36:28.812 D/qdhwcomposer(168): hwc_blank: Unblanking display: 0
10-20 17:36:28.832 E/audio_a2dp_hw(171): adev_set_parameters: ERROR: set param called even when stream out is null
10-20 17:36:28.942 I/WindowManager(527): Lock screen displayed!
10-20 17:36:28.962 D/DisplayPowerController(527): Unblocked screen on after 119502 ms
10-20 17:36:29.102 D/qdhwcomposer(168): hwc_blank: Done unblanking display: 0
10-20 17:36:29.102 D/SurfaceControl(527): Excessive delay in unblankDisplay() while turning screen on: 291ms
10-20 17:36:29.283 I/dalvikvm(2738): Could not find method android.content.pm.PackageManager.getPackageInstaller, referenced from method jtv.a
10-20 17:36:29.283 W/dalvikvm(2738): VFY: unable to resolve virtual method 3112: Landroid/content/pm/PackageManager;.getPackageInstaller ()Landroid/content/pm/PackageInstaller;
10-20 17:36:29.283 D/dalvikvm(2738): VFY: replacing opcode 0x6e at 0x000d
10-20 17:36:29.283 I/dalvikvm(2738): Could not find method android.app.Notification$Builder.setLocalOnly, referenced from method jtv.c
10-20 17:36:29.283 W/dalvikvm(2738): VFY: unable to resolve virtual method 2798: Landroid/app/Notification$Builder;.setLocalOnly (Z)Landroid/app/Notification$Builder;
10-20 17:36:29.283 D/dalvikvm(2738): VFY: replacing opcode 0x6e at 0x01ff
10-20 17:36:29.323 I/ActivityManager(527): Delay finish: com.google.android.apps.photos/.actionqueue.InternalReceiver
10-20 17:36:29.593 V/Zygote  (2781): Switching descriptor 32 to /dev/null
10-20 17:36:29.593 V/Zygote  (2781): Switching descriptor 9 to /dev/null
10-20 17:36:29.603 I/ActivityManager(527): Start proc android.process.acore for content provider com.android.providers.contacts/.ContactsProvider2: pid=2781 uid=10001 gids={50001, 3003, 1028, 1015, 1023}
10-20 17:36:29.633 I/ActivityManager(527): Killing 2128:com.countercultured.irc.slim/u0a46 (adj 15): empty #17
10-20 17:36:29.683 I/ActivityManager(527): Killing 2216:com.google.android.apps.maps/u0a55 (adj 15): empty #17
10-20 17:36:29.943 I/ActivityManager(527): Resuming delayed broadcast
10-20 17:36:29.973 I/ActivityManager(527): Delay finish: com.google.android.apps.photos/.jobqueue.JobServiceBroadcastReceiverInternal
10-20 17:36:30.003 I/ActivityManager(527): Resuming delayed broadcast
10-20 17:36:30.013 I/ActivityManager(527): Killing 2170:com.google.android.gm/u0a52 (adj 15): empty #17
10-20 17:36:30.154 I/ActivityManager(527): Waited long enough for: ServiceRecord{41d50730 u0 com.sygic.aura/.fcd.FloatingCarDataService}
10-20 17:36:30.354 I/SubscribedFeeds(957): Received message
10-20 17:36:30.364 V/Zygote  (2799): Switching descriptor 32 to /dev/null
10-20 17:36:30.364 V/Zygote  (2799): Switching descriptor 9 to /dev/null
10-20 17:36:30.374 I/ActivityManager(527): Start proc com.android.calendar for broadcast com.android.calendar/.widget.CalendarAppWidgetProvider: pid=2799 uid=10023 gids={50023, 3003}
10-20 17:36:30.544 V/ContactsDatabaseHelper(2781): is_restricted column already present in database
10-20 17:36:30.554 V/Zygote  (2814): Switching descriptor 32 to /dev/null
10-20 17:36:30.554 V/Zygote  (2814): Switching descriptor 9 to /dev/null
10-20 17:36:30.574 I/ActivityManager(527): Start proc com.google.android.apps.docs for service com.google.android.apps.docs/.sync.syncadapter.DocsSyncAdapterService: pid=2814 uid=10028 gids={50028, 1028, 1023, 3003, 1015}
10-20 17:36:30.584 D/ExtensionsFactory(2799): No custom extensions.
10-20 17:36:30.634 D/AlertReceiver(2799): onReceive: a=android.intent.action.PROVIDER_CHANGED Intent { act=android.intent.action.PROVIDER_CHANGED dat=content://com.android.calendar flg=0x10 cmp=com.android.calendar/.alerts.AlertReceiver }
10-20 17:36:30.644 D/PhoneStatusBar(636): disable: < expand icons alerts ticker system_info back* home* recent* clock* search >
10-20 17:36:30.684 D/AlertService(2799): 0 Action = android.intent.action.PROVIDER_CHANGED
10-20 17:36:30.844 I/ActivityManager(527): Waited long enough for: ServiceRecord{41bfbec0 u0 net.nurik.roman.dashclock/com.google.android.apps.dashclock.DashClockService}
10-20 17:36:30.944 I/ActivityManager(527): Delay finish: com.google.android.apps.photos/.jobqueue.JobServiceBroadcastReceiverInternal
10-20 17:36:30.954 I/ActivityManager(527): Resuming delayed broadcast
10-20 17:36:31.275 D/PhoneStatusBar(636): disable: < expand icons alerts ticker system_info back home recent CLOCK* search >
10-20 17:36:31.295 W/InputMethodManagerService(527): Window already focused, ignoring focus gain of: com.android.internal.view.IInputMethodClient$Stub$Proxy@41c3e4c0 attribute=android.view.inputmethod.EditorInfo@41a295d8, token = android.os.BinderProxy@41de0a00
10-20 17:36:31.575 I/Choreographer(822): Skipped 31 frames!  The application may be doing too much work on its main thread.
10-20 17:36:31.695 I/dalvikvm(2814): Could not find method android.app.Activity.finishAfterTransition, referenced from method r.onBackPressed
10-20 17:36:31.695 W/dalvikvm(2814): VFY: unable to resolve virtual method 1249: Landroid/app/Activity;.finishAfterTransition ()V
10-20 17:36:31.695 D/dalvikvm(2814): VFY: replacing opcode 0x6e at 0x0012
10-20 17:36:31.835 I/dalvikvm(2814): Could not find method android.content.pm.PackageManager.getPackageInstaller, referenced from method gba.a
10-20 17:36:31.835 W/dalvikvm(2814): VFY: unable to resolve virtual method 1771: Landroid/content/pm/PackageManager;.getPackageInstaller ()Landroid/content/pm/PackageInstaller;
10-20 17:36:31.835 D/dalvikvm(2814): VFY: replacing opcode 0x6e at 0x000f
10-20 17:36:31.855 I/GAv4    (2814): Google Analytics 7.8.95 is starting up. To enable debug logging on a device run:
10-20 17:36:31.855 I/GAv4    (2814):   adb shell setprop log.tag.GAv4 DEBUG
10-20 17:36:31.855 I/GAv4    (2814):   adb logcat -s GAv4
10-20 17:36:31.925 W/GAv4    (2814): AnalyticsReceiver is not registered or is disabled. Register the receiver for reliable dispatching on non-Google Play devices. See http://goo.gl/8Rd3yj for instructions.
10-20 17:36:32.055 W/GAv4    (2814): CampaignTrackingReceiver is not registered, not exported or is disabled. Installation campaign tracking is not possible. See http://goo.gl/8Rd3yj for instructions.
10-20 17:36:32.075 W/AnalyticsTrackerProxyImpl(2814): Analytics setup for ID UA-21125203-2, app name Drive, version 2.3.357.23.33
10-20 17:36:32.256 I/Timeline(822): Timeline: Activity_idle id: android.os.BinderProxy@41a0b190 time:122798
10-20 17:36:32.266 I/qtaguid (2647): Failed write_ctrl(u 66) res=-1 errno=22
10-20 17:36:32.266 I/qtaguid (2647): Untagging socket 66 failed errno=-22
10-20 17:36:32.266 W/NetworkManagementSocketTagger(2647): untagSocket(66) failed with errno -22
10-20 17:36:32.266 D/Volley  (2647): [213] BasicNetwork.performRequest: HTTP response for request=<[ ] https://android.clients.google.com/fdfe/replicateLibrary 0xe8d195d1 NORMAL 3> [lifetime=5337], [size=227], [rc=200], [retryCount=0]
10-20 17:36:32.416 W/GAv4    (2814): AnalyticsService not registered in the app manifest. Hits might not be delivered reliably. See http://goo.gl/8Rd3yj for instructions.
10-20 17:36:32.436 I/dalvikvm(2814): Could not find method android.provider.DocumentsContract.getTreeDocumentId, referenced from method yw.run
10-20 17:36:32.436 W/dalvikvm(2814): VFY: unable to resolve static method 2872: Landroid/provider/DocumentsContract;.getTreeDocumentId (Landroid/net/Uri;)Ljava/lang/String;
10-20 17:36:32.436 D/dalvikvm(2814): VFY: replacing opcode 0x71 at 0x0159
10-20 17:36:32.486 I/ContactLocale(2781): AddressBook Labels [zz_ZZ]: [, A, B, C, D, E, F, G, H, I, J, K, L, M, N, O, P, Q, R, S, T, U, V, W, X, Y, Z, Α, Β, Γ, Δ, Ε, Ζ, Η, Θ, Ι, Κ, Λ, Μ, Ν, Ξ, Ο, Π, Ρ, Σ, Τ, Υ, Φ, Χ, Ψ, Ω, , А, Б, В, Г, Д, Е, Є, Ж, З, И, І, Ї, Й, К, Л, М, Н, О, П, Р, С, Т, У, Ф, Х, Ц, Ч, Ш, Щ, Ю, Я, , א, ב, ג, ד, ה, ו, ז, ח, ט, י, כ, ל, מ, נ, ס, ע, פ, צ, ק, ר, ש, ת, , ا, ب, ت, ث, ج, ح, خ, د, ذ, ر, ز, س, ش, ص, ض, ط, ظ, ع, غ, ف, ق, ك, ل, م, ن, ه, و, ي, , ก, ข, ฃ, ค, ฅ, ฆ, ง, จ, ฉ, ช, ซ, ฌ, ญ, ฎ, ฏ, ฐ, ฑ, ฒ, ณ, ด, ต, ถ, ท, ธ, น, บ, ป, ผ, ฝ, พ, ฟ, ภ, ม, ย, ร, ฤ, ล, ฦ, ว, ศ, ษ, ส, ห, ฬ, อ, ฮ, , ㄱ, ㄴ, ㄷ, ㄹ, ㅁ, ㅂ, ㅅ, ㅇ, ㅈ, ㅊ, ㅋ, ㅌ, ㅍ, ㅎ, , あ, か, さ, た, な, は, ま, や, ら, わ, #, ]
10-20 17:36:32.836 I/o.ḹ   (2265): MyWidget: onReceive()
10-20 17:36:32.846 I/o.ḹ   (2265): MyWidget: onUpdate()
10-20 17:36:32.846 I/o.ḹ   (2265): MyWidget: onReceive()
10-20 17:36:33.106 V/GLSActivity(957): AuthDelegateWrapperCreated with selected intent: Intent { cmp=com.google.android.gms/.auth.DefaultAuthDelegateService }
10-20 17:36:33.116 V/GLSActivity(957): AuthDelegateWrapperCreated with selected intent: Intent { cmp=com.google.android.gms/.auth.DefaultAuthDelegateService }
10-20 17:36:33.307 D/PhoneStatusBar(636): disable: < expand icons alerts ticker system_info back home recent clock* search >
10-20 17:36:33.397 W/BaseAppContext(1001): Using Auth Proxy for data requests.
10-20 17:36:34.268 V/ContactsDatabaseHelper(2781): is_restricted column already present in database
10-20 17:36:34.368 W/Flag    (2814): Duration spec must be at least 2 characters long
10-20 17:36:34.368 D/aladinwidget(2590): AladinWidgetProvider.onEnabled
10-20 17:36:34.378 D/aladinwidget(2590): onUpdate()
10-20 17:36:34.388 D/aladinwidget(2590): loaded bitmap for wi_cloud_snow_light: android.graphics.Bitmap@41b91c68
10-20 17:36:34.388 D/aladinwidget(2590): loaded bitmap for wi_cloud_rain_light: android.graphics.Bitmap@41b92b30
10-20 17:36:34.388 D/aladinwidget(2590): loaded bitmap for wi_day_cloud_rain: android.graphics.Bitmap@41b939d0
10-20 17:36:34.398 D/aladinwidget(2590): loaded bitmap for wi_cloud_rain_medium: android.graphics.Bitmap@41b94868
10-20 17:36:34.398 D/aladinwidget(2590): loaded bitmap for wi_cloud_rain_heavy: android.graphics.Bitmap@41b95708
10-20 17:36:34.398 D/aladinwidget(2590): loaded bitmap for wi_cloud_snow_heavy: android.graphics.Bitmap@41b965e0
10-20 17:36:34.398 D/aladinwidget(2590): loaded bitmap for wi_day_cloud: android.graphics.Bitmap@41b97480
10-20 17:36:34.398 D/aladinwidget(2590): loaded bitmap for wi_night_cloud: android.graphics.Bitmap@41b98310
10-20 17:36:34.408 D/aladinwidget(2590): loaded bitmap for wi_night_cloud_snow: android.graphics.Bitmap@41b991f8
10-20 17:36:34.418 D/aladinwidget(2590): loaded bitmap for wi_day_cloud_snow: android.graphics.Bitmap@41b9a098
10-20 17:36:34.418 D/aladinwidget(2590): loaded bitmap for wi_day: android.graphics.Bitmap@41b9af30
10-20 17:36:34.418 D/aladinwidget(2590): loaded bitmap for wi_night_cloud_rain: android.graphics.Bitmap@41b9bd48
10-20 17:36:34.418 D/aladinwidget(2590): loaded bitmap for wi_cloud_snow_medium: android.graphics.Bitmap@41b9cbe8
10-20 17:36:34.418 D/aladinwidget(2590): loaded bitmap for wi_night: android.graphics.Bitmap@41b9da88
10-20 17:36:34.428 D/aladinwidget(2590): loaded bitmap for wi_cloud: android.graphics.Bitmap@41b9e9b0
10-20 17:36:34.428 D/aladinwidget(2590): w=323, h=103,forecast=org.androworks.meteorgram.ForecastData@41a97dd0, userLocation=org.androworks.meteorgram.UserLocation@41a21318
10-20 17:36:34.438 D/aladinwidget(2590): min=0.0, max=20.0, coef=1.1125, zeroY=66, temperatureTop=21, tempMinValue=66
10-20 17:36:34.438 D/aladingwidget(2590): temp=9.397125, y=55
10-20 17:36:34.438 D/aladingwidget(2590): temp=8.428375, y=56
10-20 17:36:34.438 D/aladingwidget(2590): temp=7.7989807, y=57
10-20 17:36:34.438 D/aladingwidget(2590): temp=7.582184, y=57
10-20 17:36:34.438 D/aladingwidget(2590): temp=7.346588, y=57
10-20 17:36:34.438 D/aladingwidget(2590): temp=7.3419495, y=57
10-20 17:36:34.438 D/aladingwidget(2590): temp=7.132965, y=58
10-20 17:36:34.438 D/aladingwidget(2590): temp=6.9169006, y=58
10-20 17:36:34.438 D/aladingwidget(2590): temp=6.7186584, y=58
10-20 17:36:34.438 D/aladingwidget(2590): temp=6.619293, y=58
10-20 17:36:34.438 D/aladingwidget(2590): temp=6.6217346, y=58
10-20 17:36:34.438 D/aladingwidget(2590): temp=6.644928, y=58
10-20 17:36:34.438 D/aladingwidget(2590): temp=6.573395, y=58
10-20 17:36:34.438 D/aladingwidget(2590): temp=6.584137, y=58
10-20 17:36:34.438 D/aladingwidget(2590): temp=6.554596, y=58
10-20 17:36:34.438 D/aladingwidget(2590): temp=6.5765686, y=58
10-20 17:36:34.438 D/aladingwidget(2590): temp=6.942047, y=58
10-20 17:36:34.438 D/aladingwidget(2590): temp=7.710602, y=57
10-20 17:36:34.438 D/aladingwidget(2590): temp=8.720856, y=56
10-20 17:36:34.438 D/aladingwidget(2590): temp=9.645172, y=55
10-20 17:36:34.438 D/aladingwidget(2590): temp=9.853668, y=55
10-20 17:36:34.438 D/aladingwidget(2590): temp=10.045074, y=54
10-20 17:36:34.438 D/aladingwidget(2590): temp=10.28653, y=54
10-20 17:36:34.438 D/aladingwidget(2590): temp=10.594879, y=54
10-20 17:36:34.438 D/aladingwidget(2590): temp=10.324127, y=54
10-20 17:36:34.448 D/aladingwidget(2590): temp=9.444489, y=55
10-20 17:36:34.448 D/aladingwidget(2590): temp=9.339264, y=55
10-20 17:36:34.448 D/aladingwidget(2590): temp=7.910797, y=57
10-20 17:36:34.448 D/aladingwidget(2590): temp=7.15567, y=58
10-20 17:36:34.448 D/aladingwidget(2590): temp=7.021637, y=58
10-20 17:36:34.448 D/aladingwidget(2590): temp=7.731598, y=57
10-20 17:36:34.448 D/aladingwidget(2590): temp=6.877594, y=58
10-20 17:36:34.448 D/aladingwidget(2590): temp=6.3419495, y=58
10-20 17:36:34.448 D/aladingwidget(2590): temp=7.294586, y=57
10-20 17:36:34.448 D/aladingwidget(2590): temp=6.7970276, y=58
10-20 17:36:34.448 D/aladingwidget(2590): temp=6.0885315, y=59
10-20 17:36:34.448 D/aladingwidget(2590): temp=5.758209, y=59
10-20 17:36:34.448 D/aladingwidget(2590): temp=5.9410706, y=59
10-20 17:36:34.448 D/aladingwidget(2590): temp=5.990631, y=59
10-20 17:36:34.448 D/aladingwidget(2590): temp=5.5846252, y=59
10-20 17:36:34.448 D/aladingwidget(2590): temp=6.2828674, y=59
10-20 17:36:34.448 D/aladinwidget(2590): drawing bitmap
10-20 17:36:34.628 I/Timeline(822): Timeline: Activity_launch_request id:menion.android.locus.pro time:125166
10-20 17:36:34.628 I/ActivityManager(527): START u0 {act=android.intent.action.MAIN cat=[android.intent.category.LAUNCHER] flg=0x10200000 cmp=menion.android.locus.pro/com.asamm.locus.core.StartScreen (has extras)} from pid 822
10-20 17:36:34.748 D/aladinwidget(2590): updated widget 13, image uri: /data/data/org.androworks.meteorgram/files/aladinWidget13.png
10-20 17:36:34.798 D/aladinwidget(2590): WidgetUpdateService destroyed
10-20 17:36:34.848 E/BitmapFactory(822): Unable to decode stream: java.io.FileNotFoundException: /: open failed: EISDIR (Is a directory)
10-20 17:36:34.848 I/System.out(822): resolveUri failed on bad bitmap uri: 
10-20 17:36:34.868 D/MobileDataStateTracker(527): default: setPolicyDataEnable(enabled=true)
10-20 17:36:35.038 I/ActivityManager(527): Delay finish: com.google.android.gms/.lockbox.LockboxAlarmReceiver
10-20 17:36:35.208 D/dalvikvm(2416): DexOpt: --- BEGIN '.礒픠ḝ' (bootstrap=0) ---
10-20 17:36:35.208 I/ActivityManager(527): Resuming delayed broadcast
10-20 17:36:35.248 I/ActivityManager(527): Delay finish: com.google.android.gms/.common.download.DownloadAlarmReceiver
10-20 17:36:35.339 D/dalvikvm(2890): DexOpt: load 5ms, verify+opt 1ms, 86372 bytes
10-20 17:36:35.399 D/dalvikvm(2416): DexOpt: --- END '.礒픠ḝ' (success) ---
10-20 17:36:35.399 D/dalvikvm(2416): DEX prep '/data/data/menion.android.locus.pro/.礒픠ḝ': unzip in 0ms, rewrite 184ms
10-20 17:36:35.419 I/dalvikvm(2416): Total arena pages for JIT: 11
10-20 17:36:35.419 I/dalvikvm(2416): Total arena pages for JIT: 12
10-20 17:36:35.419 I/dalvikvm(2416): Total arena pages for JIT: 13
10-20 17:36:35.419 I/dalvikvm(2416): Total arena pages for JIT: 14
10-20 17:36:35.419 I/dalvikvm(2416): Total arena pages for JIT: 15
10-20 17:36:35.419 I/dalvikvm(2416): Total arena pages for JIT: 16
10-20 17:36:35.419 I/dalvikvm(2416): Total arena pages for JIT: 17
10-20 17:36:35.449 D/dalvikvm(2416): DexOpt: --- BEGIN '.礒픠ḝ' (bootstrap=0) ---
10-20 17:36:35.459 I/ActivityManager(527): Resuming delayed broadcast
10-20 17:36:35.519 D/dalvikvm(2893): DexOpt: load 4ms, verify+opt 0ms, 85388 bytes
10-20 17:36:35.569 I/ActivityManager(527): Delay finish: com.google.android.gms/.security.snet.SnetReceiver
10-20 17:36:35.589 I/ActivityManager(527): Resuming delayed broadcast
10-20 17:36:35.609 D/dalvikvm(2416): DexOpt: --- END '.礒픠ḝ' (success) ---
10-20 17:36:35.609 D/dalvikvm(2416): DEX prep '/data/data/menion.android.locus.pro/.礒픠ḝ': unzip in 0ms, rewrite 153ms
10-20 17:36:35.699 I/GlobalDismissManager(2799): no sender configured
10-20 17:36:35.699 D/AlertService(2799): Beginning updateAlertNotification
10-20 17:36:35.729 D/AlertService(2799): No fired or scheduled alerts
10-20 17:36:35.829 I/ActivityManager(527): Delay finish: com.google.android.gms/.gcm.nts.SchedulerReceiver
10-20 17:36:35.949 D/AlertService(2799): Scheduling next alarm with AlarmScheduler. sEventReminderReceived: null
10-20 17:36:35.979 D/AlarmScheduler(2799): Query result count for events starting within 1 week: 18
10-20 17:36:36.039 D/AlarmScheduler(2799): Scheduling alarm for EVENT_REMINDER_APP broadcast for event 186 at 1445441796959 (Wed, Oct 21, 2015 05:36pm)
10-20 17:36:36.059 I/ActivityManager(527): Resuming delayed broadcast
10-20 17:36:36.189 D/GCM     (957): GcmService start Intent { act=com.google.android.checkin.CHECKIN_COMPLETE flg=0x10 cmp=com.google.android.gms/.gcm.GcmService (has extras) } com.google.android.checkin.CHECKIN_COMPLETE
10-20 17:36:36.279 D/dalvikvm(2814): DexOpt: couldn't find static field Landroid/os/Build;.SUPPORTED_ABIS
10-20 17:36:36.279 W/dalvikvm(2814): VFY: unable to resolve static field 134 (SUPPORTED_ABIS) in Landroid/os/Build;
10-20 17:36:36.279 D/dalvikvm(2814): VFY: replacing opcode 0x62 at 0x000a
10-20 17:36:36.279 D/dalvikvm(2814): DexOpt: couldn't find field Landroid/content/pm/ApplicationInfo;.splitSourceDirs
10-20 17:36:36.279 W/dalvikvm(2814): VFY: unable to resolve instance field 46
10-20 17:36:36.279 D/dalvikvm(2814): VFY: replacing opcode 0x54 at 0x005f
10-20 17:36:36.290 D/dalvikvm(2814): DexOpt: couldn't find static field Landroid/os/Build;.SUPPORTED_ABIS
10-20 17:36:36.290 W/dalvikvm(2814): VFY: unable to resolve static field 134 (SUPPORTED_ABIS) in Landroid/os/Build;
10-20 17:36:36.290 D/dalvikvm(2814): VFY: replacing opcode 0x62 at 0x0047
10-20 17:36:36.300 D/dalvikvm(2814): DexOpt: couldn't find field Landroid/content/pm/ApplicationInfo;.splitSourceDirs
10-20 17:36:36.300 I/dalvikvm(2814): DexOpt: unable to optimize instance field ref 0x002e at 0x63 in Lcom/google/android/gms/common/util/bc;.b
10-20 17:36:36.320 D/dalvikvm(2629): DexOpt: couldn't find static field Landroid/os/Build;.SUPPORTED_ABIS
10-20 17:36:36.320 W/dalvikvm(2629): VFY: unable to resolve static field 193 (SUPPORTED_ABIS) in Landroid/os/Build;
10-20 17:36:36.320 D/dalvikvm(2629): VFY: replacing opcode 0x62 at 0x0053
10-20 17:36:36.320 I/dalvikvm(2629): Could not find method android.net.wifi.WifiInfo.getFrequency, referenced from method com.google.android.apps.gsa.shared.util.debug.n.aOI
10-20 17:36:36.320 W/dalvikvm(2629): VFY: unable to resolve virtual method 1692: Landroid/net/wifi/WifiInfo;.getFrequency ()I
10-20 17:36:36.320 D/dalvikvm(2629): VFY: replacing opcode 0x6e at 0x0039
10-20 17:36:36.340 D/dalvikvm(2814): No JNI_OnLoad found in /system/lib/libgmscore.so 0x41e55d88, skipping init
10-20 17:36:36.410 V/JNIHelp (2814): Registering com/google/android/gms/org/conscrypt/NativeCrypto's 241 native methods...
10-20 17:36:36.430 I/dalvikvm(2629): Could not find method android.content.pm.PackageManager.getPackageInstaller, referenced from method com.google.android.gms.common.e.I
10-20 17:36:36.430 W/dalvikvm(2629): VFY: unable to resolve virtual method 973: Landroid/content/pm/PackageManager;.getPackageInstaller ()Landroid/content/pm/PackageInstaller;
10-20 17:36:36.430 D/dalvikvm(2629): VFY: replacing opcode 0x6e at 0x000d
10-20 17:36:36.460 I/dalvikvm(2629): Could not find method android.app.Notification$Builder.setLocalOnly, referenced from method com.google.android.gms.common.e.h
10-20 17:36:36.460 W/dalvikvm(2629): VFY: unable to resolve virtual method 497: Landroid/app/Notification$Builder;.setLocalOnly (Z)Landroid/app/Notification$Builder;
10-20 17:36:36.460 D/dalvikvm(2629): VFY: replacing opcode 0x6e at 0x0206
10-20 17:36:36.580 I/dalvikvm(2629): Could not find method android.app.Activity.requestPermissions, referenced from method com.google.android.apps.gsa.c.b.a
10-20 17:36:36.580 W/dalvikvm(2629): VFY: unable to resolve virtual method 281: Landroid/app/Activity;.requestPermissions ([Ljava/lang/String;I)V
10-20 17:36:36.580 D/dalvikvm(2629): VFY: replacing opcode 0x6e at 0x000c
10-20 17:36:36.580 I/dalvikvm(2629): Could not find method android.content.Context.checkSelfPermission, referenced from method com.google.android.apps.gsa.c.b.f
10-20 17:36:36.580 W/dalvikvm(2629): VFY: unable to resolve virtual method 749: Landroid/content/Context;.checkSelfPermission (Ljava/lang/String;)I
10-20 17:36:36.580 D/dalvikvm(2629): VFY: replacing opcode 0x6e at 0x0006
10-20 17:36:36.690 V/Zygote  (2902): Switching descriptor 32 to /dev/null
10-20 17:36:36.690 V/Zygote  (2902): Switching descriptor 9 to /dev/null
10-20 17:36:36.690 I/dalvikvm(2629): Could not find method android.os.UserManager.getUserProfiles, referenced from method com.google.android.apps.gsa.shared.util.ch.ci
10-20 17:36:36.690 W/dalvikvm(2629): VFY: unable to resolve virtual method 2031: Landroid/os/UserManager;.getUserProfiles ()Ljava/util/List;
10-20 17:36:36.690 D/dalvikvm(2629): VFY: replacing opcode 0x6e at 0x0017
10-20 17:36:36.700 E/cutils  (162): Failed to mkdirat(/storage/usbdisk/Android): Read-only file system
10-20 17:36:36.700 I/ActivityManager(527): Start proc com.google.android.partnersetup for content provider com.google.android.partnersetup/.RlzAppProvider: pid=2902 uid=10017 gids={50017, 3003}
10-20 17:36:36.700 W/Vold    (162): Returning OperationFailed - no handler for errno 30
10-20 17:36:36.710 W/ContextImpl(2416): Failed to ensure directory: /storage/usbdisk/Android/data/menion.android.locus.pro/files
10-20 17:36:36.740 I/Timeline(2416): Timeline: Activity_launch_request id:menion.android.locus.pro time:127270
10-20 17:36:36.740 V/Zygote  (2913): Switching descriptor 32 to /dev/null
10-20 17:36:36.740 V/Zygote  (2913): Switching descriptor 9 to /dev/null
10-20 17:36:36.760 I/ActivityManager(527): Start proc com.slim.slimlauncher for broadcast com.slim.slimlauncher/.PackageChangedReceiver: pid=2913 uid=10011 gids={50011, 1028, 1023}
10-20 17:36:36.760 I/ActivityManager(527): START u0 {flg=0x4000000 cmp=menion.android.locus.pro/com.asamm.locus.basic.MainActivityBasic} from pid 2416
10-20 17:36:36.780 I/ActivityManager(527): Killing 2195:com.google.android.gm.exchange/u0a49 (adj 15): empty #17
10-20 17:36:36.810 I/dalvikvm(2416): Could not find method android.view.Window.setStatusBarColor, referenced from method com.asamm.locus.basic.MainActivityBasic.eventAfterLayoutCreated
10-20 17:36:36.810 W/dalvikvm(2416): VFY: unable to resolve virtual method 4441: Landroid/view/Window;.setStatusBarColor (I)V
10-20 17:36:36.810 D/dalvikvm(2416): VFY: replacing opcode 0x6e at 0x000c
10-20 17:36:37.090 V/Launcher(2913): LauncherAppState inited
10-20 17:36:37.150 V/AlarmClock(1528): No connected nodes
10-20 17:36:37.190 I/ProviderInstaller(2814): Installed default security provider GmsCore_OpenSSL
10-20 17:36:37.190 I/ActivityManager(527): Killing 1528:com.google.android.deskclock/u0a50 (adj 15): empty #17
10-20 17:36:37.200 W/Launcher(2913): setApplicationContext called twice! old=com.slim.slimlauncher.LauncherApplication@41a0d818 new=com.slim.slimlauncher.LauncherApplication@41a0d818
10-20 17:36:37.210 I/ActivityManager(527): Killing 2250:com.buak.Link2SD/u0a59 (adj 15): empty #17
10-20 17:36:37.220 D/su      (2302): sending code
10-20 17:36:37.220 D/su      (2302): child exited
10-20 17:36:37.220 D/su      (2300): client exited 0
10-20 17:36:37.250 I/dalvikvm(2647): Could not find method android.content.pm.PackageManager.getLeanbackLaunchIntentForPackage, referenced from method com.google.android.finsky.utils.IntentUtils.access$200
10-20 17:36:37.250 W/dalvikvm(2647): VFY: unable to resolve virtual method 612: Landroid/content/pm/PackageManager;.getLeanbackLaunchIntentForPackage (Ljava/lang/String;)Landroid/content/Intent;
10-20 17:36:37.250 D/dalvikvm(2647): VFY: replacing opcode 0x6e at 0x0017
10-20 17:36:37.270 I/UpdateIcingCorporaServi(2629): Updating corpora: APPS=com.google.android.gms, CONTACTS=MAYBE
10-20 17:36:37.531 D/PackageBroadcastService(1001): Received broadcast action=android.intent.action.PACKAGE_CHANGED and uri=com.google.android.gms
10-20 17:36:37.531 I/PackageBroadcastService(1001): Null package name or gms related package.  Ignoreing.
10-20 17:36:37.571 V/Zygote  (2939): Switching descriptor 32 to /dev/null
10-20 17:36:37.571 V/Zygote  (2939): Switching descriptor 9 to /dev/null
10-20 17:36:37.581 I/ActivityManager(527): Start proc com.android.gallery3d for broadcast com.android.gallery3d/.app.PackagesMonitor: pid=2939 uid=10036 gids={50036, 3003, 1028, 1015, 1023}
10-20 17:36:38.071 I/ActivityManager(527): Delay finish: com.android.gallery3d/.app.PackagesMonitor
10-20 17:36:38.141 I/Icing   (1001): Storage manager: low false usage 5.69MB avail 493.57MB capacity 0.98GB
10-20 17:36:38.141 I/UpdateIcingCorporaServi(2629): UpdateCorporaTask done [took 868 ms] updated apps [took 868 ms] 
10-20 17:36:38.151 I/ActivityManager(527): Resuming delayed broadcast
10-20 17:36:38.221 V/Zygote  (2956): Switching descriptor 32 to /dev/null
10-20 17:36:38.221 V/Zygote  (2956): Switching descriptor 9 to /dev/null
10-20 17:36:38.231 I/ActivityManager(527): Start proc com.google.android.gm for broadcast com.google.android.gm/.widget.GmailWidgetProvider: pid=2956 uid=10052 gids={50052, 3003, 1028, 1015, 1023}
10-20 17:36:38.241 V/GLSActivity(957): AuthDelegateWrapperCreated with selected intent: Intent { cmp=com.google.android.gms/.auth.DefaultAuthDelegateService }
10-20 17:36:38.241 V/GLSActivity(957): AuthDelegateWrapperCreated with selected intent: Intent { cmp=com.google.android.gms/.auth.DefaultAuthDelegateService }
10-20 17:36:38.271 I/ActivityManager(527): Killing 2451:com.zentity.vodafone:scan/u0a70 (adj 15): empty #17
10-20 17:36:38.331 W/Icing   (1001): Received bad json for section weights override -- ignoring.
10-20 17:36:38.331 W/Icing   (1001): Received bad json for corpus context scoring override -- ignoring.
10-20 17:36:38.331 W/Icing   (1001): Received bad json for section weights override -- ignoring.
10-20 17:36:38.331 W/Icing   (1001): Received bad json for corpus context scoring override -- ignoring.
10-20 17:36:38.331 I/dalvikvm(1001): Could not find method android.os.UserHandle.isOwner, referenced from method com.google.android.gms.icing.b.g.a
10-20 17:36:38.331 W/dalvikvm(1001): VFY: unable to resolve virtual method 1418: Landroid/os/UserHandle;.isOwner ()Z
10-20 17:36:38.331 D/dalvikvm(1001): VFY: replacing opcode 0x6e at 0x0029
10-20 17:36:38.442 V/GmsNetworkLocationProvi(740): onSetRequest: ProviderRequestUnbundled, reportLocation is true and interval is 0
10-20 17:36:38.442 V/GmsNetworkLocationProvi(740): SET-REQUEST
10-20 17:36:38.442 V/GmsNetworkLocationProvi(740): in Handler: ProviderRequestUnbundled, reportLocation is true and interval is 20000
10-20 17:36:38.552 I/wpa_supplicant(625): wlan0: CTRL-EVENT-SCAN-STARTED 
10-20 17:36:38.572 I/Adreno200-EGL(2416): <qeglDrvAPI_eglInitialize:269>: EGL 1.4 QUALCOMM build: AU_LINUX_ANDROID_JB_VANILLA.04.02.02.60.051_msm8960_JB_VANILLA_CL2997615_release_AU (CL2997615)
10-20 17:36:38.572 I/Adreno200-EGL(2416): Build Date: 04/11/13 Thu
10-20 17:36:38.572 I/Adreno200-EGL(2416): Local Branch: 
10-20 17:36:38.572 I/Adreno200-EGL(2416): Remote Branch: quic/mako_jb_mr1
10-20 17:36:38.572 I/Adreno200-EGL(2416): Local Patches: NONE
10-20 17:36:38.572 I/Adreno200-EGL(2416): Reconstruct Branch: AU_LINUX_ANDROID_JB_VANILLA.04.02.02.60.051 +  NOTHING
10-20 17:36:38.662 D/OpenGLRenderer(2416): Enabling debug mode 0
10-20 17:36:38.702 W/Settings(2416): Setting always_finish_activities has moved from android.provider.Settings.System to android.provider.Settings.Global, returning read-only value.
10-20 17:36:38.732 I/qtaguid (2647): Failed write_ctrl(u 71) res=-1 errno=22
10-20 17:36:38.732 I/qtaguid (2647): Untagging socket 71 failed errno=-22
10-20 17:36:38.732 W/NetworkManagementSocketTagger(2647): untagSocket(71) failed with errno -22
10-20 17:36:38.752 E/dalvikvm(2956): Could not find class 'android.app.job.JobScheduler', referenced from method com.android.email.service.r.a
10-20 17:36:38.752 W/dalvikvm(2956): VFY: unable to resolve check-cast 90 (Landroid/app/job/JobScheduler;) in Lcom/android/email/service/r;
10-20 17:36:38.752 D/dalvikvm(2956): VFY: replacing opcode 0x1f at 0x000e
10-20 17:36:38.752 E/dalvikvm(2956): Could not find class 'android.app.job.JobScheduler', referenced from method com.android.email.service.r.b
10-20 17:36:38.752 W/dalvikvm(2956): VFY: unable to resolve check-cast 90 (Landroid/app/job/JobScheduler;) in Lcom/android/email/service/r;
10-20 17:36:38.752 D/dalvikvm(2956): VFY: replacing opcode 0x1f at 0x000d
10-20 17:36:38.752 D/dalvikvm(2956): DexOpt: unable to opt direct call 0x01e1 at 0x19 in Lcom/android/email/service/r;.a
10-20 17:36:38.822 D/ActivityThread(2956): Loading provider com.android.gmail.ui: com.google.android.gm.provider.GmailProvider
10-20 17:36:38.892 D/ActivityThread(2956): Loading provider com.google.android.gmail.provider;com.android.mail.notifier;com.google.android.gm.email.provider;com.google.android.gm.email.notifier: com.android.email.provider.EmailProvider
10-20 17:36:38.922 I/dalvikvm(2956): Could not find method android.content.pm.PackageManager.getPackageInstaller, referenced from method com.google.android.gms.common.e.a
10-20 17:36:38.922 W/dalvikvm(2956): VFY: unable to resolve virtual method 801: Landroid/content/pm/PackageManager;.getPackageInstaller ()Landroid/content/pm/PackageInstaller;
10-20 17:36:38.922 D/dalvikvm(2956): VFY: replacing opcode 0x6e at 0x000b
10-20 17:36:38.932 I/dalvikvm(2956): Could not find method android.app.Notification$Builder.setLocalOnly, referenced from method com.google.android.gms.common.e.c
10-20 17:36:38.932 W/dalvikvm(2956): VFY: unable to resolve virtual method 381: Landroid/app/Notification$Builder;.setLocalOnly (Z)Landroid/app/Notification$Builder;
10-20 17:36:38.932 D/dalvikvm(2956): VFY: replacing opcode 0x6e at 0x01f9
10-20 17:36:39.032 E/Icing   (1001): Unknown language: zz
10-20 17:36:39.102 I/dalvikvm(2956): Could not find method com.android.mail.browse.ah.setExtras, referenced from method com.android.mail.browse.w.setExtras
10-20 17:36:39.102 W/dalvikvm(2956): VFY: unable to resolve virtual method 16966: Lcom/android/mail/browse/ah;.setExtras (Landroid/os/Bundle;)V
10-20 17:36:39.102 D/dalvikvm(2956): VFY: replacing opcode 0x6e at 0x0006
10-20 17:36:39.102 I/Choreographer(2416): Skipped 38 frames!  The application may be doing too much work on its main thread.
10-20 17:36:39.252 I/ActivityManager(527): Displayed menion.android.locus.pro/com.asamm.locus.basic.MainActivityBasic: +2s482ms (total +4s458ms)
10-20 17:36:39.262 I/Timeline(527): Timeline: Activity_windows_visible id: ActivityRecord{41bb17c8 u0 menion.android.locus.pro/com.asamm.locus.basic.MainActivityBasic t2} time:129807
10-20 17:36:39.282 W/GAV2    (2956): Thread[main,5,main]: Need to call initialize() and be in fallback mode to start dispatch.
10-20 17:36:39.443 I/Timeline(2416): Timeline: Activity_idle id: android.os.BinderProxy@41bf11a0 time:129980
10-20 17:36:39.443 I/Timeline(2416): Timeline: Activity_idle id: android.os.BinderProxy@41bf11a0 time:129982
10-20 17:36:39.493 I/Gmail   (2956): getAccountsCursor
10-20 17:36:39.673 E/dalvikvm(2738): Could not find class 'android.media.session.PlaybackState$Builder', referenced from method c.a
10-20 17:36:39.673 W/dalvikvm(2738): VFY: unable to resolve new-instance 644 (Landroid/media/session/PlaybackState$Builder;) in Lc;
10-20 17:36:39.673 D/dalvikvm(2738): VFY: replacing opcode 0x22 at 0x0000
10-20 17:36:39.733 I/ActivityManager(527): Delay finish: com.google.android.gm/.widget.GmailWidgetProvider
10-20 17:36:39.843 I/Gmail   (2956): getAccountsCursor
10-20 17:36:39.863 E/Gmail   (2956): Error finding the version of the Email provider.....
10-20 17:36:39.863 E/Gmail   (2956): android.content.pm.PackageManager$NameNotFoundException: com.google.android.email
10-20 17:36:39.863 E/Gmail   (2956): 	at android.app.ApplicationPackageManager.getPackageInfo(ApplicationPackageManager.java:83)
10-20 17:36:39.863 E/Gmail   (2956): 	at com.google.android.gm.EmailMigrationService.a(SourceFile:1280)
10-20 17:36:39.863 E/Gmail   (2956): 	at com.google.android.gm.EmailMigrationService.onHandleIntent(SourceFile:219)
10-20 17:36:39.863 E/Gmail   (2956): 	at android.app.IntentService$ServiceHandler.handleMessage(IntentService.java:65)
10-20 17:36:39.863 E/Gmail   (2956): 	at android.os.Handler.dispatchMessage(Handler.java:102)
10-20 17:36:39.863 E/Gmail   (2956): 	at android.os.Looper.loop(Looper.java:136)
10-20 17:36:39.863 E/Gmail   (2956): 	at android.os.HandlerThread.run(HandlerThread.java:61)
