10-20 17:36:39.863 W/EmailMigration(2956): We do not support migrating this version of the Email provider.
10-20 17:36:39.873 I/ActivityManager(527): Resuming delayed broadcast
10-20 17:36:39.893 I/ActivityManager(527): Delay finish: com.google.android.gm/.MailIntentReceiver
10-20 17:36:39.913 D/dalvikvm(2738): DexOpt: unable to opt direct call 0x0f7e at 0x02 in Lc;.a
10-20 17:36:39.913 I/ActivityManager(527): Resuming delayed broadcast
10-20 17:36:39.923 I/ActivityManager(527): Delay finish: com.google.android.gm/.widget.GmailWidgetProvider
10-20 17:36:39.923 I/ActivityManager(527): Resuming delayed broadcast
10-20 17:36:40.023 I/ActivityManager(527): Delay finish: com.google.android.gm/.GmailReceiver
10-20 17:36:40.033 I/ActivityManager(527): Resuming delayed broadcast
10-20 17:36:40.053 D/Finsky  (2647): [1] WearSupportService.startHygiene: disabled
10-20 17:36:40.063 D/Finsky  (2647): [1] DailyHygiene.access$600: Logging device features
10-20 17:36:40.153 V/Zygote  (3016): Switching descriptor 32 to /dev/null
10-20 17:36:40.153 V/Zygote  (3016): Switching descriptor 9 to /dev/null
10-20 17:36:40.153 I/ActivityManager(527): Start proc com.google.android.gm.exchange for service com.google.android.gm.exchange/com.android.exchange.service.EasService: pid=3016 uid=10049 gids={50049, 3003, 1028, 1015, 1023}
10-20 17:36:40.163 I/dalvikvm(2956): Could not find method android.os.PowerManager.isInteractive, referenced from method com.google.android.gm.provider.fp.a
10-20 17:36:40.163 W/dalvikvm(2956): VFY: unable to resolve virtual method 1655: Landroid/os/PowerManager;.isInteractive ()Z
10-20 17:36:40.163 D/dalvikvm(2956): VFY: replacing opcode 0x6e at 0x006a
10-20 17:36:40.213 W/dalvikvm(2416): threadid=17: thread exiting with uncaught exception (group=0x41571c08)
10-20 17:36:40.243 E/AndroidRuntime(2416): FATAL EXCEPTION: Thread-189
10-20 17:36:40.243 E/AndroidRuntime(2416): Process: menion.android.locus.pro, PID: 2416
10-20 17:36:40.243 E/AndroidRuntime(2416): java.util.MissingResourceException: No 3-letter language code for locale: zz_ZZ
10-20 17:36:40.243 E/AndroidRuntime(2416): 	at java.util.Locale.getISO3Language(Locale.java:1136)
10-20 17:36:40.243 E/AndroidRuntime(2416): 	at o.YZ.ˎ(:50417)
10-20 17:36:40.243 E/AndroidRuntime(2416): 	at o.kX.ˋ(:70)
10-20 17:36:40.243 E/AndroidRuntime(2416): 	at o.ᒯ.ˊ(:62)
10-20 17:36:40.243 E/AndroidRuntime(2416): 	at o.TE.ˎ(:383)
10-20 17:36:40.243 E/AndroidRuntime(2416): 	at o.TE.ˊ(:327)
10-20 17:36:40.243 E/AndroidRuntime(2416): 	at o.QT.ˉ(:547)
10-20 17:36:40.243 E/AndroidRuntime(2416): 	at o.eB.ˊ(:724)
10-20 17:36:40.243 E/AndroidRuntime(2416): 	at o.fd.run(:357)
10-20 17:36:40.243 E/AndroidRuntime(2416): 	at java.lang.Thread.run(Thread.java:841)
10-20 17:36:40.263 W/ActivityManager(527):   Force finishing activity menion.android.locus.pro/com.asamm.locus.basic.MainActivityBasic
10-20 17:36:40.504 W/ActivityManager(527): Unable to start service Intent { cmp=com.google.android.gm/com.android.email.service.AttachmentService } U=0: not found
10-20 17:36:40.664 D/DeviceConnectionService(740): client connected with version: 7895000
10-20 17:36:40.664 I/ActivityManager(527): Killing 2464:com.sygic.aura/u0a74 (adj 15): empty #17
10-20 17:36:41.014 I/Timeline(822): Timeline: Activity_idle id: android.os.BinderProxy@41a0b190 time:131556
10-20 17:36:41.064 I/Gmail   (2956): Observing account changes for notifications
10-20 17:36:41.064 W/InstanceID/Rpc(2956): Found 10016
10-20 17:36:41.124 D/AndroidRuntime(2305): Shutting down VM
10-20 17:36:41.154 I/ActivityManager(527): Delay finish: com.appgenix.bizcal/.BizCalReceiver
10-20 17:36:41.435 I/Timeline(527): Timeline: Activity_windows_visible id: ActivityRecord{41b46f50 u0 com.teslacoilsw.launcher/.NovaLauncher t1} time:131975
10-20 17:36:41.485 I/ActivityManager(527): Resuming delayed broadcast
10-20 17:36:41.485 D/ConnectivityService(527): Sampling interval elapsed, updating statistics ..
10-20 17:36:41.505 V/Zygote  (3039): Switching descriptor 32 to /dev/null
10-20 17:36:41.505 V/Zygote  (3039): Switching descriptor 9 to /dev/null
10-20 17:36:41.525 I/ActivityManager(527): Start proc com.slim.ota for broadcast com.slim.ota/com.commonsware.cwac.wakeful.AlarmReceiver: pid=3039 uid=10041 gids={50041, 3003, 1028, 1015, 1023}
10-20 17:36:41.535 D/ConnectivityService(527): Done.
10-20 17:36:41.535 D/ConnectivityService(527): Setting timer for 720seconds
10-20 17:36:41.695 W/GAV2    (3016): Thread[main,5,main]: Need to call initialize() and be in fallback mode to start dispatch.
10-20 17:36:41.745 I/Exchange(3016): EasService.onCreate
10-20 17:36:41.765 I/Exchange(3016): RestartPingTask
10-20 17:36:42.195 I/ActivityManager(527): Delay finish: com.slim.ota/com.commonsware.cwac.wakeful.AlarmReceiver
10-20 17:36:42.205 I/Exchange(3016): RestartPingsTask did not start any pings.
10-20 17:36:42.205 I/Exchange(3016): PSS stopIfIdle
10-20 17:36:42.205 I/Exchange(3016): PSS has no active accounts; stopping service.
10-20 17:36:42.205 I/Exchange(3016): onDestroy
10-20 17:36:42.225 I/ActivityManager(527): Resuming delayed broadcast
10-20 17:36:42.235 D/AlertReceiver(2799): onReceive: a=android.intent.action.PROVIDER_CHANGED Intent { act=android.intent.action.PROVIDER_CHANGED dat=content://com.android.calendar flg=0x10 cmp=com.android.calendar/.alerts.AlertReceiver }
10-20 17:36:42.255 D/AlertService(2799): 0 Action = android.intent.action.PROVIDER_CHANGED
10-20 17:36:42.255 I/ActivityManager(527): Delay finish: com.android.calendar/.widget.CalendarAppWidgetService$CalendarFactory
10-20 17:36:42.766 I/Process (2416): Sending signal. PID: 2416 SIG: 9
10-20 17:36:42.776 D/PhoneStatusBar(636): disable: < expand icons alerts ticker system_info back home recent CLOCK* search >
10-20 17:36:42.796 E/JavaBinder(527): !!! FAILED BINDER TRANSACTION !!!
10-20 17:36:42.796 E/JavaBinder(527): !!! FAILED BINDER TRANSACTION !!!
10-20 17:36:42.796 W/InputMethodManagerService(527): Got RemoteException sending setActive(false) notification to pid 2416 uid 10084
10-20 17:36:42.896 I/ActivityManager(527): Process menion.android.locus.pro (pid 2416) has died.
10-20 17:36:42.896 I/WindowState(527): WIN DEATH: Window{41c3a718 u0 menion.android.locus.pro}
10-20 17:36:42.896 W/ActivityManager(527): Scheduling restart of crashed service menion.android.locus.pro/o.Ľ in 1000ms
10-20 17:36:42.916 V/GmsNetworkLocationProvi(740): onSetRequest: ProviderRequestUnbundled, reportLocation is true and interval is 86400000
10-20 17:36:42.916 V/GmsNetworkLocationProvi(740): SET-REQUEST
10-20 17:36:42.916 V/GmsNetworkLocationProvi(740): in Handler: ProviderRequestUnbundled, reportLocation is true and interval is 86400000
10-20 17:36:43.076 I/Gmail   (2956): getAccountsCursor
10-20 17:36:43.106 I/ActivityManager(527): Killing 2545:com.google.android.music:main/u0a56 (adj 15): empty #17
10-20 17:36:43.166 V/GLSActivity(957): AuthDelegateWrapperCreated with selected intent: Intent { cmp=com.google.android.gms/.auth.DefaultAuthDelegateService }
10-20 17:36:43.166 V/GLSActivity(957): AuthDelegateWrapperCreated with selected intent: Intent { cmp=com.google.android.gms/.auth.DefaultAuthDelegateService }
10-20 17:36:43.176 I/Icing   (1001): updateResources: need to parse f{com.google.android.gms}
10-20 17:36:43.246 F/ActivityManager(527): Service ServiceRecord{4207aa58 u0 com.google.android.music/.net.NetworkMonitor} in process ProcessRecord{41d20b28 2545:com.google.android.music:main/u0a56} not same as in map: null
10-20 17:36:43.266 F/ActivityManager(527): Service ServiceRecord{4203ecf0 u0 com.google.android.music/.preferences.MusicPreferenceService$MusicPreferenceServiceBinder} in process ProcessRecord{41d20b28 2545:com.google.android.music:main/u0a56} not same as in map: null
10-20 17:36:43.296 F/ActivityManager(527): Service ServiceRecord{41d5cec0 u0 com.google.android.music/.download.artwork.ArtDownloadService} in process ProcessRecord{41d20b28 2545:com.google.android.music:main/u0a56} not same as in map: null
10-20 17:36:43.316 F/ActivityManager(527): Service ServiceRecord{41bf4f00 u0 com.google.android.music/.download.cache.ArtCacheService} in process ProcessRecord{41d20b28 2545:com.google.android.music:main/u0a56} not same as in map: null
10-20 17:36:43.326 I/Gmail   (2956): notifyAccountChanged
10-20 17:36:43.326 F/ActivityManager(527): Service ServiceRecord{41b2b838 u0 com.google.android.music/.download.ArtDownloadQueueService} in process ProcessRecord{41d20b28 2545:com.google.android.music:main/u0a56} not same as in map: null
10-20 17:36:43.336 W/hol     (2814): Application name is not set. Call Builder#setApplicationName.
10-20 17:36:43.366 W/hol     (2814): Application name is not set. Call Builder#setApplicationName.
10-20 17:36:43.396 I/Gmail   (2956): calculateUnknownSyncRationalesAndPurgeInBackground: exiting (labelMap not synced
10-20 17:36:43.467 W/hol     (2814): Application name is not set. Call Builder#setApplicationName.
10-20 17:36:43.487 I/Gmail   (2956): calculateUnknownSyncRationalesAndPurgeInBackground: queueing
10-20 17:36:43.527 I/Gmail   (2956): calculateUnknownSyncRationalesAndPurgeInBackground: exiting (labelMap not synced
10-20 17:36:43.557 I/Gmail   (2956): calculateUnknownSyncRationalesAndPurgeInBackground: queueing
10-20 17:36:43.567 I/NotifUtils(2956): Validating Notification, mapSize: 0 getAttention: true ignoreUnobtrusive: false
10-20 17:36:43.607 I/NotifUtils(2956): validateNotifications - cancelling -942962217 for -1741844825 / -317575340
10-20 17:36:43.637 I/ActivityManager(527): Resuming delayed broadcast
10-20 17:36:43.687 V/GLSActivity(957): AuthDelegateWrapperCreated with selected intent: Intent { cmp=com.google.android.gms/.auth.DefaultAuthDelegateService }
10-20 17:36:43.687 V/GLSActivity(957): AuthDelegateWrapperCreated with selected intent: Intent { cmp=com.google.android.gms/.auth.DefaultAuthDelegateService }
10-20 17:36:43.767 I/Gmail   (2956): calculateUnknownSyncRationalesAndPurgeInBackground: running
10-20 17:36:43.777 I/Gmail   (2956): calculateUnknownSyncRationalesAndPurgeInBackground: running
10-20 17:36:44.117 D/PhoneStatusBar(636): disable: < expand icons alerts ticker system_info back home recent clock* search >
10-20 17:36:44.177 I/ActivityManager(527): Killing 2738:com.google.android.apps.photos/u0a61 (adj 15): empty #17
10-20 17:36:44.297 I/GAV2    (2956): Thread[GAThread,5,main]: No campaign data found.
10-20 17:36:44.337 I/Gmail   (2956): master sync=true, engine sync=false
10-20 17:36:44.648 E/Gmail.LabelManager(2956): Unable to get label ^i for account outratad@natur.cuni.cz
10-20 17:36:44.648 E/Gmail   (2956): Couldn't find label: ^i
10-20 17:36:44.668 I/Gmail   (2956): getAccountsCursor
10-20 17:36:44.708 V/Zygote  (3091): Switching descriptor 32 to /dev/null
10-20 17:36:44.708 V/Zygote  (3091): Switching descriptor 9 to /dev/null
10-20 17:36:44.718 I/ActivityManager(527): Start proc menion.android.locus.pro for broadcast menion.android.locus.pro/com.asamm.locus.basic.widgets.WidgetTrackRecord31: pid=3091 uid=10084 gids={50084, 3002, 3001, 3003, 1028, 1015, 1023}
10-20 17:36:44.898 I/Gmail   (2956): master sync=true, engine sync=false
10-20 17:36:44.898 D/dalvikvm(3091): Trying to load lib /data/app-lib/menion.android.locus.pro-2/libmacore.so 0x41a076a8
10-20 17:36:44.898 D/dalvikvm(3091): Added shared lib /data/app-lib/menion.android.locus.pro-2/libmacore.so 0x41a076a8
10-20 17:36:44.898 D/dalvikvm(3091): No JNI_OnLoad found in /data/app-lib/menion.android.locus.pro-2/libmacore.so 0x41a076a8, skipping init
10-20 17:36:44.908 W/System.err(3091): MainApplicationLocus, initialize(), version: 3.12.2/417/1/2
10-20 17:36:44.958 E/Gmail.LabelManager(2956): Unable to get label ^i for account outratad@natur.cuni.cz
10-20 17:36:44.958 E/Gmail   (2956): Couldn't find label: ^i
10-20 17:36:44.988 I/Icing   (1001): Internal init done: storage state 0
10-20 17:36:45.018 D/dalvikvm(3091): DexOpt: --- BEGIN '.枹뉷ﭿ' (bootstrap=0) ---
10-20 17:36:45.048 I/Icing   (1001): Post-init done
10-20 17:36:45.078 I/Icing   (1001): updateResources: need to parse f{com.google.android.gms}
10-20 17:36:45.128 D/dalvikvm(3105): DexOpt: load 7ms, verify+opt 2ms, 86372 bytes
10-20 17:36:45.178 D/dalvikvm(3091): DexOpt: --- END '.枹뉷ﭿ' (success) ---
10-20 17:36:45.178 D/dalvikvm(3091): DEX prep '/data/data/menion.android.locus.pro/.枹뉷ﭿ': unzip in 0ms, rewrite 162ms
10-20 17:36:45.208 D/dalvikvm(3091): DexOpt: --- BEGIN '.枹뉷ﭿ' (bootstrap=0) ---
10-20 17:36:45.268 D/dalvikvm(3108): DexOpt: load 5ms, verify+opt 0ms, 84188 bytes
10-20 17:36:45.298 D/dalvikvm(3091): DexOpt: --- END '.枹뉷ﭿ' (success) ---
10-20 17:36:45.298 D/dalvikvm(3091): DEX prep '/data/data/menion.android.locus.pro/.枹뉷ﭿ': unzip in 0ms, rewrite 94ms
10-20 17:36:45.969 I/dalvikvm(3091): Could not find method android.content.pm.PackageManager.getPackageInstaller, referenced from method o.alQ.ˊ
10-20 17:36:45.969 W/dalvikvm(3091): VFY: unable to resolve virtual method 476: Landroid/content/pm/PackageManager;.getPackageInstaller ()Landroid/content/pm/PackageInstaller;
10-20 17:36:45.969 D/dalvikvm(3091): VFY: replacing opcode 0x6e at 0x0058
10-20 17:36:45.979 I/GAv4    (3091): Google Analytics 7.8.95 is starting up. To enable debug logging on a device run:
10-20 17:36:45.979 I/GAv4    (3091):   adb shell setprop log.tag.GAv4 DEBUG
10-20 17:36:45.979 I/GAv4    (3091):   adb logcat -s GAv4
10-20 17:36:46.149 I/ActivityManager(527): Killing 2710:com.android.mms/u0a12 (adj 15): empty #17
10-20 17:36:46.529 D/CountryDetector(527): No listener is left
10-20 17:36:46.550 I/Timeline(822): Timeline: Activity_launch_request id:com.nolanlawson.logcat time:137081
10-20 17:36:46.550 I/ActivityManager(527): START u0 {act=android.intent.action.MAIN cat=[android.intent.category.LAUNCHER] flg=0x10200000 cmp=com.nolanlawson.logcat/.LogcatActivity (has extras)} from pid 822
10-20 17:36:46.640 V/Zygote  (3112): Switching descriptor 32 to /dev/null
10-20 17:36:46.640 V/Zygote  (3112): Switching descriptor 9 to /dev/null
10-20 17:36:46.640 I/ActivityManager(527): Start proc com.nolanlawson.logcat for activity com.nolanlawson.logcat/.LogcatActivity: pid=3112 uid=10067 gids={50067, 1028, 1015, 1023}
10-20 17:36:46.660 I/dalvikvm(3112): Enabling JNI app bug workarounds for target SDK version 10...
10-20 17:36:46.710 V/PhoneStatusBar(636): setLightsOn(true)
10-20 17:36:46.920 I/GAV2    (3016): Thread[GAThread,5,main]: No campaign data found.
10-20 17:36:47.020 I/Adreno200-EGL(3112): <qeglDrvAPI_eglInitialize:269>: EGL 1.4 QUALCOMM build: AU_LINUX_ANDROID_JB_VANILLA.04.02.02.60.051_msm8960_JB_VANILLA_CL2997615_release_AU (CL2997615)
10-20 17:36:47.020 I/Adreno200-EGL(3112): Build Date: 04/11/13 Thu
10-20 17:36:47.020 I/Adreno200-EGL(3112): Local Branch: 
10-20 17:36:47.020 I/Adreno200-EGL(3112): Remote Branch: quic/mako_jb_mr1
10-20 17:36:47.020 I/Adreno200-EGL(3112): Local Patches: NONE
10-20 17:36:47.020 I/Adreno200-EGL(3112): Reconstruct Branch: AU_LINUX_ANDROID_JB_VANILLA.04.02.02.60.051 +  NOTHING
10-20 17:36:47.050 D/OpenGLRenderer(3112): Enabling debug mode 0
10-20 17:36:47.060 W/MediaScanner(716): Error opening directory '/storage/usbdisk/', skipping: Permission denied.
10-20 17:36:47.160 I/ActivityManager(527): Displayed com.nolanlawson.logcat/.LogcatActivity: +555ms
10-20 17:36:47.170 I/Timeline(527): Timeline: Activity_windows_visible id: ActivityRecord{41b97028 u0 com.nolanlawson.logcat/.LogcatActivity t3} time:137710
10-20 17:36:47.250 I/GlobalDismissManager(2799): no sender configured
10-20 17:36:47.260 D/AlertService(2799): Beginning updateAlertNotification
10-20 17:36:47.270 D/su      (3135): su invoked.
10-20 17:36:47.270 D/su      (3135): starting daemon client 10067 10067
10-20 17:36:47.280 D/su      (3137): remote pid: 3135
10-20 17:36:47.280 D/su      (3137): remote pts_slave: 
10-20 17:36:47.280 D/su      (3137): waiting for child exit
10-20 17:36:47.290 D/su      (3139): su invoked.
10-20 17:36:47.300 I/Timeline(3112): Timeline: Activity_idle id: android.os.BinderProxy@41a03fe0 time:137849
10-20 17:36:47.310 D/su      (3139): db allowed
10-20 17:36:47.310 D/su      (3139): 10067 /system/xbin/su executing 0 /system/bin/sh using binary /system/bin/sh : sh
10-20 17:36:47.350 D/AlertService(2799): No fired or scheduled alerts
10-20 17:36:47.460 D/AlertService(2799): Scheduling next alarm with AlarmScheduler. sEventReminderReceived: null
10-20 17:36:47.721 D/AlarmScheduler(2799): Query result count for events starting within 1 week: 18
10-20 17:36:47.801 D/AndroidRuntime(3140): 
10-20 17:36:47.801 D/AndroidRuntime(3140): >>>>>> AndroidRuntime START com.android.internal.os.RuntimeInit <<<<<<
10-20 17:36:47.801 D/AndroidRuntime(3140): CheckJNI is OFF
10-20 17:36:47.811 I/ActivityManager(527): Start proc com.google.android.music:main for broadcast com.google.android.music/.leanback.AutoCacheSchedulingService$EnablingReceiver: pid=3142 uid=10056 gids={50056, 3003, 1028, 1015, 1023}
10-20 17:36:47.821 V/Zygote  (3142): Switching descriptor 32 to /dev/null
10-20 17:36:47.821 V/Zygote  (3142): Switching descriptor 9 to /dev/null
10-20 17:36:47.861 D/dalvikvm(3140): Trying to load lib libjavacore.so 0x0
10-20 17:36:47.861 D/dalvikvm(3140): Added shared lib libjavacore.so 0x0
10-20 17:36:47.881 D/dalvikvm(3140): Trying to load lib libnativehelper.so 0x0
10-20 17:36:47.881 D/dalvikvm(3140): Added shared lib libnativehelper.so 0x0
10-20 17:36:47.881 D/dalvikvm(3140): No JNI_OnLoad found in libnativehelper.so 0x0, skipping init
10-20 17:36:47.901 D/su      (3137): sending code
10-20 17:36:47.901 D/su      (3137): child exited
10-20 17:36:47.901 D/su      (3135): client exited 0
10-20 17:36:47.911 D/AlarmScheduler(2799): Scheduling alarm for EVENT_REMINDER_APP broadcast for event 186 at 1445441808484 (Wed, Oct 21, 2015 05:36pm)
10-20 17:36:47.941 I/ActivityManager(527): Killing 2144:com.google.android.keep/u0a53 (adj 15): empty #17
10-20 17:36:47.961 D/su      (3164): su invoked.
10-20 17:36:47.961 D/su      (3164): starting daemon client 10067 10067
10-20 17:36:47.961 D/su      (3166): remote pid: 3164
10-20 17:36:47.961 D/su      (3166): remote pts_slave: 
10-20 17:36:47.961 D/su      (3166): waiting for child exit
10-20 17:36:47.961 D/su      (3168): su invoked.
10-20 17:36:47.971 D/su      (3168): db allowed
10-20 17:36:47.971 D/su      (3168): 10067 /system/xbin/su executing 0 /system/bin/sh using binary /system/bin/sh : sh
10-20 17:36:48.051 D/su      (3166): sending code
10-20 17:36:48.051 D/su      (3166): child exited
10-20 17:36:48.071 D/su      (3164): client exited 0
10-20 17:36:48.071 D/dalvikvm(3140): Note: class Landroid/app/ActivityManagerNative; has 181 unimplemented (abstract) methods
10-20 17:36:48.311 D/AndroidRuntime(3169): 
10-20 17:36:48.311 D/AndroidRuntime(3169): >>>>>> AndroidRuntime START com.android.internal.os.RuntimeInit <<<<<<
10-20 17:36:48.311 D/AndroidRuntime(3169): CheckJNI is OFF
10-20 17:36:48.331 D/dalvikvm(3169): Trying to load lib libjavacore.so 0x0
10-20 17:36:48.341 D/dalvikvm(3169): Added shared lib libjavacore.so 0x0
10-20 17:36:48.341 D/dalvikvm(3169): Trying to load lib libnativehelper.so 0x0
10-20 17:36:48.341 D/dalvikvm(3169): Added shared lib libnativehelper.so 0x0
10-20 17:36:48.341 D/dalvikvm(3169): No JNI_OnLoad found in libnativehelper.so 0x0, skipping init
10-20 17:36:48.411 D/dalvikvm(3169): Note: class Landroid/app/ActivityManagerNative; has 181 unimplemented (abstract) methods
10-20 17:36:48.421 D/AndroidRuntime(3140): Calling main entry com.android.commands.am.Am
10-20 17:36:48.722 I/MultiDex(3142): VM with version 1.6.0 does not have multidex support
10-20 17:36:48.722 I/MultiDex(3142): install
10-20 17:36:48.732 I/MultiDex(3142): MultiDexExtractor.load(/system/app/Music2.apk, false)
10-20 17:36:48.742 D/AndroidRuntime(3169): Calling main entry com.android.commands.am.Am
10-20 17:36:48.752 I/MultiDex(3142): loading existing secondary dex files
10-20 17:36:48.752 I/MultiDex(3142): load found 1 secondary dex files
10-20 17:36:48.762 I/MultiDex(3142): install done
10-20 17:36:48.942 I/MusicStore(3142): Database version: 121
10-20 17:36:49.012 D/su      (3188): su invoked.
10-20 17:36:49.012 D/su      (3188): starting daemon client 10067 10067
10-20 17:36:49.012 D/su      (3190): remote pid: 3188
10-20 17:36:49.012 D/su      (3190): remote pts_slave: 
10-20 17:36:49.012 D/su      (3190): waiting for child exit
10-20 17:36:49.012 D/su      (3192): su invoked.
10-20 17:36:49.012 D/su      (3192): db allowed
10-20 17:36:49.012 D/su      (3192): 10067 /system/xbin/su executing 0 /system/bin/sh using binary /system/bin/sh : sh
10-20 17:36:49.022 D/su      (3190): sending code
10-20 17:36:49.022 D/su      (3190): child exited
10-20 17:36:49.022 D/su      (3188): client exited 1
10-20 17:36:49.062 D/su      (3201): su invoked.
10-20 17:36:49.062 D/su      (3201): starting daemon client 10067 10067
10-20 17:36:49.062 D/su      (3203): remote pid: 3201
10-20 17:36:49.062 D/su      (3203): remote pts_slave: 
10-20 17:36:49.062 D/su      (3203): waiting for child exit
10-20 17:36:49.062 D/su      (3205): su invoked.
10-20 17:36:49.062 D/su      (3205): db allowed
10-20 17:36:49.062 D/su      (3205): 10067 /system/xbin/su executing 0 /system/bin/sh using binary /system/bin/sh : sh
10-20 17:36:49.292 I/dalvikvm(3142): Could not find method android.app.Notification$Builder.setLocalOnly, referenced from method com.google.android.gms.common.GooglePlayServicesUtil.zza
10-20 17:36:49.292 W/dalvikvm(3142): VFY: unable to resolve virtual method 612: Landroid/app/Notification$Builder;.setLocalOnly (Z)Landroid/app/Notification$Builder;
10-20 17:36:49.292 D/dalvikvm(3142): VFY: replacing opcode 0x6e at 0x00c2
10-20 17:36:49.302 I/dalvikvm(3142): Could not find method android.content.pm.PackageManager.getPackageInstaller, referenced from method com.google.android.gms.common.GooglePlayServicesUtil.zzk
10-20 17:36:49.302 W/dalvikvm(3142): VFY: unable to resolve virtual method 967: Landroid/content/pm/PackageManager;.getPackageInstaller ()Landroid/content/pm/PackageInstaller;
10-20 17:36:49.302 D/dalvikvm(3142): VFY: replacing opcode 0x6e at 0x000b
10-20 17:36:49.492 D/AndroidRuntime(3193): 
10-20 17:36:49.492 D/AndroidRuntime(3193): >>>>>> AndroidRuntime START com.android.internal.os.RuntimeInit <<<<<<
10-20 17:36:49.492 D/AndroidRuntime(3193): CheckJNI is OFF
10-20 17:36:49.512 D/dalvikvm(3193): Trying to load lib libjavacore.so 0x0
10-20 17:36:49.512 D/dalvikvm(3193): Added shared lib libjavacore.so 0x0
10-20 17:36:49.522 D/dalvikvm(3193): Trying to load lib libnativehelper.so 0x0
10-20 17:36:49.522 D/dalvikvm(3193): Added shared lib libnativehelper.so 0x0
10-20 17:36:49.522 D/dalvikvm(3193): No JNI_OnLoad found in libnativehelper.so 0x0, skipping init
10-20 17:36:49.552 E/cutils  (162): Failed to mkdirat(/storage/usbdisk/Android): Read-only file system
10-20 17:36:49.552 W/Vold    (162): Returning OperationFailed - no handler for errno 30
10-20 17:36:49.562 W/ContextImpl(3142): Failed to ensure directory: /storage/usbdisk/Android/data/com.google.android.music/files
10-20 17:36:49.602 D/dalvikvm(3193): Note: class Landroid/app/ActivityManagerNative; has 181 unimplemented (abstract) methods
10-20 17:36:49.653 D/AndroidRuntime(3206): 
10-20 17:36:49.653 D/AndroidRuntime(3206): >>>>>> AndroidRuntime START com.android.internal.os.RuntimeInit <<<<<<
10-20 17:36:49.653 D/AndroidRuntime(3206): CheckJNI is OFF
10-20 17:36:49.673 D/dalvikvm(3206): Trying to load lib libjavacore.so 0x0
10-20 17:36:49.673 D/dalvikvm(3206): Added shared lib libjavacore.so 0x0
10-20 17:36:49.683 D/dalvikvm(3206): Trying to load lib libnativehelper.so 0x0
10-20 17:36:49.683 D/dalvikvm(3206): Added shared lib libnativehelper.so 0x0
10-20 17:36:49.683 D/dalvikvm(3206): No JNI_OnLoad found in libnativehelper.so 0x0, skipping init
10-20 17:36:49.753 D/dalvikvm(3206): Note: class Landroid/app/ActivityManagerNative; has 181 unimplemented (abstract) methods
10-20 17:36:49.943 D/AndroidRuntime(3193): Calling main entry com.android.commands.am.Am
10-20 17:36:50.003 I/ActivityManager(527): Killing 2590:org.androworks.meteorgram/u0a72 (adj 15): empty #17
10-20 17:36:50.073 D/AndroidRuntime(3206): Calling main entry com.android.commands.am.Am
10-20 17:36:50.123 D/ExtendedUtils(171): extended extractor not needed, return default
10-20 17:36:50.233 E/cutils  (162): Failed to mkdirat(/storage/usbdisk/Android): Read-only file system
10-20 17:36:50.233 W/Vold    (162): Returning OperationFailed - no handler for errno 30
10-20 17:36:50.243 W/ContextImpl(3142): Failed to ensure directory: /storage/usbdisk/Android/data/com.google.android.music/files
10-20 17:36:50.243 E/cutils  (162): Failed to mkdirat(/storage/usbdisk/Android): Read-only file system
10-20 17:36:50.243 W/ContextImpl(3142): Failed to ensure directory: /storage/usbdisk/Android/data/com.google.android.music/files
10-20 17:36:50.243 W/Vold    (162): Returning OperationFailed - no handler for errno 30
10-20 17:36:50.253 D/MusicLifecycle(3142): com.google.android.music.MusicApplication generated event: Application created
10-20 17:36:50.313 D/dalvikvm(3142): DexOpt: couldn't find static field Landroid/os/Build;.SUPPORTED_ABIS
10-20 17:36:50.313 W/dalvikvm(3142): VFY: unable to resolve static field 134 (SUPPORTED_ABIS) in Landroid/os/Build;
10-20 17:36:50.313 D/dalvikvm(3142): VFY: replacing opcode 0x62 at 0x000a
10-20 17:36:50.313 D/dalvikvm(3142): DexOpt: couldn't find field Landroid/content/pm/ApplicationInfo;.splitSourceDirs
10-20 17:36:50.313 W/dalvikvm(3142): VFY: unable to resolve instance field 46
10-20 17:36:50.313 D/dalvikvm(3142): VFY: replacing opcode 0x54 at 0x005f
10-20 17:36:50.313 D/dalvikvm(3142): DexOpt: couldn't find static field Landroid/os/Build;.SUPPORTED_ABIS
10-20 17:36:50.313 W/dalvikvm(3142): VFY: unable to resolve static field 134 (SUPPORTED_ABIS) in Landroid/os/Build;
10-20 17:36:50.313 D/dalvikvm(3142): VFY: replacing opcode 0x62 at 0x0047
10-20 17:36:50.313 D/dalvikvm(3142): DexOpt: couldn't find field Landroid/content/pm/ApplicationInfo;.splitSourceDirs
10-20 17:36:50.313 I/dalvikvm(3142): DexOpt: unable to optimize instance field ref 0x002e at 0x63 in Lcom/google/android/gms/common/util/bc;.b
10-20 17:36:50.323 D/dalvikvm(3142): No JNI_OnLoad found in /system/lib/libgmscore.so 0x41b04608, skipping init
10-20 17:36:50.333 V/JNIHelp (3142): Registering com/google/android/gms/org/conscrypt/NativeCrypto's 241 native methods...
10-20 17:36:50.373 D/ExtendedUtils(171): extended extractor not needed, return default
10-20 17:36:50.433 I/ProviderInstaller(3142): Installed default security provider GmsCore_OpenSSL
10-20 17:36:50.433 D/AndroidMusic(3142): GMSCore installation verified
10-20 17:36:50.453 I/ConfigStore(3142): Config Database version: 1
10-20 17:36:50.593 I/MediaRouter(3142): Found default route: MediaRouter.RouteInfo{ uniqueId=android/.support.v7.media.SystemMediaRouteProvider:DEFAULT_ROUTE, name=Phone, description=null, iconUri=null, enabled=true, connecting=false, connectionState=0, canDisconnect=false, playbackType=0, playbackStream=3, deviceType=0, volumeHandling=1, volume=14, volumeMax=15, presentationDisplayId=-1, extras=null, settingsIntent=null, providerPackageName=android }
10-20 17:36:50.603 D/MusicLifecycle(3142): com.google.android.music.leanback.AutoCacheSchedulingService$EnablingReceiver generated event: Broadcast received with context android.app.ReceiverRestrictedContext@41ba1b60 and intent Intent { act=com.google.android.music.START_DOWNLOAD_SCHEDULING flg=0x10 cmp=com.google.android.music/.leanback.AutoCacheSchedulingService$EnablingReceiver }
10-20 17:36:50.634 D/MusicLifecycle(3142): com.google.android.music.net.NetworkMonitor generated event: Service created
10-20 17:36:50.634 I/NetworkMonitor(3142): type=WIFI subType= reason=null isConnected=true
10-20 17:36:50.634 D/ExtendedUtils(171): extended extractor not needed, return default
10-20 17:36:50.714 D/ExtendedUtils(171): extended extractor not needed, return default
10-20 17:36:50.764 D/MusicLifecycle(3142): com.google.android.music.preferences.MusicPreferenceService$MusicPreferenceServiceBinder generated event: Service created
10-20 17:36:50.764 D/MusicLifecycle(3142): com.google.android.music.download.cache.StorageMigrationService generated event: Service created
10-20 17:36:50.794 I/BATT_ALG(176): vol=3657;curr=0;dis_curr=629;temp=253;id=3;level=53;chg_src=0;chg_en=0;ov_chg=0;isOver_temp=0;timer=60;safety_count=0
10-20 17:36:50.794 I/healthd (160): battery l=53 v=3 t=25.3 h=2 st=4 chg=
10-20 17:36:50.794 D/MusicLifecycle(3142): com.google.android.music.download.artwork.ArtDownloadService generated event: Service created
10-20 17:36:50.844 D/MusicLifecycle(3142): com.google.android.music.leanback.AutoCacheSchedulingService generated event: Service created
10-20 17:36:50.854 D/ExtendedUtils(171): extended extractor not needed, return default
10-20 17:36:50.854 D/MusicLifecycle(3142): com.google.android.music.leanback.AutoCacheSchedulingService generated event: Service started with intent Intent { act=com.google.android.music.leanback.APP_IN_USE cmp=com.google.android.music/.leanback.AutoCacheSchedulingService (has extras) }
10-20 17:36:50.854 D/MusicLifecycle(3142): com.google.android.music.wear.WearBroadcastReceiver generated event: Broadcast received with context android.app.ReceiverRestrictedContext@41ba1b60 and intent Intent { act=com.google.android.music.START_DOWNLOAD_SCHEDULING flg=0x10 cmp=com.google.android.music/.wear.WearBroadcastReceiver }
10-20 17:36:50.884 D/MusicLifecycle(3142): com.google.android.music.net.NetworkMonitor$2 generated event: Broadcast received with context com.google.android.music.net.NetworkMonitor@41ba5750 and intent Intent { act=android.net.conn.CONNECTIVITY_CHANGE flg=0x4000010 (has extras) }
10-20 17:36:50.884 I/ActivityManager(527): Delay finish: com.google.android.music/.wear.WearBroadcastReceiver
10-20 17:36:50.894 I/NetworkMonitor(3142): type=WIFI subType= reason=null isConnected=true
10-20 17:36:50.904 I/MusicLeanback(3142): Conditions not met for autocaching. okToAttempt=false
10-20 17:36:50.904 I/MusicLeanback(3142): Stop autocaching.
10-20 17:36:50.904 D/WearableService(740): callingUid 10016, callindPid: 740
10-20 17:36:50.914 I/ActivityManager(527): Resuming delayed broadcast
10-20 17:36:50.924 V/Zygote  (3246): Switching descriptor 32 to /dev/null
10-20 17:36:50.924 V/Zygote  (3246): Switching descriptor 9 to /dev/null
10-20 17:36:50.934 I/ActivityManager(527): Start proc com.android.mms for broadcast com.android.mms/.transaction.SmsReceiver: pid=3246 uid=10012 gids={50012, 3003, 1028, 1015, 1023}
10-20 17:36:50.954 D/ExtendedUtils(171): extended extractor not needed, return default
10-20 17:36:50.974 I/MusicLeanback(3142): Stop autocaching.
10-20 17:36:50.984 I/MusicLeanback(3142): Stop autocaching.
10-20 17:36:50.994 D/MusicLifecycle(3142): com.google.android.music.download.ArtDownloadQueueService generated event: Service created
10-20 17:36:51.014 I/GHttpClientFactory(3142): Using our fixed implementation of GMSCore's GoogleHttpClient
10-20 17:36:51.024 I/MusicLeanback(3142): Stop autocaching.
10-20 17:36:51.024 W/dalvikvm(3142): VFY: unable to find class referenced in signature (Landroid/net/Network;)
10-20 17:36:51.034 I/MusicLeanback(3142): Stop autocaching.
10-20 17:36:51.034 I/MusicLeanback(3142): Stop autocaching.
10-20 17:36:51.034 W/dalvikvm(3142): VFY: unable to find class referenced in signature (Landroid/net/Network;)
10-20 17:36:51.034 I/dalvikvm(3142): Could not find method android.net.Network.openConnection, referenced from method com.google.android.gms.http.GoogleURLConnectionFactory.openConnection
10-20 17:36:51.034 W/dalvikvm(3142): VFY: unable to resolve virtual method 1667: Landroid/net/Network;.openConnection (Ljava/net/URL;)Ljava/net/URLConnection;
10-20 17:36:51.034 D/dalvikvm(3142): VFY: replacing opcode 0x6e at 0x00a0
10-20 17:36:51.034 I/GoogleURLConnFactory(3142): Using platform SSLCertificateSocketFactory
10-20 17:36:51.044 D/ExtendedUtils(171): extended extractor not needed, return default
10-20 17:36:51.084 D/ExtendedUtils(171): extended extractor not needed, return default
10-20 17:36:51.124 D/MusicLifecycle(3142): com.google.android.music.download.cache.ArtCacheService generated event: Service created
10-20 17:36:51.154 D/MusicLifecycle(3142): com.google.android.music.download.TrackDownloadQueueService generated event: Service created
10-20 17:36:51.154 D/CountryDetector(527): The first listener is added
10-20 17:36:51.184 D/MusicLifecycle(3142): com.google.android.music.download.cache.TrackCacheService generated event: Service created
10-20 17:36:51.184 D/ExtendedUtils(171): extended extractor not needed, return default
10-20 17:36:51.204 D/MusicLifecycle(3142): com.google.android.music.wear.WearMetadataSyncService generated event: Service created
10-20 17:36:51.204 D/MusicLifecycle(3142): com.google.android.music.wear.WearMetadataSyncService generated event: Service started with intent Intent { cmp=com.google.android.music/.wear.WearMetadataSyncService }
10-20 17:36:51.204 D/MusicLifecycle(3142): com.google.android.music.download.cache.StorageMigrationService generated event: Service destroyed
10-20 17:36:51.214 V/MmsConfig(3246): mnc/mcc: 23003
10-20 17:36:51.214 V/MmsConfig(3246): tag: bool value: enabledMMS - true
10-20 17:36:51.214 V/MmsConfig(3246): tag: int value: maxMessageSize - 307200
10-20 17:36:51.214 V/MmsConfig(3246): tag: int value: maxImageHeight - 480
10-20 17:36:51.214 V/MmsConfig(3246): tag: int value: maxImageWidth - 640
10-20 17:36:51.214 V/MmsConfig(3246): tag: int value: defaultSMSMessagesPerThread - 10000
10-20 17:36:51.214 V/MmsConfig(3246): tag: int value: defaultMMSMessagesPerThread - 1000
10-20 17:36:51.214 V/MmsConfig(3246): tag: int value: minMessageCountPerThread - 10
10-20 17:36:51.214 V/MmsConfig(3246): tag: int value: maxMessageCountPerThread - 5000
10-20 17:36:51.214 V/MmsConfig(3246): tag: string value: uaProfUrl - http://www.google.com/oha/rdf/ua-profile-kila.xml
10-20 17:36:51.214 V/MmsConfig(3246): tag: int value: recipientLimit - -1
10-20 17:36:51.214 V/MmsConfig(3246): tag: bool value: enableMultipartSMS - true
10-20 17:36:51.214 V/MmsConfig(3246): tag: bool value: enableSplitSMS - false
10-20 17:36:51.214 V/MmsConfig(3246): tag: int value: smsToMmsTextThreshold - 7
10-20 17:36:51.214 V/MmsConfig(3246): tag: bool value: enableSlideDuration - true
10-20 17:36:51.214 V/MmsConfig(3246): tag: int value: maxMessageTextSize - -1
10-20 17:36:51.214 V/MmsConfig(3246): tag: bool value: enableSprintVVM - false
10-20 17:36:51.274 D/MusicLifecycle(3142): com.google.android.music.download.TrackDownloadQueueService generated event: Service destroyed
10-20 17:36:51.284 D/MusicLifecycle(3142): com.google.android.music.download.cache.TrackCacheService generated event: Service destroyed
10-20 17:36:51.304 D/ExtendedUtils(171): extended extractor not needed, return default
10-20 17:36:51.304 E/GmsUtils(3142): Failed to connect to Google API client: ConnectionResult{statusCode=API_UNAVAILABLE, resolution=null, message=null}
10-20 17:36:51.304 E/GmsUtils(3142): Failed to connect to Google API client: ConnectionResult{statusCode=API_UNAVAILABLE, resolution=null, message=null}
10-20 17:36:51.314 D/MusicLifecycle(3142): com.google.android.music.wear.WearMetadataSyncService generated event: Service destroyed
10-20 17:36:51.314 I/ActivityManager(527): Killing 2781:android.process.acore/u0a1 (adj 15): empty #17
10-20 17:36:51.414 V/SmsReceiverService(3246): onStart: #1 mResultCode: -1 = Activity.RESULT_OK
10-20 17:36:51.484 D/ExtendedUtils(171): extended extractor not needed, return default
10-20 17:36:51.554 D/ExtendedUtils(171): extended extractor not needed, return default
10-20 17:36:51.554 I/ActivityManager(527): Killing 2902:com.google.android.partnersetup/u0a17 (adj 15): empty #17
10-20 17:36:51.654 D/ExtendedUtils(171): extended extractor not needed, return default
10-20 17:36:51.725 D/ExtendedUtils(171): extended extractor not needed, return default
10-20 17:36:51.805 V/Zygote  (3278): Switching descriptor 32 to /dev/null
10-20 17:36:51.805 V/Zygote  (3278): Switching descriptor 9 to /dev/null
10-20 17:36:51.805 I/ActivityManager(527): Start proc android.process.acore for content provider com.android.providers.contacts/.ContactsProvider2: pid=3278 uid=10001 gids={50001, 3003, 1028, 1015, 1023}
10-20 17:36:51.835 I/ActivityManager(527): Killing 2913:com.slim.slimlauncher/u0a11 (adj 15): empty #17
10-20 17:36:51.885 D/ExtendedUtils(171): extended extractor not needed, return default
10-20 17:36:52.055 D/ExtendedUtils(171): extended extractor not needed, return default
10-20 17:36:52.485 D/ExtendedUtils(171): extended extractor not needed, return default
10-20 17:36:52.886 I/Choreographer(3112): Skipped 71 frames!  The application may be doing too much work on its main thread.
10-20 17:36:53.406 D/Finsky  (2647): [226] AppStatesReplicator.handleContentSyncResponse: Completed 0 account content syncs with 0 successful.
10-20 17:36:53.406 D/Finsky  (2647): [1] 5.onFinished: Installation state replication succeeded.
10-20 17:36:53.987 D/MusicLifecycle(3142): com.google.android.music.store.MediaStoreImportService$Receiver generated event: Broadcast received with context android.app.ReceiverRestrictedContext@41ba1b60 and intent Intent { act=android.intent.action.MEDIA_SCANNER_FINISHED dat=file:///storage/sdcard0 flg=0x10 cmp=com.google.android.music/.store.MediaStoreImportService$Receiver }
10-20 17:36:54.017 D/MusicLifecycle(3142): com.google.android.music.store.MediaStoreImportService generated event: Service created
10-20 17:36:54.047 D/MusicLifecycle(3142): com.google.android.music.store.MediaStoreImportService$Receiver generated event: Broadcast received with context android.app.ReceiverRestrictedContext@41ba1b60 and intent Intent { act=android.intent.action.MEDIA_SCANNER_STARTED dat=file:///system/media flg=0x10 cmp=com.google.android.music/.store.MediaStoreImportService$Receiver }
10-20 17:36:54.387 V/ContactsDatabaseHelper(3278): is_restricted column already present in database
10-20 17:36:54.417 D/ExtendedUtils(171): extended extractor not needed, return default
10-20 17:36:54.437 E/MetadataRetrieverClient(171): failed to extract an album art
10-20 17:36:54.557 D/AndroidRuntime(3140): Shutting down VM
10-20 17:36:55.078 D/ExtendedUtils(171): extended extractor not needed, return default
10-20 17:36:55.108 E/MetadataRetrieverClient(171): failed to extract an album art
10-20 17:36:55.118 D/AndroidRuntime(3169): Shutting down VM
10-20 17:36:55.568 D/AndroidRuntime(3193): Shutting down VM
10-20 17:36:55.869 I/MediaStoreImporter(3142): Update: incremental Added music: 0 Updated music: 0 Deleted music: 0 Created playlists: 0 Updated playlists: 0 Deleted playlists: 0 Inserted playlist items: 0 Deleted playlist items: 0 Removed orphaned playlist items: 0
10-20 17:36:55.869 D/MusicLifecycle(3142): com.google.android.music.store.MediaStoreImportService generated event: Service destroyed
10-20 17:36:56.079 I/iu.UploadsManager(1001): storage changed; old: -699178208, new: -699178208
10-20 17:36:56.099 I/ContactLocale(3278): AddressBook Labels [zz_ZZ]: [, A, B, C, D, E, F, G, H, I, J, K, L, M, N, O, P, Q, R, S, T, U, V, W, X, Y, Z, Α, Β, Γ, Δ, Ε, Ζ, Η, Θ, Ι, Κ, Λ, Μ, Ν, Ξ, Ο, Π, Ρ, Σ, Τ, Υ, Φ, Χ, Ψ, Ω, , А, Б, В, Г, Д, Е, Є, Ж, З, И, І, Ї, Й, К, Л, М, Н, О, П, Р, С, Т, У, Ф, Х, Ц, Ч, Ш, Щ, Ю, Я, , א, ב, ג, ד, ה, ו, ז, ח, ט, י, כ, ל, מ, נ, ס, ע, פ, צ, ק, ר, ש, ת, , ا, ب, ت, ث, ج, ح, خ, د, ذ, ر, ز, س, ش, ص, ض, ط, ظ, ع, غ, ف, ق, ك, ل, م, ن, ه, و, ي, , ก, ข, ฃ, ค, ฅ, ฆ, ง, จ, ฉ, ช, ซ, ฌ, ญ, ฎ, ฏ, ฐ, ฑ, ฒ, ณ, ด, ต, ถ, ท, ธ, น, บ, ป, ผ, ฝ, พ, ฟ, ภ, ม, ย, ร, ฤ, ล, ฦ, ว, ศ, ษ, ส, ห, ฬ, อ, ฮ, , ㄱ, ㄴ, ㄷ, ㄹ, ㅁ, ㅂ, ㅅ, ㅇ, ㅈ, ㅊ, ㅋ, ㅌ, ㅍ, ㅎ, , あ, か, さ, た, な, は, ま, や, ら, わ, #, ]
10-20 17:36:56.339 I/iu.UploadsManager(1001): End new media; added: 0, uploading: 0, time: 175 ms
10-20 17:36:56.429 D/AndroidRuntime(3206): Shutting down VM
10-20 17:36:56.449 V/SmsReceiverService(3246): onStart: #1 mResultCode: -1 = Activity.RESULT_OK
10-20 17:36:56.599 I/iu.UploadsManager(1001): num queued entries: 0
10-20 17:36:56.619 I/iu.UploadsManager(1001): num updated entries: 0
10-20 17:36:56.639 I/iu.SyncManager(1001): NEXT; no task
10-20 17:36:57.190 V/ContactsDatabaseHelper(3278): is_restricted column already present in database
10-20 17:36:57.991 V/Zygote  (3326): Switching descriptor 32 to /dev/null
10-20 17:36:57.991 V/Zygote  (3326): Switching descriptor 9 to /dev/null
10-20 17:36:58.001 I/ActivityManager(527): Start proc org.androworks.meteorgram for broadcast org.androworks.meteorgram/.AladinWidgetProvider: pid=3326 uid=10072 gids={50072, 3003, 1028, 1015, 1023}
10-20 17:36:58.431 I/System.out(3326): r0 = 1.1791605255116668E7
10-20 17:36:58.431 I/System.out(3326): sinLat0 = 0.7222915792327191
10-20 17:36:58.731 D/aladinwidget(3326): alarm triggered
10-20 17:36:58.741 D/aladinwidget(3326): onUpdate()
10-20 17:36:58.761 D/MusicLifecycle(3142): com.google.android.music.leanback.AutoCacheSchedulingService$EnablingReceiver generated event: Broadcast received with context android.app.ReceiverRestrictedContext@41ba1b60 and intent Intent { act=com.google.android.music.START_DOWNLOAD_SCHEDULING flg=0x10 cmp=com.google.android.music/.leanback.AutoCacheSchedulingService$EnablingReceiver }
10-20 17:36:58.771 D/aladinwidget(3326): loaded bitmap for wi_cloud_snow_light: android.graphics.Bitmap@41b30b30
10-20 17:36:58.771 D/aladinwidget(3326): loaded bitmap for wi_cloud_rain_light: android.graphics.Bitmap@41b31b80
10-20 17:36:58.781 D/MusicLifecycle(3142): com.google.android.music.leanback.AutoCacheSchedulingService generated event: Service created
10-20 17:36:58.801 D/aladinwidget(3326): loaded bitmap for wi_day_cloud_rain: android.graphics.Bitmap@41b32aa8
10-20 17:36:58.801 D/aladinwidget(3326): loaded bitmap for wi_cloud_rain_medium: android.graphics.Bitmap@41b339d0
10-20 17:36:58.801 D/aladinwidget(3326): loaded bitmap for wi_cloud_rain_heavy: android.graphics.Bitmap@41b34900
10-20 17:36:58.801 D/aladinwidget(3326): loaded bitmap for wi_cloud_snow_heavy: android.graphics.Bitmap@41b35868
10-20 17:36:58.801 D/aladinwidget(3326): loaded bitmap for wi_day_cloud: android.graphics.Bitmap@41b36788
10-20 17:36:58.801 D/aladinwidget(3326): loaded bitmap for wi_night_cloud: android.graphics.Bitmap@41b376a0
10-20 17:36:58.811 D/aladinwidget(3326): loaded bitmap for wi_night_cloud_snow: android.graphics.Bitmap@41b38618
10-20 17:36:58.811 D/aladinwidget(3326): loaded bitmap for wi_day_cloud_snow: android.graphics.Bitmap@41b39540
10-20 17:36:58.811 D/aladinwidget(3326): loaded bitmap for wi_day: android.graphics.Bitmap@41b3a450
10-20 17:36:58.811 D/aladinwidget(3326): loaded bitmap for wi_night_cloud_rain: android.graphics.Bitmap@41b3b2f8
10-20 17:36:58.821 D/aladinwidget(3326): loaded bitmap for wi_cloud_snow_medium: android.graphics.Bitmap@41b3c338
10-20 17:36:58.821 D/aladinwidget(3326): loaded bitmap for wi_night: android.graphics.Bitmap@41b3d250
10-20 17:36:58.821 D/aladinwidget(3326): loaded bitmap for wi_cloud: android.graphics.Bitmap@41b3e1f0
10-20 17:36:58.831 D/aladinwidget(3326): w=323, h=103,forecast=org.androworks.meteorgram.ForecastData@41a950c8, userLocation=org.androworks.meteorgram.UserLocation@41a1e578
10-20 17:36:58.842 D/aladinwidget(3326): min=0.0, max=20.0, coef=1.1125, zeroY=66, temperatureTop=21, tempMinValue=66
10-20 17:36:58.842 D/aladingwidget(3326): temp=9.397125, y=55
10-20 17:36:58.842 D/aladingwidget(3326): temp=8.428375, y=56
10-20 17:36:58.842 D/aladingwidget(3326): temp=7.7989807, y=57
10-20 17:36:58.842 D/aladingwidget(3326): temp=7.582184, y=57
10-20 17:36:58.842 D/aladingwidget(3326): temp=7.346588, y=57
10-20 17:36:58.842 D/aladingwidget(3326): temp=7.3419495, y=57
10-20 17:36:58.842 D/aladingwidget(3326): temp=7.132965, y=58
10-20 17:36:58.842 D/aladingwidget(3326): temp=6.9169006, y=58
10-20 17:36:58.842 D/aladingwidget(3326): temp=6.7186584, y=58
10-20 17:36:58.842 D/aladingwidget(3326): temp=6.619293, y=58
10-20 17:36:58.842 D/aladingwidget(3326): temp=6.6217346, y=58
10-20 17:36:58.842 D/aladingwidget(3326): temp=6.644928, y=58
10-20 17:36:58.842 D/aladingwidget(3326): temp=6.573395, y=58
10-20 17:36:58.842 D/aladingwidget(3326): temp=6.584137, y=58
10-20 17:36:58.842 D/aladingwidget(3326): temp=6.554596, y=58
10-20 17:36:58.842 D/aladingwidget(3326): temp=6.5765686, y=58
10-20 17:36:58.842 D/aladingwidget(3326): temp=6.942047, y=58
10-20 17:36:58.842 D/aladingwidget(3326): temp=7.710602, y=57
10-20 17:36:58.842 D/aladingwidget(3326): temp=8.720856, y=56
10-20 17:36:58.842 D/aladingwidget(3326): temp=9.645172, y=55
10-20 17:36:58.842 D/aladingwidget(3326): temp=9.853668, y=55
10-20 17:36:58.842 D/aladingwidget(3326): temp=10.045074, y=54
10-20 17:36:58.842 D/aladingwidget(3326): temp=10.28653, y=54
10-20 17:36:58.842 D/aladingwidget(3326): temp=10.594879, y=54
10-20 17:36:58.842 D/aladingwidget(3326): temp=10.324127, y=54
10-20 17:36:58.842 D/aladingwidget(3326): temp=9.444489, y=55
10-20 17:36:58.852 D/aladingwidget(3326): temp=9.339264, y=55
10-20 17:36:58.852 D/aladingwidget(3326): temp=7.910797, y=57
10-20 17:36:58.852 D/aladingwidget(3326): temp=7.15567, y=58
10-20 17:36:58.852 D/aladingwidget(3326): temp=7.021637, y=58
10-20 17:36:58.852 D/aladingwidget(3326): temp=7.731598, y=57
10-20 17:36:58.852 D/aladingwidget(3326): temp=6.877594, y=58
10-20 17:36:58.852 D/aladingwidget(3326): temp=6.3419495, y=58
10-20 17:36:58.852 D/aladingwidget(3326): temp=7.294586, y=57
10-20 17:36:58.852 D/aladingwidget(3326): temp=6.7970276, y=58
10-20 17:36:58.852 D/aladingwidget(3326): temp=6.0885315, y=59
10-20 17:36:58.852 D/aladingwidget(3326): temp=5.758209, y=59
10-20 17:36:58.852 D/aladingwidget(3326): temp=5.9410706, y=59
10-20 17:36:58.852 D/aladingwidget(3326): temp=5.990631, y=59
10-20 17:36:58.852 D/aladingwidget(3326): temp=5.5846252, y=59
10-20 17:36:58.852 D/aladingwidget(3326): temp=6.2828674, y=59
10-20 17:36:58.862 D/aladinwidget(3326): drawing bitmap
10-20 17:36:58.912 D/MusicLifecycle(3142): com.google.android.music.leanback.AutoCacheSchedulingService generated event: Service started with intent Intent { act=com.google.android.music.leanback.APP_IN_USE cmp=com.google.android.music/.leanback.AutoCacheSchedulingService (has extras) }
10-20 17:36:58.942 D/MusicLifecycle(3142): com.google.android.music.wear.WearBroadcastReceiver generated event: Broadcast received with context android.app.ReceiverRestrictedContext@41ba1b60 and intent Intent { act=com.google.android.music.START_DOWNLOAD_SCHEDULING flg=0x10 cmp=com.google.android.music/.wear.WearBroadcastReceiver }
10-20 17:36:58.962 I/MusicLeanback(3142): Conditions not met for autocaching. okToAttempt=false
10-20 17:36:58.962 E/BitmapFactory(822): Unable to decode stream: java.io.FileNotFoundException: /: open failed: EISDIR (Is a directory)
10-20 17:36:58.962 D/aladinwidget(3326): updated widget 13, image uri: /data/data/org.androworks.meteorgram/files/aladinWidget13.png
10-20 17:36:58.972 I/System.out(822): resolveUri failed on bad bitmap uri: 
10-20 17:36:58.972 I/MusicLeanback(3142): Stop autocaching.
10-20 17:36:59.002 D/aladinwidget(3326): WidgetUpdateService destroyed
10-20 17:36:59.012 D/MusicLifecycle(3142): com.google.android.music.download.TrackDownloadQueueService generated event: Service created
10-20 17:36:59.032 D/MusicLifecycle(3142): com.google.android.music.download.cache.TrackCacheService generated event: Service created
10-20 17:36:59.042 D/MusicLifecycle(3142): com.google.android.music.wear.WearMetadataSyncService generated event: Service created
10-20 17:36:59.042 D/MusicLifecycle(3142): com.google.android.music.wear.WearMetadataSyncService generated event: Service started with intent Intent { cmp=com.google.android.music/.wear.WearMetadataSyncService }
10-20 17:36:59.052 D/MusicLifecycle(3142): com.google.android.music.wear.WearBroadcastReceiver generated event: Broadcast received with context android.app.ReceiverRestrictedContext@41ba1b60 and intent Intent { act=com.google.android.music.IMPORT_COMPLETE flg=0x10 cmp=com.google.android.music/.wear.WearBroadcastReceiver }
10-20 17:36:59.082 D/MusicLifecycle(3142): com.google.android.music.wear.WearMetadataSyncService generated event: Service started with intent Intent { cmp=com.google.android.music/.wear.WearMetadataSyncService }
10-20 17:36:59.082 D/MusicLifecycle(3142): com.google.android.music.store.MediaStoreImportService$Receiver generated event: Broadcast received with context android.app.ReceiverRestrictedContext@41ba1b60 and intent Intent { act=android.intent.action.MEDIA_SCANNER_FINISHED dat=file:///system/media flg=0x10 cmp=com.google.android.music/.store.MediaStoreImportService$Receiver }
10-20 17:36:59.092 D/MusicLifecycle(3142): com.google.android.music.store.MediaStoreImportService$Receiver generated event: Broadcast received with context android.app.ReceiverRestrictedContext@41ba1b60 and intent Intent { act=android.intent.action.MEDIA_SCANNER_STARTED dat=file:///storage/sdcard0 flg=0x10 cmp=com.google.android.music/.store.MediaStoreImportService$Receiver }
10-20 17:36:59.092 D/MusicLifecycle(3142): com.google.android.music.store.MediaStoreImportService generated event: Service created
10-20 17:36:59.092 I/ActivityManager(527): Delay finish: com.google.android.music/.store.MediaStoreImportService$Receiver
10-20 17:36:59.102 I/ActivityManager(527): Resuming delayed broadcast
10-20 17:36:59.112 D/MusicLifecycle(3142): com.google.android.music.store.MediaStoreImportService generated event: Service destroyed
10-20 17:36:59.112 D/WearableService(740): callingUid 10016, callindPid: 740
10-20 17:36:59.162 E/GmsUtils(3142): Failed to connect to Google API client: ConnectionResult{statusCode=API_UNAVAILABLE, resolution=null, message=null}
10-20 17:36:59.322 E/GmsUtils(3142): Failed to connect to Google API client: ConnectionResult{statusCode=API_UNAVAILABLE, resolution=null, message=null}
