10-20 17:35:14.017 I/BackupManagerService(527): Scheduling backup for new app com.android.calendar
10-20 17:35:14.017 D/BackupManagerService(527): Now staging backup of com.android.calendar
10-20 17:35:14.057 I/BackupManagerService(527): Scheduling backup for new app com.android.browser
10-20 17:35:14.057 D/BackupManagerService(527): Now staging backup of com.android.browser
10-20 17:35:14.067 I/BackupManagerService(527): Scheduling backup for new app com.android.sharedstoragebackup
10-20 17:35:14.067 D/BackupManagerService(527): Now staging backup of com.android.sharedstoragebackup
10-20 17:35:14.077 I/BackupManagerService(527): Scheduling backup for new app com.google.android.deskclock
10-20 17:35:14.077 D/BackupManagerService(527): Now staging backup of com.google.android.deskclock
10-20 17:35:14.087 I/BackupManagerService(527): Scheduling backup for new app com.google.android.googlequicksearchbox
10-20 17:35:14.087 D/BackupManagerService(527): Now staging backup of com.google.android.googlequicksearchbox
10-20 17:35:14.097 I/BackupManagerService(527): Scheduling backup for new app com.android.providers.telephony
10-20 17:35:14.097 D/BackupManagerService(527): Now staging backup of com.android.providers.telephony
10-20 17:35:14.117 I/BackupManagerService(527): Scheduling backup for new app com.android.dialer
10-20 17:35:14.117 D/BackupManagerService(527): Now staging backup of com.android.dialer
10-20 17:35:14.127 I/BackupManagerService(527): Scheduling backup for new app com.android.providers.settings
10-20 17:35:14.127 D/BackupManagerService(527): Now staging backup of com.android.providers.settings
10-20 17:35:14.137 I/BackupManagerService(527): Scheduling backup for new app com.android.providers.userdictionary
10-20 17:35:14.137 D/BackupManagerService(527): Now staging backup of com.android.providers.userdictionary
10-20 17:35:14.157 I/BackupManagerService(527): Scheduling backup for new app net.nurik.roman.dashclock
10-20 17:35:14.157 D/BackupManagerService(527): Now staging backup of net.nurik.roman.dashclock
10-20 17:35:14.177 I/BackupManagerService(527): Scheduling backup for new app android
10-20 17:35:14.177 D/BackupManagerService(527): Now staging backup of android
10-20 17:35:14.187 I/BackupManagerService(527): Scheduling backup for new app com.android.vending
10-20 17:35:14.187 D/BackupManagerService(527): Now staging backup of com.android.vending
10-20 17:35:14.197 I/BackupManagerService(527): Scheduling backup for new app com.google.android.gm
10-20 17:35:14.197 D/BackupManagerService(527): Now staging backup of com.google.android.gm
10-20 17:35:14.207 V/BackupManagerService(527): Starting with transport com.google.android.backup/.BackupTransportService
10-20 17:35:14.217 V/BackupManagerService(527): Found transports: 2
10-20 17:35:14.217 I/BackupManagerService(527): Binding to transport host ComponentInfo{android/com.android.internal.backup.LocalTransportService}
10-20 17:35:14.217 I/BackupManagerService(527): Binding to transport host ComponentInfo{com.google.android.backuptransport/com.google.android.backup.BackupTransportService}
10-20 17:35:14.217 I/BackupManagerService(527): Found stale backup journal, scheduling
10-20 17:35:14.227 I/BackupManagerService(527):   com.google.android.googlequicksearchbox
10-20 17:35:14.227 I/BackupManagerService(527):   android
10-20 17:35:14.227 I/BackupManagerService(527): Backup enabled => true
10-20 17:35:14.227 I/SystemServer(527): AppWidget Service
10-20 17:35:14.227 I/SystemServer(527): Recognition Service
10-20 17:35:14.237 I/SystemServer(527): DiskStats Service
10-20 17:35:14.237 I/SystemServer(527): SamplingProfiler Service
10-20 17:35:14.247 I/SystemServer(527): NetworkTimeUpdateService
10-20 17:35:14.247 I/SystemServer(527): CommonTimeManagementService
10-20 17:35:14.247 I/SystemServer(527): CertBlacklister
10-20 17:35:14.247 I/SystemServer(527): Dreams Service
10-20 17:35:14.247 I/SystemServer(527): Assets Atlas Service
10-20 17:35:14.257 I/SystemServer(527): IdleMaintenanceService
10-20 17:35:14.257 I/SystemServer(527): Print Service
10-20 17:35:14.257 I/SystemServer(527): Media Router Service
10-20 17:35:14.257 I/SystemServer(527): EdgeGesture service
10-20 17:35:14.377 I/ActivityManager(527): Start proc com.android.systemui for service com.android.keyguard/.KeyguardService: pid=636 uid=10006 gids={50006, 1028, 1023, 1015, 1035, 3002, 3001}
10-20 17:35:14.397 W/SystemServer(527): ***********************************************
10-20 17:35:14.527 I/AppOps  (527): Pruning old package media/1013: new uid=-1
10-20 17:35:14.537 I/ActivityManager(527): System now ready
10-20 17:35:14.537 I/SystemServer(527): Making services ready
10-20 17:35:14.547 D/NetworkManagementService(527): enabling bandwidth control
10-20 17:35:14.547 I/Vold    (162): /dev/block/vold/179:65 being considered for volume sdcard0
10-20 17:35:14.547 D/Vold    (162): Volume sdcard0 state changing 1 (Idle-Unmounted) -> 3 (Checking)
10-20 17:35:14.547 D/Vold    (162): Trying to get filesystem type for /dev/block/vold/179:65 
10-20 17:35:14.547 D/MountService(527): volume state changed for /storage/sdcard0 (unmounted -> checking)
10-20 17:35:14.547 D/MountService(527): sendStorageIntent Intent { act=android.intent.action.MEDIA_CHECKING dat=file:///storage/sdcard0 flg=0x4000000 (has extras) } to UserHandle{-1}
10-20 17:35:14.607 D/Vold    (162): Found vfat filesystem on /dev/block/vold/179:65
10-20 17:35:14.998 I/StatusBarManagerService(527): registerStatusBar bar=com.android.internal.statusbar.IStatusBar$Stub$Proxy@41cc9f70
10-20 17:35:15.048 W/BroadcastQueue(527): Permission Denial: broadcasting Intent { act=android.net.conn.TETHER_STATE_CHANGED flg=0x64000010 (has extras) } from null (pid=-1, uid=-1) requires android.permission.CONNECTIVITY_INTERNAL due to registered receiver BroadcastFilter{41f654d8 u0 ReceiverList{41f65478 527 system/1000/u0 local:41c94510}}
10-20 17:35:15.258 I/ActivityManager(527): Start proc android.process.media for broadcast com.android.providers.media/.MtpReceiver: pid=716 uid=10004 gids={50004, 1028, 1015, 1023, 1024, 2001, 3003, 3007}
10-20 17:35:15.258 I/ActivityManager(527): Config changes=300 {1.0 ?mcc?mnc zz_ZZ ldltr sw474dp w474dp h819dp 182dpi nrml long port holodark ?uimode ?night finger -keyb/v/h -nav/h s.5}
10-20 17:35:15.258 I/ActivityManager(527): Config changes=200 {1.0 ?mcc?mnc zz_ZZ ldltr sw474dp w474dp h819dp 182dpi nrml long port holodark finger -keyb/v/h -nav/h s.6}
10-20 17:35:15.568 W/InputMethodManagerService(527): Ignoring setImeWindowStatus of uid 1000 token: null
10-20 17:35:15.678 I/ActivityManager(527): Start proc com.touchtype.swiftkey for service com.touchtype.swiftkey/com.touchtype.KeyboardService: pid=731 uid=10064 gids={50064, 1028, 1015, 1023, 3003}
10-20 17:35:15.678 V/InputMethodManagerService(527): Adding window token: android.os.Binder@42059250
10-20 17:35:15.769 I/ActivityManager(527): Start proc com.google.android.gms.persistent for service com.google.android.gms/com.google.android.location.network.NetworkLocationService: pid=740 uid=10016 gids={50016, 3003, 1007, 1028, 1023, 1015, 3002, 3001, 3007, 2001, 3006}
10-20 17:35:16.009 I/ActivityManager(527): Start proc com.android.phone for added application com.android.phone: pid=767 uid=1001 gids={41001, 3002, 3001, 3003, 1028, 1015, 1023}
10-20 17:35:16.019 I/ActivityManager(527): Start proc com.bel.android.dspmanager for added application com.bel.android.dspmanager: pid=774 uid=10026 gids={50026, 3002}
10-20 17:35:16.039 I/ActivityManager(527): Start proc com.android.incallui for added application com.android.incallui: pid=786 uid=10009 gids={50009, 3003, 1028, 1015, 1023}
10-20 17:35:16.109 I/ActivityManager(527): START u0 {act=android.intent.action.MAIN cat=[android.intent.category.HOME] flg=0x10000000 cmp=com.teslacoilsw.launcher/.NovaLauncher} from pid 0
10-20 17:35:16.149 I/ActivityManager(527): Start proc com.teslacoilsw.launcher for activity com.teslacoilsw.launcher/.NovaLauncher: pid=822 uid=10063 gids={50063, 1028, 1023, 1015, 3003}
10-20 17:35:16.149 I/SystemServer(527): Enabled StrictMode for system server main thread.
10-20 17:35:16.219 W/InputMethodManagerService(527): Focus gain on non-focused client android.view.inputmethod.InputMethodManager$1@42178e00 (uid=1000 pid=527)
10-20 17:35:16.309 I/ActivityManager(527): Start proc android.process.acore for content provider com.android.providers.contacts/.ContactsProvider2: pid=846 uid=10001 gids={50001, 3003, 1028, 1015, 1023}
10-20 17:35:16.589 I/ActivityManager(527): Start proc com.android.printspooler for service com.android.printspooler/.PrintSpoolerService: pid=868 uid=10039 gids={50039}
10-20 17:35:16.609 I/ActivityManager(527): Start proc com.android.music for broadcast com.android.music/.MediaButtonIntentReceiver: pid=872 uid=10034 gids={50034, 3003, 1028, 1015, 1023}
10-20 17:35:16.709 V/BackupManagerService(527): Connected to transport ComponentInfo{android/com.android.internal.backup.LocalTransportService}
10-20 17:35:16.709 V/BackupManagerService(527): Registering transport android/com.android.internal.backup.LocalTransportService::android/com.android.internal.backup.LocalTransport = com.android.internal.backup.LocalTransport@41b62508
10-20 17:35:16.749 D/ConnectivityService(527): Captive portal check NetworkInfo: type: WIFI[], state: CONNECTING/CAPTIVE_PORTAL_CHECK, reason: (unspecified), extra: "neneezatch", roaming: false, failover: false, isAvailable: true, isConnectedToProvisioningNetwork: false
10-20 17:35:16.760 D/ConnectivityService(527): handleCaptivePortalTrackerCheck: call captivePortalCheckComplete ni=NetworkInfo: type: WIFI[], state: CONNECTING/CAPTIVE_PORTAL_CHECK, reason: (unspecified), extra: "neneezatch", roaming: false, failover: false, isAvailable: true, isConnectedToProvisioningNetwork: false
10-20 17:35:16.760 D/ConnectivityService(527): Captive portal check NetworkInfo: type: WIFI[], state: CONNECTING/CAPTIVE_PORTAL_CHECK, reason: (unspecified), extra: "neneezatch", roaming: false, failover: false, isAvailable: true, isConnectedToProvisioningNetwork: false
10-20 17:35:16.760 D/ConnectivityService(527): handleCaptivePortalTrackerCheck: call captivePortalCheckComplete ni=NetworkInfo: type: WIFI[], state: CONNECTING/CAPTIVE_PORTAL_CHECK, reason: (unspecified), extra: "neneezatch", roaming: false, failover: false, isAvailable: true, isConnectedToProvisioningNetwork: false
10-20 17:35:16.760 I/ActivityManager(527): Start proc com.kebab.Llama for broadcast com.kebab.Llama/.IntentReceiverExported: pid=895 uid=10066 gids={50066, 3002, 3001, 1028, 1015, 1023}
10-20 17:35:16.770 D/ConnectivityService(527): ConnectivityChange for WIFI: CONNECTED/CONNECTED
10-20 17:35:16.800 E/ConnectivityService(527): Unexpected mtu value: android.net.wifi.WifiStateTracker@41dacaa8
10-20 17:35:16.860 D/Nat464Xlat(527): requiresClat: netType=1, hasIPv4Address=true
10-20 17:35:16.880 D/ConnectivityService(527): ConnectivityChange for WIFI: CONNECTED/CONNECTED
10-20 17:35:16.920 I/ActivityManager(527): Start proc com.mikersmicros.fm_unlock for broadcast com.mikersmicros.fm_unlock/.fm_srvc_mbtn: pid=911 uid=10083 gids={50083, 3002, 3001, 3003, 1028, 1015, 1023}
10-20 17:35:16.950 E/ConnectivityService(527): Unexpected mtu value: android.net.wifi.WifiStateTracker@41dacaa8
10-20 17:35:16.990 D/ConnectivityService(527): handleConnectivityChange: address are the same reset per doReset linkProperty[1]: resetMask=0
10-20 17:35:16.990 D/Nat464Xlat(527): requiresClat: netType=1, hasIPv4Address=true
10-20 17:35:17.380 I/ActivityManager(527): Start proc com.android.smspush for service com.android.smspush/.WapPushManager: pid=938 uid=10047 gids={50047}
10-20 17:35:17.500 I/Vold    (162): Filesystem check completed OK
10-20 17:35:17.540 I/ActivityManager(527): Start proc com.google.process.gapps for content provider com.google.android.gsf/.gservices.GservicesProvider: pid=957 uid=10016 gids={50016, 3003, 1007, 1028, 1023, 1015, 3002, 3001, 3007, 2001, 3006}
10-20 17:35:17.560 I/PackageManager(527): Adding preferred activity ComponentInfo{com.android.mms/com.android.mms.ui.ComposeMessageActivity} for user 0 :
10-20 17:35:17.580 D/Vold    (162): Volume sdcard0 state changing 3 (Checking) -> 4 (Mounted)
10-20 17:35:17.580 D/MountService(527): volume state changed for /storage/sdcard0 (checking -> mounted)
10-20 17:35:17.590 E/VoldConnector(527): NDC Command {3 volume mount /storage/sdcard0} took too long (3036ms)
10-20 17:35:17.660 D/MountService(527): sendStorageIntent Intent { act=android.intent.action.MEDIA_MOUNTED dat=file:///storage/sdcard0 flg=0x4000000 (has extras) } to UserHandle{-1}
10-20 17:35:17.670 I/PackageManager(527): Adding preferred activity ComponentInfo{com.android.mms/com.android.mms.ui.ComposeMessageActivity} for user 0 :
10-20 17:35:17.740 I/PackageManager(527): Adding preferred activity ComponentInfo{com.android.mms/com.android.mms.ui.ComposeMessageActivity} for user 0 :
10-20 17:35:17.811 I/PackageManager(527): Adding preferred activity ComponentInfo{com.android.mms/com.android.mms.ui.ComposeMessageActivity} for user 0 :
10-20 17:35:18.161 D/ConnectivityService(527): handleConnectivityChange: addresses changed linkProperty[1]: resetMask=0
10-20 17:35:18.161 D/ConnectivityService(527):    car=removed=[] added=[fe80::d620:6dff:fe93:da03/64,]
10-20 17:35:18.161 D/Nat464Xlat(527): requiresClat: netType=1, hasIPv4Address=true
10-20 17:35:18.171 D/ConnectivityService(527): handleConnectivityChange: address are the same reset per doReset linkProperty[1]: resetMask=0
10-20 17:35:18.171 D/Nat464Xlat(527): requiresClat: netType=1, hasIPv4Address=true
10-20 17:35:18.431 D/MobileDataStateTracker(527): dun: Broadcast received: android.intent.action.ANY_DATA_STATE apnType=dun
10-20 17:35:18.431 D/MobileDataStateTracker(527): dun: Received state=DISCONNECTED, old=DISCONNECTED, reason=radioTurnedOff
10-20 17:35:18.441 D/MobileDataStateTracker(527): supl: Broadcast received: android.intent.action.ANY_DATA_STATE apnType=supl
10-20 17:35:18.441 D/MobileDataStateTracker(527): supl: Received state=DISCONNECTED, old=DISCONNECTED, reason=radioTurnedOff
10-20 17:35:18.441 D/MobileDataStateTracker(527): hipri: Broadcast received: android.intent.action.ANY_DATA_STATE apnType=hipri
10-20 17:35:18.451 D/MobileDataStateTracker(527): hipri: Received state=DISCONNECTED, old=DISCONNECTED, reason=radioTurnedOff
10-20 17:35:18.451 D/MobileDataStateTracker(527): default: Broadcast received: android.intent.action.ANY_DATA_STATE apnType=default
10-20 17:35:18.451 D/MobileDataStateTracker(527): default: Received state=DISCONNECTED, old=DISCONNECTED, reason=radioTurnedOff
10-20 17:35:18.451 D/MobileDataStateTracker(527): mms: Broadcast received: android.intent.action.ANY_DATA_STATE apnType=mms
10-20 17:35:18.451 D/MobileDataStateTracker(527): mms: Received state=DISCONNECTED, old=DISCONNECTED, reason=radioTurnedOff
10-20 17:35:18.451 D/MobileDataStateTracker(527): dun: Broadcast received: android.intent.action.ANY_DATA_STATE apnType=dun
10-20 17:35:18.451 D/MobileDataStateTracker(527): dun: Received state=DISCONNECTED, old=DISCONNECTED, reason=radioTurnedOff
10-20 17:35:18.461 D/MobileDataStateTracker(527): supl: Broadcast received: android.intent.action.ANY_DATA_STATE apnType=supl
10-20 17:35:18.471 D/MobileDataStateTracker(527): supl: Received state=DISCONNECTED, old=DISCONNECTED, reason=radioTurnedOff
10-20 17:35:18.471 D/MobileDataStateTracker(527): hipri: Broadcast received: android.intent.action.ANY_DATA_STATE apnType=hipri
10-20 17:35:18.481 D/MobileDataStateTracker(527): hipri: Received state=DISCONNECTED, old=DISCONNECTED, reason=radioTurnedOff
10-20 17:35:18.481 D/MobileDataStateTracker(527): default: Broadcast received: android.intent.action.ANY_DATA_STATE apnType=default
10-20 17:35:18.481 D/MobileDataStateTracker(527): default: Received state=DISCONNECTED, old=DISCONNECTED, reason=radioTurnedOff
10-20 17:35:18.481 D/MobileDataStateTracker(527): mms: Broadcast received: android.intent.action.ANY_DATA_STATE apnType=mms
10-20 17:35:18.491 D/MobileDataStateTracker(527): mms: Received state=DISCONNECTED, old=DISCONNECTED, reason=radioTurnedOff
10-20 17:35:18.491 D/MobileDataStateTracker(527): dun: Broadcast received: android.intent.action.ANY_DATA_STATE apnType=dun
10-20 17:35:18.501 D/MobileDataStateTracker(527): dun: Received state=DISCONNECTED, old=DISCONNECTED, reason=dataDetached
10-20 17:35:18.501 D/MobileDataStateTracker(527): supl: Broadcast received: android.intent.action.ANY_DATA_STATE apnType=supl
10-20 17:35:18.551 D/MobileDataStateTracker(527): supl: Received state=DISCONNECTED, old=DISCONNECTED, reason=dataDetached
10-20 17:35:18.551 D/MobileDataStateTracker(527): hipri: Broadcast received: android.intent.action.ANY_DATA_STATE apnType=hipri
10-20 17:35:18.561 D/MobileDataStateTracker(527): hipri: Received state=DISCONNECTED, old=DISCONNECTED, reason=dataDetached
10-20 17:35:18.561 D/MobileDataStateTracker(527): default: Broadcast received: android.intent.action.ANY_DATA_STATE apnType=default
10-20 17:35:18.571 D/MobileDataStateTracker(527): default: Received state=DISCONNECTED, old=DISCONNECTED, reason=dataDetached
10-20 17:35:18.571 D/MobileDataStateTracker(527): mms: Broadcast received: android.intent.action.ANY_DATA_STATE apnType=mms
10-20 17:35:18.581 D/MobileDataStateTracker(527): mms: Received state=DISCONNECTED, old=DISCONNECTED, reason=dataDetached
10-20 17:35:18.711 E/VoldConnector(527): NDC Command {4 asec list} took too long (1029ms)
10-20 17:35:18.731 I/ActivityManager(527): Start proc com.google.android.gms for service com.google.android.gms/.ads.identifier.service.AdvertisingIdService: pid=1001 uid=10016 gids={50016, 3003, 1007, 1028, 1023, 1015, 3002, 3001, 3007, 2001, 3006}
10-20 17:35:18.882 W/PackageManager(527): Unknown permission android.permission.ACCESS_MEDIUM_LOCATION in package org.androworks.meteorgram
10-20 17:35:18.882 W/PackageManager(527): Not granting permission android.permission.BATTERY_STATS to package com.facebook.lite (protectionLevel=18 flags=0x88be44)
10-20 17:35:18.882 W/PackageManager(527): Unknown permission com.sec.android.provider.badge.permission.WRITE in package com.facebook.lite
10-20 17:35:18.882 W/PackageManager(527): Unknown permission com.facebook.orca.provider.ACCESS in package com.facebook.lite
10-20 17:35:18.892 W/PackageManager(527): Unknown permission com.android.vending.billing.IBillingAccountService.BIND2 in package com.google.android.gsf.login
10-20 17:35:18.892 W/PackageManager(527): Unknown permission com.android.chrome.TOS_ACKED in package com.google.android.gsf.login
10-20 17:35:18.892 W/PackageManager(527): Unknown permission android.permission.WRITE_SYNC_STATS in package com.google.android.apps.docs.editors.sheets
10-20 17:35:18.892 W/PackageManager(527): Not granting permission com.google.android.gm.permission.READ_GMAIL to package com.google.android.apps.docs.editors.sheets (protectionLevel=2 flags=0x983e45)
10-20 17:35:18.892 W/PackageManager(527): Not granting permission com.google.android.googleapps.permission.GOOGLE_AUTH.ALL_SERVICES to package com.google.android.apps.docs.editors.sheets (protectionLevel=2 flags=0x983e45)
10-20 17:35:18.902 W/PackageManager(527): Unknown permission com.google.android.gallery3d.permission.GALLERY_PROVIDER in package com.android.bluetooth
10-20 17:35:18.902 W/PackageManager(527): Unknown permission com.android.email.permission.ACCESS_PROVIDER in package com.android.bluetooth
10-20 17:35:18.902 W/PackageManager(527): Unknown permission com.android.email.permission.READ_ATTACHMENT in package com.android.bluetooth
10-20 17:35:18.902 W/PackageManager(527): Not granting permission android.permission.ACCESS_DOWNLOAD_MANAGER to package com.android.browser (protectionLevel=18 flags=0x89be45)
10-20 17:35:18.902 W/PackageManager(527): Not granting permission android.permission.SEND_DOWNLOAD_COMPLETED_INTENTS to package com.android.browser (protectionLevel=2 flags=0x89be45)
10-20 17:35:18.902 W/PackageManager(527): Not granting permission android.permission.READ_LOGS to package com.nolanlawson.logcat (protectionLevel=50 flags=0x88be44)
10-20 17:35:18.902 W/PackageManager(527): Unknown permission android.permission.STORAGE in package com.kebab.Llama
10-20 17:35:18.902 W/PackageManager(527): Not granting permission android.permission.WRITE_APN_SETTINGS to package com.kebab.Llama (protectionLevel=18 flags=0x80be44)
10-20 17:35:18.902 W/PackageManager(527): Not granting permission android.permission.MODIFY_PHONE_STATE to package com.kebab.Llama (protectionLevel=18 flags=0x80be44)
10-20 17:35:18.902 W/PackageManager(527): Not granting permission android.permission.MOUNT_UNMOUNT_FILESYSTEMS to package com.kebab.Llama (protectionLevel=18 flags=0x80be44)
10-20 17:35:18.902 W/PackageManager(527): Not granting permission android.permission.UPDATE_DEVICE_STATS to package com.kebab.Llama (protectionLevel=18 flags=0x80be44)
10-20 17:35:18.902 W/PackageManager(527): Not granting permission android.permission.INTERACT_ACROSS_USERS_FULL to package com.kebab.Llama (protectionLevel=2 flags=0x80be44)
10-20 17:35:18.902 W/PackageManager(527): Not granting permission android.permission.INTERACT_ACROSS_USERS to package com.kebab.Llama (protectionLevel=50 flags=0x80be44)
10-20 17:35:18.902 W/PackageManager(527): Unknown permission android.permission.INSTALL_DRM in package com.android.mms
10-20 17:35:18.902 W/PackageManager(527): Unknown permission com.dsi.ant.permission.ANT in package menion.android.locus.pro
10-20 17:35:18.902 W/PackageManager(527): Unknown permission com.dsi.ant.permission.ANT_ADMIN in package menion.android.locus.pro
10-20 17:35:18.902 W/PackageManager(527): Unknown permission android.permission.READ_MEDIA_STORAGE in package com.keramidas.TitaniumBackup
10-20 17:35:18.902 W/PackageManager(527): Not granting permission android.permission.WRITE_MEDIA_STORAGE to package com.keramidas.TitaniumBackup (protectionLevel=18 flags=0x88be44)
10-20 17:35:18.912 W/PackageManager(527): Not granting permission com.android.voicemail.permission.READ_WRITE_ALL_VOICEMAIL to package com.keramidas.TitaniumBackup (protectionLevel=18 flags=0x88be44)
10-20 17:35:18.912 W/PackageManager(527): Not granting permission android.permission.BROADCAST_SMS to package com.keramidas.TitaniumBackup (protectionLevel=2 flags=0x88be44)
10-20 17:35:18.912 W/PackageManager(527): Not granting permission android.permission.BROADCAST_WAP_PUSH to package com.keramidas.TitaniumBackup (protectionLevel=2 flags=0x88be44)
10-20 17:35:18.912 W/PackageManager(527): Unknown permission android.permission.OBSERVE_GRANT_REVOKE_PERMISSIONS in package com.google.android.gms
10-20 17:35:18.912 W/PackageManager(527): Unknown permission android.permission.RECOVERY in package com.google.android.gms
10-20 17:35:18.912 W/PackageManager(527): Not granting permission android.permission.READ_DREAM_STATE to package com.google.android.gms (protectionLevel=2 flags=0x40c83e45)
10-20 17:35:18.912 W/PackageManager(527): Unknown permission android.permission.PROVIDE_TRUST_AGENT in package com.google.android.gms
10-20 17:35:18.912 W/PackageManager(527): Unknown permission com.google.android.apps.enterprise.dmagent.permission.AutoSyncPermission in package com.google.android.gms
10-20 17:35:18.912 W/PackageManager(527): Unknown permission android.permission.MANAGE_VOICE_KEYPHRASES in package com.google.android.gms
10-20 17:35:18.912 W/PackageManager(527): Unknown permission android.permission.REAL_GET_TASKS in package com.google.android.gms
10-20 17:35:18.912 W/PackageManager(527): Unknown permission com.google.android.hangouts.START_HANGOUT in package com.google.android.gms
10-20 17:35:18.912 W/PackageManager(527): Unknown permission android.permission.READ_WIFI_CREDENTIAL in package com.google.android.gms
10-20 17:35:18.912 W/PackageManager(527): Unknown permission android.permission.SCORE_NETWORKS in package com.google.android.gms
10-20 17:35:18.912 W/PackageManager(527): Unknown permission android.permission.CONTROL_INCALL_EXPERIENCE in package com.google.android.gms
10-20 17:35:18.912 W/PackageManager(527): Unknown permission android.permission.USER_ACTIVITY in package com.google.android.gms
10-20 17:35:18.912 W/PackageManager(527): Unknown permission android.permission.MODIFY_AUDIO_ROUTING in package com.google.android.gms
10-20 17:35:18.912 W/PackageManager(527): Unknown permission com.google.android.wearable.READ_SETTINGS in package com.google.android.gms
10-20 17:35:18.912 W/PackageManager(527): Unknown permission android.permission.INTENT_FILTER_VERIFICATION_AGENT in package com.google.android.gms
10-20 17:35:18.912 W/PackageManager(527): Unknown permission android.permission.LOCAL_MAC_ADDRESS in package com.google.android.gms
10-20 17:35:18.912 W/PackageManager(527): Unknown permission android.permission.CHANGE_DEVICE_IDLE_TEMP_WHITELIST in package com.google.android.gms
10-20 17:35:18.912 W/PackageManager(527): Unknown permission android.permission.BODY_SENSORS in package com.google.android.gms
10-20 17:35:18.922 W/PackageManager(527): Not granting permission android.permission.MANAGE_DOCUMENTS to package com.google.android.gms (protectionLevel=2 flags=0x40c83e45)
10-20 17:35:18.922 W/PackageManager(527): Unknown permission android.permission.NOTIFY_PENDING_SYSTEM_UPDATE in package com.google.android.gms
10-20 17:35:18.922 W/PackageManager(527): Unknown permission com.android.voicemail.permission.READ_VOICEMAIL in package com.google.android.gms
10-20 17:35:18.922 W/PackageManager(527): Unknown permission android.permission.READ_OWNER_DATA in package com.google.android.setupwizard
10-20 17:35:18.922 W/PackageManager(527): Unknown permission android.permission.WRITE_OWNER_DATA in package com.google.android.setupwizard
10-20 17:35:18.922 W/PackageManager(527): Unknown permission com.android.launcher.permission.READ_SETTINGS in package com.android.settings
10-20 17:35:18.922 W/PackageManager(527): Unknown permission com.android.launcher.permission.WRITE_SETTINGS in package com.android.settings
10-20 17:35:18.932 W/PackageManager(527): Unknown permission com.google.android.voicesearch.SHORTCUTS_ACCESS in package com.google.android.googlequicksearchbox
10-20 17:35:18.932 W/PackageManager(527): Unknown permission com.google.android.voicesearch.ACCESS_SETTINGS in package com.google.android.googlequicksearchbox
10-20 17:35:18.932 W/PackageManager(527): Unknown permission com.google.android.ears.permission.WRITE in package com.google.android.googlequicksearchbox
10-20 17:35:18.932 W/PackageManager(527): Unknown permission android.permission.REAL_GET_TASKS in package com.google.android.googlequicksearchbox
10-20 17:35:18.932 W/PackageManager(527): Unknown permission com.google.android.apps.googlevoice.permission.AUTO_SEND in package com.google.android.googlequicksearchbox
10-20 17:35:18.932 W/PackageManager(527): Unknown permission com.google.android.hangouts.START_HANGOUT in package com.google.android.googlequicksearchbox
10-20 17:35:18.932 W/PackageManager(527): Unknown permission android.permission.MANAGE_VOICE_KEYPHRASES in package com.google.android.googlequicksearchbox
10-20 17:35:18.932 W/PackageManager(527): Unknown permission com.android.chrome.PRERENDER_URL in package com.google.android.googlequicksearchbox
10-20 17:35:18.932 W/PackageManager(527): Unknown permission com.google.android.launcher.permission.CONTENT_REDIRECT in package com.google.android.googlequicksearchbox
10-20 17:35:18.932 W/PackageManager(527): Not granting permission android.permission.WRITE_MEDIA_STORAGE to package com.android.gallery3d (protectionLevel=18 flags=0xd8bc45)
10-20 17:35:18.932 W/PackageManager(527): Not granting permission android.permission.READ_LOGS to package com.zentity.vodafone (protectionLevel=50 flags=0x883e44)
10-20 17:35:18.932 W/PackageManager(527): Unknown permission com.google.android.gms.permission.CAR_SPEED in package com.google.android.apps.maps
10-20 17:35:18.932 W/PackageManager(527): Unknown permission com.google.android.gallery3d.permission.PICASA_STORE in package com.google.android.apps.photos
10-20 17:35:18.932 W/PackageManager(527): Unknown permission android.permission.WRITE_SYNC_STATS in package com.google.android.apps.docs.editors.docs
10-20 17:35:18.932 W/PackageManager(527): Not granting permission com.google.android.gm.permission.READ_GMAIL to package com.google.android.apps.docs.editors.docs (protectionLevel=2 flags=0x983e45)
10-20 17:35:18.932 W/PackageManager(527): Not granting permission com.google.android.googleapps.permission.GOOGLE_AUTH.ALL_SERVICES to package com.google.android.apps.docs.editors.docs (protectionLevel=2 flags=0x983e45)
10-20 17:35:18.932 W/PackageManager(527): Unknown permission android.permission.WRITE_SYNC_STATS in package com.google.android.apps.docs
10-20 17:35:18.942 W/PackageManager(527): Unknown permission com.android.launcher.permission.READ_SETTINGS in package com.google.android.onetimeinitializer
10-20 17:35:18.942 W/PackageManager(527): Unknown permission com.android.launcher.permission.WRITE_SETTINGS in package com.google.android.onetimeinitializer
10-20 17:35:18.942 W/PackageManager(527): Unknown permission com.android.launcher.permission.PRELOAD_WORKSPACE in package com.google.android.partnersetup
10-20 17:35:18.942 W/PackageManager(527): Unknown permission com.htc.launcher.permission.READ_SETTINGS in package com.teslacoilsw.launcher
10-20 17:35:18.942 W/PackageManager(527): Unknown permission com.cyanogenmod.trebuchet.permission.READ_SETTINGS in package com.teslacoilsw.launcher
10-20 17:35:18.942 W/PackageManager(527): Unknown permission org.adw.launcher.permission.READ_SETTINGS in package com.teslacoilsw.launcher
10-20 17:35:18.942 W/PackageManager(527): Unknown permission org.adwfreak.launcher.permission.READ_SETTINGS in package com.teslacoilsw.launcher
10-20 17:35:18.942 W/PackageManager(527): Unknown permission com.anddoes.launcher.permission.READ_SETTINGS in package com.teslacoilsw.launcher
10-20 17:35:18.942 W/PackageManager(527): Unknown permission com.android.launcher.permission.READ_SETTINGS in package com.teslacoilsw.launcher
10-20 17:35:18.942 W/PackageManager(527): Unknown permission com.android.launcher3.permission.READ_SETTINGS in package com.teslacoilsw.launcher
10-20 17:35:18.942 W/PackageManager(527): Unknown permission com.actionlauncher.playstore.permission.READ_SETTINGS in package com.teslacoilsw.launcher
10-20 17:35:18.942 W/PackageManager(527): Unknown permission home.solo.launcher.free.permission.READ_SETTINGS in package com.teslacoilsw.launcher
10-20 17:35:18.942 W/PackageManager(527): Unknown permission com.huawei.android.launcher.permission.READ_SETTINGS in package com.teslacoilsw.launcher
10-20 17:35:18.942 W/PackageManager(527): Unknown permission android.permission.ACCESS_WEATHERCLOCK_PROVIDER in package com.teslacoilsw.launcher
10-20 17:35:18.942 W/PackageManager(527): Unknown permission com.android.email.permission.ACCESS_PROVIDER in package org.codeaurora.bluetooth
10-20 17:35:18.942 W/PackageManager(527): Unknown permission com.android.email.permission.READ_ATTACHMENT in package org.codeaurora.bluetooth
10-20 17:35:18.942 W/PackageManager(527): Unknown permission com.swiftkey.languageprovider.READLANG in package com.touchtype.swiftkey
10-20 17:35:18.942 W/PackageManager(527): Unknown permission com.swiftkey.swiftkeyconfigurator.READCONFIG in package com.touchtype.swiftkey
10-20 17:35:18.942 W/PackageManager(527): Unknown permission android.permission.REAL_GET_TASKS in package com.android.vending
10-20 17:35:18.942 W/PackageManager(527): Not granting permission android.permission.SEND_DOWNLOAD_COMPLETED_INTENTS to package com.android.vending (protectionLevel=2 flags=0x40cabe45)
10-20 17:35:18.942 W/PackageManager(527): Unknown permission android.permission.SEND_SMS_NO_CONFIRMATION in package com.android.vending
10-20 17:35:18.942 W/PackageManager(527): Unknown permission android.permission.USE_FINGERPRINT in package com.android.vending
10-20 17:35:18.942 W/PackageManager(527): Unknown permission android.permission.GET_PACKAGE_IMPORTANCE in package com.android.vending
10-20 17:35:18.942 W/PackageManager(527): Unknown permission android.permission.GET_ACCOUNTS_PRIVILEGED in package com.android.vending
10-20 17:35:18.942 W/PackageManager(527): Unknown permission android.permission.INSTALL_GRANT_RUNTIME_PERMISSIONS in package com.android.vending
10-20 17:35:18.942 W/PackageManager(527): Unknown permission android.permission.GRANT_RUNTIME_PERMISSIONS in package com.android.vending
10-20 17:35:18.942 W/PackageManager(527): Unknown permission android.permission.REVOKE_RUNTIME_PERMISSIONS in package com.android.vending
10-20 17:35:18.952 W/PackageManager(527): Unknown permission org.onepf.openiab.permission.BILLING in package com.appgenix.bizcal
10-20 17:35:18.952 W/PackageManager(527): Unknown permission com.sec.android.iap.permission.BILLING in package com.appgenix.bizcal
10-20 17:35:18.952 W/PackageManager(527): Unknown permission com.google.android.calendar.permission.READ_OOBE in package com.google.android.gm
10-20 17:35:18.952 W/PackageManager(527): Unknown permission com.google.android.email.permission.READ_ATTACHMENT in package com.google.android.gm
10-20 17:35:18.952 W/PackageManager(527): Unknown permission com.google.android.email.permission.ACCESS_PROVIDER in package com.google.android.gm
10-20 17:35:18.952 W/PackageManager(527): Not granting permission android.permission.CHANGE_COMPONENT_ENABLED_STATE to package com.mikersmicros.fm_unlock (protectionLevel=18 flags=0x88be44)
10-20 17:35:18.952 W/PackageManager(527): Unknown permission com.motorola.android.permission.USEFMRADIO in package com.mikersmicros.fm_unlock
10-20 17:35:18.952 W/PackageManager(527): Not granting permission android.permission.READ_LOGS to package com.mikersmicros.fm_unlock (protectionLevel=50 flags=0x88be44)
10-20 17:35:18.952 W/PackageManager(527): Unknown permission android.permission.ACCESS_FM_RECEIVER in package com.mikersmicros.fm_unlock
10-20 17:35:18.952 W/PackageManager(527): Unknown permission ti.permission.FMRX_ADMIN in package com.mikersmicros.fm_unlock
10-20 17:35:18.952 W/PackageManager(527): Unknown permission ti.permission.FMRX in package com.mikersmicros.fm_unlock
10-20 17:35:18.952 W/PackageManager(527): Unknown permission com.sonyericsson.permission.FMRADIO in package com.mikersmicros.fm_unlock
10-20 17:35:18.952 W/PackageManager(527): Unknown permission com.sonyericsson.permission.MUSIC in package com.mikersmicros.fm_unlock
10-20 17:35:18.952 W/PackageManager(527): Unknown permission com.stericsson.permission.FM_RADIO_RECEIVER in package com.mikersmicros.fm_unlock
10-20 17:35:18.952 W/PackageManager(527): Unknown permission com.stericsson.permission.FM_RADIO_TRANSMITTER in package com.mikersmicros.fm_unlock
10-20 17:35:18.952 W/PackageManager(527): Unknown permission android.permission.FM_RADIO_RECEIVER in package com.mikersmicros.fm_unlock
10-20 17:35:18.952 W/PackageManager(527): Unknown permission android.permission.FM_RADIO_TRANSMITTER in package com.mikersmicros.fm_unlock
10-20 17:35:18.952 W/PackageManager(527): Not granting permission android.permission.BIND_WALLPAPER to package com.google.android.GoogleCamera (protectionLevel=18 flags=0xd83c45)
10-20 17:35:18.952 W/PackageManager(527): Unknown permission com.google.android.gallery3d.permission.GALLERY_PROVIDER in package com.google.android.GoogleCamera
10-20 17:35:18.952 W/PackageManager(527): Unknown permission com.android.launcher.permission.READ_SETTINGS in package com.slim.slimlauncher
10-20 17:35:18.952 W/PackageManager(527): Unknown permission com.android.launcher.permission.WRITE_SETTINGS in package com.slim.slimlauncher
10-20 17:35:18.952 W/PackageManager(527): Not granting permission android.permission.SET_ANIMATION_SCALE to package com.android.spare_parts (protectionLevel=50 flags=0x88be45)
10-20 17:35:18.952 W/PackageManager(527): Not granting permission android.permission.CHANGE_CONFIGURATION to package com.android.spare_parts (protectionLevel=50 flags=0x88be45)
10-20 17:35:18.952 W/PackageManager(527): Not granting permission android.permission.READ_DREAM_STATE to package com.google.android.gsf (protectionLevel=2 flags=0x40883e45)
10-20 17:35:18.952 W/PackageManager(527): Unknown permission com.cyanogenmod.lockclock.permission.READ_WEATHER in package com.android.keyguard
10-20 17:35:18.962 W/PackageManager(527): Not granting permission android.permission.READ_LOGS to package com.sygic.aura (protectionLevel=50 flags=0xc8be44)
--------- beginning of /dev/log/main
10-20 17:35:19.141 D/PhoneStatusBar(636): mSettingsPanelGravity = 55
10-20 17:35:19.221 I/dalvikvm(822): Could not find method android.graphics.drawable.Drawable.setTintMode, referenced from method com.teslacoilsw.launcher.widget.SwipeSearchLayout.<init>
10-20 17:35:19.221 W/dalvikvm(822): VFY: unable to resolve virtual method 1144: Landroid/graphics/drawable/Drawable;.setTintMode (Landroid/graphics/PorterDuff$Mode;)V
10-20 17:35:19.221 D/dalvikvm(822): VFY: replacing opcode 0x6e at 0x00ef
10-20 17:35:19.231 I/dalvikvm(822): Could not find method android.graphics.drawable.Drawable.setTint, referenced from method com.teslacoilsw.launcher.widget.SwipeSearchLayout.setColorViewColor
10-20 17:35:19.231 W/dalvikvm(822): VFY: unable to resolve virtual method 1142: Landroid/graphics/drawable/Drawable;.setTint (I)V
10-20 17:35:19.231 D/dalvikvm(822): VFY: replacing opcode 0x6e at 0x0012
10-20 17:35:19.251 D/Tethering(527): MasterInitialState.processMessage what=3
10-20 17:35:19.251 D/CaptivePortalTracker(527): DelayedCaptiveCheckState{ when=0 what=1 obj=NetworkInfo: type: WIFI[], state: CONNECTED/CONNECTED, reason: (unspecified), extra: "neneezatch", roaming: false, failover: false, isAvailable: true, isConnectedToProvisioningNetwork: false target=com.android.internal.util.StateMachine$SmHandler }
10-20 17:35:19.261 E/TouchTypeSoftKeyboard(731): INSTALLATION ID: 0ab16aed-1b98-40b8-9211-6cff5d7476d6
10-20 17:35:19.351 I/dalvikvm(822): Could not find method android.widget.LinearLayout.<init>, referenced from method com.teslacoilsw.launcher.widget.AlphaOptimizedLinearLayout.<init>
10-20 17:35:19.351 W/dalvikvm(822): VFY: unable to resolve direct method 3613: Landroid/widget/LinearLayout;.<init> (Landroid/content/Context;Landroid/util/AttributeSet;II)V
10-20 17:35:19.351 D/dalvikvm(822): VFY: replacing opcode 0x70 at 0x0000
10-20 17:35:19.421 D/Launcher.Model(822): 11683562 - loadWorkspace()
10-20 17:35:19.421 D/Launcher.Model(822): 11683562 -   loadedOldDb: false
10-20 17:35:19.511 D/dalvikvm(1001): DexOpt: couldn't find static field Landroid/os/Build;.SUPPORTED_ABIS
10-20 17:35:19.511 W/dalvikvm(1001): VFY: unable to resolve static field 134 (SUPPORTED_ABIS) in Landroid/os/Build;
10-20 17:35:19.511 D/dalvikvm(1001): VFY: replacing opcode 0x62 at 0x000a
10-20 17:35:19.511 D/dalvikvm(1001): DexOpt: couldn't find field Landroid/content/pm/ApplicationInfo;.splitSourceDirs
10-20 17:35:19.511 W/dalvikvm(1001): VFY: unable to resolve instance field 46
10-20 17:35:19.511 D/dalvikvm(1001): VFY: replacing opcode 0x54 at 0x005f
10-20 17:35:19.511 D/dalvikvm(1001): DexOpt: couldn't find static field Landroid/os/Build;.SUPPORTED_ABIS
10-20 17:35:19.511 W/dalvikvm(1001): VFY: unable to resolve static field 134 (SUPPORTED_ABIS) in Landroid/os/Build;
10-20 17:35:19.511 D/dalvikvm(1001): VFY: replacing opcode 0x62 at 0x0047
10-20 17:35:19.511 D/dalvikvm(1001): DexOpt: couldn't find field Landroid/content/pm/ApplicationInfo;.splitSourceDirs
10-20 17:35:19.511 I/dalvikvm(1001): DexOpt: unable to optimize instance field ref 0x002e at 0x63 in Lcom/google/android/gms/common/util/bc;.b
10-20 17:35:19.512 I/MultiDex(1001): install
10-20 17:35:19.522 I/MultiDex(1001): MultiDexExtractor.load(/system/priv-app/PrebuiltGmsCore.apk, false)
10-20 17:35:19.531 D/dalvikvm(1001): No JNI_OnLoad found in /system/lib/libgmscore.so 0x41a17e08, skipping init
10-20 17:35:19.531 V/JNIHelp (1001): Registering com/google/android/gms/org/conscrypt/NativeCrypto's 241 native methods...
10-20 17:35:19.541 I/ProviderInstaller(740): Installed default security provider GmsCore_OpenSSL
10-20 17:35:19.542 D/dalvikvm(740): DexOpt: couldn't find static field Landroid/os/Build;.SUPPORTED_ABIS
10-20 17:35:19.542 W/dalvikvm(740): VFY: unable to resolve static field 134 (SUPPORTED_ABIS) in Landroid/os/Build;
10-20 17:35:19.542 D/dalvikvm(740): VFY: replacing opcode 0x62 at 0x000a
10-20 17:35:19.552 D/dalvikvm(740): DexOpt: couldn't find field Landroid/content/pm/ApplicationInfo;.splitSourceDirs
10-20 17:35:19.552 W/dalvikvm(740): VFY: unable to resolve instance field 46
10-20 17:35:19.552 D/dalvikvm(740): VFY: replacing opcode 0x54 at 0x005f
10-20 17:35:19.552 D/dalvikvm(740): DexOpt: couldn't find static field Landroid/os/Build;.SUPPORTED_ABIS
10-20 17:35:19.552 W/dalvikvm(740): VFY: unable to resolve static field 134 (SUPPORTED_ABIS) in Landroid/os/Build;
10-20 17:35:19.552 D/dalvikvm(740): VFY: replacing opcode 0x62 at 0x0047
10-20 17:35:19.552 D/dalvikvm(740): DexOpt: couldn't find field Landroid/content/pm/ApplicationInfo;.splitSourceDirs
10-20 17:35:19.552 I/dalvikvm(740): DexOpt: unable to optimize instance field ref 0x002e at 0x63 in Lcom/google/android/gms/common/util/bc;.b
10-20 17:35:19.572 I/MultiDex(1001): loading existing secondary dex files
10-20 17:35:19.572 I/MultiDex(1001): load found 3 secondary dex files
10-20 17:35:19.582 I/MultiDex(1001): install done
10-20 17:35:19.611 I/Adreno200-EGL(822): <qeglDrvAPI_eglInitialize:269>: EGL 1.4 QUALCOMM build: AU_LINUX_ANDROID_JB_VANILLA.04.02.02.60.051_msm8960_JB_VANILLA_CL2997615_release_AU (CL2997615)
10-20 17:35:19.611 I/Adreno200-EGL(822): Build Date: 04/11/13 Thu
10-20 17:35:19.611 I/Adreno200-EGL(822): Local Branch: 
10-20 17:35:19.611 I/Adreno200-EGL(822): Remote Branch: quic/mako_jb_mr1
10-20 17:35:19.611 I/Adreno200-EGL(822): Local Patches: NONE
10-20 17:35:19.611 I/Adreno200-EGL(822): Reconstruct Branch: AU_LINUX_ANDROID_JB_VANILLA.04.02.02.60.051 +  NOTHING
10-20 17:35:19.632 D/dalvikvm(740): No JNI_OnLoad found in /system/lib/libgmscore.so 0x41a0ef00, skipping init
10-20 17:35:19.661 I/dalvikvm(740): Could not find method android.content.pm.PackageManager.getPackageInstaller, referenced from method com.google.android.gms.common.ma.a
10-20 17:35:19.661 W/dalvikvm(740): VFY: unable to resolve virtual method 484: Landroid/content/pm/PackageManager;.getPackageInstaller ()Landroid/content/pm/PackageInstaller;
10-20 17:35:19.661 D/dalvikvm(740): VFY: replacing opcode 0x6e at 0x000d
10-20 17:35:19.671 I/dalvikvm(740): Could not find method android.app.Notification$Builder.setLocalOnly, referenced from method com.google.android.gms.common.ma.b
10-20 17:35:19.671 W/dalvikvm(740): VFY: unable to resolve virtual method 148: Landroid/app/Notification$Builder;.setLocalOnly (Z)Landroid/app/Notification$Builder;
10-20 17:35:19.671 D/dalvikvm(740): VFY: replacing opcode 0x6e at 0x0220
10-20 17:35:19.672 I/ContactLocale(846): AddressBook Labels [zz_ZZ]: [, A, B, C, D, E, F, G, H, I, J, K, L, M, N, O, P, Q, R, S, T, U, V, W, X, Y, Z, Α, Β, Γ, Δ, Ε, Ζ, Η, Θ, Ι, Κ, Λ, Μ, Ν, Ξ, Ο, Π, Ρ, Σ, Τ, Υ, Φ, Χ, Ψ, Ω, , А, Б, В, Г, Д, Е, Є, Ж, З, И, І, Ї, Й, К, Л, М, Н, О, П, Р, С, Т, У, Ф, Х, Ц, Ч, Ш, Щ, Ю, Я, , א, ב, ג, ד, ה, ו, ז, ח, ט, י, כ, ל, מ, נ, ס, ע, פ, צ, ק, ר, ש, ת, , ا, ب, ت, ث, ج, ح, خ, د, ذ, ر, ز, س, ش, ص, ض, ط, ظ, ع, غ, ف, ق, ك, ل, م, ن, ه, و, ي, , ก, ข, ฃ, ค, ฅ, ฆ, ง, จ, ฉ, ช, ซ, ฌ, ญ, ฎ, ฏ, ฐ, ฑ, ฒ, ณ, ด, ต, ถ, ท, ธ, น, บ, ป, ผ, ฝ, พ, ฟ, ภ, ม, ย, ร, ฤ, ล, ฦ, ว, ศ, ษ, ส, ห, ฬ, อ, ฮ, , ㄱ, ㄴ, ㄷ, ㄹ, ㅁ, ㅂ, ㅅ, ㅇ, ㅈ, ㅊ, ㅋ, ㅌ, ㅍ, ㅎ, , あ, か, さ, た, な, は, ま, や, ら, わ, #, ]
10-20 17:35:19.701 I/LlamaDroid(895): InitCellListener
10-20 17:35:19.721 I/dalvikvm(740): Could not find method android.os.PowerManager.isPowerSaveMode, referenced from method com.google.android.location.util.ao.c
10-20 17:35:19.721 W/dalvikvm(740): VFY: unable to resolve virtual method 1386: Landroid/os/PowerManager;.isPowerSaveMode ()Z
10-20 17:35:19.721 D/dalvikvm(740): VFY: replacing opcode 0x6e at 0x000c
10-20 17:35:19.722 I/dalvikvm(822): Could not find method android.view.ViewAnimationUtils.createCircularReveal, referenced from method o.ys.eN
10-20 17:35:19.722 W/dalvikvm(822): VFY: unable to resolve static method 2887: Landroid/view/ViewAnimationUtils;.createCircularReveal (Landroid/view/View;IIFF)Landroid/animation/Animator;
10-20 17:35:19.722 D/dalvikvm(822): VFY: replacing opcode 0x71 at 0x0000
10-20 17:35:19.751 I/LlamaDroid(895): requesting update
10-20 17:35:19.762 V/JNIHelp (740): Registering com/google/android/gms/org/conscrypt/NativeCrypto's 241 native methods...
10-20 17:35:19.772 I/dalvikvm(822): Could not find method android.view.Window.setStatusBarColor, referenced from method com.android.launcher3.WallpaperCropActivity.declared
10-20 17:35:19.772 W/dalvikvm(822): VFY: unable to resolve virtual method 3079: Landroid/view/Window;.setStatusBarColor (I)V
10-20 17:35:19.772 D/dalvikvm(822): VFY: replacing opcode 0x6e at 0x0034
10-20 17:35:19.791 E/cutils  (162): Failed to mkdirat(/storage/usbdisk/Android): Read-only file system
10-20 17:35:19.791 W/Vold    (162): Returning OperationFailed - no handler for errno 30
10-20 17:35:19.801 W/ContextImpl(731): Failed to ensure directory: /storage/usbdisk/Android/data/com.touchtype.swiftkey/files
10-20 17:35:19.812 I/dalvikvm(822): Could not find method o.cri.applyTheme, referenced from method o.cri.<init>
10-20 17:35:19.812 W/dalvikvm(822): VFY: unable to resolve virtual method 20904: Lo/cri;.applyTheme (Landroid/content/res/Resources$Theme;)V
10-20 17:35:19.812 D/dalvikvm(822): VFY: replacing opcode 0x6e at 0x0019
10-20 17:35:19.822 I/dalvikvm(822): Could not find method android.graphics.drawable.Drawable$ConstantState.canApplyTheme, referenced from method o.cro.canApplyTheme
10-20 17:35:19.822 W/dalvikvm(822): VFY: unable to resolve virtual method 1088: Landroid/graphics/drawable/Drawable$ConstantState;.canApplyTheme ()Z
10-20 17:35:19.822 D/dalvikvm(822): VFY: replacing opcode 0x6f at 0x0000
10-20 17:35:19.822 I/dalvikvm(822): Could not find method android.app.Activity.finishAfterTransition, referenced from method android.support.v4.app.FragmentActivity.onBackPressed
10-20 17:35:19.822 W/dalvikvm(822): VFY: unable to resolve virtual method 105: Landroid/app/Activity;.finishAfterTransition ()V
10-20 17:35:19.822 D/dalvikvm(822): VFY: replacing opcode 0x6e at 0x0012
10-20 17:35:19.822 I/dalvikvm(822): Could not find method android.widget.TextView.<init>, referenced from method com.teslacoilsw.launcher.widget.PressedAlphaCheckedTextView.<init>
10-20 17:35:19.822 W/dalvikvm(822): VFY: unable to resolve direct method 3900: Landroid/widget/TextView;.<init> (Landroid/content/Context;Landroid/util/AttributeSet;II)V
10-20 17:35:19.822 D/dalvikvm(822): VFY: replacing opcode 0x70 at 0x0000
10-20 17:35:19.841 D/OpenGLRenderer(822): Enabling debug mode 0
10-20 17:35:19.843 I/dalvikvm(822): Could not find method android.content.res.Resources.getDrawable, referenced from method o.crf.inflate
10-20 17:35:19.843 W/dalvikvm(822): VFY: unable to resolve virtual method 696: Landroid/content/res/Resources;.getDrawable (ILandroid/content/res/Resources$Theme;)Landroid/graphics/drawable/Drawable;
10-20 17:35:19.843 D/dalvikvm(822): VFY: replacing opcode 0x6e at 0x00ca
10-20 17:35:19.861 I/ProviderInstaller(1001): Installed default security provider GmsCore_OpenSSL
10-20 17:35:19.883 D/Tethering(527): MasterInitialState.processMessage what=3
10-20 17:35:19.883 D/CaptivePortalTracker(527): NoActiveNetworkState{ when=0 what=1 obj=NetworkInfo: type: WIFI[], state: CONNECTED/CONNECTED, reason: (unspecified), extra: "neneezatch", roaming: false, failover: false, isAvailable: true, isConnectedToProvisioningNetwork: false target=com.android.internal.util.StateMachine$SmHandler }
10-20 17:35:19.893 D/        (527): Setting time of day to sec=1445355319
10-20 17:35:19.971 D/NativeLibraryUtils(740): Install completed successfully. count=0 extracted=0
10-20 17:35:19.971 D/NativeLibraryUtils(1001): Installer failed to acquire lock.
10-20 17:35:19.971 D/NativeLibraryUtils(1001): java.io.IOException: fcntl failed: EAGAIN (Try again)
10-20 17:35:19.971 D/NativeLibraryUtils(1001): 	at java.nio.FileChannelImpl.basicLock(FileChannelImpl.java:123)
10-20 17:35:19.971 D/NativeLibraryUtils(1001): 	at java.nio.FileChannelImpl.tryLock(FileChannelImpl.java:177)
10-20 17:35:19.971 D/NativeLibraryUtils(1001): 	at java.nio.channels.FileChannel.tryLock(FileChannel.java:587)
10-20 17:35:19.971 D/NativeLibraryUtils(1001): 	at com.google.android.gms.common.util.bc.b(SourceFile:335)
10-20 17:35:19.971 D/NativeLibraryUtils(1001): 	at com.google.android.gms.common.app.a.run(SourceFile:205)
10-20 17:35:19.971 D/NativeLibraryUtils(1001): Caused by: libcore.io.ErrnoException: fcntl failed: EAGAIN (Try again)
10-20 17:35:19.971 D/NativeLibraryUtils(1001): 	at libcore.io.Posix.fcntlFlock(Native Method)
10-20 17:35:19.971 D/NativeLibraryUtils(1001): 	at libcore.io.ForwardingOs.fcntlFlock(ForwardingOs.java:54)
10-20 17:35:19.971 D/NativeLibraryUtils(1001): 	at java.nio.FileChannelImpl.basicLock(FileChannelImpl.java:121)
10-20 17:35:19.971 D/NativeLibraryUtils(1001): 	... 4 more
10-20 17:35:20.151 E/cutils  (162): Failed to mkdirat(/storage/usbdisk/Android): Read-only file system
10-20 17:35:20.151 W/ContextImpl(731): Failed to ensure directory: /storage/usbdisk/Android/data/com.touchtype.swiftkey/files
10-20 17:35:20.151 E/cutils  (162): Failed to mkdirat(/storage/usbdisk/Android): Read-only file system
10-20 17:35:20.151 W/Vold    (162): Returning OperationFailed - no handler for errno 30
10-20 17:35:20.151 W/Vold    (162): Returning OperationFailed - no handler for errno 30
10-20 17:35:20.161 W/ContextImpl(731): Failed to ensure directory: /storage/usbdisk/Android/data/com.touchtype.swiftkey/files
10-20 17:35:20.231 I/Choreographer(636): Skipped 320 frames!  The application may be doing too much work on its main thread.
