01-09 14:05:00.442 D/StatusBar-NetworkControllerDS(504): refreshViews connected={ wifi } level=4|4 combinedSignalIconId=0x7f0200ef/com.android.systemui:drawable/stat_sys_wifi_signal_4 combinedActivityIconId=0x7f0200d9 mAirplaneMode=false mDataActivity1=0 mDataActivity2=0 mPhoneSignalIconId1=0x7f0200cf mPhoneSignalIconId2=0x7f0200d5 mLastPhoneSignalIconId1=0x7f0200cf mLastPhoneSignalIconId2=0x7f0200d5 mDataDirectionIconId1=0x0 mDataDirectionIconId2=0x0 mDataSignalIconId1=0x7f0200cf mDataSignalIconId2=0x7f0200d5 mDataTypeIconId1=0x7f02009d mDataTypeIconId2=0x7f02009d mWifiIconId=0x7f0200ef mRoamingIconId1=0x0 mRoamingIconId2=0x0 mBluetoothTetherIconId=0x10806ce
01-09 14:05:00.442 D/SignalClusterView(504): wifi: VISIBLE sig=2130837743 act=2130837721
01-09 14:05:00.442 D/SignalClusterView(504): mobile1: VISIBLE sig=2130837711 act=0 typ=2130837661
01-09 14:05:00.442 D/SignalClusterView(504): mobile2: VISIBLE sig=2130837717 act=0 typ=2130837661
01-09 14:05:00.442 D/SignalClusterView(504): wifi: VISIBLE sig=2130837743 act=2130837721
01-09 14:05:00.442 D/SignalClusterView(504): mobile1: VISIBLE sig=2130837711 act=0 typ=2130837661
01-09 14:05:00.442 D/SignalClusterView(504): mobile2: VISIBLE sig=2130837717 act=0 typ=2130837661
01-09 14:05:00.442 D/SignalClusterView(504): wifi: VISIBLE sig=2130837743 act=2130837721
01-09 14:05:00.442 D/SignalClusterView(504): mobile1: VISIBLE sig=2130837711 act=0 typ=2130837661
01-09 14:05:00.442 D/SignalClusterView(504): mobile2: VISIBLE sig=2130837717 act=0 typ=2130837661
01-09 14:05:00.442 D/StatusBar-NetworkControllerDS(504): changing data overlay icon id to 2130837721
01-09 14:05:00.622 I/NRFW    (1283): profile=wifi
01-09 14:05:00.642 I/NRFW    (1283): serverip=103.235.47.88 localIp=10.0.8.1
01-09 14:05:01.442 W/SignalStrength(504): getGsmLevel. this.mGsmSignalBar=4, getGsmSignalStrength()== 12
01-09 14:05:01.442 W/SignalStrength(504): getGsmLevel=4
01-09 14:05:01.442 W/SignalStrength(504): getLevel=4 (SignalStrength: 12 255 -120 -160 -120 -1 -1 99 2147483647 -32767 2147483647 -32767 gsm|lte 4)
01-09 14:05:01.442 W/SignalStrength(504): getGsmLevel. this.mGsmSignalBar=4, getGsmSignalStrength()== 26
01-09 14:05:01.442 W/SignalStrength(504): getGsmLevel=4
01-09 14:05:01.442 W/SignalStrength(504): getLevel=4 (SignalStrength: 26 255 -120 -160 -120 -1 -1 99 2147483647 -32767 2147483647 -32767 gsm|lte 4)
01-09 14:05:01.442 D/StatusBar-NetworkControllerDS(504): refreshViews connected={ wifi } level=4|4 combinedSignalIconId=0x7f0200ef/com.android.systemui:drawable/stat_sys_wifi_signal_4 combinedActivityIconId=0x7f0200d8 mAirplaneMode=false mDataActivity1=0 mDataActivity2=0 mPhoneSignalIconId1=0x7f0200cf mPhoneSignalIconId2=0x7f0200d5 mLastPhoneSignalIconId1=0x7f0200cf mLastPhoneSignalIconId2=0x7f0200d5 mDataDirectionIconId1=0x0 mDataDirectionIconId2=0x0 mDataSignalIconId1=0x7f0200cf mDataSignalIconId2=0x7f0200d5 mDataTypeIconId1=0x7f02009d mDataTypeIconId2=0x7f02009d mWifiIconId=0x7f0200ef mRoamingIconId1=0x0 mRoamingIconId2=0x0 mBluetoothTetherIconId=0x10806ce
01-09 14:05:01.452 D/SignalClusterView(504): wifi: VISIBLE sig=2130837743 act=2130837720
01-09 14:05:01.452 D/SignalClusterView(504): mobile1: VISIBLE sig=2130837711 act=0 typ=2130837661
01-09 14:05:01.452 D/SignalClusterView(504): mobile2: VISIBLE sig=2130837717 act=0 typ=2130837661
01-09 14:05:01.452 D/SignalClusterView(504): wifi: VISIBLE sig=2130837743 act=2130837720
01-09 14:05:01.452 D/SignalClusterView(504): mobile1: VISIBLE sig=2130837711 act=0 typ=2130837661
01-09 14:05:01.452 D/SignalClusterView(504): mobile2: VISIBLE sig=2130837717 act=0 typ=2130837661
01-09 14:05:01.452 D/SignalClusterView(504): wifi: VISIBLE sig=2130837743 act=2130837720
01-09 14:05:01.452 D/SignalClusterView(504): mobile1: VISIBLE sig=2130837711 act=0 typ=2130837661
01-09 14:05:01.452 D/SignalClusterView(504): mobile2: VISIBLE sig=2130837717 act=0 typ=2130837661
01-09 14:05:01.452 D/StatusBar-NetworkControllerDS(504): changing data overlay icon id to 2130837720
01-09 14:05:01.692 D/dalvikvm(20886): GC_CONCURRENT freed 7286K, 28% free 24196K/33315K, paused 4ms+18ms
01-09 14:05:02.452 W/SignalStrength(504): getGsmLevel. this.mGsmSignalBar=4, getGsmSignalStrength()== 12
01-09 14:05:02.452 W/SignalStrength(504): getGsmLevel=4
01-09 14:05:02.452 W/SignalStrength(504): getLevel=4 (SignalStrength: 12 255 -120 -160 -120 -1 -1 99 2147483647 -32767 2147483647 -32767 gsm|lte 4)
01-09 14:05:02.452 W/SignalStrength(504): getGsmLevel. this.mGsmSignalBar=4, getGsmSignalStrength()== 26
01-09 14:05:02.452 W/SignalStrength(504): getGsmLevel=4
01-09 14:05:02.452 W/SignalStrength(504): getLevel=4 (SignalStrength: 26 255 -120 -160 -120 -1 -1 99 2147483647 -32767 2147483647 -32767 gsm|lte 4)
01-09 14:05:02.452 D/StatusBar-NetworkControllerDS(504): refreshViews connected={ wifi } level=4|4 combinedSignalIconId=0x7f0200ef/com.android.systemui:drawable/stat_sys_wifi_signal_4 combinedActivityIconId=0x7f0200d9 mAirplaneMode=false mDataActivity1=0 mDataActivity2=0 mPhoneSignalIconId1=0x7f0200cf mPhoneSignalIconId2=0x7f0200d5 mLastPhoneSignalIconId1=0x7f0200cf mLastPhoneSignalIconId2=0x7f0200d5 mDataDirectionIconId1=0x0 mDataDirectionIconId2=0x0 mDataSignalIconId1=0x7f0200cf mDataSignalIconId2=0x7f0200d5 mDataTypeIconId1=0x7f02009d mDataTypeIconId2=0x7f02009d mWifiIconId=0x7f0200ef mRoamingIconId1=0x0 mRoamingIconId2=0x0 mBluetoothTetherIconId=0x10806ce
01-09 14:05:02.452 D/SignalClusterView(504): wifi: VISIBLE sig=2130837743 act=2130837721
01-09 14:05:02.452 D/SignalClusterView(504): mobile1: VISIBLE sig=2130837711 act=0 typ=2130837661
01-09 14:05:02.452 D/SignalClusterView(504): mobile2: VISIBLE sig=2130837717 act=0 typ=2130837661
01-09 14:05:02.452 D/SignalClusterView(504): wifi: VISIBLE sig=2130837743 act=2130837721
01-09 14:05:02.452 D/SignalClusterView(504): mobile1: VISIBLE sig=2130837711 act=0 typ=2130837661
01-09 14:05:02.452 D/SignalClusterView(504): mobile2: VISIBLE sig=2130837717 act=0 typ=2130837661
01-09 14:05:02.452 D/SignalClusterView(504): wifi: VISIBLE sig=2130837743 act=2130837721
01-09 14:05:02.452 D/SignalClusterView(504): mobile1: VISIBLE sig=2130837711 act=0 typ=2130837661
01-09 14:05:02.452 D/SignalClusterView(504): mobile2: VISIBLE sig=2130837717 act=0 typ=2130837661
01-09 14:05:02.452 D/StatusBar-NetworkControllerDS(504): changing data overlay icon id to 2130837721
01-09 14:05:02.492 D/ConnectivityService(378): reportNetworkCondition(1, 100)
01-09 14:05:02.492 D/ConnectivityService(378): handleInetConditionChange: net=1, condition=100,mActiveDefaultNetwork=1
01-09 14:05:02.492 D/ConnectivityService(378): handleInetConditionChange: starting a change hold
01-09 14:05:02.522 W/AlarmManager(378): FACTORY_ON= 0
01-09 14:05:02.682 V/Babel   (21305): [GcmIntentService] ReceiveServerUpdateService will handle all server updates.
01-09 14:05:02.992 D/ConnectivityService(378): handleInetConditionHoldEnd: net=1, condition=100, published condition=100
01-09 14:05:02.992 D/ConnectivityService(378): sendStickyBroadcast: action=android.net.conn.INET_CONDITION_ACTION
01-09 14:05:03.032 W/SignalStrength(504): getGsmLevel. this.mGsmSignalBar=4, getGsmSignalStrength()== 12
01-09 14:05:03.032 W/SignalStrength(504): getGsmLevel=4
01-09 14:05:03.032 W/SignalStrength(504): getLevel=4 (SignalStrength: 12 255 -120 -160 -120 -1 -1 99 2147483647 -32767 2147483647 -32767 gsm|lte 4)
01-09 14:05:03.032 W/SignalStrength(504): getGsmLevel. this.mGsmSignalBar=4, getGsmSignalStrength()== 26
01-09 14:05:03.032 W/SignalStrength(504): getGsmLevel=4
01-09 14:05:03.032 W/SignalStrength(504): getLevel=4 (SignalStrength: 26 255 -120 -160 -120 -1 -1 99 2147483647 -32767 2147483647 -32767 gsm|lte 4)
01-09 14:05:03.032 W/SignalStrength(504): getGsmLevel. this.mGsmSignalBar=4, getGsmSignalStrength()== 12
01-09 14:05:03.032 W/SignalStrength(504): getGsmLevel=4
01-09 14:05:03.032 W/SignalStrength(504): getLevel=4 (SignalStrength: 12 255 -120 -160 -120 -1 -1 99 2147483647 -32767 2147483647 -32767 gsm|lte 4)
01-09 14:05:03.032 W/SignalStrength(504): getGsmLevel. this.mGsmSignalBar=4, getGsmSignalStrength()== 26
01-09 14:05:03.032 W/SignalStrength(504): getGsmLevel=4
01-09 14:05:03.032 W/SignalStrength(504): getLevel=4 (SignalStrength: 26 255 -120 -160 -120 -1 -1 99 2147483647 -32767 2147483647 -32767 gsm|lte 4)
01-09 14:05:03.032 D/TWStatusBar-NetworkControllerDS(504): onReceive() - CONNECTIVITY_ACTION, INET_CONDITION_ACTION
01-09 14:05:03.032 D/StatusBar-NetworkControllerDS(504): isDualSIM : SimState = 2, SimState2 = 2
01-09 14:05:03.032 D/StatusBar-NetworkControllerDS(504): isDualSIM : SimState = 2, SimState2 = 2
01-09 14:05:03.032 D/StatusBar-NetworkControllerDS(504): isDualSIM : SimState = 2, SimState2 = 2
01-09 14:05:03.032 D/StatusBar-NetworkControllerDS(504): isDualSIM : SimState = 2, SimState2 = 2
01-09 14:05:03.032 D/StatusBar-NetworkControllerDS(504): refreshViews connected={ wifi } level=4|4 combinedSignalIconId=0x7f0200ef/com.android.systemui:drawable/stat_sys_wifi_signal_4 combinedActivityIconId=0x7f0200d9 mAirplaneMode=false mDataActivity1=0 mDataActivity2=0 mPhoneSignalIconId1=0x7f0200cf mPhoneSignalIconId2=0x7f0200d5 mLastPhoneSignalIconId1=0x7f0200cf mLastPhoneSignalIconId2=0x7f0200d5 mDataDirectionIconId1=0x0 mDataDirectionIconId2=0x0 mDataSignalIconId1=0x7f0200cf mDataSignalIconId2=0x7f0200d5 mDataTypeIconId1=0x7f02009d mDataTypeIconId2=0x7f02009d mWifiIconId=0x7f0200ef mRoamingIconId1=0x0 mRoamingIconId2=0x0 mBluetoothTetherIconId=0x10806ce
01-09 14:05:03.032 D/SignalClusterView(504): wifi: VISIBLE sig=2130837743 act=2130837721
01-09 14:05:03.032 D/SignalClusterView(504): mobile1: VISIBLE sig=2130837711 act=0 typ=2130837661
01-09 14:05:03.032 D/SignalClusterView(504): mobile2: VISIBLE sig=2130837717 act=0 typ=2130837661
01-09 14:05:03.032 D/SignalClusterView(504): wifi: VISIBLE sig=2130837743 act=2130837721
01-09 14:05:03.032 D/SignalClusterView(504): mobile1: VISIBLE sig=2130837711 act=0 typ=2130837661
01-09 14:05:03.032 D/SignalClusterView(504): mobile2: VISIBLE sig=2130837717 act=0 typ=2130837661
01-09 14:05:03.032 D/SignalClusterView(504): wifi: VISIBLE sig=2130837743 act=2130837721
01-09 14:05:03.032 D/SignalClusterView(504): mobile1: VISIBLE sig=2130837711 act=0 typ=2130837661
01-09 14:05:03.032 D/SignalClusterView(504): mobile2: VISIBLE sig=2130837717 act=0 typ=2130837661
01-09 14:05:04.452 W/SignalStrength(504): getGsmLevel. this.mGsmSignalBar=4, getGsmSignalStrength()== 12
01-09 14:05:04.452 W/SignalStrength(504): getGsmLevel=4
01-09 14:05:04.452 W/SignalStrength(504): getLevel=4 (SignalStrength: 12 255 -120 -160 -120 -1 -1 99 2147483647 -32767 2147483647 -32767 gsm|lte 4)
01-09 14:05:04.452 W/SignalStrength(504): getGsmLevel. this.mGsmSignalBar=4, getGsmSignalStrength()== 26
01-09 14:05:04.452 W/SignalStrength(504): getGsmLevel=4
01-09 14:05:04.452 W/SignalStrength(504): getLevel=4 (SignalStrength: 26 255 -120 -160 -120 -1 -1 99 2147483647 -32767 2147483647 -32767 gsm|lte 4)
01-09 14:05:04.452 D/StatusBar-NetworkControllerDS(504): refreshViews connected={ wifi } level=4|4 combinedSignalIconId=0x7f0200ef/com.android.systemui:drawable/stat_sys_wifi_signal_4 combinedActivityIconId=0x7f0200d8 mAirplaneMode=false mDataActivity1=0 mDataActivity2=0 mPhoneSignalIconId1=0x7f0200cf mPhoneSignalIconId2=0x7f0200d5 mLastPhoneSignalIconId1=0x7f0200cf mLastPhoneSignalIconId2=0x7f0200d5 mDataDirectionIconId1=0x0 mDataDirectionIconId2=0x0 mDataSignalIconId1=0x7f0200cf mDataSignalIconId2=0x7f0200d5 mDataTypeIconId1=0x7f02009d mDataTypeIconId2=0x7f02009d mWifiIconId=0x7f0200ef mRoamingIconId1=0x0 mRoamingIconId2=0x0 mBluetoothTetherIconId=0x10806ce
01-09 14:05:04.452 D/SignalClusterView(504): wifi: VISIBLE sig=2130837743 act=2130837720
01-09 14:05:04.452 D/SignalClusterView(504): mobile1: VISIBLE sig=2130837711 act=0 typ=2130837661
01-09 14:05:04.452 D/SignalClusterView(504): mobile2: VISIBLE sig=2130837717 act=0 typ=2130837661
01-09 14:05:04.452 D/SignalClusterView(504): wifi: VISIBLE sig=2130837743 act=2130837720
01-09 14:05:04.452 D/SignalClusterView(504): mobile1: VISIBLE sig=2130837711 act=0 typ=2130837661
01-09 14:05:04.452 D/SignalClusterView(504): mobile2: VISIBLE sig=2130837717 act=0 typ=2130837661
01-09 14:05:04.452 D/SignalClusterView(504): wifi: VISIBLE sig=2130837743 act=2130837720
01-09 14:05:04.452 D/SignalClusterView(504): mobile1: VISIBLE sig=2130837711 act=0 typ=2130837661
01-09 14:05:04.452 D/SignalClusterView(504): mobile2: VISIBLE sig=2130837717 act=0 typ=2130837661
01-09 14:05:04.452 D/StatusBar-NetworkControllerDS(504): changing data overlay icon id to 2130837720
01-09 14:05:04.802 D/dalvikvm(20886): GC_CONCURRENT freed 7277K, 28% free 24210K/33315K, paused 3ms+18ms
01-09 14:05:05.032 I/NRFW    (1283): profile=wifi
01-09 14:05:05.452 W/SignalStrength(504): getGsmLevel. this.mGsmSignalBar=4, getGsmSignalStrength()== 12
01-09 14:05:05.452 W/SignalStrength(504): getGsmLevel=4
01-09 14:05:05.452 W/SignalStrength(504): getLevel=4 (SignalStrength: 12 255 -120 -160 -120 -1 -1 99 2147483647 -32767 2147483647 -32767 gsm|lte 4)
01-09 14:05:05.452 W/SignalStrength(504): getGsmLevel. this.mGsmSignalBar=4, getGsmSignalStrength()== 26
01-09 14:05:05.452 W/SignalStrength(504): getGsmLevel=4
01-09 14:05:05.452 W/SignalStrength(504): getLevel=4 (SignalStrength: 26 255 -120 -160 -120 -1 -1 99 2147483647 -32767 2147483647 -32767 gsm|lte 4)
01-09 14:05:05.452 D/StatusBar-NetworkControllerDS(504): refreshViews connected={ wifi } level=4|4 combinedSignalIconId=0x7f0200ef/com.android.systemui:drawable/stat_sys_wifi_signal_4 combinedActivityIconId=0x7f0200d9 mAirplaneMode=false mDataActivity1=0 mDataActivity2=0 mPhoneSignalIconId1=0x7f0200cf mPhoneSignalIconId2=0x7f0200d5 mLastPhoneSignalIconId1=0x7f0200cf mLastPhoneSignalIconId2=0x7f0200d5 mDataDirectionIconId1=0x0 mDataDirectionIconId2=0x0 mDataSignalIconId1=0x7f0200cf mDataSignalIconId2=0x7f0200d5 mDataTypeIconId1=0x7f02009d mDataTypeIconId2=0x7f02009d mWifiIconId=0x7f0200ef mRoamingIconId1=0x0 mRoamingIconId2=0x0 mBluetoothTetherIconId=0x10806ce
01-09 14:05:05.452 D/SignalClusterView(504): wifi: VISIBLE sig=2130837743 act=2130837721
01-09 14:05:05.452 D/SignalClusterView(504): mobile1: VISIBLE sig=2130837711 act=0 typ=2130837661
01-09 14:05:05.452 D/SignalClusterView(504): mobile2: VISIBLE sig=2130837717 act=0 typ=2130837661
01-09 14:05:05.452 D/SignalClusterView(504): wifi: VISIBLE sig=2130837743 act=2130837721
01-09 14:05:05.452 D/SignalClusterView(504): mobile1: VISIBLE sig=2130837711 act=0 typ=2130837661
01-09 14:05:05.452 D/SignalClusterView(504): mobile2: VISIBLE sig=2130837717 act=0 typ=2130837661
01-09 14:05:05.452 D/SignalClusterView(504): wifi: VISIBLE sig=2130837743 act=2130837721
01-09 14:05:05.452 D/SignalClusterView(504): mobile1: VISIBLE sig=2130837711 act=0 typ=2130837661
01-09 14:05:05.452 D/SignalClusterView(504): mobile2: VISIBLE sig=2130837717 act=0 typ=2130837661
01-09 14:05:05.452 D/StatusBar-NetworkControllerDS(504): changing data overlay icon id to 2130837721
01-09 14:05:06.672 I/NRFW    (1283): serverip=103.235.47.88 localIp=10.0.8.1
01-09 14:05:07.472 W/SignalStrength(504): getGsmLevel. this.mGsmSignalBar=4, getGsmSignalStrength()== 12
01-09 14:05:07.472 W/SignalStrength(504): getGsmLevel=4
01-09 14:05:07.472 W/SignalStrength(504): getLevel=4 (SignalStrength: 12 255 -120 -160 -120 -1 -1 99 2147483647 -32767 2147483647 -32767 gsm|lte 4)
01-09 14:05:07.472 W/SignalStrength(504): getGsmLevel. this.mGsmSignalBar=4, getGsmSignalStrength()== 26
01-09 14:05:07.472 W/SignalStrength(504): getGsmLevel=4
01-09 14:05:07.472 W/SignalStrength(504): getLevel=4 (SignalStrength: 26 255 -120 -160 -120 -1 -1 99 2147483647 -32767 2147483647 -32767 gsm|lte 4)
01-09 14:05:07.472 D/StatusBar-NetworkControllerDS(504): refreshViews connected={ wifi } level=4|4 combinedSignalIconId=0x7f0200ef/com.android.systemui:drawable/stat_sys_wifi_signal_4 combinedActivityIconId=0x7f0200d8 mAirplaneMode=false mDataActivity1=0 mDataActivity2=0 mPhoneSignalIconId1=0x7f0200cf mPhoneSignalIconId2=0x7f0200d5 mLastPhoneSignalIconId1=0x7f0200cf mLastPhoneSignalIconId2=0x7f0200d5 mDataDirectionIconId1=0x0 mDataDirectionIconId2=0x0 mDataSignalIconId1=0x7f0200cf mDataSignalIconId2=0x7f0200d5 mDataTypeIconId1=0x7f02009d mDataTypeIconId2=0x7f02009d mWifiIconId=0x7f0200ef mRoamingIconId1=0x0 mRoamingIconId2=0x0 mBluetoothTetherIconId=0x10806ce
01-09 14:05:07.472 D/SignalClusterView(504): wifi: VISIBLE sig=2130837743 act=2130837720
01-09 14:05:07.472 D/SignalClusterView(504): mobile1: VISIBLE sig=2130837711 act=0 typ=2130837661
01-09 14:05:07.472 D/SignalClusterView(504): mobile2: VISIBLE sig=2130837717 act=0 typ=2130837661
01-09 14:05:07.472 D/SignalClusterView(504): wifi: VISIBLE sig=2130837743 act=2130837720
01-09 14:05:07.472 D/SignalClusterView(504): mobile1: VISIBLE sig=2130837711 act=0 typ=2130837661
01-09 14:05:07.472 D/SignalClusterView(504): mobile2: VISIBLE sig=2130837717 act=0 typ=2130837661
01-09 14:05:07.472 D/SignalClusterView(504): wifi: VISIBLE sig=2130837743 act=2130837720
01-09 14:05:07.472 D/SignalClusterView(504): mobile1: VISIBLE sig=2130837711 act=0 typ=2130837661
01-09 14:05:07.472 D/SignalClusterView(504): mobile2: VISIBLE sig=2130837717 act=0 typ=2130837661
01-09 14:05:07.472 D/StatusBar-NetworkControllerDS(504): changing data overlay icon id to 2130837720
01-09 14:05:07.692 D/ConnectivityService(378): reportNetworkCondition(1, 100)
01-09 14:05:07.702 D/ConnectivityService(378): handleInetConditionChange: net=1, condition=100,mActiveDefaultNetwork=1
01-09 14:05:07.702 D/ConnectivityService(378): handleInetConditionChange: starting a change hold
01-09 14:05:07.762 W/AlarmManager(378): FACTORY_ON= 0
01-09 14:05:07.892 D/dalvikvm(20886): GC_CONCURRENT freed 7299K, 28% free 24205K/33315K, paused 4ms+31ms
01-09 14:05:07.912 V/Babel   (21305): [GcmIntentService] ReceiveServerUpdateService will handle all server updates.
01-09 14:05:08.202 W/SignalStrength(504): getGsmLevel. this.mGsmSignalBar=4, getGsmSignalStrength()== 12
01-09 14:05:08.202 W/SignalStrength(504): getGsmLevel=4
01-09 14:05:08.202 W/SignalStrength(504): getLevel=4 (SignalStrength: 12 255 -120 -160 -120 -1 -1 99 2147483647 -32767 2147483647 -32767 gsm|lte 4)
01-09 14:05:08.202 W/SignalStrength(504): getGsmLevel. this.mGsmSignalBar=4, getGsmSignalStrength()== 26
01-09 14:05:08.202 W/SignalStrength(504): getGsmLevel=4
01-09 14:05:08.202 D/ConnectivityService(378): handleInetConditionHoldEnd: net=1, condition=100, published condition=100
01-09 14:05:08.202 D/ConnectivityService(378): sendStickyBroadcast: action=android.net.conn.INET_CONDITION_ACTION
01-09 14:05:08.202 D/TWStatusBar-NetworkControllerDS(504): onReceive() - CONNECTIVITY_ACTION, INET_CONDITION_ACTION
01-09 14:05:08.202 D/StatusBar-NetworkControllerDS(504): isDualSIM : SimState = 2, SimState2 = 2
01-09 14:05:08.202 D/StatusBar-NetworkControllerDS(504): isDualSIM : SimState = 2, SimState2 = 2
01-09 14:05:08.202 D/StatusBar-NetworkControllerDS(504): isDualSIM : SimState = 2, SimState2 = 2
01-09 14:05:08.212 W/SignalStrength(504): getLevel=4 (SignalStrength: 26 255 -120 -160 -120 -1 -1 99 2147483647 -32767 2147483647 -32767 gsm|lte 4)
01-09 14:05:08.212 W/SignalStrength(504): getGsmLevel. this.mGsmSignalBar=4, getGsmSignalStrength()== 12
01-09 14:05:08.212 W/SignalStrength(504): getGsmLevel=4
01-09 14:05:08.212 W/SignalStrength(504): getLevel=4 (SignalStrength: 12 255 -120 -160 -120 -1 -1 99 2147483647 -32767 2147483647 -32767 gsm|lte 4)
01-09 14:05:08.212 W/SignalStrength(504): getGsmLevel. this.mGsmSignalBar=4, getGsmSignalStrength()== 26
01-09 14:05:08.212 W/SignalStrength(504): getGsmLevel=4
01-09 14:05:08.212 W/SignalStrength(504): getLevel=4 (SignalStrength: 26 255 -120 -160 -120 -1 -1 99 2147483647 -32767 2147483647 -32767 gsm|lte 4)
01-09 14:05:08.212 D/StatusBar-NetworkControllerDS(504): isDualSIM : SimState = 2, SimState2 = 2
01-09 14:05:08.212 D/StatusBar-NetworkControllerDS(504): refreshViews connected={ wifi } level=4|4 combinedSignalIconId=0x7f0200ef/com.android.systemui:drawable/stat_sys_wifi_signal_4 combinedActivityIconId=0x7f0200d8 mAirplaneMode=false mDataActivity1=0 mDataActivity2=0 mPhoneSignalIconId1=0x7f0200cf mPhoneSignalIconId2=0x7f0200d5 mLastPhoneSignalIconId1=0x7f0200cf mLastPhoneSignalIconId2=0x7f0200d5 mDataDirectionIconId1=0x0 mDataDirectionIconId2=0x0 mDataSignalIconId1=0x7f0200cf mDataSignalIconId2=0x7f0200d5 mDataTypeIconId1=0x7f02009d mDataTypeIconId2=0x7f02009d mWifiIconId=0x7f0200ef mRoamingIconId1=0x0 mRoamingIconId2=0x0 mBluetoothTetherIconId=0x10806ce
01-09 14:05:08.212 D/SignalClusterView(504): wifi: VISIBLE sig=2130837743 act=2130837720
01-09 14:05:08.212 D/SignalClusterView(504): mobile1: VISIBLE sig=2130837711 act=0 typ=2130837661
01-09 14:05:08.212 D/SignalClusterView(504): mobile2: VISIBLE sig=2130837717 act=0 typ=2130837661
01-09 14:05:08.212 D/SignalClusterView(504): wifi: VISIBLE sig=2130837743 act=2130837720
01-09 14:05:08.222 D/SignalClusterView(504): mobile1: VISIBLE sig=2130837711 act=0 typ=2130837661
01-09 14:05:08.222 D/SignalClusterView(504): mobile2: VISIBLE sig=2130837717 act=0 typ=2130837661
01-09 14:05:08.222 D/SignalClusterView(504): wifi: VISIBLE sig=2130837743 act=2130837720
01-09 14:05:08.222 D/SignalClusterView(504): mobile1: VISIBLE sig=2130837711 act=0 typ=2130837661
01-09 14:05:08.222 D/SignalClusterView(504): mobile2: VISIBLE sig=2130837717 act=0 typ=2130837661
01-09 14:05:08.342 D/dalvikvm(504): GC_CONCURRENT freed 4364K, 49% free 15845K/30947K, paused 2ms+8ms
01-09 14:05:08.472 W/SignalStrength(504): getGsmLevel. this.mGsmSignalBar=4, getGsmSignalStrength()== 12
01-09 14:05:08.472 W/SignalStrength(504): getGsmLevel=4
01-09 14:05:08.472 W/SignalStrength(504): getLevel=4 (SignalStrength: 12 255 -120 -160 -120 -1 -1 99 2147483647 -32767 2147483647 -32767 gsm|lte 4)
01-09 14:05:08.472 W/SignalStrength(504): getGsmLevel. this.mGsmSignalBar=4, getGsmSignalStrength()== 26
01-09 14:05:08.472 W/SignalStrength(504): getGsmLevel=4
01-09 14:05:08.472 W/SignalStrength(504): getLevel=4 (SignalStrength: 26 255 -120 -160 -120 -1 -1 99 2147483647 -32767 2147483647 -32767 gsm|lte 4)
01-09 14:05:08.472 D/StatusBar-NetworkControllerDS(504): refreshViews connected={ wifi } level=4|4 combinedSignalIconId=0x7f0200ef/com.android.systemui:drawable/stat_sys_wifi_signal_4 combinedActivityIconId=0x7f0200d9 mAirplaneMode=false mDataActivity1=0 mDataActivity2=0 mPhoneSignalIconId1=0x7f0200cf mPhoneSignalIconId2=0x7f0200d5 mLastPhoneSignalIconId1=0x7f0200cf mLastPhoneSignalIconId2=0x7f0200d5 mDataDirectionIconId1=0x0 mDataDirectionIconId2=0x0 mDataSignalIconId1=0x7f0200cf mDataSignalIconId2=0x7f0200d5 mDataTypeIconId1=0x7f02009d mDataTypeIconId2=0x7f02009d mWifiIconId=0x7f0200ef mRoamingIconId1=0x0 mRoamingIconId2=0x0 mBluetoothTetherIconId=0x10806ce
01-09 14:05:08.482 D/SignalClusterView(504): wifi: VISIBLE sig=2130837743 act=2130837721
01-09 14:05:08.482 D/SignalClusterView(504): mobile1: VISIBLE sig=2130837711 act=0 typ=2130837661
01-09 14:05:08.482 D/SignalClusterView(504): mobile2: VISIBLE sig=2130837717 act=0 typ=2130837661
01-09 14:05:08.482 D/SignalClusterView(504): wifi: VISIBLE sig=2130837743 act=2130837721
01-09 14:05:08.482 D/SignalClusterView(504): mobile1: VISIBLE sig=2130837711 act=0 typ=2130837661
01-09 14:05:08.482 D/SignalClusterView(504): mobile2: VISIBLE sig=2130837717 act=0 typ=2130837661
01-09 14:05:08.482 D/SignalClusterView(504): wifi: VISIBLE sig=2130837743 act=2130837721
01-09 14:05:08.482 D/SignalClusterView(504): mobile1: VISIBLE sig=2130837711 act=0 typ=2130837661
01-09 14:05:08.482 D/SignalClusterView(504): mobile2: VISIBLE sig=2130837717 act=0 typ=2130837661
01-09 14:05:08.482 D/StatusBar-NetworkControllerDS(504): changing data overlay icon id to 2130837721
01-09 14:05:10.482 W/SignalStrength(504): getGsmLevel. this.mGsmSignalBar=4, getGsmSignalStrength()== 12
01-09 14:05:10.482 W/SignalStrength(504): getGsmLevel=4
01-09 14:05:10.482 W/SignalStrength(504): getLevel=4 (SignalStrength: 12 255 -120 -160 -120 -1 -1 99 2147483647 -32767 2147483647 -32767 gsm|lte 4)
01-09 14:05:10.482 W/SignalStrength(504): getGsmLevel. this.mGsmSignalBar=4, getGsmSignalStrength()== 26
01-09 14:05:10.482 W/SignalStrength(504): getGsmLevel=4
01-09 14:05:10.482 W/SignalStrength(504): getLevel=4 (SignalStrength: 26 255 -120 -160 -120 -1 -1 99 2147483647 -32767 2147483647 -32767 gsm|lte 4)
01-09 14:05:10.482 D/StatusBar-NetworkControllerDS(504): refreshViews connected={ wifi } level=4|4 combinedSignalIconId=0x7f0200ef/com.android.systemui:drawable/stat_sys_wifi_signal_4 combinedActivityIconId=0x7f0200d8 mAirplaneMode=false mDataActivity1=0 mDataActivity2=0 mPhoneSignalIconId1=0x7f0200cf mPhoneSignalIconId2=0x7f0200d5 mLastPhoneSignalIconId1=0x7f0200cf mLastPhoneSignalIconId2=0x7f0200d5 mDataDirectionIconId1=0x0 mDataDirectionIconId2=0x0 mDataSignalIconId1=0x7f0200cf mDataSignalIconId2=0x7f0200d5 mDataTypeIconId1=0x7f02009d mDataTypeIconId2=0x7f02009d mWifiIconId=0x7f0200ef mRoamingIconId1=0x0 mRoamingIconId2=0x0 mBluetoothTetherIconId=0x10806ce
01-09 14:05:10.482 D/SignalClusterView(504): wifi: VISIBLE sig=2130837743 act=2130837720
01-09 14:05:10.482 D/SignalClusterView(504): mobile1: VISIBLE sig=2130837711 act=0 typ=2130837661
01-09 14:05:10.482 D/SignalClusterView(504): mobile2: VISIBLE sig=2130837717 act=0 typ=2130837661
01-09 14:05:10.482 D/SignalClusterView(504): wifi: VISIBLE sig=2130837743 act=2130837720
01-09 14:05:10.482 D/SignalClusterView(504): mobile1: VISIBLE sig=2130837711 act=0 typ=2130837661
01-09 14:05:10.482 D/SignalClusterView(504): mobile2: VISIBLE sig=2130837717 act=0 typ=2130837661
01-09 14:05:10.482 D/SignalClusterView(504): wifi: VISIBLE sig=2130837743 act=2130837720
01-09 14:05:10.482 D/SignalClusterView(504): mobile1: VISIBLE sig=2130837711 act=0 typ=2130837661
01-09 14:05:10.482 D/SignalClusterView(504): mobile2: VISIBLE sig=2130837717 act=0 typ=2130837661
01-09 14:05:10.482 D/StatusBar-NetworkControllerDS(504): changing data overlay icon id to 2130837720
01-09 14:05:10.952 D/dalvikvm(20886): GC_CONCURRENT freed 7291K, 28% free 24207K/33315K, paused 3ms+18ms
01-09 14:05:12.282 I/NRFW    (1283): profile=wifi
01-09 14:05:12.512 D/plugin  (689): getDefaultSubscription()
01-09 14:05:12.522 W/SignalStrength(504): getGsmLevel. this.mGsmSignalBar=4, getGsmSignalStrength()== 12
01-09 14:05:12.522 W/SignalStrength(504): getGsmLevel=4
01-09 14:05:12.522 W/SignalStrength(504): getLevel=4 (SignalStrength: 12 255 -120 -160 -120 -1 -1 99 2147483647 -32767 2147483647 -32767 gsm|lte 4)
01-09 14:05:12.522 W/SignalStrength(504): getGsmLevel. this.mGsmSignalBar=4, getGsmSignalStrength()== 26
01-09 14:05:12.522 W/SignalStrength(504): getGsmLevel=4
01-09 14:05:12.522 W/SignalStrength(504): getLevel=4 (SignalStrength: 26 255 -120 -160 -120 -1 -1 99 2147483647 -32767 2147483647 -32767 gsm|lte 4)
01-09 14:05:12.522 D/StatusBar-NetworkControllerDS(504): refreshViews connected={ wifi } level=4|4 combinedSignalIconId=0x7f0200ef/com.android.systemui:drawable/stat_sys_wifi_signal_4 combinedActivityIconId=0x7f0200d9 mAirplaneMode=false mDataActivity1=0 mDataActivity2=0 mPhoneSignalIconId1=0x7f0200cf mPhoneSignalIconId2=0x7f0200d5 mLastPhoneSignalIconId1=0x7f0200cf mLastPhoneSignalIconId2=0x7f0200d5 mDataDirectionIconId1=0x0 mDataDirectionIconId2=0x0 mDataSignalIconId1=0x7f0200cf mDataSignalIconId2=0x7f0200d5 mDataTypeIconId1=0x7f02009d mDataTypeIconId2=0x7f02009d mWifiIconId=0x7f0200ef mRoamingIconId1=0x0 mRoamingIconId2=0x0 mBluetoothTetherIconId=0x10806ce
01-09 14:05:12.522 D/SignalClusterView(504): wifi: VISIBLE sig=2130837743 act=2130837721
01-09 14:05:12.522 D/SignalClusterView(504): mobile1: VISIBLE sig=2130837711 act=0 typ=2130837661
01-09 14:05:12.522 D/SignalClusterView(504): mobile2: VISIBLE sig=2130837717 act=0 typ=2130837661
01-09 14:05:12.522 D/SignalClusterView(504): wifi: VISIBLE sig=2130837743 act=2130837721
01-09 14:05:12.522 D/SignalClusterView(504): mobile1: VISIBLE sig=2130837711 act=0 typ=2130837661
01-09 14:05:12.522 D/SignalClusterView(504): mobile2: VISIBLE sig=2130837717 act=0 typ=2130837661
01-09 14:05:12.522 D/SignalClusterView(504): wifi: VISIBLE sig=2130837743 act=2130837721
01-09 14:05:12.522 D/SignalClusterView(504): mobile1: VISIBLE sig=2130837711 act=0 typ=2130837661
01-09 14:05:12.522 D/SignalClusterView(504): mobile2: VISIBLE sig=2130837717 act=0 typ=2130837661
01-09 14:05:12.522 D/StatusBar-NetworkControllerDS(504): changing data overlay icon id to 2130837721
01-09 14:05:12.572 D/ConnectivityService(378): reportNetworkCondition(1, 100)
01-09 14:05:12.572 D/ConnectivityService(378): handleInetConditionChange: net=1, condition=100,mActiveDefaultNetwork=1
01-09 14:05:12.572 D/ConnectivityService(378): handleInetConditionChange: starting a change hold
01-09 14:05:12.602 W/AlarmManager(378): FACTORY_ON= 0
01-09 14:05:12.832 V/Babel   (21305): [GcmIntentService] ReceiveServerUpdateService will handle all server updates.
01-09 14:05:13.072 W/SignalStrength(504): getGsmLevel. this.mGsmSignalBar=4, getGsmSignalStrength()== 12
01-09 14:05:13.072 W/SignalStrength(504): getGsmLevel=4
01-09 14:05:13.072 W/SignalStrength(504): getLevel=4 (SignalStrength: 12 255 -120 -160 -120 -1 -1 99 2147483647 -32767 2147483647 -32767 gsm|lte 4)
01-09 14:05:13.072 W/SignalStrength(504): getGsmLevel. this.mGsmSignalBar=4, getGsmSignalStrength()== 26
01-09 14:05:13.072 W/SignalStrength(504): getGsmLevel=4
01-09 14:05:13.072 W/SignalStrength(504): getLevel=4 (SignalStrength: 26 255 -120 -160 -120 -1 -1 99 2147483647 -32767 2147483647 -32767 gsm|lte 4)
01-09 14:05:13.072 W/SignalStrength(504): getGsmLevel. this.mGsmSignalBar=4, getGsmSignalStrength()== 12
01-09 14:05:13.072 W/SignalStrength(504): getGsmLevel=4
01-09 14:05:13.072 W/SignalStrength(504): getLevel=4 (SignalStrength: 12 255 -120 -160 -120 -1 -1 99 2147483647 -32767 2147483647 -32767 gsm|lte 4)
01-09 14:05:13.072 W/SignalStrength(504): getGsmLevel. this.mGsmSignalBar=4, getGsmSignalStrength()== 26
01-09 14:05:13.072 W/SignalStrength(504): getGsmLevel=4
01-09 14:05:13.072 W/SignalStrength(504): getLevel=4 (SignalStrength: 26 255 -120 -160 -120 -1 -1 99 2147483647 -32767 2147483647 -32767 gsm|lte 4)
01-09 14:05:13.072 D/ConnectivityService(378): handleInetConditionHoldEnd: net=1, condition=100, published condition=100
01-09 14:05:13.072 D/ConnectivityService(378): sendStickyBroadcast: action=android.net.conn.INET_CONDITION_ACTION
01-09 14:05:13.072 D/TWStatusBar-NetworkControllerDS(504): onReceive() - CONNECTIVITY_ACTION, INET_CONDITION_ACTION
01-09 14:05:13.072 D/StatusBar-NetworkControllerDS(504): isDualSIM : SimState = 2, SimState2 = 2
01-09 14:05:13.072 D/StatusBar-NetworkControllerDS(504): isDualSIM : SimState = 2, SimState2 = 2
01-09 14:05:13.072 D/StatusBar-NetworkControllerDS(504): isDualSIM : SimState = 2, SimState2 = 2
01-09 14:05:13.072 D/StatusBar-NetworkControllerDS(504): isDualSIM : SimState = 2, SimState2 = 2
01-09 14:05:13.072 D/StatusBar-NetworkControllerDS(504): refreshViews connected={ wifi } level=4|4 combinedSignalIconId=0x7f0200ef/com.android.systemui:drawable/stat_sys_wifi_signal_4 combinedActivityIconId=0x7f0200d9 mAirplaneMode=false mDataActivity1=0 mDataActivity2=0 mPhoneSignalIconId1=0x7f0200cf mPhoneSignalIconId2=0x7f0200d5 mLastPhoneSignalIconId1=0x7f0200cf mLastPhoneSignalIconId2=0x7f0200d5 mDataDirectionIconId1=0x0 mDataDirectionIconId2=0x0 mDataSignalIconId1=0x7f0200cf mDataSignalIconId2=0x7f0200d5 mDataTypeIconId1=0x7f02009d mDataTypeIconId2=0x7f02009d mWifiIconId=0x7f0200ef mRoamingIconId1=0x0 mRoamingIconId2=0x0 mBluetoothTetherIconId=0x10806ce
01-09 14:05:13.072 D/SignalClusterView(504): wifi: VISIBLE sig=2130837743 act=2130837721
01-09 14:05:13.072 D/SignalClusterView(504): mobile1: VISIBLE sig=2130837711 act=0 typ=2130837661
01-09 14:05:13.072 D/SignalClusterView(504): mobile2: VISIBLE sig=2130837717 act=0 typ=2130837661
01-09 14:05:13.072 D/SignalClusterView(504): wifi: VISIBLE sig=2130837743 act=2130837721
01-09 14:05:13.072 D/SignalClusterView(504): mobile1: VISIBLE sig=2130837711 act=0 typ=2130837661
01-09 14:05:13.092 D/SignalClusterView(504): mobile2: VISIBLE sig=2130837717 act=0 typ=2130837661
01-09 14:05:13.092 D/SignalClusterView(504): wifi: VISIBLE sig=2130837743 act=2130837721
01-09 14:05:13.092 D/SignalClusterView(504): mobile1: VISIBLE sig=2130837711 act=0 typ=2130837661
01-09 14:05:13.092 D/SignalClusterView(504): mobile2: VISIBLE sig=2130837717 act=0 typ=2130837661
01-09 14:05:13.522 W/SignalStrength(504): getGsmLevel. this.mGsmSignalBar=4, getGsmSignalStrength()== 12
01-09 14:05:20.982 I/Adreno200-EGLSUB(110): <GetImageAttributes:1226>: RGBA_8888
01-09 14:05:20.982 D/memalloc(110): /dev/pmem: Freeing buffer base:0x41e54000 size:860160 offset:3936256 fd:36
01-09 14:05:20.982 D/memalloc(110): /dev/pmem: Allocated buffer base:0x41a93000 size:1167360 offset:11923456 fd:36
01-09 14:05:20.982 D/memalloc(20886): /dev/pmem: Mapped buffer base:0x56283000 size:13090816 offset:11923456 fd:92
01-09 14:05:21.072 D/KeyguardViewMediator(378): setHidden false
01-09 14:05:21.092 D/memalloc(20886): /dev/pmem: Unmapping buffer base:0x5401f000 size:5963776 offset:4796416
01-09 14:05:21.092 D/memalloc(20886): /dev/pmem: Unmapping buffer base:0x56283000 size:13090816 offset:11923456
01-09 14:05:21.092 D/memalloc(110): /dev/pmem: Freeing buffer base:0x425f2000 size:1167360 offset:11923456 fd:36
01-09 14:05:21.092 I/Adreno200-EGLSUB(20886): <ConfigWindowMatch:2218>: Format RGBA_8888.
01-09 14:05:21.092 D/memalloc(110): /dev/pmem: Allocated buffer base:0x41a93000 size:1228800 offset:11923456 fd:36
01-09 14:05:21.102 D/memalloc(20886): /dev/pmem: Mapped buffer base:0x56283000 size:13152256 offset:11923456 fd:61
01-09 14:05:21.132 D/memalloc(110): /dev/pmem: Allocated buffer base:0x41a93000 size:1228800 offset:3076096 fd:54
01-09 14:05:21.132 D/memalloc(20886): /dev/pmem: Mapped buffer base:0x5401f000 size:4304896 offset:3076096 fd:92
01-09 14:05:21.132 I/Adreno200-EGLSUB(110): <CreateImage:1017>: Android Image
01-09 14:05:21.132 I/Adreno200-EGLSUB(110): <GetImageAttributes:1226>: RGBA_8888
01-09 14:05:21.132 D/memalloc(110): /dev/pmem: Freeing buffer base:0x41f26000 size:1167360 offset:4796416 fd:51
01-09 14:05:21.162 W/SurfaceFlinger(110): id=1224(7) createSurface 0x2f157c (1x1),1 flag=0
01-09 14:05:21.162 D/KeyguardViewMediator(378): setHidden false
01-09 14:05:21.182 D/memalloc(110): /dev/pmem: Allocated buffer base:0x41a93000 size:491520 offset:4304896 fd:51
01-09 14:05:21.192 D/memalloc(20886): /dev/pmem: Mapped buffer base:0x5480a000 size:4796416 offset:4304896 fd:95
01-09 14:05:21.242 I/Adreno200-EGLSUB(110): <CreateImage:1017>: Android Image
01-09 14:05:21.242 I/Adreno200-EGLSUB(110): <GetImageAttributes:1226>: RGBA_8888
01-09 14:05:21.262 D/KeyguardViewMediator(378): setHidden false
01-09 14:05:21.262 D/KeyguardViewMediator(378): setHidden false
01-09 14:05:21.532 D/STATUSBAR-NotificationService(378): cancelNotification - pkg:menion.android.locus.pro, id:100, tag:null
01-09 14:05:21.532 D/STATUSBAR-NotificationService(378): updateLightsLocked() : Turn off notification light
01-09 14:05:21.542 D/KeyguardViewMediator(378): setHidden false
01-09 14:05:21.542 D/STATUSBAR-NotificationService(378): cancelNotification - pkg:menion.android.locus.pro, id:100, tag:null
01-09 14:05:21.552 D/STATUSBAR-NotificationService(378): cancelNotification - pkg:menion.android.locus.pro, id:100, tag:null
01-09 14:05:21.572 D/KeyguardViewMediator(378): setHidden false
01-09 14:05:21.732 D/KeyguardViewMediator(378): setHidden false
01-09 14:05:21.792 D/ConnectivityService(378): reportNetworkCondition(1, 100)
01-09 14:05:21.792 D/ConnectivityService(378): handleInetConditionChange: net=1, condition=100,mActiveDefaultNetwork=1
01-09 14:05:21.792 D/ConnectivityService(378): handleInetConditionChange: starting a change hold
01-09 14:05:21.802 W/AlarmManager(378): FACTORY_ON= 0
01-09 14:05:21.822 D/memalloc(20886): /dev/pmem: Unmapping buffer base:0x56283000 size:13152256 offset:11923456
01-09 14:05:21.822 D/memalloc(20886): /dev/pmem: Unmapping buffer base:0x5401f000 size:4304896 offset:3076096
01-09 14:05:21.822 D/memalloc(110): /dev/pmem: Freeing buffer base:0x41d82000 size:1228800 offset:3076096 fd:54
01-09 14:05:21.822 I/Adreno200-EGLSUB(20886): <ConfigWindowMatch:2218>: Format RGBA_8888.
01-09 14:05:21.832 D/memalloc(110): /dev/pmem: Allocated buffer base:0x41a93000 size:1044480 offset:3076096 fd:54
01-09 14:05:21.832 D/memalloc(20886): /dev/pmem: Mapped buffer base:0x5401f000 size:4120576 offset:3076096 fd:61
01-09 14:05:21.842 D/memalloc(110): /dev/pmem: Allocated buffer base:0x41a93000 size:1044480 offset:4796416 fd:60
01-09 14:05:21.852 D/memalloc(20886): /dev/pmem: Mapped buffer base:0x56283000 size:5840896 offset:4796416 fd:92
01-09 14:05:21.872 I/Adreno200-EGLSUB(110): <CreateImage:1017>: Android Image
01-09 14:05:21.872 I/Adreno200-EGLSUB(110): <GetImageAttributes:1226>: RGBA_8888
01-09 14:05:21.872 D/memalloc(110): /dev/pmem: Freeing buffer base:0x425f2000 size:1228800 offset:11923456 fd:36
01-09 14:05:21.922 V/Babel   (21305): [GcmIntentService] ReceiveServerUpdateService will handle all server updates.
01-09 14:05:22.302 W/SignalStrength(504): getGsmLevel. this.mGsmSignalBar=4, getGsmSignalStrength()== 12
01-09 14:05:22.302 W/SignalStrength(504): getGsmLevel=4
01-09 14:05:22.302 W/SignalStrength(504): getLevel=4 (SignalStrength: 12 255 -120 -160 -120 -1 -1 99 2147483647 -32767 2147483647 -32767 gsm|lte 4)
01-09 14:05:22.302 W/SignalStrength(504): getGsmLevel. this.mGsmSignalBar=4, getGsmSignalStrength()== 26
01-09 14:05:22.302 W/SignalStrength(504): getGsmLevel=4
01-09 14:05:22.302 W/SignalStrength(504): getLevel=4 (SignalStrength: 26 255 -120 -160 -120 -1 -1 99 2147483647 -32767 2147483647 -32767 gsm|lte 4)
01-09 14:05:22.302 W/SignalStrength(504): getGsmLevel. this.mGsmSignalBar=4, getGsmSignalStrength()== 12
01-09 14:05:22.302 W/SignalStrength(504): getGsmLevel=4
01-09 14:05:22.302 W/SignalStrength(504): getLevel=4 (SignalStrength: 12 255 -120 -160 -120 -1 -1 99 2147483647 -32767 2147483647 -32767 gsm|lte 4)
01-09 14:05:22.302 W/SignalStrength(504): getGsmLevel. this.mGsmSignalBar=4, getGsmSignalStrength()== 26
01-09 14:05:22.302 W/SignalStrength(504): getGsmLevel=4
01-09 14:05:22.302 W/SignalStrength(504): getLevel=4 (SignalStrength: 26 255 -120 -160 -120 -1 -1 99 2147483647 -32767 2147483647 -32767 gsm|lte 4)
01-09 14:05:22.302 D/ConnectivityService(378): handleInetConditionHoldEnd: net=1, condition=100, published condition=100
01-09 14:05:22.302 D/ConnectivityService(378): sendStickyBroadcast: action=android.net.conn.INET_CONDITION_ACTION
01-09 14:05:22.302 D/TWStatusBar-NetworkControllerDS(504): onReceive() - CONNECTIVITY_ACTION, INET_CONDITION_ACTION
01-09 14:05:22.302 D/StatusBar-NetworkControllerDS(504): isDualSIM : SimState = 2, SimState2 = 2
01-09 14:05:22.302 D/StatusBar-NetworkControllerDS(504): isDualSIM : SimState = 2, SimState2 = 2
01-09 14:05:22.302 D/StatusBar-NetworkControllerDS(504): isDualSIM : SimState = 2, SimState2 = 2
01-09 14:05:22.302 D/StatusBar-NetworkControllerDS(504): isDualSIM : SimState = 2, SimState2 = 2
01-09 14:05:22.302 D/StatusBar-NetworkControllerDS(504): refreshViews connected={ wifi } level=4|4 combinedSignalIconId=0x7f0200ef/com.android.systemui:drawable/stat_sys_wifi_signal_4 combinedActivityIconId=0x7f0200d9 mAirplaneMode=false mDataActivity1=0 mDataActivity2=0 mPhoneSignalIconId1=0x7f0200cf mPhoneSignalIconId2=0x7f0200d5 mLastPhoneSignalIconId1=0x7f0200cf mLastPhoneSignalIconId2=0x7f0200d5 mDataDirectionIconId1=0x0 mDataDirectionIconId2=0x0 mDataSignalIconId1=0x7f0200cf mDataSignalIconId2=0x7f0200d5 mDataTypeIconId1=0x7f02009d mDataTypeIconId2=0x7f02009d mWifiIconId=0x7f0200ef mRoamingIconId1=0x0 mRoamingIconId2=0x0 mBluetoothTetherIconId=0x10806ce
01-09 14:05:22.312 D/SignalClusterView(504): wifi: VISIBLE sig=2130837743 act=2130837721
01-09 14:05:22.312 D/SignalClusterView(504): mobile1: VISIBLE sig=2130837711 act=0 typ=2130837661
01-09 14:05:22.312 D/SignalClusterView(504): mobile2: VISIBLE sig=2130837717 act=0 typ=2130837661
01-09 14:05:22.312 D/SignalClusterView(504): wifi: VISIBLE sig=2130837743 act=2130837721
01-09 14:05:22.312 D/SignalClusterView(504): mobile1: VISIBLE sig=2130837711 act=0 typ=2130837661
01-09 14:05:22.312 D/SignalClusterView(504): mobile2: VISIBLE sig=2130837717 act=0 typ=2130837661
01-09 14:05:22.312 D/SignalClusterView(504): wifi: VISIBLE sig=2130837743 act=2130837721
01-09 14:05:22.312 D/SignalClusterView(504): mobile1: VISIBLE sig=2130837711 act=0 typ=2130837661
01-09 14:05:22.312 D/SignalClusterView(504): mobile2: VISIBLE sig=2130837717 act=0 typ=2130837661
01-09 14:05:22.362 D/plugin  (689): getDefaultSubscription()
01-09 14:05:22.482 D/STATUSBAR-NotificationService(378): cancelNotification - pkg:com.google.android.talk, id:0, tag:com.google.android.talk1
01-09 14:05:22.522 D/plugin  (689): getDefaultSubscription()
01-09 14:05:22.572 D/STATUSBAR-NotificationService(378): cancelNotification - pkg:com.google.android.talk, id:7, tag:com.google.android.talk1
01-09 14:05:22.612 D/plugin  (689): getDefaultSubscription()
01-09 14:05:22.672 D/plugin  (689): getDefaultSubscription()
01-09 14:05:22.762 D/plugin  (689): getDefaultSubscription()
01-09 14:05:23.302 I/NRFW    (1283): profile=wifi
01-09 14:05:23.312 I/NRFW    (1283): serverip=180.76.3.90 localIp=10.0.8.1
01-09 14:05:23.542 W/SignalStrength(504): getGsmLevel. this.mGsmSignalBar=4, getGsmSignalStrength()== 12
01-09 14:05:23.542 W/SignalStrength(504): getGsmLevel=4
01-09 14:05:23.542 W/SignalStrength(504): getLevel=4 (SignalStrength: 12 255 -120 -160 -120 -1 -1 99 2147483647 -32767 2147483647 -32767 gsm|lte 4)
01-09 14:05:23.542 W/SignalStrength(504): getGsmLevel. this.mGsmSignalBar=4, getGsmSignalStrength()== 26
01-09 14:05:23.542 W/SignalStrength(504): getGsmLevel=4
01-09 14:05:23.542 W/SignalStrength(504): getLevel=4 (SignalStrength: 26 255 -120 -160 -120 -1 -1 99 2147483647 -32767 2147483647 -32767 gsm|lte 4)
01-09 14:05:23.552 D/StatusBar-NetworkControllerDS(504): refreshViews connected={ wifi } level=4|4 combinedSignalIconId=0x7f0200ef/com.android.systemui:drawable/stat_sys_wifi_signal_4 combinedActivityIconId=0x7f0200d8 mAirplaneMode=false mDataActivity1=0 mDataActivity2=0 mPhoneSignalIconId1=0x7f0200cf mPhoneSignalIconId2=0x7f0200d5 mLastPhoneSignalIconId1=0x7f0200cf mLastPhoneSignalIconId2=0x7f0200d5 mDataDirectionIconId1=0x0 mDataDirectionIconId2=0x0 mDataSignalIconId1=0x7f0200cf mDataSignalIconId2=0x7f0200d5 mDataTypeIconId1=0x7f02009d mDataTypeIconId2=0x7f02009d mWifiIconId=0x7f0200ef mRoamingIconId1=0x0 mRoamingIconId2=0x0 mBluetoothTetherIconId=0x10806ce
01-09 14:05:23.552 D/SignalClusterView(504): wifi: VISIBLE sig=2130837743 act=2130837720
01-09 14:05:23.552 D/SignalClusterView(504): mobile1: VISIBLE sig=2130837711 act=0 typ=2130837661
01-09 14:05:23.552 D/SignalClusterView(504): mobile2: VISIBLE sig=2130837717 act=0 typ=2130837661
01-09 14:05:23.552 D/SignalClusterView(504): wifi: VISIBLE sig=2130837743 act=2130837720
01-09 14:05:23.552 D/SignalClusterView(504): mobile1: VISIBLE sig=2130837711 act=0 typ=2130837661
01-09 14:05:23.552 D/SignalClusterView(504): mobile2: VISIBLE sig=2130837717 act=0 typ=2130837661
01-09 14:05:23.552 D/SignalClusterView(504): wifi: VISIBLE sig=2130837743 act=2130837720
01-09 14:05:23.552 D/SignalClusterView(504): mobile1: VISIBLE sig=2130837711 act=0 typ=2130837661
01-09 14:05:23.552 D/SignalClusterView(504): mobile2: VISIBLE sig=2130837717 act=0 typ=2130837661
01-09 14:05:23.552 D/StatusBar-NetworkControllerDS(504): changing data overlay icon id to 2130837720
01-09 14:05:23.682 I/NRFW    (1283): serverip=103.235.47.88 localIp=10.0.8.1
01-09 14:05:24.422 D/ConnectivityService(378): reportNetworkCondition(1, 100)
01-09 14:05:24.422 D/ConnectivityService(378): handleInetConditionChange: net=1, condition=100,mActiveDefaultNetwork=1
01-09 14:05:24.422 D/ConnectivityService(378): handleInetConditionChange: starting a change hold
01-09 14:05:24.422 W/AlarmManager(378): FACTORY_ON= 0
01-09 14:05:24.462 V/Babel   (21305): [GcmIntentService] ReceiveServerUpdateService will handle all server updates.
01-09 14:05:24.552 W/SignalStrength(504): getGsmLevel. this.mGsmSignalBar=4, getGsmSignalStrength()== 12
01-09 14:05:24.552 W/SignalStrength(504): getGsmLevel=4
01-09 14:05:24.552 W/SignalStrength(504): getLevel=4 (SignalStrength: 12 255 -120 -160 -120 -1 -1 99 2147483647 -32767 2147483647 -32767 gsm|lte 4)
01-09 14:05:24.552 W/SignalStrength(504): getGsmLevel. this.mGsmSignalBar=4, getGsmSignalStrength()== 26
01-09 14:05:24.552 W/SignalStrength(504): getGsmLevel=4
01-09 14:05:24.552 W/SignalStrength(504): getLevel=4 (SignalStrength: 26 255 -120 -160 -120 -1 -1 99 2147483647 -32767 2147483647 -32767 gsm|lte 4)
01-09 14:05:24.552 D/StatusBar-NetworkControllerDS(504): refreshViews connected={ wifi } level=4|4 combinedSignalIconId=0x7f0200ef/com.android.systemui:drawable/stat_sys_wifi_signal_4 combinedActivityIconId=0x7f0200d9 mAirplaneMode=false mDataActivity1=0 mDataActivity2=0 mPhoneSignalIconId1=0x7f0200cf mPhoneSignalIconId2=0x7f0200d5 mLastPhoneSignalIconId1=0x7f0200cf mLastPhoneSignalIconId2=0x7f0200d5 mDataDirectionIconId1=0x0 mDataDirectionIconId2=0x0 mDataSignalIconId1=0x7f0200cf mDataSignalIconId2=0x7f0200d5 mDataTypeIconId1=0x7f02009d mDataTypeIconId2=0x7f02009d mWifiIconId=0x7f0200ef mRoamingIconId1=0x0 mRoamingIconId2=0x0 mBluetoothTetherIconId=0x10806ce
01-09 14:05:24.552 D/SignalClusterView(504): wifi: VISIBLE sig=2130837743 act=2130837721
01-09 14:05:24.552 D/SignalClusterView(504): mobile1: VISIBLE sig=2130837711 act=0 typ=2130837661
01-09 14:05:24.552 D/SignalClusterView(504): mobile2: VISIBLE sig=2130837717 act=0 typ=2130837661
01-09 14:05:24.552 D/SignalClusterView(504): wifi: VISIBLE sig=2130837743 act=2130837721
01-09 14:05:24.552 D/SignalClusterView(504): mobile1: VISIBLE sig=2130837711 act=0 typ=2130837661
01-09 14:05:24.552 D/SignalClusterView(504): mobile2: VISIBLE sig=2130837717 act=0 typ=2130837661
01-09 14:05:24.552 D/SignalClusterView(504): wifi: VISIBLE sig=2130837743 act=2130837721
01-09 14:05:24.552 D/SignalClusterView(504): mobile1: VISIBLE sig=2130837711 act=0 typ=2130837661
01-09 14:05:24.552 D/SignalClusterView(504): mobile2: VISIBLE sig=2130837717 act=0 typ=2130837661
01-09 14:05:24.552 D/StatusBar-NetworkControllerDS(504): changing data overlay icon id to 2130837721
01-09 14:05:24.932 D/ConnectivityService(378): handleInetConditionHoldEnd: net=1, condition=100, published condition=100
01-09 14:05:24.932 D/ConnectivityService(378): sendStickyBroadcast: action=android.net.conn.INET_CONDITION_ACTION
01-09 14:05:24.932 D/TWStatusBar-NetworkControllerDS(504): onReceive() - CONNECTIVITY_ACTION, INET_CONDITION_ACTION
01-09 14:05:24.932 W/SignalStrength(504): getGsmLevel. this.mGsmSignalBar=4, getGsmSignalStrength()== 12
01-09 14:05:24.932 W/SignalStrength(504): getGsmLevel=4
01-09 14:05:24.932 W/SignalStrength(504): getLevel=4 (SignalStrength: 12 255 -120 -160 -120 -1 -1 99 2147483647 -32767 2147483647 -32767 gsm|lte 4)
01-09 14:05:24.932 W/SignalStrength(504): getGsmLevel. this.mGsmSignalBar=4, getGsmSignalStrength()== 26
01-09 14:05:24.932 W/SignalStrength(504): getGsmLevel=4
01-09 14:05:24.932 W/SignalStrength(504): getLevel=4 (SignalStrength: 26 255 -120 -160 -120 -1 -1 99 2147483647 -32767 2147483647 -32767 gsm|lte 4)
01-09 14:05:24.932 W/SignalStrength(504): getGsmLevel. this.mGsmSignalBar=4, getGsmSignalStrength()== 12
01-09 14:05:24.932 W/SignalStrength(504): getGsmLevel=4
01-09 14:05:24.932 W/SignalStrength(504): getLevel=4 (SignalStrength: 12 255 -120 -160 -120 -1 -1 99 2147483647 -32767 2147483647 -32767 gsm|lte 4)
01-09 14:05:24.932 W/SignalStrength(504): getGsmLevel. this.mGsmSignalBar=4, getGsmSignalStrength()== 26
01-09 14:05:24.932 W/SignalStrength(504): getGsmLevel=4
01-09 14:05:24.932 W/SignalStrength(504): getLevel=4 (SignalStrength: 26 255 -120 -160 -120 -1 -1 99 2147483647 -32767 2147483647 -32767 gsm|lte 4)
01-09 14:05:24.932 D/StatusBar-NetworkControllerDS(504): isDualSIM : SimState = 2, SimState2 = 2
01-09 14:05:24.932 D/StatusBar-NetworkControllerDS(504): isDualSIM : SimState = 2, SimState2 = 2
01-09 14:05:24.932 D/StatusBar-NetworkControllerDS(504): isDualSIM : SimState = 2, SimState2 = 2
01-09 14:05:24.932 D/StatusBar-NetworkControllerDS(504): isDualSIM : SimState = 2, SimState2 = 2
01-09 14:05:24.932 D/StatusBar-NetworkControllerDS(504): refreshViews connected={ wifi } level=4|4 combinedSignalIconId=0x7f0200ef/com.android.systemui:drawable/stat_sys_wifi_signal_4 combinedActivityIconId=0x7f0200d9 mAirplaneMode=false mDataActivity1=0 mDataActivity2=0 mPhoneSignalIconId1=0x7f0200cf mPhoneSignalIconId2=0x7f0200d5 mLastPhoneSignalIconId1=0x7f0200cf mLastPhoneSignalIconId2=0x7f0200d5 mDataDirectionIconId1=0x0 mDataDirectionIconId2=0x0 mDataSignalIconId1=0x7f0200cf mDataSignalIconId2=0x7f0200d5 mDataTypeIconId1=0x7f02009d mDataTypeIconId2=0x7f02009d mWifiIconId=0x7f0200ef mRoamingIconId1=0x0 mRoamingIconId2=0x0 mBluetoothTetherIconId=0x10806ce
01-09 14:05:24.932 D/SignalClusterView(504): wifi: VISIBLE sig=2130837743 act=2130837721
01-09 14:05:24.932 D/SignalClusterView(504): mobile1: VISIBLE sig=2130837711 act=0 typ=2130837661
01-09 14:05:24.932 D/SignalClusterView(504): mobile2: VISIBLE sig=2130837717 act=0 typ=2130837661
01-09 14:05:24.932 D/SignalClusterView(504): wifi: VISIBLE sig=2130837743 act=2130837721
01-09 14:05:24.932 D/SignalClusterView(504): mobile1: VISIBLE sig=2130837711 act=0 typ=2130837661
01-09 14:05:24.932 D/SignalClusterView(504): mobile2: VISIBLE sig=2130837717 act=0 typ=2130837661
01-09 14:05:24.942 D/SignalClusterView(504): wifi: VISIBLE sig=2130837743 act=2130837721
01-09 14:05:24.942 D/SignalClusterView(504): mobile1: VISIBLE sig=2130837711 act=0 typ=2130837661
01-09 14:05:24.942 D/SignalClusterView(504): mobile2: VISIBLE sig=2130837717 act=0 typ=2130837661
01-09 14:05:25.082 D/memalloc(20886): /dev/pmem: Unmapping buffer base:0x5480a000 size:4796416 offset:4304896
01-09 14:05:25.092 D/KeyguardViewMediator(378): setHidden false
