01-09 14:08:40.092 D/SignalClusterView(504): mobile2: VISIBLE sig=2130837717 act=0 typ=2130837661
01-09 14:08:40.092 D/StatusBar-NetworkControllerDS(504): changing data overlay icon id to 2130837721
01-09 14:08:40.502 D/plugin  (689): getDefaultSubscription()
01-09 14:08:40.502 E/MSimTelephonyManager(19026): MSimTelephonyManager sRegistryMsim != null
01-09 14:08:40.522 I/NRFW    (1283): profile=wifi
01-09 14:08:40.572 I/NRFW    (1283): serverip=180.76.3.90 localIp=10.0.8.1
01-09 14:08:40.592 I/DNS     (1283): 180.76.3.90 h_errno=1
01-09 14:08:40.632 I/DNS     (1283): 149.154.167.51 h_errno=1
01-09 14:08:41.072 D/dalvikvm(1283): GC_CONCURRENT freed 3109K, 44% free 11728K/20579K, paused 2ms+8ms
01-09 14:08:42.402 I/NRFW    (1283): serverip=103.235.47.88 localIp=10.0.8.1
01-09 14:08:42.422 I/DNS     (1283): 103.235.47.88 h_errno=1
01-09 14:08:43.592 I/NRFW    (1283): profile=wifi
01-09 14:08:43.642 I/NRFW    (1283): serverip=180.76.3.90 localIp=10.0.8.1
01-09 14:08:44.102 W/SignalStrength(504): getGsmLevel. this.mGsmSignalBar=3, getGsmSignalStrength()== 11
01-09 14:08:44.102 W/SignalStrength(504): getGsmLevel=3
01-09 14:08:44.102 W/SignalStrength(504): getLevel=3 (SignalStrength: 11 255 -120 -160 -120 -1 -1 99 2147483647 -32767 2147483647 -32767 gsm|lte 3)
01-09 14:08:44.102 W/SignalStrength(504): getGsmLevel. this.mGsmSignalBar=4, getGsmSignalStrength()== 26
01-09 14:08:44.102 W/SignalStrength(504): getGsmLevel=4
01-09 14:08:44.102 W/SignalStrength(504): getLevel=4 (SignalStrength: 26 255 -120 -160 -120 -1 -1 99 2147483647 -32767 2147483647 -32767 gsm|lte 4)
01-09 14:08:44.102 D/StatusBar-NetworkControllerDS(504): refreshViews connected={ wifi } level=3|4 combinedSignalIconId=0x7f0200ef/com.android.systemui:drawable/stat_sys_wifi_signal_4 combinedActivityIconId=0x7f0200d8 mAirplaneMode=false mDataActivity1=0 mDataActivity2=0 mPhoneSignalIconId1=0x7f0200cd mPhoneSignalIconId2=0x7f0200d5 mLastPhoneSignalIconId1=0x7f0200cd mLastPhoneSignalIconId2=0x7f0200d5 mDataDirectionIconId1=0x0 mDataDirectionIconId2=0x0 mDataSignalIconId1=0x7f0200cd mDataSignalIconId2=0x7f0200d5 mDataTypeIconId1=0x7f02009d mDataTypeIconId2=0x7f02009d mWifiIconId=0x7f0200ef mRoamingIconId1=0x0 mRoamingIconId2=0x0 mBluetoothTetherIconId=0x10806ce
01-09 14:08:44.102 D/SignalClusterView(504): wifi: VISIBLE sig=2130837743 act=2130837720
01-09 14:08:44.102 D/SignalClusterView(504): mobile1: VISIBLE sig=2130837709 act=0 typ=2130837661
01-09 14:08:44.102 D/SignalClusterView(504): mobile2: VISIBLE sig=2130837717 act=0 typ=2130837661
01-09 14:08:44.102 D/SignalClusterView(504): wifi: VISIBLE sig=2130837743 act=2130837720
01-09 14:08:44.102 D/SignalClusterView(504): mobile1: VISIBLE sig=2130837709 act=0 typ=2130837661
01-09 14:08:44.102 D/SignalClusterView(504): mobile2: VISIBLE sig=2130837717 act=0 typ=2130837661
01-09 14:08:44.112 D/SignalClusterView(504): wifi: VISIBLE sig=2130837743 act=2130837720
01-09 14:08:44.112 D/SignalClusterView(504): mobile1: VISIBLE sig=2130837709 act=0 typ=2130837661
01-09 14:08:44.112 D/SignalClusterView(504): mobile2: VISIBLE sig=2130837717 act=0 typ=2130837661
01-09 14:08:44.112 D/StatusBar-NetworkControllerDS(504): changing data overlay icon id to 2130837720
01-09 14:08:44.162 I/InputReader(378): Touch event's action is 0x0 (deviceType=0) [pCnt=1, pending(waiting finished signal)=0, s=0.1866 ]
01-09 14:08:44.162 I/InputDispatcher(378): Delivering touch to current input target: action: 0x0
01-09 14:08:44.162 D/lights  (378): write_int /sys/class/leds/button-backlight/brightness = 255
01-09 14:08:44.162 I/PowerManagerService(378): Ulight 0x3->0x7|0x0
01-09 14:08:44.162 D/PowerManagerService(378): setLightBrightness : mButtonLight : 77
01-09 14:08:44.242 I/InputReader(378): Touch event's action is 0x1 (deviceType=0) [pCnt=1, pending(waiting finished signal)=0, s=]
01-09 14:08:44.242 I/InputDispatcher(378): Delivering touch to current input target: action: 0x1
01-09 14:08:44.592 D/dalvikvm(21796): GC_FOR_ALLOC freed 3487K, 25% free 15445K/20387K, paused 83ms
01-09 14:08:44.622 D/AbsListView(21796): [unregisterDoubleTapMotionListener]
01-09 14:08:44.622 I/MotionRecognitionManager(21796):   .unregisterListener : / listener count = 0->0, listener=android.widget.AbsListView$4@41b660e0
01-09 14:08:44.722 D/KeyguardViewMediator(378): setHidden false
01-09 14:08:44.762 D/memalloc(21796): /dev/pmem: Unmapping buffer base:0x543c3000 size:13398016 offset:11923456
01-09 14:08:44.762 D/memalloc(110): /dev/pmem: Freeing buffer base:0x425f2000 size:1474560 offset:11923456 fd:51
01-09 14:08:44.762 D/memalloc(21796): /dev/pmem: Unmapping buffer base:0x521af000 size:10448896 offset:8974336
01-09 14:08:44.772 D/KeyguardViewMediator(378): setHidden false
01-09 14:08:44.782 D/KeyguardViewMediator(378): setHidden false
01-09 14:08:44.792 W/SurfaceFlinger(110): id=1230 Removed idx=4 Map Size=5
01-09 14:08:44.792 W/SurfaceFlinger(110): id=1230 Removed idx=-2 Map Size=5
01-09 14:08:44.792 D/KeyguardViewMediator(378): setHidden false
01-09 14:08:44.792 W/SurfaceFlinger(110): id=1231(5) createSurface 0x30a4f4 (1x1),1 flag=0
01-09 14:08:44.802 D/KeyguardViewMediator(378): setHidden false
01-09 14:08:44.802 D/memalloc(110): /dev/pmem: Freeing buffer base:0x42322000 size:1474560 offset:8974336 fd:39
01-09 14:08:44.822 D/memalloc(110): /dev/pmem: Allocated buffer base:0x41a93000 size:327680 offset:8974336 fd:39
01-09 14:08:44.822 D/memalloc(21796): /dev/pmem: Mapped buffer base:0x521af000 size:9302016 offset:8974336 fd:57
01-09 14:08:44.832 I/Adreno200-EGLSUB(110): <CreateImage:1017>: Android Image
01-09 14:08:44.832 I/Adreno200-EGLSUB(110): <GetImageAttributes:1226>: RGBA_8888
01-09 14:08:44.832 D/KeyguardViewMediator(378): setHidden false
01-09 14:08:44.842 D/KeyguardViewMediator(378): setHidden false
01-09 14:08:44.852 D/KeyguardViewMediator(378): setHidden false
01-09 14:08:45.042 D/memalloc(110): /dev/pmem: Allocated buffer base:0x41a93000 size:327680 offset:9302016 fd:51
01-09 14:08:45.042 D/memalloc(21796): /dev/pmem: Mapped buffer base:0x543c3000 size:9629696 offset:9302016 fd:73
01-09 14:08:45.062 I/Adreno200-EGLSUB(110): <CreateImage:1017>: Android Image
01-09 14:08:45.062 I/Adreno200-EGLSUB(110): <GetImageAttributes:1226>: RGBA_8888
01-09 14:08:45.102 W/SignalStrength(504): getGsmLevel. this.mGsmSignalBar=3, getGsmSignalStrength()== 11
01-09 14:08:45.102 W/SignalStrength(504): getGsmLevel=3
01-09 14:08:45.102 W/SignalStrength(504): getLevel=3 (SignalStrength: 11 255 -120 -160 -120 -1 -1 99 2147483647 -32767 2147483647 -32767 gsm|lte 3)
01-09 14:08:45.102 W/SignalStrength(504): getGsmLevel. this.mGsmSignalBar=4, getGsmSignalStrength()== 26
01-09 14:08:45.102 W/SignalStrength(504): getGsmLevel=4
01-09 14:08:45.102 W/SignalStrength(504): getLevel=4 (SignalStrength: 26 255 -120 -160 -120 -1 -1 99 2147483647 -32767 2147483647 -32767 gsm|lte 4)
01-09 14:08:45.102 D/StatusBar-NetworkControllerDS(504): refreshViews connected={ wifi } level=3|4 combinedSignalIconId=0x7f0200ef/com.android.systemui:drawable/stat_sys_wifi_signal_4 combinedActivityIconId=0x7f0200d9 mAirplaneMode=false mDataActivity1=0 mDataActivity2=0 mPhoneSignalIconId1=0x7f0200cd mPhoneSignalIconId2=0x7f0200d5 mLastPhoneSignalIconId1=0x7f0200cd mLastPhoneSignalIconId2=0x7f0200d5 mDataDirectionIconId1=0x0 mDataDirectionIconId2=0x0 mDataSignalIconId1=0x7f0200cd mDataSignalIconId2=0x7f0200d5 mDataTypeIconId1=0x7f02009d mDataTypeIconId2=0x7f02009d mWifiIconId=0x7f0200ef mRoamingIconId1=0x0 mRoamingIconId2=0x0 mBluetoothTetherIconId=0x10806ce
01-09 14:08:45.102 D/SignalClusterView(504): wifi: VISIBLE sig=2130837743 act=2130837721
01-09 14:08:45.102 D/SignalClusterView(504): mobile1: VISIBLE sig=2130837709 act=0 typ=2130837661
01-09 14:08:45.102 D/SignalClusterView(504): mobile2: VISIBLE sig=2130837717 act=0 typ=2130837661
01-09 14:08:45.112 D/SignalClusterView(504): wifi: VISIBLE sig=2130837743 act=2130837721
01-09 14:08:45.112 D/SignalClusterView(504): mobile1: VISIBLE sig=2130837709 act=0 typ=2130837661
01-09 14:08:45.112 D/SignalClusterView(504): mobile2: VISIBLE sig=2130837717 act=0 typ=2130837661
01-09 14:08:45.112 D/SignalClusterView(504): wifi: VISIBLE sig=2130837743 act=2130837721
01-09 14:08:45.112 D/SignalClusterView(504): mobile1: VISIBLE sig=2130837709 act=0 typ=2130837661
01-09 14:08:45.112 D/SignalClusterView(504): mobile2: VISIBLE sig=2130837717 act=0 typ=2130837661
01-09 14:08:45.112 D/StatusBar-NetworkControllerDS(504): changing data overlay icon id to 2130837721
01-09 14:08:45.442 I/NRFW    (1283): serverip=103.235.47.88 localIp=10.0.8.1
01-09 14:08:45.662 D/lights  (378): write_int /sys/class/leds/button-backlight/brightness = 0
01-09 14:08:45.662 V/PowerManagerService(378): Top Most Needs Intelligent Sleep: true
01-09 14:08:45.662 W/PowerManagerService(378): Timer 0x7->0x3|0x0
01-09 14:08:45.662 I/PowerManagerService(378): Ulight 0x7->0x3|0x0
01-09 14:08:45.662 D/PowerManagerService(378): setLightBrightness : mButtonLight : 0
01-09 14:08:45.752 D/AbsListView(21796): [unregisterDoubleTapMotionListener]
01-09 14:08:45.752 D/dalvikvm(21796): GC_CONCURRENT freed 3480K, 22% free 16309K/20899K, paused 2ms+9ms
01-09 14:08:45.752 I/MotionRecognitionManager(21796):   .unregisterListener : / listener count = 0->0, listener=android.widget.AbsListView$4@419ea9c8
01-09 14:08:46.762 I/power   (378): *** acquire_dvfs_lock : lockType : 1  freq : 1008000 
01-09 14:08:46.762 D/PowerManagerService(378): acquireDVFSLockLocked : type : DVFS_MIN_LIMIT  frequency : 1008000  uid : 1000  pid : 378  tag : ActivityManager
01-09 14:08:46.832 D/OpenGLRenderer(784): Flushing caches (mode 2)
01-09 14:08:46.842 D/KeyguardViewMediator(378): setHidden false
01-09 14:08:46.852 D/memalloc(21796): /dev/pmem: Unmapping buffer base:0x543c3000 size:9629696 offset:9302016
01-09 14:08:46.852 D/memalloc(110): /dev/pmem: Freeing buffer base:0x42372000 size:327680 offset:9302016 fd:51
01-09 14:08:46.852 D/memalloc(21796): /dev/pmem: Unmapping buffer base:0x521af000 size:9302016 offset:8974336
01-09 14:08:46.852 D/KeyguardViewMediator(378): setHidden false
01-09 14:08:46.872 D/KeyguardViewMediator(378): setHidden false
01-09 14:08:46.892 D/KeyguardViewMediator(378): setHidden false
01-09 14:08:46.902 D/KeyguardViewMediator(378): setHidden false
01-09 14:08:46.922 D/KeyguardViewMediator(378): setHidden false
01-09 14:08:46.942 D/KeyguardViewMediator(378): setHidden false
01-09 14:08:46.952 D/KeyguardViewMediator(378): setHidden false
01-09 14:08:46.972 D/KeyguardViewMediator(378): setHidden false
01-09 14:08:46.992 D/KeyguardViewMediator(378): setHidden false
01-09 14:08:47.002 D/KeyguardViewMediator(378): setHidden false
01-09 14:08:47.022 D/KeyguardViewMediator(378): setHidden false
01-09 14:08:47.042 D/KeyguardViewMediator(378): setHidden false
01-09 14:08:47.052 D/KeyguardViewMediator(378): setHidden false
01-09 14:08:47.112 W/SignalStrength(504): getGsmLevel. this.mGsmSignalBar=3, getGsmSignalStrength()== 11
01-09 14:08:47.112 W/SignalStrength(504): getGsmLevel=3
01-09 14:08:47.112 W/SignalStrength(504): getLevel=3 (SignalStrength: 11 255 -120 -160 -120 -1 -1 99 2147483647 -32767 2147483647 -32767 gsm|lte 3)
01-09 14:08:47.112 W/SignalStrength(504): getGsmLevel. this.mGsmSignalBar=4, getGsmSignalStrength()== 26
01-09 14:08:47.112 W/SignalStrength(504): getGsmLevel=4
01-09 14:08:47.112 W/SignalStrength(504): getLevel=4 (SignalStrength: 26 255 -120 -160 -120 -1 -1 99 2147483647 -32767 2147483647 -32767 gsm|lte 4)
01-09 14:08:47.112 D/StatusBar-NetworkControllerDS(504): refreshViews connected={ wifi } level=3|4 combinedSignalIconId=0x7f0200ef/com.android.systemui:drawable/stat_sys_wifi_signal_4 combinedActivityIconId=0x7f0200d8 mAirplaneMode=false mDataActivity1=0 mDataActivity2=0 mPhoneSignalIconId1=0x7f0200cd mPhoneSignalIconId2=0x7f0200d5 mLastPhoneSignalIconId1=0x7f0200cd mLastPhoneSignalIconId2=0x7f0200d5 mDataDirectionIconId1=0x0 mDataDirectionIconId2=0x0 mDataSignalIconId1=0x7f0200cd mDataSignalIconId2=0x7f0200d5 mDataTypeIconId1=0x7f02009d mDataTypeIconId2=0x7f02009d mWifiIconId=0x7f0200ef mRoamingIconId1=0x0 mRoamingIconId2=0x0 mBluetoothTetherIconId=0x10806ce
01-09 14:08:47.112 D/SignalClusterView(504): wifi: VISIBLE sig=2130837743 act=2130837720
01-09 14:08:47.112 D/SignalClusterView(504): mobile1: VISIBLE sig=2130837709 act=0 typ=2130837661
01-09 14:08:47.112 D/SignalClusterView(504): mobile2: VISIBLE sig=2130837717 act=0 typ=2130837661
01-09 14:08:47.112 D/SignalClusterView(504): wifi: VISIBLE sig=2130837743 act=2130837720
01-09 14:08:47.112 D/SignalClusterView(504): mobile1: VISIBLE sig=2130837709 act=0 typ=2130837661
01-09 14:08:47.112 D/SignalClusterView(504): mobile2: VISIBLE sig=2130837717 act=0 typ=2130837661
01-09 14:08:47.112 D/SignalClusterView(504): wifi: VISIBLE sig=2130837743 act=2130837720
01-09 14:08:47.112 D/SignalClusterView(504): mobile1: VISIBLE sig=2130837709 act=0 typ=2130837661
01-09 14:08:47.112 D/SignalClusterView(504): mobile2: VISIBLE sig=2130837717 act=0 typ=2130837661
01-09 14:08:47.112 D/StatusBar-NetworkControllerDS(504): changing data overlay icon id to 2130837720
01-09 14:08:47.182 I/dalvikvm(20066): Could not find method com.tokenautocomplete.TokenCompleteTextView.getShadowRadius, referenced from method com.tokenautocomplete.TokenCompleteTextView.api16Invalidate
01-09 14:08:47.182 W/dalvikvm(20066): VFY: unable to resolve virtual method 23190: Lcom/tokenautocomplete/TokenCompleteTextView;.getShadowRadius ()F
01-09 14:08:47.182 D/dalvikvm(20066): VFY: replacing opcode 0x6e at 0x000b
01-09 14:08:47.352 I/webclipboard(20066): clipservice: android.sec.clipboard.ClipboardExManager@417570b8
01-09 14:08:47.612 D/dalvikvm(21796): GC_CONCURRENT freed 6254K, 34% free 14669K/22051K, paused 2ms+15ms
01-09 14:08:47.732 I/dalvikvm(20066): Could not find method android.content.Intent.getClipData, referenced from method com.fsck.k9.activity.compose.AttachmentPresenter.addAttachmentsFromResultIntent
01-09 14:08:47.732 W/dalvikvm(20066): VFY: unable to resolve virtual method 426: Landroid/content/Intent;.getClipData ()Landroid/content/ClipData;
01-09 14:08:47.732 D/dalvikvm(20066): VFY: replacing opcode 0x6e at 0x0006
01-09 14:08:47.762 I/power   (378): *** release_dvfs_lock : lockType : 1 
01-09 14:08:47.762 D/PowerManagerService(378): releaseDVFSLockLocked : all DVFS_MIN_LIMIT are released 
01-09 14:08:47.812 V/k9      (20066): /mnt/sdcard/catlog/tmp/logcat_and_device_info.zip
01-09 14:08:47.822 V/k9      (20066): new attachment.size: 67771
01-09 14:08:47.882 V/        (20066): NotificationPresenterImpl::setSettingsValue 0 
01-09 14:08:47.882 V/        (20066): NotificationPresenterImpl::setSettingsValue 0 
01-09 14:08:48.092 D/dalvikvm(378): GC_EXPLICIT freed 836K, 41% free 17647K/29859K, paused 6ms+24ms
01-09 14:08:48.102 D/WML_SISO(20066): InitPasteboardJni
01-09 14:08:48.142 W/SurfaceFlinger(110): id=1232(1) createSurface 0x2fcb64 (1x1),1 flag=400
01-09 14:08:48.142 D/KeyguardViewMediator(378): setHidden false
01-09 14:08:48.142 D/STATUSBAR-StatusBarManagerService(378): setSystemUiVisibility(0x0)
01-09 14:08:48.142 D/STATUSBAR-StatusBarManagerService(378): manageDisableList what=0x0 pkg=WindowManager.LayoutParams
01-09 14:08:48.172 D/libEGL  (20066): loaded /system/lib/egl/libGLES_android.so
01-09 14:08:48.192 D/libEGL  (20066): loaded /system/lib/egl/libEGL_adreno200.so
01-09 14:08:48.212 D/dalvikvm(20066): DexOpt: couldn't find static field Landroid/os/Build;.SUPPORTED_ABIS
01-09 14:08:48.212 W/dalvikvm(20066): VFY: unable to resolve static field 99 (SUPPORTED_ABIS) in Landroid/os/Build;
01-09 14:08:48.212 D/dalvikvm(20066): VFY: replacing opcode 0x62 at 0x0006
01-09 14:08:48.222 D/libEGL  (20066): loaded /system/lib/egl/libGLESv1_CM_adreno200.so
01-09 14:08:48.232 D/libEGL  (20066): loaded /system/lib/egl/libGLESv2_adreno200.so
01-09 14:08:48.252 D/dalvikvm(20066): Trying to load lib /data/data/com.fsck.k9/lib/libos-compat.so 0x40f68630
01-09 14:08:48.252 D/dalvikvm(20066): Added shared lib /data/data/com.fsck.k9/lib/libos-compat.so 0x40f68630
01-09 14:08:48.252 D/dalvikvm(20066): No JNI_OnLoad found in /data/data/com.fsck.k9/lib/libos-compat.so 0x40f68630, skipping init
01-09 14:08:48.332 I/Adreno200-EGLSUB(20066): <ConfigWindowMatch:2218>: Format RGBA_8888.
01-09 14:08:48.342 D/memalloc(110): /dev/pmem: Allocated buffer base:0x41a93000 size:1536000 offset:3076096 fd:51
01-09 14:08:48.342 D/memalloc(20066): /dev/pmem: Mapped buffer base:0x53c15000 size:4612096 offset:3076096 fd:129
01-09 14:08:48.352 D/OpenGLRenderer(20066): Enabling debug mode 0
01-09 14:08:48.472 D/ApplicationPolicy(378): isStatusBarNotificationAllowed: packageName = android
01-09 14:08:48.482 D/STATUSBAR-NotificationService(378): Noti Alert - mSystemReady:true, AlertEnabled:true
01-09 14:08:48.482 D/PowerManagerService(378): mIsSipVisible : true
01-09 14:08:48.492 D/ApplicationPolicy(378): isStatusBarNotificationAllowed: packageName = android
01-09 14:08:48.492 W/SurfaceFlinger(110): id=1233(551) createSurface 0x2fe59c (480x358),1 flag=0
01-09 14:08:48.492 D/STATUSBAR-NotificationService(378): Noti Alert - mSystemReady:true, AlertEnabled:true
01-09 14:08:48.502 D/KeyguardViewMediator(378): setHidden false
01-09 14:08:48.522 D/KeyguardViewMediator(378): setHidden false
01-09 14:08:48.612 D/KeyguardViewMediator(378): setHidden false
01-09 14:08:48.642 D/KeyguardViewMediator(378): setHidden false
01-09 14:08:48.922 D/memalloc(110): /dev/pmem: Allocated buffer base:0x41a93000 size:1536000 offset:13402112 fd:54
01-09 14:08:48.922 D/memalloc(20066): /dev/pmem: Mapped buffer base:0x543fd000 size:14938112 offset:13402112 fd:132
01-09 14:08:48.932 I/Adreno200-EGLSUB(110): <CreateImage:1017>: Android Image
01-09 14:08:48.932 I/Adreno200-EGLSUB(110): <GetImageAttributes:1226>: RGBA_8888
01-09 14:08:48.932 D/KeyguardViewMediator(378): setHidden false
01-09 14:08:48.932 I/ActivityManager(378): Displayed shortComponentName: +2s110ms
01-09 14:08:48.942 D/KeyguardViewMediator(378): setHidden false
01-09 14:08:48.942 D/KeyguardViewMediator(378): setHidden false
01-09 14:08:48.942 D/DEFERED_APP_VISIBILITY(378): tweaking closing app
01-09 14:08:48.952 D/CLIPBOARD(20066): Hide Clipboard dialog at Starting input: finished by someone else... !
01-09 14:08:48.952 I/ClipboardServiceEx(378): mCBPickerDialog enter case. MSG_DISMISS_DIALOG
01-09 14:08:48.962 D/KeyguardViewMediator(378): setHidden false
01-09 14:08:48.982 D/memalloc(110): /dev/pmem: Allocated buffer base:0x41a93000 size:1536000 offset:14938112 fd:60
01-09 14:08:48.982 D/KeyguardViewMediator(378): setHidden false
01-09 14:08:48.992 D/memalloc(20066): /dev/pmem: Mapped buffer base:0x5523c000 size:16474112 offset:14938112 fd:135
01-09 14:08:49.002 D/KeyguardViewMediator(378): setHidden false
01-09 14:08:49.012 I/Adreno200-EGLSUB(110): <CreateImage:1017>: Android Image
01-09 14:08:49.012 I/Adreno200-EGLSUB(110): <GetImageAttributes:1226>: RGBA_8888
01-09 14:08:49.012 D/KeyguardViewMediator(378): setHidden false
01-09 14:08:49.032 I/DIOTEK  (671): ET9KRUDBInit : 2
01-09 14:08:49.032 D/KeyguardViewMediator(378): setHidden false
01-09 14:08:49.032 I/Adreno200-EGLSUB(110): <CreateImage:1017>: Android Image
01-09 14:08:49.032 I/Adreno200-EGLSUB(110): <GetImageAttributes:1226>: RGBA_8888
01-09 14:08:49.052 D/KeyguardViewMediator(378): setHidden false
01-09 14:08:49.052 W/SurfaceFlinger(110): id=1231 Removed idx=4 Map Size=7
01-09 14:08:49.052 W/SurfaceFlinger(110): id=1231 Removed idx=-2 Map Size=7
01-09 14:08:49.052 D/KeyguardViewMediator(378): setHidden false
01-09 14:08:49.062 D/PowerManagerService(378): mIsSipVisible : true
01-09 14:08:49.072 D/ApplicationPolicy(378): isStatusBarNotificationAllowed: packageName = android
01-09 14:08:49.082 D/KeyguardViewMediator(378): setHidden false
01-09 14:08:49.082 D/memalloc(110): /dev/pmem: Freeing buffer base:0x42322000 size:327680 offset:8974336 fd:39
01-09 14:08:49.082 D/STATUSBAR-NotificationService(378): Noti Alert - mSystemReady:true, AlertEnabled:true
01-09 14:08:49.092 D/memalloc(110): /dev/pmem: Allocated buffer base:0x41a93000 size:737280 offset:4612096 fd:39
01-09 14:08:49.092 D/memalloc(671): /dev/pmem: Mapped buffer base:0x53359000 size:5349376 offset:4612096 fd:65
01-09 14:08:49.102 D/KeyguardViewMediator(378): setHidden false
01-09 14:08:49.132 D/KeyguardViewMediator(378): setHidden false
01-09 14:08:49.152 D/KeyguardViewMediator(378): setHidden false
01-09 14:08:49.152 W/SignalStrength(504): getGsmLevel. this.mGsmSignalBar=3, getGsmSignalStrength()== 11
01-09 14:08:49.152 W/SignalStrength(504): getGsmLevel=3
01-09 14:08:49.152 W/SignalStrength(504): getLevel=3 (SignalStrength: 11 255 -120 -160 -120 -1 -1 99 2147483647 -32767 2147483647 -32767 gsm|lte 3)
01-09 14:08:49.152 W/SignalStrength(504): getGsmLevel. this.mGsmSignalBar=4, getGsmSignalStrength()== 26
01-09 14:08:49.152 W/SignalStrength(504): getGsmLevel=4
01-09 14:08:49.152 W/SignalStrength(504): getLevel=4 (SignalStrength: 26 255 -120 -160 -120 -1 -1 99 2147483647 -32767 2147483647 -32767 gsm|lte 4)
01-09 14:08:49.152 D/StatusBar-NetworkControllerDS(504): refreshViews connected={ wifi } level=3|4 combinedSignalIconId=0x7f0200ef/com.android.systemui:drawable/stat_sys_wifi_signal_4 combinedActivityIconId=0x7f0200d9 mAirplaneMode=false mDataActivity1=0 mDataActivity2=0 mPhoneSignalIconId1=0x7f0200cd mPhoneSignalIconId2=0x7f0200d5 mLastPhoneSignalIconId1=0x7f0200cd mLastPhoneSignalIconId2=0x7f0200d5 mDataDirectionIconId1=0x0 mDataDirectionIconId2=0x0 mDataSignalIconId1=0x7f0200cd mDataSignalIconId2=0x7f0200d5 mDataTypeIconId1=0x7f02009d mDataTypeIconId2=0x7f02009d mWifiIconId=0x7f0200ef mRoamingIconId1=0x0 mRoamingIconId2=0x0 mBluetoothTetherIconId=0x10806ce
01-09 14:08:49.152 D/SignalClusterView(504): wifi: VISIBLE sig=2130837743 act=2130837721
01-09 14:08:49.152 D/SignalClusterView(504): mobile1: VISIBLE sig=2130837709 act=0 typ=2130837661
01-09 14:08:49.152 D/SignalClusterView(504): mobile2: VISIBLE sig=2130837717 act=0 typ=2130837661
01-09 14:08:49.152 D/SignalClusterView(504): wifi: VISIBLE sig=2130837743 act=2130837721
01-09 14:08:49.152 D/SignalClusterView(504): mobile1: VISIBLE sig=2130837709 act=0 typ=2130837661
01-09 14:08:49.152 D/SignalClusterView(504): mobile2: VISIBLE sig=2130837717 act=0 typ=2130837661
01-09 14:08:49.152 D/SignalClusterView(504): wifi: VISIBLE sig=2130837743 act=2130837721
01-09 14:08:49.152 D/SignalClusterView(504): mobile1: VISIBLE sig=2130837709 act=0 typ=2130837661
01-09 14:08:49.152 D/SignalClusterView(504): mobile2: VISIBLE sig=2130837717 act=0 typ=2130837661
01-09 14:08:49.152 D/StatusBar-NetworkControllerDS(504): changing data overlay icon id to 2130837721
01-09 14:08:49.252 D/dalvikvm(671): GC_FOR_ALLOC freed 2707K, 35% free 12064K/18467K, paused 126ms
01-09 14:08:49.582 I/Adreno200-EGLSUB(110): <CreateImage:1017>: Android Image
01-09 14:08:49.582 I/Adreno200-EGLSUB(110): <GetImageAttributes:1226>: RGBA_8888
01-09 14:08:49.592 D/KeyguardViewMediator(378): setHidden false
01-09 14:08:49.602 I/NRFW    (1283): profile=wifi
01-09 14:08:49.622 D/KeyguardViewMediator(378): setHidden false
01-09 14:08:49.622 D/memalloc(110): /dev/pmem: Allocated buffer base:0x41a93000 size:737280 offset:8974336 fd:66
01-09 14:08:49.642 D/memalloc(671): /dev/pmem: Mapped buffer base:0x5468d000 size:9711616 offset:8974336 fd:68
01-09 14:08:49.682 I/NRFW    (1283): serverip=180.76.3.90 localIp=10.0.8.1
01-09 14:08:49.692 I/Adreno200-EGLSUB(110): <CreateImage:1017>: Android Image
01-09 14:08:49.692 I/Adreno200-EGLSUB(110): <GetImageAttributes:1226>: RGBA_8888
01-09 14:08:49.802 W/InputManagerService(378): Starting input on non-focused client com.android.internal.view.IInputMethodClient$Stub$Proxy@41ee9fa0 (uid=10139 pid=21796)
01-09 14:08:49.802 V/InputManagerService(378): Starting input on non-focused client mCurClient info is ClientState{41c772c8 uid 10109 pid 20066}
01-09 14:08:49.832 W/SurfaceFlinger(110): id=1227 Removed idx=2 Map Size=6
01-09 14:08:49.832 D/memalloc(110): /dev/pmem: Freeing buffer base:0x421ab000 size:1536000 offset:7438336 fd:36
01-09 14:08:49.832 D/KeyguardViewMediator(378): setHidden false
01-09 14:08:49.842 W/SurfaceFlinger(110): id=1227 Removed idx=-2 Map Size=6
01-09 14:08:49.842 D/memalloc(21796): /dev/pmem: Unmapping buffer base:0x51920000 size:8974336 offset:7438336
01-09 14:08:49.842 D/memalloc(21796): /dev/pmem: Unmapping buffer base:0x51550000 size:2949120 offset:1413120
01-09 14:08:49.852 D/memalloc(110): /dev/pmem: Freeing buffer base:0x41bec000 size:1536000 offset:1413120 fd:33
01-09 14:08:50.112 W/SignalStrength(504): getGsmLevel. this.mGsmSignalBar=3, getGsmSignalStrength()== 11
01-09 14:08:50.112 W/SignalStrength(504): getGsmLevel=3
01-09 14:08:50.112 W/SignalStrength(504): getLevel=3 (SignalStrength: 11 255 -120 -160 -120 -1 -1 99 2147483647 -32767 2147483647 -32767 gsm|lte 3)
01-09 14:08:50.112 W/SignalStrength(504): getGsmLevel. this.mGsmSignalBar=4, getGsmSignalStrength()== 26
01-09 14:08:50.112 W/SignalStrength(504): getGsmLevel=4
01-09 14:08:50.112 W/SignalStrength(504): getLevel=4 (SignalStrength: 26 255 -120 -160 -120 -1 -1 99 2147483647 -32767 2147483647 -32767 gsm|lte 4)
01-09 14:08:50.122 D/StatusBar-NetworkControllerDS(504): refreshViews connected={ wifi } level=3|4 combinedSignalIconId=0x7f0200ef/com.android.systemui:drawable/stat_sys_wifi_signal_4 combinedActivityIconId=0x7f0200d8 mAirplaneMode=false mDataActivity1=0 mDataActivity2=0 mPhoneSignalIconId1=0x7f0200cd mPhoneSignalIconId2=0x7f0200d5 mLastPhoneSignalIconId1=0x7f0200cd mLastPhoneSignalIconId2=0x7f0200d5 mDataDirectionIconId1=0x0 mDataDirectionIconId2=0x0 mDataSignalIconId1=0x7f0200cd mDataSignalIconId2=0x7f0200d5 mDataTypeIconId1=0x7f02009d mDataTypeIconId2=0x7f02009d mWifiIconId=0x7f0200ef mRoamingIconId1=0x0 mRoamingIconId2=0x0 mBluetoothTetherIconId=0x10806ce
01-09 14:08:50.122 D/SignalClusterView(504): wifi: VISIBLE sig=2130837743 act=2130837720
01-09 14:08:50.122 D/SignalClusterView(504): mobile1: VISIBLE sig=2130837709 act=0 typ=2130837661
01-09 14:08:50.122 D/SignalClusterView(504): mobile2: VISIBLE sig=2130837717 act=0 typ=2130837661
01-09 14:08:50.122 D/SignalClusterView(504): wifi: VISIBLE sig=2130837743 act=2130837720
01-09 14:08:50.122 D/SignalClusterView(504): mobile1: VISIBLE sig=2130837709 act=0 typ=2130837661
01-09 14:08:50.122 D/SignalClusterView(504): mobile2: VISIBLE sig=2130837717 act=0 typ=2130837661
01-09 14:08:50.122 D/SignalClusterView(504): wifi: VISIBLE sig=2130837743 act=2130837720
01-09 14:08:50.122 D/SignalClusterView(504): mobile1: VISIBLE sig=2130837709 act=0 typ=2130837661
01-09 14:08:50.122 D/SignalClusterView(504): mobile2: VISIBLE sig=2130837717 act=0 typ=2130837661
01-09 14:08:50.122 D/StatusBar-NetworkControllerDS(504): changing data overlay icon id to 2130837720
01-09 14:08:51.452 I/NRFW    (1283): serverip=103.235.47.88 localIp=10.0.8.1
01-09 14:08:52.132 W/SignalStrength(504): getGsmLevel. this.mGsmSignalBar=3, getGsmSignalStrength()== 11
01-09 14:08:52.132 W/SignalStrength(504): getGsmLevel=3
01-09 14:08:52.132 W/SignalStrength(504): getLevel=3 (SignalStrength: 11 255 -120 -160 -120 -1 -1 99 2147483647 -32767 2147483647 -32767 gsm|lte 3)
01-09 14:08:52.132 W/SignalStrength(504): getGsmLevel. this.mGsmSignalBar=4, getGsmSignalStrength()== 26
01-09 14:08:52.132 W/SignalStrength(504): getGsmLevel=4
01-09 14:08:52.132 W/SignalStrength(504): getLevel=4 (SignalStrength: 26 255 -120 -160 -120 -1 -1 99 2147483647 -32767 2147483647 -32767 gsm|lte 4)
01-09 14:08:52.132 D/StatusBar-NetworkControllerDS(504): refreshViews connected={ wifi } level=3|4 combinedSignalIconId=0x7f0200ef/com.android.systemui:drawable/stat_sys_wifi_signal_4 combinedActivityIconId=0x7f0200d9 mAirplaneMode=false mDataActivity1=0 mDataActivity2=0 mPhoneSignalIconId1=0x7f0200cd mPhoneSignalIconId2=0x7f0200d5 mLastPhoneSignalIconId1=0x7f0200cd mLastPhoneSignalIconId2=0x7f0200d5 mDataDirectionIconId1=0x0 mDataDirectionIconId2=0x0 mDataSignalIconId1=0x7f0200cd mDataSignalIconId2=0x7f0200d5 mDataTypeIconId1=0x7f02009d mDataTypeIconId2=0x7f02009d mWifiIconId=0x7f0200ef mRoamingIconId1=0x0 mRoamingIconId2=0x0 mBluetoothTetherIconId=0x10806ce
01-09 14:08:52.132 D/SignalClusterView(504): wifi: VISIBLE sig=2130837743 act=2130837721
01-09 14:08:52.132 D/SignalClusterView(504): mobile1: VISIBLE sig=2130837709 act=0 typ=2130837661
01-09 14:08:52.132 D/SignalClusterView(504): mobile2: VISIBLE sig=2130837717 act=0 typ=2130837661
01-09 14:08:52.132 D/SignalClusterView(504): wifi: VISIBLE sig=2130837743 act=2130837721
01-09 14:08:52.132 D/SignalClusterView(504): mobile1: VISIBLE sig=2130837709 act=0 typ=2130837661
01-09 14:08:52.132 D/SignalClusterView(504): mobile2: VISIBLE sig=2130837717 act=0 typ=2130837661
01-09 14:08:52.132 D/SignalClusterView(504): wifi: VISIBLE sig=2130837743 act=2130837721
01-09 14:08:52.132 D/SignalClusterView(504): mobile1: VISIBLE sig=2130837709 act=0 typ=2130837661
01-09 14:08:52.132 D/SignalClusterView(504): mobile2: VISIBLE sig=2130837717 act=0 typ=2130837661
01-09 14:08:52.132 D/StatusBar-NetworkControllerDS(504): changing data overlay icon id to 2130837721
01-09 14:08:53.132 W/SignalStrength(504): getGsmLevel. this.mGsmSignalBar=3, getGsmSignalStrength()== 11
01-09 14:08:53.132 W/SignalStrength(504): getGsmLevel=3
01-09 14:08:53.132 W/SignalStrength(504): getLevel=3 (SignalStrength: 11 255 -120 -160 -120 -1 -1 99 2147483647 -32767 2147483647 -32767 gsm|lte 3)
01-09 14:08:53.132 W/SignalStrength(504): getGsmLevel. this.mGsmSignalBar=4, getGsmSignalStrength()== 26
01-09 14:08:53.132 W/SignalStrength(504): getGsmLevel=4
01-09 14:08:53.132 W/SignalStrength(504): getLevel=4 (SignalStrength: 26 255 -120 -160 -120 -1 -1 99 2147483647 -32767 2147483647 -32767 gsm|lte 4)
01-09 14:08:53.132 D/StatusBar-NetworkControllerDS(504): refreshViews connected={ wifi } level=3|4 combinedSignalIconId=0x7f0200ef/com.android.systemui:drawable/stat_sys_wifi_signal_4 combinedActivityIconId=0x7f0200d8 mAirplaneMode=false mDataActivity1=0 mDataActivity2=0 mPhoneSignalIconId1=0x7f0200cd mPhoneSignalIconId2=0x7f0200d5 mLastPhoneSignalIconId1=0x7f0200cd mLastPhoneSignalIconId2=0x7f0200d5 mDataDirectionIconId1=0x0 mDataDirectionIconId2=0x0 mDataSignalIconId1=0x7f0200cd mDataSignalIconId2=0x7f0200d5 mDataTypeIconId1=0x7f02009d mDataTypeIconId2=0x7f02009d mWifiIconId=0x7f0200ef mRoamingIconId1=0x0 mRoamingIconId2=0x0 mBluetoothTetherIconId=0x10806ce
01-09 14:08:53.132 D/SignalClusterView(504): wifi: VISIBLE sig=2130837743 act=2130837720
01-09 14:08:53.132 D/SignalClusterView(504): mobile1: VISIBLE sig=2130837709 act=0 typ=2130837661
01-09 14:08:53.132 D/SignalClusterView(504): mobile2: VISIBLE sig=2130837717 act=0 typ=2130837661
01-09 14:08:53.132 D/SignalClusterView(504): wifi: VISIBLE sig=2130837743 act=2130837720
01-09 14:08:53.132 D/SignalClusterView(504): mobile1: VISIBLE sig=2130837709 act=0 typ=2130837661
01-09 14:08:53.132 D/SignalClusterView(504): mobile2: VISIBLE sig=2130837717 act=0 typ=2130837661
01-09 14:08:53.142 D/SignalClusterView(504): wifi: VISIBLE sig=2130837743 act=2130837720
01-09 14:08:53.142 D/SignalClusterView(504): mobile1: VISIBLE sig=2130837709 act=0 typ=2130837661
01-09 14:08:53.142 D/SignalClusterView(504): mobile2: VISIBLE sig=2130837717 act=0 typ=2130837661
01-09 14:08:53.142 D/StatusBar-NetworkControllerDS(504): changing data overlay icon id to 2130837720
01-09 14:08:53.932 I/InputReader(378): Touch event's action is 0x0 (deviceType=0) [pCnt=1, pending(waiting finished signal)=0, s=0.1867 ]
01-09 14:08:53.932 I/InputDispatcher(378): Delivering touch to current input target: action: 0x0
01-09 14:08:54.012 I/InputReader(378): Touch event's action is 0x1 (deviceType=0) [pCnt=1, pending(waiting finished signal)=0, s=]
01-09 14:08:54.012 I/InputDispatcher(378): Delivering touch to current input target: action: 0x1
01-09 14:08:54.542 D/Tethering(378): interfaceLinkStateChanged wlan0, true
01-09 14:08:54.542 D/Tethering(378): interfaceStatusChanged wlan0, true
01-09 14:08:54.952 I/InputReader(378): Touch event's action is 0x0 (deviceType=0) [pCnt=1, pending(waiting finished signal)=0, s=0.1868 ]
01-09 14:08:54.952 I/dalvikvm(21796): Jit: resizing JitTable from 4096 to 8192
01-09 14:08:54.952 I/InputDispatcher(378): Delivering touch to current input target: action: 0x0
01-09 14:08:55.052 I/InputReader(378): Touch event's action is 0x1 (deviceType=0) [pCnt=1, pending(waiting finished signal)=0, s=]
01-09 14:08:55.052 I/InputDispatcher(378): Delivering touch to current input target: action: 0x1
01-09 14:08:55.072 D/AbsListView(20066): Get MotionRecognitionManager
01-09 14:08:55.122 W/SurfaceFlinger(110): id=1234(2) createSurface 0x2fea0c (1x1),1 flag=0
01-09 14:08:55.122 D/KeyguardViewMediator(378): setHidden false
01-09 14:08:55.142 W/SignalStrength(504): getGsmLevel. this.mGsmSignalBar=3, getGsmSignalStrength()== 11
01-09 14:08:55.142 W/SignalStrength(504): getGsmLevel=3
01-09 14:08:55.142 W/SignalStrength(504): getLevel=3 (SignalStrength: 11 255 -120 -160 -120 -1 -1 99 2147483647 -32767 2147483647 -32767 gsm|lte 3)
01-09 14:08:55.142 W/SignalStrength(504): getGsmLevel. this.mGsmSignalBar=4, getGsmSignalStrength()== 26
01-09 14:08:55.142 W/SignalStrength(504): getGsmLevel=4
01-09 14:08:55.142 W/SignalStrength(504): getLevel=4 (SignalStrength: 26 255 -120 -160 -120 -1 -1 99 2147483647 -32767 2147483647 -32767 gsm|lte 4)
01-09 14:08:55.142 I/Adreno200-EGLSUB(20066): <ConfigWindowMatch:2218>: Format RGBA_8888.
01-09 14:08:55.142 D/StatusBar-NetworkControllerDS(504): refreshViews connected={ wifi } level=3|4 combinedSignalIconId=0x7f0200ef/com.android.systemui:drawable/stat_sys_wifi_signal_4 combinedActivityIconId=0x7f0200d9 mAirplaneMode=false mDataActivity1=0 mDataActivity2=0 mPhoneSignalIconId1=0x7f0200cd mPhoneSignalIconId2=0x7f0200d5 mLastPhoneSignalIconId1=0x7f0200cd mLastPhoneSignalIconId2=0x7f0200d5 mDataDirectionIconId1=0x0 mDataDirectionIconId2=0x0 mDataSignalIconId1=0x7f0200cd mDataSignalIconId2=0x7f0200d5 mDataTypeIconId1=0x7f02009d mDataTypeIconId2=0x7f02009d mWifiIconId=0x7f0200ef mRoamingIconId1=0x0 mRoamingIconId2=0x0 mBluetoothTetherIconId=0x10806ce
01-09 14:08:55.142 D/SignalClusterView(504): wifi: VISIBLE sig=2130837743 act=2130837721
01-09 14:08:55.142 D/SignalClusterView(504): mobile1: VISIBLE sig=2130837709 act=0 typ=2130837661
01-09 14:08:55.142 D/SignalClusterView(504): mobile2: VISIBLE sig=2130837717 act=0 typ=2130837661
01-09 14:08:55.142 D/SignalClusterView(504): wifi: VISIBLE sig=2130837743 act=2130837721
01-09 14:08:55.152 D/memalloc(110): /dev/pmem: Allocated buffer base:0x41a93000 size:1474560 offset:11923456 fd:33
01-09 14:08:55.152 D/memalloc(20066): /dev/pmem: Mapped buffer base:0x570fe000 size:13398016 offset:11923456 fd:138
01-09 14:08:55.152 D/SignalClusterView(504): mobile1: VISIBLE sig=2130837709 act=0 typ=2130837661
01-09 14:08:55.152 D/SignalClusterView(504): mobile2: VISIBLE sig=2130837717 act=0 typ=2130837661
01-09 14:08:55.152 D/SignalClusterView(504): wifi: VISIBLE sig=2130837743 act=2130837721
01-09 14:08:55.152 D/SignalClusterView(504): mobile1: VISIBLE sig=2130837709 act=0 typ=2130837661
01-09 14:08:55.152 D/SignalClusterView(504): mobile2: VISIBLE sig=2130837717 act=0 typ=2130837661
01-09 14:08:55.152 D/StatusBar-NetworkControllerDS(504): changing data overlay icon id to 2130837721
01-09 14:08:55.212 D/KeyguardViewMediator(378): setHidden false
01-09 14:08:55.222 D/memalloc(20066): /dev/pmem: Unmapping buffer base:0x570fe000 size:13398016 offset:11923456
01-09 14:08:55.222 D/memalloc(110): /dev/pmem: Freeing buffer base:0x425f2000 size:1474560 offset:11923456 fd:33
01-09 14:08:55.222 I/Adreno200-EGLSUB(20066): <ConfigWindowMatch:2218>: Format RGBA_8888.
01-09 14:08:55.222 D/memalloc(110): /dev/pmem: Allocated buffer base:0x41a93000 size:1474560 offset:11923456 fd:33
01-09 14:08:55.232 D/memalloc(20066): /dev/pmem: Mapped buffer base:0x570fe000 size:13398016 offset:11923456 fd:138
01-09 14:08:55.292 D/memalloc(110): /dev/pmem: Allocated buffer base:0x41a93000 size:1474560 offset:7438336 fd:36
01-09 14:08:55.302 D/memalloc(20066): /dev/pmem: Mapped buffer base:0x56592000 size:8912896 offset:7438336 fd:144
01-09 14:08:55.302 D/KeyguardViewMediator(378): setHidden false
01-09 14:08:55.302 I/Adreno200-EGLSUB(110): <CreateImage:1017>: Android Image
01-09 14:08:55.302 I/Adreno200-EGLSUB(110): <GetImageAttributes:1226>: RGBA_8888
01-09 14:08:55.312 D/KeyguardViewMediator(378): setHidden false
01-09 14:08:55.322 D/KeyguardViewMediator(378): setHidden false
01-09 14:08:56.152 W/SignalStrength(504): getGsmLevel. this.mGsmSignalBar=3, getGsmSignalStrength()== 11
01-09 14:08:56.152 W/SignalStrength(504): getGsmLevel=3
01-09 14:08:56.152 W/SignalStrength(504): getLevel=3 (SignalStrength: 11 255 -120 -160 -120 -1 -1 99 2147483647 -32767 2147483647 -32767 gsm|lte 3)
01-09 14:08:56.152 W/SignalStrength(504): getGsmLevel. this.mGsmSignalBar=4, getGsmSignalStrength()== 26
01-09 14:08:56.152 W/SignalStrength(504): getGsmLevel=4
01-09 14:08:56.152 W/SignalStrength(504): getLevel=4 (SignalStrength: 26 255 -120 -160 -120 -1 -1 99 2147483647 -32767 2147483647 -32767 gsm|lte 4)
01-09 14:08:56.152 D/StatusBar-NetworkControllerDS(504): refreshViews connected={ wifi } level=3|4 combinedSignalIconId=0x7f0200ef/com.android.systemui:drawable/stat_sys_wifi_signal_4 combinedActivityIconId=0x7f0200d8 mAirplaneMode=false mDataActivity1=0 mDataActivity2=0 mPhoneSignalIconId1=0x7f0200cd mPhoneSignalIconId2=0x7f0200d5 mLastPhoneSignalIconId1=0x7f0200cd mLastPhoneSignalIconId2=0x7f0200d5 mDataDirectionIconId1=0x0 mDataDirectionIconId2=0x0 mDataSignalIconId1=0x7f0200cd mDataSignalIconId2=0x7f0200d5 mDataTypeIconId1=0x7f02009d mDataTypeIconId2=0x7f02009d mWifiIconId=0x7f0200ef mRoamingIconId1=0x0 mRoamingIconId2=0x0 mBluetoothTetherIconId=0x10806ce
01-09 14:08:56.152 D/SignalClusterView(504): wifi: VISIBLE sig=2130837743 act=2130837720
01-09 14:08:56.152 D/SignalClusterView(504): mobile1: VISIBLE sig=2130837709 act=0 typ=2130837661
01-09 14:08:56.152 D/SignalClusterView(504): mobile2: VISIBLE sig=2130837717 act=0 typ=2130837661
01-09 14:08:56.152 D/SignalClusterView(504): wifi: VISIBLE sig=2130837743 act=2130837720
01-09 14:08:56.152 D/SignalClusterView(504): mobile1: VISIBLE sig=2130837709 act=0 typ=2130837661
01-09 14:08:56.152 D/SignalClusterView(504): mobile2: VISIBLE sig=2130837717 act=0 typ=2130837661
01-09 14:08:56.152 D/SignalClusterView(504): wifi: VISIBLE sig=2130837743 act=2130837720
01-09 14:08:56.152 D/SignalClusterView(504): mobile1: VISIBLE sig=2130837709 act=0 typ=2130837661
01-09 14:08:56.152 D/SignalClusterView(504): mobile2: VISIBLE sig=2130837717 act=0 typ=2130837661
01-09 14:08:56.152 D/StatusBar-NetworkControllerDS(504): changing data overlay icon id to 2130837720
01-09 14:08:56.332 D/memalloc(110): /dev/pmem: Allocated buffer base:0x41a93000 size:1474560 offset:1413120 fd:72
01-09 14:08:56.342 D/memalloc(20066): /dev/pmem: Mapped buffer base:0x57dc5000 size:2887680 offset:1413120 fd:147
01-09 14:08:56.342 I/Adreno200-EGLSUB(110): <CreateImage:1017>: Android Image
01-09 14:08:56.342 I/Adreno200-EGLSUB(110): <GetImageAttributes:1226>: RGBA_8888
01-09 14:08:56.382 I/Adreno200-EGLSUB(110): <CreateImage:1017>: Android Image
01-09 14:08:56.382 I/Adreno200-EGLSUB(110): <GetImageAttributes:1226>: RGBA_8888
01-09 14:08:56.442 V/PowerManagerService(378): Top Most Needs Intelligent Sleep: true
01-09 14:08:56.442 W/PowerManagerService(378): Timer 0x3->0x3|0x0
01-09 14:08:57.802 I/InputReader(378): Touch event's action is 0x0 (deviceType=0) [pCnt=1, pending(waiting finished signal)=0, s=0.1869 ]
01-09 14:08:57.802 I/InputDispatcher(378): Delivering touch to current input target: action: 0x0
01-09 14:08:57.882 I/InputReader(378): Touch event's action is 0x1 (deviceType=0) [pCnt=1, pending(waiting finished signal)=0, s=]
01-09 14:08:57.882 I/InputDispatcher(378): Delivering touch to current input target: action: 0x1
01-09 14:08:58.122 D/memalloc(20066): /dev/pmem: Unmapping buffer base:0x570fe000 size:13398016 offset:11923456
01-09 14:08:58.122 D/memalloc(20066): /dev/pmem: Unmapping buffer base:0x56592000 size:8912896 offset:7438336
01-09 14:08:58.122 D/memalloc(20066): /dev/pmem: Unmapping buffer base:0x57dc5000 size:2887680 offset:1413120
01-09 14:08:58.122 D/memalloc(110): /dev/pmem: Freeing buffer base:0x425f2000 size:1474560 offset:11923456 fd:33
01-09 14:08:58.122 D/memalloc(110): /dev/pmem: Freeing buffer base:0x41bec000 size:1474560 offset:1413120 fd:72
01-09 14:08:58.122 D/KeyguardViewMediator(378): setHidden false
01-09 14:08:58.142 D/KeyguardViewMediator(378): setHidden false
01-09 14:08:58.142 W/SurfaceFlinger(110): id=1234 Removed idx=5 Map Size=6
01-09 14:08:58.142 W/SurfaceFlinger(110): id=1234 Removed idx=-2 Map Size=6
01-09 14:08:58.142 D/KeyguardViewMediator(378): setHidden false
01-09 14:08:58.152 W/InputManagerService(378): Window already focused, ignoring focus gain of: com.android.internal.view.IInputMethodClient$Stub$Proxy@41b69380
01-09 14:08:58.162 W/SignalStrength(504): getGsmLevel. this.mGsmSignalBar=3, getGsmSignalStrength()== 11
01-09 14:08:58.162 W/SignalStrength(504): getGsmLevel=3
01-09 14:08:58.162 W/SignalStrength(504): getLevel=3 (SignalStrength: 11 255 -120 -160 -120 -1 -1 99 2147483647 -32767 2147483647 -32767 gsm|lte 3)
01-09 14:08:58.162 W/SignalStrength(504): getGsmLevel. this.mGsmSignalBar=4, getGsmSignalStrength()== 26
01-09 14:08:58.162 W/SignalStrength(504): getGsmLevel=4
01-09 14:08:58.162 W/SignalStrength(504): getLevel=4 (SignalStrength: 26 255 -120 -160 -120 -1 -1 99 2147483647 -32767 2147483647 -32767 gsm|lte 4)
01-09 14:08:58.162 D/StatusBar-NetworkControllerDS(504): refreshViews connected={ wifi } level=3|4 combinedSignalIconId=0x7f0200ef/com.android.systemui:drawable/stat_sys_wifi_signal_4 combinedActivityIconId=0x7f0200d9 mAirplaneMode=false mDataActivity1=0 mDataActivity2=0 mPhoneSignalIconId1=0x7f0200cd mPhoneSignalIconId2=0x7f0200d5 mLastPhoneSignalIconId1=0x7f0200cd mLastPhoneSignalIconId2=0x7f0200d5 mDataDirectionIconId1=0x0 mDataDirectionIconId2=0x0 mDataSignalIconId1=0x7f0200cd mDataSignalIconId2=0x7f0200d5 mDataTypeIconId1=0x7f02009d mDataTypeIconId2=0x7f02009d mWifiIconId=0x7f0200ef mRoamingIconId1=0x0 mRoamingIconId2=0x0 mBluetoothTetherIconId=0x10806ce
01-09 14:08:58.162 D/SignalClusterView(504): wifi: VISIBLE sig=2130837743 act=2130837721
01-09 14:08:58.162 D/SignalClusterView(504): mobile1: VISIBLE sig=2130837709 act=0 typ=2130837661
01-09 14:08:58.162 D/SignalClusterView(504): mobile2: VISIBLE sig=2130837717 act=0 typ=2130837661
01-09 14:08:58.162 D/SignalClusterView(504): wifi: VISIBLE sig=2130837743 act=2130837721
01-09 14:08:58.162 D/SignalClusterView(504): mobile1: VISIBLE sig=2130837709 act=0 typ=2130837661
01-09 14:08:58.162 D/SignalClusterView(504): mobile2: VISIBLE sig=2130837717 act=0 typ=2130837661
01-09 14:08:58.172 D/memalloc(110): /dev/pmem: Freeing buffer base:0x421ab000 size:1474560 offset:7438336 fd:36
01-09 14:08:58.172 D/SignalClusterView(504): wifi: VISIBLE sig=2130837743 act=2130837721
01-09 14:08:58.172 D/SignalClusterView(504): mobile1: VISIBLE sig=2130837709 act=0 typ=2130837661
01-09 14:08:58.172 D/SignalClusterView(504): mobile2: VISIBLE sig=2130837717 act=0 typ=2130837661
01-09 14:08:58.172 D/StatusBar-NetworkControllerDS(504): changing data overlay icon id to 2130837721
01-09 14:08:58.512 D/STATUSBAR-NotificationService(378): enqueueToast()
01-09 14:08:58.522 W/SurfaceFlinger(110): id=1235(3) createSurface 0x2f9bac (1x1),1 flag=0
01-09 14:08:58.532 D/KeyguardViewMediator(378): setHidden false
01-09 14:08:58.552 D/PowerManagerService(378): acquireWakeLock flags=0xa tag=KEEP_SCREEN_ON_FLAG uid=1000 pid=378   myUID=1000 myPID=378 myTID=666
01-09 14:08:58.562 D/memalloc(110): /dev/pmem: Allocated buffer base:0x41a93000 size:184320 offset:5349376 fd:33
01-09 14:08:58.562 D/memalloc(20066): /dev/pmem: Mapped buffer base:0x56792000 size:5533696 offset:5349376 fd:140
01-09 14:08:58.572 I/Adreno200-EGLSUB(110): <CreateImage:1017>: Android Image
01-09 14:08:58.572 I/Adreno200-EGLSUB(110): <GetImageAttributes:1226>: RGBA_8888
01-09 14:08:58.582 D/KeyguardViewMediator(378): setHidden false
01-09 14:08:58.592 D/KeyguardViewMediator(378): setHidden false
01-09 14:08:59.042 I/NRFW    (1283): profile=wifi
01-09 14:08:59.082 I/NRFW    (1283): serverip=212.227.17.170 localIp=10.0.8.1
01-09 14:08:59.302 V/PowerManagerService(378): Top Most Needs Intelligent Sleep: true
01-09 14:08:59.302 W/PowerManagerService(378): Timer 0x3->0x3|0x3
01-09 14:08:59.842 I/NRFW    (1283): serverip=212.227.17.170 localIp=10.0.8.1
01-09 14:08:59.992 E/AlarmManagerService(378): android_server_AlarmManagerService_set to type=3, 239574.845000000
01-09 14:08:59.992 V/AlarmManager(378): waitForAlarm result :8
01-09 14:08:59.992 V/AlarmManager(378): ClockReceiver onReceive() ACTION_TIME_TICK
01-09 14:08:59.992 W/AlarmManager(378): FACTORY_ON= 0
01-09 14:09:00.002 D/KeyguardUpdateMonitor(378): received broadcast android.intent.action.TIME_TICK
01-09 14:09:00.002 D/KeyguardUpdateMonitor(378): handleTimeUpdate
01-09 14:09:00.012 D/STATUSBAR-Clock(504): onReceive() - ACTION_TIME_TICK
01-09 14:09:00.032 D/BatteryService(378): update start
01-09 14:09:00.042 D/KeyguardUpdateMonitor(378): received broadcast android.intent.action.BATTERY_CHANGED
01-09 14:09:00.042 D/KeyguardUpdateMonitor(378): handleBatteryUpdate
01-09 14:09:00.042 D/BatteryService(378): level:45 scale:100 status:3 health:2 present:true voltage: 3732 temperature: 230 technology: Li-ion AC powered:false USB powered:false icon:17303167 invalid charger:0
01-09 14:09:00.042 D/ThermistorObserver(378): mBatteryBRForAMOLED : onReceive() : newTemperature : 230
01-09 14:09:00.042 V/UiModeManager(378): updateLocked, mLastBroadcastState =0 , oldAction = null
01-09 14:09:00.062 D/STATUSBAR-BatteryController(504): onReceive() - ACTION_BATTERY_CHANGED
01-09 14:09:00.062 D/STATUSBAR-BatteryController(504): onReceive() - level:45
01-09 14:09:00.062 D/STATUSBAR-BatteryController(504): onReceive() - plugged:0
01-09 14:09:00.062 D/STATUSBAR-BatteryController(504): onReceive() - BATTERY_STATUS_DISCHARGING: stat_sys_battery
01-09 14:09:00.062 D/STATUSBAR-PhoneStatusBar(504): ACTION_BATTERY_CHANGED
01-09 14:09:00.062 D/STATUSBAR-PhoneStatusBar(504): NORMAL_BATTERY
01-09 14:09:00.062 D/PowerUI (504): getBatteryOnline : battery online file not found
01-09 14:09:01.612 W/NetworkStats(378): dropping UID delta from unknown iface: iface=tun0 uid=0 set=DEFAULT tag=0x0 rxBytes=437 rxPackets=10 txBytes=240 txPackets=6 operations=0
01-09 14:09:01.612 W/NetworkStats(378): dropping UID delta from unknown iface: iface=tun0 uid=1000 set=DEFAULT tag=0x0 rxBytes=40 rxPackets=1 txBytes=0 txPackets=0 operations=0
01-09 14:09:01.612 W/NetworkStats(378): dropping UID delta from unknown iface: iface=tun0 uid=10014 set=DEFAULT tag=0x0 rxBytes=46525 rxPackets=172 txBytes=11299 txPackets=141 operations=0
01-09 14:09:01.612 W/NetworkStats(378): dropping UID delta from unknown iface: iface=tun0 uid=10029 set=DEFAULT tag=0x0 rxBytes=6096 rxPackets=15 txBytes=2891 txPackets=18 operations=0
01-09 14:09:01.612 W/NetworkStats(378): dropping UID delta from unknown iface: iface=tun0 uid=10053 set=DEFAULT tag=0x0 rxBytes=960 rxPackets=24 txBytes=0 txPackets=0 operations=0
01-09 14:09:01.612 W/NetworkStats(378): dropping UID delta from unknown iface: iface=tun0 uid=10109 set=DEFAULT tag=0x0 rxBytes=97820 rxPackets=428 txBytes=27466 txPackets=425 operations=0
01-09 14:09:01.612 W/NetworkStats(378): dropping UID delta from unknown iface: iface=tun0 uid=10109 set=FOREGROUND tag=0x0 rxBytes=15796 rxPackets=107 txBytes=103677 txPackets=134 operations=0
01-09 14:09:01.612 W/NetworkStats(378): dropping UID delta from unknown iface: iface=tun0 uid=10115 set=DEFAULT tag=0x0 rxBytes=0 rxPackets=0 txBytes=12060 txPackets=201 operations=0
01-09 14:09:01.612 W/NetworkStats(378): dropping UID delta from unknown iface: iface=tun0 uid=10119 set=DEFAULT tag=0x0 rxBytes=160 rxPackets=4 txBytes=0 txPackets=0 operations=0
01-09 14:09:01.612 W/NetworkStats(378): dropping UID delta from unknown iface: iface=tun0 uid=10130 set=DEFAULT tag=0x0 rxBytes=9218 rxPackets=21 txBytes=2371 txPackets=26 operations=0
01-09 14:09:01.612 W/NetworkStats(378): dropping UID delta from unknown iface: iface=tun0 uid=10136 set=DEFAULT tag=0x0 rxBytes=1014 rxPackets=12 txBytes=918 txPackets=12 operations=0
01-09 14:09:01.612 W/NetworkStats(378): dropping UID delta from unknown iface: iface=tun0 uid=10140 set=FOREGROUND tag=0x0 rxBytes=20739 rxPackets=26 txBytes=2488 txPackets=36 operations=0
01-09 14:09:01.622 W/NetworkStats(378): dropping UID delta from unknown iface: iface=tun0 uid=10115 set=DEFAULT tag=0x11002 rxBytes=0 rxPackets=0 txBytes=5400 txPackets=90 operations=0
01-09 14:09:01.622 W/NetworkStats(378): dropping UID delta from unknown iface: iface=tun0 uid=10115 set=DEFAULT tag=0x11003 rxBytes=0 rxPackets=0 txBytes=2700 txPackets=45 operations=0
01-09 14:09:01.622 W/NetworkStats(378): dropping UID delta from unknown iface: iface=tun0 uid=10053 set=DEFAULT tag=0x1e009238 rxBytes=120 rxPackets=3 txBytes=0 txPackets=0 operations=0
01-09 14:09:01.622 W/NetworkStats(378): dropping UID delta from unknown iface: iface=tun0 uid=10014 set=DEFAULT tag=0x20000401 rxBytes=1457 rxPackets=11 txBytes=3324 txPackets=11 operations=0
01-09 14:09:01.622 W/NetworkStats(378): dropping UID delta from unknown iface: iface=tun0 uid=10014 set=DEFAULT tag=0x20000407 rxBytes=44868 rxPackets=156 txBytes=7975 txPackets=130 operations=0
01-09 14:09:01.622 W/NetworkStats(378): dropping UID delta from unknown iface: iface=tun0 uid=10014 set=DEFAULT tag=0x20001203 rxBytes=80 rxPackets=2 txBytes=0 txPackets=0 operations=0
01-09 14:09:01.622 W/NetworkStats(378): dropping UID delta from unknown iface: iface=tun0 uid=10014 set=DEFAULT tag=0x21065fff rxBytes=80 rxPackets=2 txBytes=0 txPackets=0 operations=0
01-09 14:09:01.622 W/NetworkStats(378): dropping UID delta from unknown iface: iface=tun0 uid=10053 set=DEFAULT tag=0x32e544f9 rxBytes=160 rxPackets=4 txBytes=0 txPackets=0 operations=0
