01-09 14:01:26.512 V/AwesomePlayer(113): cancelPlayerEvents (keepNotifications=0)
01-09 14:01:26.512 V/AwesomePlayer(113): mAudioTrackVector clear
01-09 14:01:26.512 V/AwesomePlayer(113): mAudioPlayer successfully deleted
01-09 14:01:26.512 V/AwesomePlayer(113): setListener
01-09 14:01:26.512 V/AwesomePlayer(113): AwesomePlayer running on behalf of uid 10089
01-09 14:01:26.512 V/AudioSink(113): AudioOutput(830)
01-09 14:01:26.512 V/AwesomePlayer(113): setAudioSink
01-09 14:01:26.512 V/AwesomePlayer(113): setDataSource fd
01-09 14:01:26.512 V/AwesomePlayer(113): reset_l() cancel player events
01-09 14:01:26.512 V/AwesomePlayer(113): cancelPlayerEvents (keepNotifications=0)
01-09 14:01:26.512 V/AwesomePlayer(113): mAudioTrackVector clear
01-09 14:01:26.512 V/AwesomePlayer(113): mAudioPlayer successfully deleted
01-09 14:01:26.512 V/MediaExtractor(113): Autodetected media content as 'application/ogg' with confidence 0.20
01-09 14:01:26.512 V/AwesomePlayer(113): track of type 'audio/vorbis' does not publish bitrate
01-09 14:01:26.512 V/AwesomePlayer(113): mBitrate = -1 bits/sec
01-09 14:01:26.512 V/AwesomePlayer(113): current audio track (0)
01-09 14:01:26.512 V/AwesomePlayer(113): setAudioSource
01-09 14:01:26.512 V/AwesomePlayer(113): current audio track (0) is added to vector[0]
01-09 14:01:26.542 V/MediaPlayer(21305): setListener
01-09 14:01:26.542 V/MediaPlayer(21305): disconnect
01-09 14:01:26.542 V/MediaPlayerService(113): disconnect(818) from pid 21305
01-09 14:01:26.542 I/AwesomePlayer(113): reset
01-09 14:01:26.542 V/AwesomePlayer(113): reset_l() cancel player events
01-09 14:01:26.542 V/AwesomePlayer(113): cancelPlayerEvents (keepNotifications=0)
01-09 14:01:26.542 V/AwesomePlayer(113): mAudioTrackVector clear
01-09 14:01:26.542 V/AwesomePlayer(113): mAudioPlayer successfully deleted
01-09 14:01:26.542 I/AwesomePlayer(113): reset
01-09 14:01:26.542 V/AwesomePlayer(113): reset_l() cancel player events
01-09 14:01:26.542 V/AwesomePlayer(113): cancelPlayerEvents (keepNotifications=0)
01-09 14:01:26.542 V/AwesomePlayer(113): mAudioTrackVector clear
01-09 14:01:26.542 V/AwesomePlayer(113): mAudioPlayer successfully deleted
01-09 14:01:26.542 V/AwesomePlayer(113): destructor
01-09 14:01:26.542 I/AwesomePlayer(113): reset
01-09 14:01:26.542 V/AwesomePlayer(113): reset_l() cancel player events
01-09 14:01:26.542 V/AwesomePlayer(113): cancelPlayerEvents (keepNotifications=0)
01-09 14:01:26.542 V/AwesomePlayer(113): mAudioTrackVector clear
01-09 14:01:26.542 V/AwesomePlayer(113): mAudioPlayer successfully deleted
01-09 14:01:26.542 V/AwesomePlayer(113): ~AwesomePlayer()
01-09 14:01:26.542 V/MediaPlayer(21305): destructor
01-09 14:01:26.542 V/MediaPlayerService(113): Client(818) destructor pid = 21305
01-09 14:01:26.542 V/AudioSink(113): close
01-09 14:01:26.542 V/MediaPlayerService(113): disconnect(818) from pid 21305
01-09 14:01:26.542 V/MediaPlayer(21305): disconnect
01-09 14:01:26.642 D/QCRIL_RPC(102): Enter qcril_cm_srvsys_event_callback
01-09 14:01:26.642 D/QCRIL_RPC(102): Exit qcril_cm_srvsys_event_callback
01-09 14:01:26.652 W/SignalStrength(504): getGsmLevel. this.mGsmSignalBar=3, getGsmSignalStrength()== 11
01-09 14:01:26.652 W/SignalStrength(504): getGsmLevel=3
01-09 14:01:26.652 W/SignalStrength(504): getLevel=3 (SignalStrength: 11 255 -120 -160 -120 -1 -1 99 2147483647 -32767 2147483647 -32767 gsm|lte 3)
01-09 14:01:26.652 W/SignalStrength(504): getGsmLevel. this.mGsmSignalBar=3, getGsmSignalStrength()== 11
01-09 14:01:26.652 W/SignalStrength(504): getGsmLevel=3
01-09 14:01:26.652 W/SignalStrength(504): getLevel=3 (SignalStrength: 11 255 -120 -160 -120 -1 -1 99 2147483647 -32767 2147483647 -32767 gsm|lte 3)
01-09 14:01:26.652 W/SignalStrength(504): getGsmLevel. this.mGsmSignalBar=3, getGsmSignalStrength()== 11
01-09 14:01:26.652 W/SignalStrength(504): getGsmLevel=3
01-09 14:01:26.652 W/SignalStrength(504): getLevel=3 (SignalStrength: 11 255 -120 -160 -120 -1 -1 99 2147483647 -32767 2147483647 -32767 gsm|lte 3)
01-09 14:01:26.652 W/SignalStrength(504): getGsmLevel. this.mGsmSignalBar=4, getGsmSignalStrength()== 26
01-09 14:01:26.652 W/SignalStrength(504): getGsmLevel=4
01-09 14:01:26.652 W/SignalStrength(504): getLevel=4 (SignalStrength: 26 255 -120 -160 -120 -1 -1 99 2147483647 -32767 2147483647 -32767 gsm|lte 4)
01-09 14:01:26.672 W/SignalStrength(378): getGsmLevel. this.mGsmSignalBar=3, getGsmSignalStrength()== 11
01-09 14:01:26.672 W/SignalStrength(378): getGsmLevel=3
01-09 14:01:26.672 W/SignalStrength(378): getLevel=3 (SignalStrength: 11 255 -120 -160 -120 -1 -1 99 2147483647 -32767 2147483647 -32767 gsm|lte 3)
01-09 14:01:26.672 W/SignalStrength(378): getDbm 1
01-09 14:01:26.672 W/SignalStrength(378): getGsmDbm=-91
01-09 14:01:26.672 W/SignalStrength(378): getDbm=-91
01-09 14:01:26.672 W/SignalStrength(378): getAsuLevel 1
01-09 14:01:26.672 W/SignalStrength(378): getGsmAsuLevel=11
01-09 14:01:26.672 W/SignalStrength(378): getAsuLevel=11
01-09 14:01:26.962 D/ApplicationPolicy(378): isStatusBarNotificationAllowed: packageName = com.google.android.talk
01-09 14:01:27.182 D/dalvikvm(504): GC_EXPLICIT freed 1268K, 49% free 15820K/30947K, paused 3ms+18ms
01-09 14:01:27.232 D/KeyguardViewMediator(378): setHidden false
01-09 14:01:27.242 W/SignalStrength(504): getGsmLevel. this.mGsmSignalBar=3, getGsmSignalStrength()== 11
01-09 14:01:27.242 W/SignalStrength(504): getGsmLevel=3
01-09 14:01:27.242 W/SignalStrength(504): getLevel=3 (SignalStrength: 11 255 -120 -160 -120 -1 -1 99 2147483647 -32767 2147483647 -32767 gsm|lte 3)
01-09 14:01:27.242 W/SignalStrength(504): getGsmLevel. this.mGsmSignalBar=4, getGsmSignalStrength()== 26
01-09 14:01:27.242 W/SignalStrength(504): getGsmLevel=4
01-09 14:01:27.242 W/SignalStrength(504): getLevel=4 (SignalStrength: 26 255 -120 -160 -120 -1 -1 99 2147483647 -32767 2147483647 -32767 gsm|lte 4)
01-09 14:01:27.272 D/KeyguardViewMediator(378): setHidden false
01-09 14:01:27.782 D/Tethering(378): interfaceLinkStateChanged wlan0, true
01-09 14:01:27.782 D/Tethering(378): interfaceStatusChanged wlan0, true
01-09 14:01:28.082 E/AlarmManagerService(378): android_server_AlarmManagerService_set to type=3, 239126.672000000
01-09 14:01:28.112 W/SignalStrength(504): getGsmLevel. this.mGsmSignalBar=3, getGsmSignalStrength()== 11
01-09 14:01:28.112 W/SignalStrength(504): getGsmLevel=3
01-09 14:01:28.112 W/SignalStrength(504): getLevel=3 (SignalStrength: 11 255 -120 -160 -120 -1 -1 99 2147483647 -32767 2147483647 -32767 gsm|lte 3)
01-09 14:01:28.112 W/SignalStrength(504): getGsmLevel. this.mGsmSignalBar=4, getGsmSignalStrength()== 26
01-09 14:01:28.112 W/SignalStrength(504): getGsmLevel=4
01-09 14:01:28.112 W/SignalStrength(504): getLevel=4 (SignalStrength: 26 255 -120 -160 -120 -1 -1 99 2147483647 -32767 2147483647 -32767 gsm|lte 4)
01-09 14:01:28.132 D/dalvikvm(20886): GC_CONCURRENT freed 7285K, 28% free 24147K/33315K, paused 3ms+17ms
01-09 14:01:29.512 D/plugin  (689): getDefaultSubscription()
01-09 14:01:30.112 W/SignalStrength(504): getGsmLevel. this.mGsmSignalBar=3, getGsmSignalStrength()== 11
01-09 14:01:30.112 W/SignalStrength(504): getGsmLevel=3
01-09 14:01:30.112 W/SignalStrength(504): getLevel=3 (SignalStrength: 11 255 -120 -160 -120 -1 -1 99 2147483647 -32767 2147483647 -32767 gsm|lte 3)
01-09 14:01:30.112 W/SignalStrength(504): getGsmLevel. this.mGsmSignalBar=4, getGsmSignalStrength()== 26
01-09 14:01:30.112 W/SignalStrength(504): getGsmLevel=4
01-09 14:01:30.112 W/SignalStrength(504): getLevel=4 (SignalStrength: 26 255 -120 -160 -120 -1 -1 99 2147483647 -32767 2147483647 -32767 gsm|lte 4)
01-09 14:01:30.142 I/NRFW    (1283): profile=wifi
01-09 14:01:30.172 I/NRFW    (1283): serverip=103.235.47.88 localIp=10.0.8.1
01-09 14:01:31.122 W/SignalStrength(504): getGsmLevel. this.mGsmSignalBar=3, getGsmSignalStrength()== 11
01-09 14:01:31.122 W/SignalStrength(504): getGsmLevel=3
01-09 14:01:31.122 W/SignalStrength(504): getLevel=3 (SignalStrength: 11 255 -120 -160 -120 -1 -1 99 2147483647 -32767 2147483647 -32767 gsm|lte 3)
01-09 14:01:31.122 W/SignalStrength(504): getGsmLevel. this.mGsmSignalBar=4, getGsmSignalStrength()== 26
01-09 14:01:31.122 W/SignalStrength(504): getGsmLevel=4
01-09 14:01:31.122 W/SignalStrength(504): getLevel=4 (SignalStrength: 26 255 -120 -160 -120 -1 -1 99 2147483647 -32767 2147483647 -32767 gsm|lte 4)
01-09 14:01:31.392 D/dalvikvm(20886): GC_CONCURRENT freed 7275K, 28% free 24146K/33315K, paused 3ms+17ms
01-09 14:01:32.242 D/plugin  (689): getDefaultSubscription()
01-09 14:01:33.122 W/SignalStrength(504): getGsmLevel. this.mGsmSignalBar=3, getGsmSignalStrength()== 11
01-09 14:01:33.122 W/SignalStrength(504): getGsmLevel=3
01-09 14:01:33.122 W/SignalStrength(504): getLevel=3 (SignalStrength: 11 255 -120 -160 -120 -1 -1 99 2147483647 -32767 2147483647 -32767 gsm|lte 3)
01-09 14:01:33.122 W/SignalStrength(504): getGsmLevel. this.mGsmSignalBar=4, getGsmSignalStrength()== 26
01-09 14:01:33.122 W/SignalStrength(504): getGsmLevel=4
01-09 14:01:33.122 W/SignalStrength(504): getLevel=4 (SignalStrength: 26 255 -120 -160 -120 -1 -1 99 2147483647 -32767 2147483647 -32767 gsm|lte 4)
01-09 14:01:33.212 I/NRFW    (1283): profile=wifi
01-09 14:01:33.252 I/NRFW    (1283): serverip=103.235.47.88 localIp=10.0.8.1
01-09 14:01:34.122 W/SignalStrength(504): getGsmLevel. this.mGsmSignalBar=3, getGsmSignalStrength()== 11
01-09 14:01:34.122 W/SignalStrength(504): getGsmLevel=3
01-09 14:01:34.122 W/SignalStrength(504): getLevel=3 (SignalStrength: 11 255 -120 -160 -120 -1 -1 99 2147483647 -32767 2147483647 -32767 gsm|lte 3)
01-09 14:01:34.122 W/SignalStrength(504): getGsmLevel. this.mGsmSignalBar=4, getGsmSignalStrength()== 26
01-09 14:01:34.122 W/SignalStrength(504): getGsmLevel=4
01-09 14:01:34.122 W/SignalStrength(504): getLevel=4 (SignalStrength: 26 255 -120 -160 -120 -1 -1 99 2147483647 -32767 2147483647 -32767 gsm|lte 4)
01-09 14:01:34.322 D/dalvikvm(20886): GC_CONCURRENT freed 7260K, 28% free 24150K/33315K, paused 4ms+22ms
01-09 14:01:34.382 D/plugin  (689): getDefaultSubscription()
01-09 14:01:36.122 W/SignalStrength(504): getGsmLevel. this.mGsmSignalBar=3, getGsmSignalStrength()== 11
01-09 14:01:36.122 W/SignalStrength(504): getGsmLevel=3
01-09 14:01:36.122 W/SignalStrength(504): getLevel=3 (SignalStrength: 11 255 -120 -160 -120 -1 -1 99 2147483647 -32767 2147483647 -32767 gsm|lte 3)
01-09 14:01:36.122 W/SignalStrength(504): getGsmLevel. this.mGsmSignalBar=4, getGsmSignalStrength()== 26
01-09 14:01:36.122 W/SignalStrength(504): getGsmLevel=4
01-09 14:01:36.122 W/SignalStrength(504): getLevel=4 (SignalStrength: 26 255 -120 -160 -120 -1 -1 99 2147483647 -32767 2147483647 -32767 gsm|lte 4)
01-09 14:01:36.542 D/plugin  (689): getDefaultSubscription()
01-09 14:01:37.132 W/SignalStrength(504): getGsmLevel. this.mGsmSignalBar=3, getGsmSignalStrength()== 11
01-09 14:01:37.132 W/SignalStrength(504): getGsmLevel=3
01-09 14:01:37.132 W/SignalStrength(504): getLevel=3 (SignalStrength: 11 255 -120 -160 -120 -1 -1 99 2147483647 -32767 2147483647 -32767 gsm|lte 3)
01-09 14:01:37.132 W/SignalStrength(504): getGsmLevel. this.mGsmSignalBar=4, getGsmSignalStrength()== 26
01-09 14:01:37.132 W/SignalStrength(504): getGsmLevel=4
01-09 14:01:37.132 W/SignalStrength(504): getLevel=4 (SignalStrength: 26 255 -120 -160 -120 -1 -1 99 2147483647 -32767 2147483647 -32767 gsm|lte 4)
01-09 14:01:37.312 D/dalvikvm(20886): GC_CONCURRENT freed 7294K, 28% free 24131K/33315K, paused 4ms+27ms
01-09 14:01:38.562 D/plugin  (689): getDefaultSubscription()
01-09 14:01:38.662 I/NRFW    (1283): profile=wifi
01-09 14:01:39.132 W/SignalStrength(504): getGsmLevel. this.mGsmSignalBar=3, getGsmSignalStrength()== 11
01-09 14:01:39.132 W/SignalStrength(504): getGsmLevel=3
01-09 14:01:39.132 W/SignalStrength(504): getLevel=3 (SignalStrength: 11 255 -120 -160 -120 -1 -1 99 2147483647 -32767 2147483647 -32767 gsm|lte 3)
01-09 14:01:39.132 W/SignalStrength(504): getGsmLevel. this.mGsmSignalBar=4, getGsmSignalStrength()== 26
01-09 14:01:39.132 W/SignalStrength(504): getGsmLevel=4
01-09 14:01:39.132 W/SignalStrength(504): getLevel=4 (SignalStrength: 26 255 -120 -160 -120 -1 -1 99 2147483647 -32767 2147483647 -32767 gsm|lte 4)
01-09 14:01:39.162 D/KeyguardUpdateMonitor(378): received broadcast android.intent.action.BATTERY_CHANGED
01-09 14:01:39.162 D/KeyguardUpdateMonitor(378): handleBatteryUpdate
01-09 14:01:39.252 I/NRFW    (1283): serverip=103.235.47.88 localIp=10.0.8.1
01-09 14:01:40.292 D/dalvikvm(20886): GC_CONCURRENT freed 7244K, 28% free 24146K/33315K, paused 3ms+18ms
01-09 14:01:40.912 D/plugin  (689): getDefaultSubscription()
01-09 14:01:43.172 D/dalvikvm(20886): GC_CONCURRENT freed 7270K, 28% free 24150K/33315K, paused 4ms+18ms
01-09 14:01:43.192 W/SignalStrength(504): getGsmLevel. this.mGsmSignalBar=3, getGsmSignalStrength()== 11
01-09 14:01:43.192 W/SignalStrength(504): getGsmLevel=3
01-09 14:01:43.192 W/SignalStrength(504): getLevel=3 (SignalStrength: 11 255 -120 -160 -120 -1 -1 99 2147483647 -32767 2147483647 -32767 gsm|lte 3)
01-09 14:01:43.192 W/SignalStrength(504): getGsmLevel. this.mGsmSignalBar=4, getGsmSignalStrength()== 26
01-09 14:01:43.192 W/SignalStrength(504): getGsmLevel=4
01-09 14:01:43.192 W/SignalStrength(504): getLevel=4 (SignalStrength: 26 255 -120 -160 -120 -1 -1 99 2147483647 -32767 2147483647 -32767 gsm|lte 4)
01-09 14:01:43.292 D/plugin  (689): getDefaultSubscription()
01-09 14:01:45.392 W/SignalStrength(504): getGsmLevel. this.mGsmSignalBar=3, getGsmSignalStrength()== 11
01-09 14:01:45.392 W/SignalStrength(504): getGsmLevel=3
01-09 14:01:45.392 W/SignalStrength(504): getLevel=3 (SignalStrength: 11 255 -120 -160 -120 -1 -1 99 2147483647 -32767 2147483647 -32767 gsm|lte 3)
01-09 14:01:45.392 W/SignalStrength(504): getGsmLevel. this.mGsmSignalBar=4, getGsmSignalStrength()== 26
01-09 14:01:45.392 W/SignalStrength(504): getGsmLevel=4
01-09 14:01:45.392 W/SignalStrength(504): getLevel=4 (SignalStrength: 26 255 -120 -160 -120 -1 -1 99 2147483647 -32767 2147483647 -32767 gsm|lte 4)
01-09 14:01:45.832 D/plugin  (689): getDefaultSubscription()
01-09 14:01:46.132 D/dalvikvm(20886): GC_CONCURRENT freed 7258K, 28% free 24163K/33315K, paused 5ms+17ms
01-09 14:01:46.392 W/SignalStrength(504): getGsmLevel. this.mGsmSignalBar=3, getGsmSignalStrength()== 11
01-09 14:01:46.392 W/SignalStrength(504): getGsmLevel=3
01-09 14:01:46.392 W/SignalStrength(504): getLevel=3 (SignalStrength: 11 255 -120 -160 -120 -1 -1 99 2147483647 -32767 2147483647 -32767 gsm|lte 3)
01-09 14:01:46.392 W/SignalStrength(504): getGsmLevel. this.mGsmSignalBar=4, getGsmSignalStrength()== 26
01-09 14:01:46.392 W/SignalStrength(504): getGsmLevel=4
01-09 14:01:46.392 W/SignalStrength(504): getLevel=4 (SignalStrength: 26 255 -120 -160 -120 -1 -1 99 2147483647 -32767 2147483647 -32767 gsm|lte 4)
01-09 14:01:47.642 D/QCRIL_RPC(102): Enter qcril_cm_srvsys_event_callback
01-09 14:01:47.642 D/QCRIL_RPC(102): Exit qcril_cm_srvsys_event_callback
01-09 14:01:47.662 W/SignalStrength(504): getGsmLevel. this.mGsmSignalBar=4, getGsmSignalStrength()== 12
01-09 14:01:47.662 W/SignalStrength(504): getGsmLevel=4
01-09 14:01:47.662 W/SignalStrength(504): getLevel=4 (SignalStrength: 12 255 -120 -160 -120 -1 -1 99 2147483647 -32767 2147483647 -32767 gsm|lte 4)
01-09 14:01:47.662 W/SignalStrength(504): getGsmLevel. this.mGsmSignalBar=4, getGsmSignalStrength()== 12
01-09 14:01:47.662 W/SignalStrength(504): getGsmLevel=4
01-09 14:01:47.662 W/SignalStrength(504): getLevel=4 (SignalStrength: 12 255 -120 -160 -120 -1 -1 99 2147483647 -32767 2147483647 -32767 gsm|lte 4)
01-09 14:01:47.662 W/SignalStrength(504): getGsmLevel. this.mGsmSignalBar=4, getGsmSignalStrength()== 12
01-09 14:01:47.662 W/SignalStrength(504): getGsmLevel=4
01-09 14:01:47.662 W/SignalStrength(504): getLevel=4 (SignalStrength: 12 255 -120 -160 -120 -1 -1 99 2147483647 -32767 2147483647 -32767 gsm|lte 4)
01-09 14:01:47.662 W/SignalStrength(504): getGsmLevel. this.mGsmSignalBar=4, getGsmSignalStrength()== 26
01-09 14:01:47.662 W/SignalStrength(504): getGsmLevel=4
01-09 14:01:47.662 W/SignalStrength(504): getLevel=4 (SignalStrength: 26 255 -120 -160 -120 -1 -1 99 2147483647 -32767 2147483647 -32767 gsm|lte 4)
01-09 14:01:47.672 W/SignalStrength(378): getGsmLevel. this.mGsmSignalBar=4, getGsmSignalStrength()== 12
01-09 14:01:47.672 W/SignalStrength(378): getGsmLevel=4
01-09 14:01:47.672 W/SignalStrength(378): getLevel=4 (SignalStrength: 12 255 -120 -160 -120 -1 -1 99 2147483647 -32767 2147483647 -32767 gsm|lte 4)
01-09 14:01:47.682 W/SignalStrength(378): getDbm 1
01-09 14:01:47.682 W/SignalStrength(378): getGsmDbm=-89
01-09 14:01:47.682 W/SignalStrength(378): getDbm=-89
01-09 14:01:47.682 W/SignalStrength(378): getAsuLevel 1
01-09 14:01:47.682 W/SignalStrength(378): getGsmAsuLevel=12
01-09 14:01:47.682 W/SignalStrength(378): getAsuLevel=12
01-09 14:01:48.262 D/plugin  (689): getDefaultSubscription()
01-09 14:01:48.392 W/SignalStrength(504): getGsmLevel. this.mGsmSignalBar=4, getGsmSignalStrength()== 12
01-09 14:01:48.392 W/SignalStrength(504): getGsmLevel=4
01-09 14:01:48.392 W/SignalStrength(504): getLevel=4 (SignalStrength: 12 255 -120 -160 -120 -1 -1 99 2147483647 -32767 2147483647 -32767 gsm|lte 4)
01-09 14:01:48.392 W/SignalStrength(504): getGsmLevel. this.mGsmSignalBar=4, getGsmSignalStrength()== 26
01-09 14:01:48.392 W/SignalStrength(504): getGsmLevel=4
01-09 14:01:48.392 W/SignalStrength(504): getLevel=4 (SignalStrength: 26 255 -120 -160 -120 -1 -1 99 2147483647 -32767 2147483647 -32767 gsm|lte 4)
01-09 14:01:48.662 D/Tethering(378): interfaceLinkStateChanged wlan0, true
01-09 14:01:48.662 D/Tethering(378): interfaceStatusChanged wlan0, true
01-09 14:01:49.142 D/dalvikvm(20886): GC_CONCURRENT freed 7277K, 28% free 24165K/33315K, paused 4ms+18ms
01-09 14:01:49.392 W/SignalStrength(504): getGsmLevel. this.mGsmSignalBar=4, getGsmSignalStrength()== 12
01-09 14:01:49.392 W/SignalStrength(504): getGsmLevel=4
01-09 14:01:49.392 W/SignalStrength(504): getLevel=4 (SignalStrength: 12 255 -120 -160 -120 -1 -1 99 2147483647 -32767 2147483647 -32767 gsm|lte 4)
01-09 14:01:49.392 W/SignalStrength(504): getGsmLevel. this.mGsmSignalBar=4, getGsmSignalStrength()== 26
01-09 14:01:49.392 W/SignalStrength(504): getGsmLevel=4
01-09 14:01:49.392 W/SignalStrength(504): getLevel=4 (SignalStrength: 26 255 -120 -160 -120 -1 -1 99 2147483647 -32767 2147483647 -32767 gsm|lte 4)
01-09 14:01:50.822 D/plugin  (689): getDefaultSubscription()
01-09 14:01:50.992 I/NRFW    (1283): profile=wifi
01-09 14:01:51.012 I/NRFW    (1283): serverip=103.235.47.88 localIp=10.0.8.1
01-09 14:01:51.032 I/DNS     (1283): 103.235.47.88 h_errno=1
01-09 14:01:51.072 I/DNS     (1283): 149.154.167.51 h_errno=1
01-09 14:01:51.402 W/SignalStrength(504): getGsmLevel. this.mGsmSignalBar=4, getGsmSignalStrength()== 12
01-09 14:01:51.402 W/SignalStrength(504): getGsmLevel=4
01-09 14:01:51.402 W/SignalStrength(504): getLevel=4 (SignalStrength: 12 255 -120 -160 -120 -1 -1 99 2147483647 -32767 2147483647 -32767 gsm|lte 4)
01-09 14:01:51.402 W/SignalStrength(504): getGsmLevel. this.mGsmSignalBar=4, getGsmSignalStrength()== 26
01-09 14:01:51.402 W/SignalStrength(504): getGsmLevel=4
01-09 14:01:51.402 W/SignalStrength(504): getLevel=4 (SignalStrength: 26 255 -120 -160 -120 -1 -1 99 2147483647 -32767 2147483647 -32767 gsm|lte 4)
01-09 14:01:52.242 D/dalvikvm(20886): GC_CONCURRENT freed 7264K, 28% free 24169K/33315K, paused 3ms+28ms
01-09 14:01:52.402 W/SignalStrength(504): getGsmLevel. this.mGsmSignalBar=4, getGsmSignalStrength()== 12
01-09 14:01:52.402 W/SignalStrength(504): getGsmLevel=4
01-09 14:01:52.402 W/SignalStrength(504): getLevel=4 (SignalStrength: 12 255 -120 -160 -120 -1 -1 99 2147483647 -32767 2147483647 -32767 gsm|lte 4)
01-09 14:01:52.402 W/SignalStrength(504): getGsmLevel. this.mGsmSignalBar=4, getGsmSignalStrength()== 26
01-09 14:01:52.402 W/SignalStrength(504): getGsmLevel=4
01-09 14:01:52.402 W/SignalStrength(504): getLevel=4 (SignalStrength: 26 255 -120 -160 -120 -1 -1 99 2147483647 -32767 2147483647 -32767 gsm|lte 4)
01-09 14:01:53.422 D/plugin  (689): getDefaultSubscription()
01-09 14:01:54.152 I/NRFW    (1283): profile=wifi
01-09 14:01:54.172 I/NRFW    (1283): serverip=103.235.47.88 localIp=10.0.8.1
01-09 14:01:54.402 W/SignalStrength(504): getGsmLevel. this.mGsmSignalBar=4, getGsmSignalStrength()== 12
01-09 14:01:54.402 W/SignalStrength(504): getGsmLevel=4
01-09 14:01:54.402 W/SignalStrength(504): getLevel=4 (SignalStrength: 12 255 -120 -160 -120 -1 -1 99 2147483647 -32767 2147483647 -32767 gsm|lte 4)
01-09 14:01:54.402 W/SignalStrength(504): getGsmLevel. this.mGsmSignalBar=4, getGsmSignalStrength()== 26
01-09 14:01:54.402 W/SignalStrength(504): getGsmLevel=4
01-09 14:01:54.402 W/SignalStrength(504): getLevel=4 (SignalStrength: 26 255 -120 -160 -120 -1 -1 99 2147483647 -32767 2147483647 -32767 gsm|lte 4)
01-09 14:01:55.182 D/dalvikvm(20886): GC_CONCURRENT freed 7308K, 28% free 24142K/33315K, paused 3ms+17ms
01-09 14:01:55.402 W/SignalStrength(504): getGsmLevel. this.mGsmSignalBar=4, getGsmSignalStrength()== 12
01-09 14:01:55.402 W/SignalStrength(504): getGsmLevel=4
01-09 14:01:55.402 W/SignalStrength(504): getLevel=4 (SignalStrength: 12 255 -120 -160 -120 -1 -1 99 2147483647 -32767 2147483647 -32767 gsm|lte 4)
01-09 14:01:55.402 W/SignalStrength(504): getGsmLevel. this.mGsmSignalBar=4, getGsmSignalStrength()== 26
01-09 14:01:55.402 W/SignalStrength(504): getGsmLevel=4
01-09 14:01:55.402 W/SignalStrength(504): getLevel=4 (SignalStrength: 26 255 -120 -160 -120 -1 -1 99 2147483647 -32767 2147483647 -32767 gsm|lte 4)
01-09 14:01:55.822 D/plugin  (689): getDefaultSubscription()
01-09 14:01:57.412 W/SignalStrength(504): getGsmLevel. this.mGsmSignalBar=4, getGsmSignalStrength()== 12
01-09 14:01:57.412 W/SignalStrength(504): getGsmLevel=4
01-09 14:01:57.412 W/SignalStrength(504): getLevel=4 (SignalStrength: 12 255 -120 -160 -120 -1 -1 99 2147483647 -32767 2147483647 -32767 gsm|lte 4)
01-09 14:01:57.412 W/SignalStrength(504): getGsmLevel. this.mGsmSignalBar=4, getGsmSignalStrength()== 26
01-09 14:01:57.412 W/SignalStrength(504): getGsmLevel=4
01-09 14:01:57.412 W/SignalStrength(504): getLevel=4 (SignalStrength: 26 255 -120 -160 -120 -1 -1 99 2147483647 -32767 2147483647 -32767 gsm|lte 4)
01-09 14:01:57.642 D/plugin  (689): getDefaultSubscription()
01-09 14:01:58.232 D/dalvikvm(20886): GC_CONCURRENT freed 7268K, 28% free 24146K/33315K, paused 3ms+18ms
01-09 14:01:58.412 W/SignalStrength(504): getGsmLevel. this.mGsmSignalBar=4, getGsmSignalStrength()== 12
01-09 14:01:58.412 W/SignalStrength(504): getGsmLevel=4
01-09 14:01:58.412 W/SignalStrength(504): getLevel=4 (SignalStrength: 12 255 -120 -160 -120 -1 -1 99 2147483647 -32767 2147483647 -32767 gsm|lte 4)
01-09 14:01:58.412 W/SignalStrength(504): getGsmLevel. this.mGsmSignalBar=4, getGsmSignalStrength()== 26
01-09 14:01:58.412 W/SignalStrength(504): getGsmLevel=4
01-09 14:01:58.412 W/SignalStrength(504): getLevel=4 (SignalStrength: 26 255 -120 -160 -120 -1 -1 99 2147483647 -32767 2147483647 -32767 gsm|lte 4)
01-09 14:01:59.202 D/KeyguardUpdateMonitor(378): received broadcast android.intent.action.BATTERY_CHANGED
01-09 14:01:59.202 D/KeyguardUpdateMonitor(378): handleBatteryUpdate
01-09 14:01:59.482 D/plugin  (689): getDefaultSubscription()
01-09 14:01:59.482 E/MSimTelephonyManager(19026): MSimTelephonyManager sRegistryMsim != null
01-09 14:01:59.482 I/NRFW    (1283): profile=wifi
01-09 14:01:59.502 I/NRFW    (1283): serverip=180.76.3.90 localIp=10.0.8.1
01-09 14:01:59.522 I/DNS     (1283): 180.76.3.90 h_errno=1
01-09 14:01:59.992 E/AlarmManagerService(378): android_server_AlarmManagerService_set to type=3, 239154.777000000
01-09 14:01:59.992 D/KeyguardUpdateMonitor(378): received broadcast android.intent.action.TIME_TICK
01-09 14:01:59.992 D/KeyguardUpdateMonitor(378): handleTimeUpdate
01-09 14:02:00.112 D/plugin  (689): getDefaultSubscription()
01-09 14:02:00.182 I/NRFW    (1283): serverip=103.235.47.88 localIp=10.0.8.1
01-09 14:02:00.412 W/SignalStrength(504): getGsmLevel. this.mGsmSignalBar=4, getGsmSignalStrength()== 12
01-09 14:02:00.412 W/SignalStrength(504): getGsmLevel=4
01-09 14:02:00.412 W/SignalStrength(504): getLevel=4 (SignalStrength: 12 255 -120 -160 -120 -1 -1 99 2147483647 -32767 2147483647 -32767 gsm|lte 4)
01-09 14:02:00.412 W/SignalStrength(504): getGsmLevel. this.mGsmSignalBar=4, getGsmSignalStrength()== 26
01-09 14:02:00.412 W/SignalStrength(504): getGsmLevel=4
01-09 14:02:00.412 W/SignalStrength(504): getLevel=4 (SignalStrength: 26 255 -120 -160 -120 -1 -1 99 2147483647 -32767 2147483647 -32767 gsm|lte 4)
01-09 14:02:01.392 D/dalvikvm(20886): GC_CONCURRENT freed 7268K, 28% free 24152K/33315K, paused 3ms+18ms
01-09 14:02:01.412 W/SignalStrength(504): getGsmLevel. this.mGsmSignalBar=4, getGsmSignalStrength()== 12
01-09 14:02:01.412 W/SignalStrength(504): getGsmLevel=4
01-09 14:02:01.412 W/SignalStrength(504): getLevel=4 (SignalStrength: 12 255 -120 -160 -120 -1 -1 99 2147483647 -32767 2147483647 -32767 gsm|lte 4)
01-09 14:02:01.412 W/SignalStrength(504): getGsmLevel. this.mGsmSignalBar=4, getGsmSignalStrength()== 26
01-09 14:02:01.412 W/SignalStrength(504): getGsmLevel=4
01-09 14:02:01.412 W/SignalStrength(504): getLevel=4 (SignalStrength: 26 255 -120 -160 -120 -1 -1 99 2147483647 -32767 2147483647 -32767 gsm|lte 4)
01-09 14:02:01.882 D/plugin  (689): getDefaultSubscription()
01-09 14:02:02.532 I/NRFW    (1283): profile=wifi
01-09 14:02:02.542 I/NRFW    (1283): serverip=180.76.3.90 localIp=10.0.8.1
01-09 14:02:03.422 W/SignalStrength(504): getGsmLevel. this.mGsmSignalBar=4, getGsmSignalStrength()== 12
01-09 14:02:03.422 W/SignalStrength(504): getGsmLevel=4
01-09 14:02:03.422 W/SignalStrength(504): getLevel=4 (SignalStrength: 12 255 -120 -160 -120 -1 -1 99 2147483647 -32767 2147483647 -32767 gsm|lte 4)
01-09 14:02:03.422 W/SignalStrength(504): getGsmLevel. this.mGsmSignalBar=4, getGsmSignalStrength()== 26
01-09 14:02:03.422 W/SignalStrength(504): getGsmLevel=4
01-09 14:02:03.422 W/SignalStrength(504): getLevel=4 (SignalStrength: 26 255 -120 -160 -120 -1 -1 99 2147483647 -32767 2147483647 -32767 gsm|lte 4)
01-09 14:02:04.092 D/plugin  (689): getDefaultSubscription()
01-09 14:02:04.422 D/dalvikvm(20886): GC_CONCURRENT freed 7260K, 28% free 24165K/33315K, paused 3ms+18ms
01-09 14:02:04.422 W/SignalStrength(504): getGsmLevel. this.mGsmSignalBar=4, getGsmSignalStrength()== 12
01-09 14:02:04.422 W/SignalStrength(504): getGsmLevel=4
01-09 14:02:04.422 W/SignalStrength(504): getLevel=4 (SignalStrength: 12 255 -120 -160 -120 -1 -1 99 2147483647 -32767 2147483647 -32767 gsm|lte 4)
01-09 14:02:04.422 W/SignalStrength(504): getGsmLevel. this.mGsmSignalBar=4, getGsmSignalStrength()== 26
01-09 14:02:04.422 W/SignalStrength(504): getGsmLevel=4
01-09 14:02:04.422 W/SignalStrength(504): getLevel=4 (SignalStrength: 26 255 -120 -160 -120 -1 -1 99 2147483647 -32767 2147483647 -32767 gsm|lte 4)
01-09 14:02:05.082 I/NRFW    (1283): profile=wifi
01-09 14:02:05.422 W/SignalStrength(504): getGsmLevel. this.mGsmSignalBar=4, getGsmSignalStrength()== 12
01-09 14:02:05.422 W/SignalStrength(504): getGsmLevel=4
01-09 14:02:05.422 W/SignalStrength(504): getLevel=4 (SignalStrength: 12 255 -120 -160 -120 -1 -1 99 2147483647 -32767 2147483647 -32767 gsm|lte 4)
01-09 14:02:05.422 W/SignalStrength(504): getGsmLevel. this.mGsmSignalBar=4, getGsmSignalStrength()== 26
01-09 14:02:05.422 W/SignalStrength(504): getGsmLevel=4
01-09 14:02:05.422 W/SignalStrength(504): getLevel=4 (SignalStrength: 26 255 -120 -160 -120 -1 -1 99 2147483647 -32767 2147483647 -32767 gsm|lte 4)
01-09 14:02:07.422 D/dalvikvm(20886): GC_CONCURRENT freed 7283K, 28% free 24162K/33315K, paused 3ms+21ms
01-09 14:02:07.842 V/Babel   (21305): [GcmIntentService] ReceiveServerUpdateService will handle all server updates.
01-09 14:02:07.892 W/SignalStrength(504): getGsmLevel. this.mGsmSignalBar=4, getGsmSignalStrength()== 12
01-09 14:02:07.892 W/SignalStrength(504): getGsmLevel=4
01-09 14:02:07.892 W/SignalStrength(504): getLevel=4 (SignalStrength: 12 255 -120 -160 -120 -1 -1 99 2147483647 -32767 2147483647 -32767 gsm|lte 4)
01-09 14:02:07.892 W/SignalStrength(504): getGsmLevel. this.mGsmSignalBar=4, getGsmSignalStrength()== 26
01-09 14:02:07.892 W/SignalStrength(504): getGsmLevel=4
01-09 14:02:07.892 W/SignalStrength(504): getLevel=4 (SignalStrength: 26 255 -120 -160 -120 -1 -1 99 2147483647 -32767 2147483647 -32767 gsm|lte 4)
01-09 14:02:07.902 W/SignalStrength(504): getGsmLevel. this.mGsmSignalBar=4, getGsmSignalStrength()== 12
01-09 14:02:07.902 W/SignalStrength(504): getGsmLevel=4
01-09 14:02:07.902 W/SignalStrength(504): getLevel=4 (SignalStrength: 12 255 -120 -160 -120 -1 -1 99 2147483647 -32767 2147483647 -32767 gsm|lte 4)
01-09 14:02:07.902 W/SignalStrength(504): getGsmLevel. this.mGsmSignalBar=4, getGsmSignalStrength()== 26
01-09 14:02:07.902 W/SignalStrength(504): getGsmLevel=4
01-09 14:02:07.902 W/SignalStrength(504): getLevel=4 (SignalStrength: 26 255 -120 -160 -120 -1 -1 99 2147483647 -32767 2147483647 -32767 gsm|lte 4)
01-09 14:02:08.432 W/SignalStrength(504): getGsmLevel. this.mGsmSignalBar=4, getGsmSignalStrength()== 12
01-09 14:02:08.432 W/SignalStrength(504): getGsmLevel=4
01-09 14:02:08.432 W/SignalStrength(504): getLevel=4 (SignalStrength: 12 255 -120 -160 -120 -1 -1 99 2147483647 -32767 2147483647 -32767 gsm|lte 4)
01-09 14:02:08.432 W/SignalStrength(504): getGsmLevel. this.mGsmSignalBar=4, getGsmSignalStrength()== 26
01-09 14:02:08.432 W/SignalStrength(504): getGsmLevel=4
01-09 14:02:08.432 W/SignalStrength(504): getLevel=4 (SignalStrength: 26 255 -120 -160 -120 -1 -1 99 2147483647 -32767 2147483647 -32767 gsm|lte 4)
01-09 14:02:08.542 I/NRFW    (1283): profile=wifi
01-09 14:02:08.572 I/NRFW    (1283): serverip=180.76.3.90 localIp=10.0.8.1
01-09 14:02:09.432 W/SignalStrength(504): getGsmLevel. this.mGsmSignalBar=4, getGsmSignalStrength()== 12
01-09 14:02:09.432 W/SignalStrength(504): getGsmLevel=4
01-09 14:02:09.432 W/SignalStrength(504): getLevel=4 (SignalStrength: 12 255 -120 -160 -120 -1 -1 99 2147483647 -32767 2147483647 -32767 gsm|lte 4)
01-09 14:02:09.432 W/SignalStrength(504): getGsmLevel. this.mGsmSignalBar=4, getGsmSignalStrength()== 26
01-09 14:02:09.432 W/SignalStrength(504): getGsmLevel=4
01-09 14:02:09.432 W/SignalStrength(504): getLevel=4 (SignalStrength: 26 255 -120 -160 -120 -1 -1 99 2147483647 -32767 2147483647 -32767 gsm|lte 4)
01-09 14:02:10.462 W/SignalStrength(504): getGsmLevel. this.mGsmSignalBar=4, getGsmSignalStrength()== 12
01-09 14:02:10.462 W/SignalStrength(504): getGsmLevel=4
01-09 14:02:10.462 W/SignalStrength(504): getLevel=4 (SignalStrength: 12 255 -120 -160 -120 -1 -1 99 2147483647 -32767 2147483647 -32767 gsm|lte 4)
01-09 14:02:10.462 W/SignalStrength(504): getGsmLevel. this.mGsmSignalBar=4, getGsmSignalStrength()== 26
01-09 14:02:10.462 W/SignalStrength(504): getGsmLevel=4
01-09 14:02:10.462 W/SignalStrength(504): getLevel=4 (SignalStrength: 26 255 -120 -160 -120 -1 -1 99 2147483647 -32767 2147483647 -32767 gsm|lte 4)
01-09 14:02:10.512 D/dalvikvm(20886): GC_CONCURRENT freed 7293K, 28% free 24148K/33315K, paused 3ms+17ms
01-09 14:02:12.462 W/SignalStrength(504): getGsmLevel. this.mGsmSignalBar=4, getGsmSignalStrength()== 12
01-09 14:02:12.462 W/SignalStrength(504): getGsmLevel=4
01-09 14:02:12.462 W/SignalStrength(504): getLevel=4 (SignalStrength: 12 255 -120 -160 -120 -1 -1 99 2147483647 -32767 2147483647 -32767 gsm|lte 4)
01-09 14:02:12.462 W/SignalStrength(504): getGsmLevel. this.mGsmSignalBar=4, getGsmSignalStrength()== 26
01-09 14:02:12.462 W/SignalStrength(504): getGsmLevel=4
01-09 14:02:12.462 W/SignalStrength(504): getLevel=4 (SignalStrength: 26 255 -120 -160 -120 -1 -1 99 2147483647 -32767 2147483647 -32767 gsm|lte 4)
01-09 14:02:13.462 W/SignalStrength(504): getGsmLevel. this.mGsmSignalBar=4, getGsmSignalStrength()== 12
01-09 14:02:13.462 W/SignalStrength(504): getGsmLevel=4
01-09 14:02:13.462 W/SignalStrength(504): getLevel=4 (SignalStrength: 12 255 -120 -160 -120 -1 -1 99 2147483647 -32767 2147483647 -32767 gsm|lte 4)
01-09 14:02:13.462 W/SignalStrength(504): getGsmLevel. this.mGsmSignalBar=4, getGsmSignalStrength()== 26
01-09 14:02:13.462 W/SignalStrength(504): getGsmLevel=4
01-09 14:02:13.462 W/SignalStrength(504): getLevel=4 (SignalStrength: 26 255 -120 -160 -120 -1 -1 99 2147483647 -32767 2147483647 -32767 gsm|lte 4)
01-09 14:02:13.522 D/dalvikvm(20886): GC_CONCURRENT freed 7255K, 28% free 24160K/33315K, paused 4ms+23ms
01-09 14:02:14.372 D/plugin  (689): getDefaultSubscription()
01-09 14:02:14.402 V/MediaPlayer(21305): constructor
01-09 14:02:14.442 V/MediaPlayer(21305): setListener
01-09 14:02:14.442 V/MediaPlayer(21305): constructor
01-09 14:02:14.442 V/MediaPlayer(21305): setListener
01-09 14:02:14.442 I/MediaPlayer(21305): path is null
01-09 14:02:14.452 V/MediaPlayer(21305): setDataSource(136, 13512616, 30056)
01-09 14:02:14.502 V/MediaPlayerService(113): Client(819) constructor
01-09 14:02:14.502 V/MediaPlayerService(113): Create new client(819) from pid 21305, uid 10089, 
01-09 14:02:14.542 V/MediaPlayerService(113): setDataSource fd=55, offset=13512616, length=30056
01-09 14:02:14.542 V/MediaPlayerService(113): st_dev  = 45849
01-09 14:02:14.542 V/MediaPlayerService(113): st_mode = 33188
01-09 14:02:14.542 V/MediaPlayerService(113): st_uid  = 1000
01-09 14:02:14.542 V/MediaPlayerService(113): st_gid  = 1000
01-09 14:02:14.542 V/MediaPlayerService(113): st_size = 25944922
01-09 14:02:14.542 V/MediaPlayerService(113): player type = 3
01-09 14:02:14.542 V/MediaPlayerService(113):  create StagefrightPlayer
01-09 14:02:14.562 V/AwesomePlayer(113): setDefault
01-09 14:02:14.562 V/AwesomePlayer(113): constructor
01-09 14:02:14.562 V/AwesomePlayer(113): setDefault
01-09 14:02:14.562 I/AwesomePlayer(113): reset
01-09 14:02:14.562 V/AwesomePlayer(113): reset_l() cancel player events
01-09 14:02:14.562 V/AwesomePlayer(113): cancelPlayerEvents (keepNotifications=0)
01-09 14:02:14.562 V/AwesomePlayer(113): mAudioTrackVector clear
01-09 14:02:14.562 V/AwesomePlayer(113): mAudioPlayer successfully deleted
01-09 14:02:14.562 V/AwesomePlayer(113): setListener
01-09 14:02:14.562 V/AwesomePlayer(113): AwesomePlayer running on behalf of uid 10089
01-09 14:02:14.562 V/AudioSink(113): AudioOutput(833)
01-09 14:02:14.562 V/AwesomePlayer(113): setAudioSink
01-09 14:02:14.562 V/AwesomePlayer(113): setDataSource fd
01-09 14:02:14.562 V/AwesomePlayer(113): reset_l() cancel player events
01-09 14:02:14.562 V/AwesomePlayer(113): cancelPlayerEvents (keepNotifications=0)
01-09 14:02:14.562 V/AwesomePlayer(113): mAudioTrackVector clear
01-09 14:02:14.562 V/AwesomePlayer(113): mAudioPlayer successfully deleted
01-09 14:02:14.562 V/MediaExtractor(113): Autodetected media content as 'application/ogg' with confidence 0.20
01-09 14:02:14.582 V/AwesomePlayer(113): track of type 'audio/vorbis' does not publish bitrate
01-09 14:02:14.582 V/AwesomePlayer(113): mBitrate = -1 bits/sec
01-09 14:02:14.582 V/AwesomePlayer(113): current audio track (0)
01-09 14:02:14.582 V/AwesomePlayer(113): setAudioSource
01-09 14:02:14.582 V/AwesomePlayer(113): current audio track (0) is added to vector[0]
01-09 14:02:14.592 V/MediaPlayer(21305): MediaPlayer::setAudioStreamType
01-09 14:02:14.592 V/MediaPlayer(21305): setVideoSurfaceTexture
01-09 14:02:14.592 V/MediaPlayerService(113): [819] setVideoSurfaceTexture(0x0)
01-09 14:02:14.592 V/MediaPlayer(21305): prepare
01-09 14:02:14.592 V/MediaPlayerService(113): [819] setAudioStreamType(2)
01-09 14:02:14.592 V/MediaPlayerService(113): [819] prepareAsync
01-09 14:02:14.592 V/AwesomePlayer(113): prepareAsync
01-09 14:02:14.592 V/AwesomePlayer(113): onPrepareAsyncEvent
01-09 14:02:14.592 V/AwesomePlayer(113): initAudioDecoder
01-09 14:02:14.592 W/OMXCodec(113): OMXCodec::Create matchComponentName ((null)), flags (0x0), createEncoder (0), mime (audio/vorbis)
01-09 14:02:14.592 W/OMXCodec(113): Attempting to allocate OMX node 'OMX.google.vorbis.decoder'
01-09 14:02:14.602 E/OMXCodec(113): Successfully allocated OMX node 'OMX.google.vorbis.decoder'
01-09 14:02:14.602 D/OMXCodec(113): configureCodec protected=0
01-09 14:02:14.602 V/AwesomePlayer(113): finishAsyncPrepare_l
01-09 14:02:14.602 V/AwesomePlayer(113): notifyListner_l() msg (5-MEDIA_SET_VIDEO_SIZE), ext1 (0), ext2 (0)
01-09 14:02:14.602 V/MediaPlayerService(113): [819] notify (0x1479240, 5, 0, 0)
01-09 14:02:14.602 V/AwesomePlayer(113): notifyListner_l() msg (1-MEDIA_PREPARED), ext1 (0), ext2 (0)
01-09 14:02:14.602 V/MediaPlayerService(113): [819] notify (0x1479240, 1, 0, 0)
01-09 14:02:14.602 V/MediaPlayer(21305): message received msg=5, ext1=0, ext2=0
01-09 14:02:14.602 V/MediaPlayer(21305): New video size 0 x 0
01-09 14:02:14.602 V/MediaPlayer(21305): callback application
01-09 14:02:14.602 V/MediaPlayer(21305): back from callback
01-09 14:02:14.602 V/MediaPlayer(21305): message received msg=1, ext1=0, ext2=0
01-09 14:02:14.602 V/MediaPlayer(21305): prepared
01-09 14:02:14.602 V/MediaPlayer(21305): signal application thread
01-09 14:02:14.602 V/MediaPlayer(21305): callback application
01-09 14:02:14.602 V/MediaPlayer(21305): back from callback
01-09 14:02:14.612 V/MediaPlayer(21305): prepare complete - status=0
01-09 14:02:14.612 V/MediaPlayer(21305): reset
01-09 14:02:14.612 I/MediaPlayer(21305): path is null
01-09 14:02:14.632 V/MediaPlayer(21305): setDataSource(136, 13512616, 30056)
01-09 14:02:14.642 V/MediaPlayerService(113): Client(820) constructor
01-09 14:02:14.642 V/MediaPlayerService(113): Create new client(820) from pid 21305, uid 10089, 
01-09 14:02:14.642 V/MediaPlayerService(113): setDataSource fd=58, offset=13512616, length=30056
01-09 14:02:14.642 V/MediaPlayerService(113): st_dev  = 45849
01-09 14:02:14.642 V/MediaPlayerService(113): st_mode = 33188
01-09 14:02:14.642 V/MediaPlayerService(113): st_uid  = 1000
01-09 14:02:14.642 V/MediaPlayerService(113): st_gid  = 1000
01-09 14:02:14.642 V/MediaPlayerService(113): st_size = 25944922
01-09 14:02:14.642 V/MediaPlayerService(113): player type = 3
01-09 14:02:14.642 V/MediaPlayerService(113):  create StagefrightPlayer
01-09 14:02:14.642 V/AwesomePlayer(113): setDefault
01-09 14:02:14.642 V/AwesomePlayer(113): constructor
01-09 14:02:14.642 V/AwesomePlayer(113): setDefault
01-09 14:02:14.642 I/AwesomePlayer(113): reset
01-09 14:02:14.642 V/AwesomePlayer(113): reset_l() cancel player events
01-09 14:02:14.642 V/AwesomePlayer(113): cancelPlayerEvents (keepNotifications=0)
01-09 14:02:14.642 V/AwesomePlayer(113): mAudioTrackVector clear
01-09 14:02:14.642 V/AwesomePlayer(113): mAudioPlayer successfully deleted
01-09 14:02:14.642 V/AwesomePlayer(113): setListener
01-09 14:02:14.642 V/AwesomePlayer(113): AwesomePlayer running on behalf of uid 10089
01-09 14:02:14.642 V/AudioSink(113): AudioOutput(832)
01-09 14:02:14.642 V/AwesomePlayer(113): setAudioSink
01-09 14:02:14.642 V/AwesomePlayer(113): setDataSource fd
01-09 14:02:14.642 V/AwesomePlayer(113): reset_l() cancel player events
01-09 14:02:14.642 V/AwesomePlayer(113): cancelPlayerEvents (keepNotifications=0)
01-09 14:02:14.642 V/AwesomePlayer(113): mAudioTrackVector clear
01-09 14:02:14.642 V/AwesomePlayer(113): mAudioPlayer successfully deleted
01-09 14:02:14.642 V/MediaExtractor(113): Autodetected media content as 'application/ogg' with confidence 0.20
01-09 14:02:14.652 V/AwesomePlayer(113): track of type 'audio/vorbis' does not publish bitrate
01-09 14:02:14.652 V/AwesomePlayer(113): mBitrate = -1 bits/sec
01-09 14:02:14.652 V/AwesomePlayer(113): current audio track (0)
01-09 14:02:14.652 V/AwesomePlayer(113): setAudioSource
01-09 14:02:14.652 V/AwesomePlayer(113): current audio track (0) is added to vector[0]
01-09 14:02:14.692 V/MediaPlayer(21305): setListener
01-09 14:02:14.692 V/MediaPlayer(21305): disconnect
01-09 14:02:14.692 V/MediaPlayerService(113): disconnect(820) from pid 21305
01-09 14:02:14.692 I/AwesomePlayer(113): reset
01-09 14:02:14.692 V/AwesomePlayer(113): reset_l() cancel player events
01-09 14:02:14.692 V/AwesomePlayer(113): cancelPlayerEvents (keepNotifications=0)
01-09 14:02:14.692 V/AwesomePlayer(113): mAudioTrackVector clear
01-09 14:02:14.692 V/AwesomePlayer(113): mAudioPlayer successfully deleted
01-09 14:02:14.692 I/AwesomePlayer(113): reset
01-09 14:02:14.692 V/AwesomePlayer(113): reset_l() cancel player events
01-09 14:02:14.692 V/AwesomePlayer(113): cancelPlayerEvents (keepNotifications=0)
01-09 14:02:14.692 V/AwesomePlayer(113): mAudioTrackVector clear
01-09 14:02:14.692 V/AwesomePlayer(113): mAudioPlayer successfully deleted
01-09 14:02:14.692 V/AwesomePlayer(113): destructor
01-09 14:02:14.692 I/AwesomePlayer(113): reset
01-09 14:02:14.692 V/AwesomePlayer(113): reset_l() cancel player events
01-09 14:02:14.692 V/AwesomePlayer(113): cancelPlayerEvents (keepNotifications=0)
01-09 14:02:14.692 V/AwesomePlayer(113): mAudioTrackVector clear
01-09 14:02:14.692 V/AwesomePlayer(113): mAudioPlayer successfully deleted
01-09 14:02:14.692 V/AwesomePlayer(113): ~AwesomePlayer()
01-09 14:02:14.702 V/MediaPlayer(21305): destructor
01-09 14:02:14.712 V/MediaPlayerService(113): Client(820) destructor pid = 21305
01-09 14:02:14.712 V/AudioSink(113): close
01-09 14:02:14.712 V/MediaPlayerService(113): disconnect(820) from pid 21305
01-09 14:02:14.712 V/MediaPlayer(21305): disconnect
01-09 14:02:14.842 I/NRFW    (1283): profile=wifi
01-09 14:02:14.862 I/NRFW    (1283): serverip=103.235.47.88 localIp=10.0.8.1
01-09 14:02:14.932 D/Tethering(378): interfaceLinkStateChanged wlan0, true
01-09 14:02:14.932 D/Tethering(378): interfaceStatusChanged wlan0, true
01-09 14:02:15.012 D/dalvikvm(1283): GC_CONCURRENT freed 3054K, 44% free 11647K/20579K, paused 2ms+18ms
01-09 14:02:15.352 D/ApplicationPolicy(378): isStatusBarNotificationAllowed: packageName = com.google.android.talk
01-09 14:02:15.452 D/KeyguardViewMediator(378): setHidden false
01-09 14:02:15.472 D/KeyguardViewMediator(378): setHidden false
01-09 14:02:15.502 W/SignalStrength(504): getGsmLevel. this.mGsmSignalBar=4, getGsmSignalStrength()== 12
01-09 14:02:15.502 W/SignalStrength(504): getGsmLevel=4
01-09 14:02:15.502 W/SignalStrength(504): getLevel=4 (SignalStrength: 12 255 -120 -160 -120 -1 -1 99 2147483647 -32767 2147483647 -32767 gsm|lte 4)
01-09 14:02:15.502 W/SignalStrength(504): getGsmLevel. this.mGsmSignalBar=4, getGsmSignalStrength()== 26
01-09 14:02:15.502 W/SignalStrength(504): getGsmLevel=4
01-09 14:02:15.502 W/SignalStrength(504): getLevel=4 (SignalStrength: 26 255 -120 -160 -120 -1 -1 99 2147483647 -32767 2147483647 -32767 gsm|lte 4)
01-09 14:02:16.472 W/SignalStrength(504): getGsmLevel. this.mGsmSignalBar=4, getGsmSignalStrength()== 12
01-09 14:02:16.472 W/SignalStrength(504): getGsmLevel=4
01-09 14:02:16.472 W/SignalStrength(504): getLevel=4 (SignalStrength: 12 255 -120 -160 -120 -1 -1 99 2147483647 -32767 2147483647 -32767 gsm|lte 4)
01-09 14:02:16.472 W/SignalStrength(504): getGsmLevel. this.mGsmSignalBar=4, getGsmSignalStrength()== 26
01-09 14:02:16.472 W/SignalStrength(504): getGsmLevel=4
01-09 14:02:16.472 W/SignalStrength(504): getLevel=4 (SignalStrength: 26 255 -120 -160 -120 -1 -1 99 2147483647 -32767 2147483647 -32767 gsm|lte 4)
01-09 14:02:16.582 E/native  (21452): memory_file_resource_impl.h:107 Attempt to seek beyond buffer end (by 3 bytes)!
01-09 14:02:16.932 D/dalvikvm(20886): GC_CONCURRENT freed 7270K, 28% free 24164K/33315K, paused 4ms+18ms
01-09 14:02:17.892 I/NRFW    (1283): profile=wifi
01-09 14:02:17.912 I/NRFW    (1283): serverip=103.235.47.88 localIp=10.0.8.1
01-09 14:02:18.492 W/SignalStrength(504): getGsmLevel. this.mGsmSignalBar=4, getGsmSignalStrength()== 12
01-09 14:02:18.492 W/SignalStrength(504): getGsmLevel=4
01-09 14:02:18.492 W/SignalStrength(504): getLevel=4 (SignalStrength: 12 255 -120 -160 -120 -1 -1 99 2147483647 -32767 2147483647 -32767 gsm|lte 4)
01-09 14:02:18.492 W/SignalStrength(504): getGsmLevel. this.mGsmSignalBar=4, getGsmSignalStrength()== 26
01-09 14:02:18.492 W/SignalStrength(504): getGsmLevel=4
01-09 14:02:18.492 W/SignalStrength(504): getLevel=4 (SignalStrength: 26 255 -120 -160 -120 -1 -1 99 2147483647 -32767 2147483647 -32767 gsm|lte 4)
01-09 14:02:19.242 D/KeyguardUpdateMonitor(378): received broadcast android.intent.action.BATTERY_CHANGED
01-09 14:02:19.242 D/KeyguardUpdateMonitor(378): handleBatteryUpdate
01-09 14:02:19.472 W/SignalStrength(504): getGsmLevel. this.mGsmSignalBar=4, getGsmSignalStrength()== 12
01-09 14:02:19.472 W/SignalStrength(504): getGsmLevel=4
01-09 14:02:19.472 W/SignalStrength(504): getLevel=4 (SignalStrength: 12 255 -120 -160 -120 -1 -1 99 2147483647 -32767 2147483647 -32767 gsm|lte 4)
01-09 14:02:19.472 W/SignalStrength(504): getGsmLevel. this.mGsmSignalBar=4, getGsmSignalStrength()== 26
01-09 14:02:19.472 W/SignalStrength(504): getGsmLevel=4
01-09 14:02:19.472 W/SignalStrength(504): getLevel=4 (SignalStrength: 26 255 -120 -160 -120 -1 -1 99 2147483647 -32767 2147483647 -32767 gsm|lte 4)
01-09 14:02:20.082 D/plugin  (689): getDefaultSubscription()
01-09 14:02:20.222 D/dalvikvm(20886): GC_CONCURRENT freed 7267K, 28% free 24165K/33315K, paused 3ms+17ms
01-09 14:02:21.192 W/MediaPlayer-JNI(21305): MediaPlayer finalized without being released
01-09 14:02:21.192 V/MediaPlayer(21305): setListener
01-09 14:02:21.192 V/MediaPlayer(21305): disconnect
01-09 14:02:21.222 V/MediaPlayerService(113): disconnect(815) from pid 21305
01-09 14:02:21.222 I/AwesomePlayer(113): reset
01-09 14:02:21.222 V/AwesomePlayer(113): reset_l() cancel player events
01-09 14:02:21.222 V/AwesomePlayer(113): cancelPlayerEvents (keepNotifications=0)
01-09 14:02:21.222 V/AwesomePlayer(113): mAudioTrackVector clear
01-09 14:02:21.222 V/AwesomePlayer(113): reset_l() stop AudioSource since AudioPlayer not exist
01-09 14:02:21.222 D/dalvikvm(21305): GC_EXPLICIT freed 1858K, 15% free 19401K/22755K, paused 58ms+148ms
01-09 14:02:21.222 I/OMXCodec(113): [OMX.google.vorbis.decoder] stop mState=4
01-09 14:02:21.222 I/OMXCodec(113): [OMX.google.vorbis.decoder] stopped in state 1
01-09 14:02:21.222 I/OMXCodec(113): OMXCodec destructor 1
01-09 14:02:21.232 V/AwesomePlayer(113): mAudioPlayer successfully deleted
01-09 14:02:21.232 I/AwesomePlayer(113): reset
01-09 14:02:21.232 V/AwesomePlayer(113): reset_l() cancel player events
01-09 14:02:21.232 V/AwesomePlayer(113): cancelPlayerEvents (keepNotifications=0)
01-09 14:02:21.232 V/AwesomePlayer(113): mAudioTrackVector clear
01-09 14:02:21.232 V/AwesomePlayer(113): mAudioPlayer successfully deleted
01-09 14:02:21.232 V/AwesomePlayer(113): destructor
01-09 14:02:21.242 I/AwesomePlayer(113): reset
01-09 14:02:21.242 V/AwesomePlayer(113): reset_l() cancel player events
01-09 14:02:21.242 V/AwesomePlayer(113): cancelPlayerEvents (keepNotifications=0)
01-09 14:02:21.242 V/AwesomePlayer(113): mAudioTrackVector clear
01-09 14:02:21.242 V/AwesomePlayer(113): mAudioPlayer successfully deleted
01-09 14:02:21.242 V/AwesomePlayer(113): ~AwesomePlayer()
01-09 14:02:21.242 V/MediaPlayer(21305): destructor
01-09 14:02:21.252 V/MediaPlayerService(113): Client(815) destructor pid = 21305
01-09 14:02:21.252 V/AudioSink(113): close
01-09 14:02:21.252 V/MediaPlayerService(113): disconnect(815) from pid 21305
01-09 14:02:21.252 V/MediaPlayer(21305): disconnect
01-09 14:02:21.582 W/SignalStrength(504): getGsmLevel. this.mGsmSignalBar=4, getGsmSignalStrength()== 12
01-09 14:02:21.582 W/SignalStrength(504): getGsmLevel=4
01-09 14:02:21.582 W/SignalStrength(504): getLevel=4 (SignalStrength: 12 255 -120 -160 -120 -1 -1 99 2147483647 -32767 2147483647 -32767 gsm|lte 4)
01-09 14:02:21.582 W/SignalStrength(504): getGsmLevel. this.mGsmSignalBar=4, getGsmSignalStrength()== 26
01-09 14:02:21.582 W/SignalStrength(504): getGsmLevel=4
01-09 14:02:21.582 W/SignalStrength(504): getLevel=4 (SignalStrength: 26 255 -120 -160 -120 -1 -1 99 2147483647 -32767 2147483647 -32767 gsm|lte 4)
01-09 14:02:21.862 W/MediaPlayer-JNI(21305): MediaPlayer finalized without being released
01-09 14:02:21.862 V/MediaPlayer(21305): setListener
01-09 14:02:21.862 V/MediaPlayer(21305): disconnect
01-09 14:02:21.872 V/MediaPlayerService(113): disconnect(817) from pid 21305
01-09 14:02:21.872 I/AwesomePlayer(113): reset
01-09 14:02:21.872 V/AwesomePlayer(113): reset_l() cancel player events
01-09 14:02:21.872 V/AwesomePlayer(113): cancelPlayerEvents (keepNotifications=0)
01-09 14:02:21.872 V/AwesomePlayer(113): mAudioTrackVector clear
01-09 14:02:21.872 V/AwesomePlayer(113): reset_l() stop AudioSource since AudioPlayer not exist
01-09 14:02:21.872 I/OMXCodec(113): [OMX.google.vorbis.decoder] stop mState=4
01-09 14:02:21.872 I/OMXCodec(113): [OMX.google.vorbis.decoder] stopped in state 1
01-09 14:02:21.872 I/OMXCodec(113): OMXCodec destructor 1
01-09 14:02:21.872 V/AwesomePlayer(113): mAudioPlayer successfully deleted
01-09 14:02:21.872 I/AwesomePlayer(113): reset
01-09 14:02:21.872 V/AwesomePlayer(113): reset_l() cancel player events
01-09 14:02:21.872 V/AwesomePlayer(113): cancelPlayerEvents (keepNotifications=0)
01-09 14:02:21.872 V/AwesomePlayer(113): mAudioTrackVector clear
01-09 14:02:21.872 V/AwesomePlayer(113): mAudioPlayer successfully deleted
01-09 14:02:21.872 V/AwesomePlayer(113): destructor
01-09 14:02:21.872 I/AwesomePlayer(113): reset
01-09 14:02:21.872 V/AwesomePlayer(113): reset_l() cancel player events
01-09 14:02:21.872 V/AwesomePlayer(113): cancelPlayerEvents (keepNotifications=0)
01-09 14:02:21.872 V/AwesomePlayer(113): mAudioTrackVector clear
01-09 14:02:21.872 V/AwesomePlayer(113): mAudioPlayer successfully deleted
01-09 14:02:21.872 V/AwesomePlayer(113): ~AwesomePlayer()
01-09 14:02:21.872 V/MediaPlayer(21305): destructor
01-09 14:02:21.882 V/MediaPlayerService(113): Client(817) destructor pid = 21305
01-09 14:02:21.882 V/AudioSink(113): close
01-09 14:02:21.882 V/MediaPlayerService(113): disconnect(817) from pid 21305
01-09 14:02:21.882 V/MediaPlayer(21305): disconnect
01-09 14:02:22.562 W/SignalStrength(504): getGsmLevel. this.mGsmSignalBar=4, getGsmSignalStrength()== 12
01-09 14:02:22.562 W/SignalStrength(504): getGsmLevel=4
