01-09 14:10:19.812 V/MediaPlayerService(113): [827] setVideoSurfaceTexture(0x0)
01-09 14:10:19.812 V/MediaPlayer(378): prepare
01-09 14:10:19.812 V/MediaPlayerService(113): [827] setAudioStreamType(5)
01-09 14:10:19.812 V/MediaPlayerService(113): [827] prepareAsync
01-09 14:10:19.812 V/AwesomePlayer(113): prepareAsync
01-09 14:10:19.812 V/AwesomePlayer(113): onPrepareAsyncEvent
01-09 14:10:19.812 V/AwesomePlayer(113): initAudioDecoder
01-09 14:10:19.812 W/OMXCodec(113): OMXCodec::Create matchComponentName ((null)), flags (0x0), createEncoder (0), mime (audio/vorbis)
01-09 14:10:19.812 W/OMXCodec(113): Attempting to allocate OMX node 'OMX.google.vorbis.decoder'
01-09 14:10:19.812 E/OMXCodec(113): Successfully allocated OMX node 'OMX.google.vorbis.decoder'
01-09 14:10:19.812 D/OMXCodec(113): configureCodec protected=0
01-09 14:10:19.812 V/AwesomePlayer(113): finishAsyncPrepare_l
01-09 14:10:19.812 V/AwesomePlayer(113): notifyListner_l() msg (5-MEDIA_SET_VIDEO_SIZE), ext1 (0), ext2 (0)
01-09 14:10:19.812 V/MediaPlayerService(113): [827] notify (0x147e1a0, 5, 0, 0)
01-09 14:10:19.812 V/MediaPlayer(378): message received msg=5, ext1=0, ext2=0
01-09 14:10:19.812 V/MediaPlayer(378): New video size 0 x 0
01-09 14:10:19.812 V/MediaPlayer(378): callback application
01-09 14:10:19.812 V/MediaPlayer(378): back from callback
01-09 14:10:19.812 V/AwesomePlayer(113): notifyListner_l() msg (1-MEDIA_PREPARED), ext1 (0), ext2 (0)
01-09 14:10:19.812 V/MediaPlayerService(113): [827] notify (0x147e1a0, 1, 0, 0)
01-09 14:10:19.812 V/MediaPlayer(378): message received msg=1, ext1=0, ext2=0
01-09 14:10:19.812 V/MediaPlayer(378): prepared
01-09 14:10:19.812 V/MediaPlayer(378): signal application thread
01-09 14:10:19.812 V/MediaPlayer(378): callback application
01-09 14:10:19.812 V/MediaPlayer(378): back from callback
01-09 14:10:19.812 V/MediaPlayer(378): prepare complete - status=0
01-09 14:10:19.812 I/AudioService(378):  AudioFocus  requestAudioFocus() from android.media.AudioManager$4175e9c8
01-09 14:10:19.812 V/MediaPlayer(378): start
01-09 14:10:19.812 V/MediaPlayerService(113): [827] setLooping(0)
01-09 14:10:19.812 V/AwesomePlayer(113): setLooping (0)
01-09 14:10:19.812 V/MediaPlayerService(113): [827] setVolume(1.000000, 1.000000)
01-09 14:10:19.812 V/AudioSink(113): setVolume(1.000000, 1.000000)
01-09 14:10:19.812 V/MediaPlayerService(113): [827] setAuxEffectSendLevel(0.000000)
01-09 14:10:19.812 V/AudioSink(113): setAuxEffectSendLevel(0.000000)
01-09 14:10:19.812 V/MediaPlayerService(113): [827] start
01-09 14:10:19.812 V/AwesomePlayer(113): setLooping (0)
01-09 14:10:19.812 V/AwesomePlayer(113): play
01-09 14:10:19.812 I/AwesomePlayer(113): AwesomePlayer::play_l():: This is not a DRM content
01-09 14:10:19.812 V/AwesomePlayer(113): AudioPlayer created, Non-LPA mode mime audio/vorbis duration 1070812
01-09 14:10:19.812 V/AwesomePlayer(113): startAudioPlayer_l, sendErrorNotification (0)
01-09 14:10:19.822 I/AudioPlayer(113): start kKeyAudioPCMFormat : 1
01-09 14:10:19.822 V/AudioSink(113): open(48000, 2, 1, 4, 840)
01-09 14:10:19.832 V/AudioSink(113): Creating AudioTrack for Reverb - 0
01-09 14:10:19.832 D/STATUSBAR-NotificationService(378): cancelNotification - pkg:com.google.android.talk, id:7, tag:com.google.android.talk1
01-09 14:10:19.842 V/AudioSink(113): setVolume
01-09 14:10:19.842 V/AudioSink(113): start
01-09 14:10:19.842 V/AudioPolicyManager(113): startOutput() output 1, stream 5, session 840
01-09 14:10:19.842 V/AudioPolicyManagerBase(113): getDeviceForStrategy() from cache strategy 2, device 2
01-09 14:10:19.842 V/AudioPolicyManagerBase(113): getNewDevice() selected device 0
01-09 14:10:19.842 V/AudioPolicyManagerBase(113): changeRefCount() stream 5, count 1
01-09 14:10:19.842 V/AudioPolicyManagerBase(113): getDeviceForStrategy() from cache strategy 2, device 2
01-09 14:10:19.842 V/AudioPolicyManagerBase(113): getNewDevice() selected device 2
01-09 14:10:19.842 V/AudioPolicyManager(113): setOutputDevice() output 1 device 2 delayMs 0 force 0
01-09 14:10:19.842 V/AudioPolicyManager(113): setOutputDevice output :0x1 mCurDevice:0x2
01-09 14:10:19.842 V/AudioPolicyManager(113): setOutputDevice() setting same device 2 or null device for output 1
01-09 14:10:19.842 V/AwesomePlayer(113): addBatteryData
01-09 14:10:19.842 V/MediaPlayer(378): setListener
01-09 14:10:19.842 V/MediaPlayer(378): disconnect
01-09 14:10:19.842 V/MediaPlayerService(113): disconnect(814) from pid 378
01-09 14:10:19.842 I/AwesomePlayer(113): reset
01-09 14:10:19.842 V/AwesomePlayer(113): reset_l() cancel player events
01-09 14:10:19.842 V/AwesomePlayer(113): cancelPlayerEvents (keepNotifications=0)
01-09 14:10:19.842 V/AwesomePlayer(113): mAudioTrackVector clear
01-09 14:10:19.842 V/AudioSink(113): stop
01-09 14:10:19.842 V/AudioSink(113): close
01-09 14:10:19.842 V/AudioPolicyManagerBase(113): releaseOutput() 1
01-09 14:10:19.852 I/OMXCodec(113): [OMX.google.vorbis.decoder] stop mState=4
01-09 14:10:19.852 I/OMXCodec(113): [OMX.google.vorbis.decoder] stopped in state 1
01-09 14:10:19.852 I/OMXCodec(113): OMXCodec destructor 1
01-09 14:10:19.852 V/AwesomePlayer(113): mAudioPlayer successfully deleted
01-09 14:10:19.852 I/AwesomePlayer(113): reset
01-09 14:10:19.852 V/AwesomePlayer(113): reset_l() cancel player events
01-09 14:10:19.852 V/AwesomePlayer(113): cancelPlayerEvents (keepNotifications=0)
01-09 14:10:19.852 V/AwesomePlayer(113): mAudioTrackVector clear
01-09 14:10:19.852 V/AwesomePlayer(113): mAudioPlayer successfully deleted
01-09 14:10:19.852 V/AwesomePlayer(113): destructor
01-09 14:10:19.852 I/AwesomePlayer(113): reset
01-09 14:10:19.852 V/AwesomePlayer(113): reset_l() cancel player events
01-09 14:10:19.852 V/AwesomePlayer(113): cancelPlayerEvents (keepNotifications=0)
01-09 14:10:19.852 V/AwesomePlayer(113): mAudioTrackVector clear
01-09 14:10:19.852 V/AwesomePlayer(113): mAudioPlayer successfully deleted
01-09 14:10:19.852 V/AwesomePlayer(113): ~AwesomePlayer()
01-09 14:10:19.852 V/MediaPlayer(378): destructor
01-09 14:10:19.852 V/MediaPlayer(378): disconnect
01-09 14:10:19.852 E/MediaPlayer(378): mOnVideoSizeChangedListener is null. Failed to send MEDIA_SET_VIDEO_SIZE message.
01-09 14:10:19.852 I/MediaPlayer(378): Don't send intent. msg.arg1 = 0, msg.arg2 = 0
01-09 14:10:19.852 E/MediaPlayer(378): mOnPreparedListener is null. Failed to send MEDIA_PREPARED message.
01-09 14:10:19.852 V/MediaPlayerService(113): Client(814) destructor pid = 378
01-09 14:10:19.852 V/AudioSink(113): close
01-09 14:10:19.852 V/MediaPlayerService(113): disconnect(814) from pid 378
01-09 14:10:19.852 I/AudioResampler(113):  Create linear Resampler inChannelCount:2 sampleRate:44100
01-09 14:10:19.852 I/AudioResampler(113): AudioResampler::AudioResampler() 16 bits, 2 channels
01-09 14:10:19.852 I/AudioResampler(113): new MM resampler(48000 -> 44100, 2)
01-09 14:10:19.862 V/AudioHardwareMSM7X27A(113): open driver
01-09 14:10:19.862 V/AudioHardwareMSM7X27A(113): get config
01-09 14:10:19.862 V/AudioHardwareMSM7X27A(113): set config
01-09 14:10:19.862 V/AudioHardwareMSM7X27A(113): buffer_size: 4800
01-09 14:10:19.862 V/AudioHardwareMSM7X27A(113): buffer_count: 2
01-09 14:10:19.862 V/AudioHardwareMSM7X27A(113): channel_count: 2
01-09 14:10:19.862 V/AudioHardwareMSM7X27A(113): sample_rate: 44100
01-09 14:10:19.922 D/KeyguardViewMediator(378): setHidden false
01-09 14:10:19.962 D/KeyguardViewMediator(378): setHidden false
01-09 14:10:20.042 V/AudioHardwareMSM7X27A(113): MBADRC Enabled
01-09 14:10:20.042 I/AudioHardwareMSM7X27A(113): Enabling post proc features with mask 0x0000
01-09 14:10:20.072 D/dalvikvm(504): GC_CONCURRENT freed 7436K, 49% free 15792K/30947K, paused 2ms+12ms
01-09 14:10:20.112 D/plugin  (689): getDefaultSubscription()
01-09 14:10:20.112 D/ConnectivityService(378): reportNetworkCondition(1, 100)
01-09 14:10:20.112 D/ConnectivityService(378): handleInetConditionChange: net=1, condition=100,mActiveDefaultNetwork=1
01-09 14:10:20.112 D/ConnectivityService(378): handleInetConditionChange: starting a change hold
01-09 14:10:20.122 W/AlarmManager(378): FACTORY_ON= 0
01-09 14:10:20.192 D/BatteryService(378): update start
01-09 14:10:20.202 D/KeyguardUpdateMonitor(378): received broadcast android.intent.action.BATTERY_CHANGED
01-09 14:10:20.202 D/KeyguardUpdateMonitor(378): handleBatteryUpdate
01-09 14:10:20.202 D/BatteryService(378): level:44 scale:100 status:3 health:2 present:true voltage: 3666 temperature: 230 technology: Li-ion AC powered:false USB powered:false icon:17303167 invalid charger:0
01-09 14:10:20.202 D/ThermistorObserver(378): mBatteryBRForAMOLED : onReceive() : newTemperature : 230
01-09 14:10:20.202 V/UiModeManager(378): updateLocked, mLastBroadcastState =0 , oldAction = null
01-09 14:10:20.252 D/STATUSBAR-BatteryController(504): onReceive() - ACTION_BATTERY_CHANGED
01-09 14:10:20.252 D/STATUSBAR-BatteryController(504): onReceive() - level:44
01-09 14:10:20.252 D/STATUSBAR-BatteryController(504): onReceive() - plugged:0
01-09 14:10:20.252 D/STATUSBAR-BatteryController(504): onReceive() - BATTERY_STATUS_DISCHARGING: stat_sys_battery
01-09 14:10:20.262 D/STATUSBAR-PhoneStatusBar(504): ACTION_BATTERY_CHANGED
01-09 14:10:20.262 D/STATUSBAR-PhoneStatusBar(504): NORMAL_BATTERY
01-09 14:10:20.262 D/PowerUI (504): getBatteryOnline : battery online file not found
01-09 14:10:20.312 V/Babel   (21305): [GcmIntentService] ReceiveServerUpdateService will handle all server updates.
01-09 14:10:20.612 D/ConnectivityService(378): handleInetConditionHoldEnd: net=1, condition=100, published condition=100
01-09 14:10:20.612 D/ConnectivityService(378): sendStickyBroadcast: action=android.net.conn.INET_CONDITION_ACTION
01-09 14:10:20.622 W/SignalStrength(504): getGsmLevel. this.mGsmSignalBar=3, getGsmSignalStrength()== 11
01-09 14:10:20.622 W/SignalStrength(504): getGsmLevel=3
01-09 14:10:20.622 W/SignalStrength(504): getLevel=3 (SignalStrength: 11 255 -120 -160 -120 -1 -1 99 2147483647 -32767 2147483647 -32767 gsm|lte 3)
01-09 14:10:20.622 W/SignalStrength(504): getGsmLevel. this.mGsmSignalBar=4, getGsmSignalStrength()== 26
01-09 14:10:20.622 W/SignalStrength(504): getGsmLevel=4
01-09 14:10:20.622 W/SignalStrength(504): getLevel=4 (SignalStrength: 26 255 -120 -160 -120 -1 -1 99 2147483647 -32767 2147483647 -32767 gsm|lte 4)
01-09 14:10:20.622 W/SignalStrength(504): getGsmLevel. this.mGsmSignalBar=3, getGsmSignalStrength()== 11
01-09 14:10:20.622 W/SignalStrength(504): getGsmLevel=3
01-09 14:10:20.622 W/SignalStrength(504): getLevel=3 (SignalStrength: 11 255 -120 -160 -120 -1 -1 99 2147483647 -32767 2147483647 -32767 gsm|lte 3)
01-09 14:10:20.622 W/SignalStrength(504): getGsmLevel. this.mGsmSignalBar=4, getGsmSignalStrength()== 26
01-09 14:10:20.622 W/SignalStrength(504): getGsmLevel=4
01-09 14:10:20.622 W/SignalStrength(504): getLevel=4 (SignalStrength: 26 255 -120 -160 -120 -1 -1 99 2147483647 -32767 2147483647 -32767 gsm|lte 4)
01-09 14:10:20.622 D/TWStatusBar-NetworkControllerDS(504): onReceive() - CONNECTIVITY_ACTION, INET_CONDITION_ACTION
01-09 14:10:20.622 D/StatusBar-NetworkControllerDS(504): isDualSIM : SimState = 2, SimState2 = 2
01-09 14:10:20.622 D/StatusBar-NetworkControllerDS(504): isDualSIM : SimState = 2, SimState2 = 2
01-09 14:10:20.622 D/StatusBar-NetworkControllerDS(504): isDualSIM : SimState = 2, SimState2 = 2
01-09 14:10:20.622 D/StatusBar-NetworkControllerDS(504): isDualSIM : SimState = 2, SimState2 = 2
01-09 14:10:20.622 D/StatusBar-NetworkControllerDS(504): refreshViews connected={ wifi } level=3|4 combinedSignalIconId=0x7f0200ef/com.android.systemui:drawable/stat_sys_wifi_signal_4 combinedActivityIconId=0x7f0200d9 mAirplaneMode=false mDataActivity1=0 mDataActivity2=0 mPhoneSignalIconId1=0x7f0200cd mPhoneSignalIconId2=0x7f0200d5 mLastPhoneSignalIconId1=0x7f0200cd mLastPhoneSignalIconId2=0x7f0200d5 mDataDirectionIconId1=0x0 mDataDirectionIconId2=0x0 mDataSignalIconId1=0x7f0200cd mDataSignalIconId2=0x7f0200d5 mDataTypeIconId1=0x7f02009d mDataTypeIconId2=0x7f02009d mWifiIconId=0x7f0200ef mRoamingIconId1=0x0 mRoamingIconId2=0x0 mBluetoothTetherIconId=0x10806ce
01-09 14:10:20.622 D/SignalClusterView(504): wifi: VISIBLE sig=2130837743 act=2130837721
01-09 14:10:20.622 D/SignalClusterView(504): mobile1: VISIBLE sig=2130837709 act=0 typ=2130837661
01-09 14:10:20.622 D/SignalClusterView(504): mobile2: VISIBLE sig=2130837717 act=0 typ=2130837661
01-09 14:10:20.622 D/SignalClusterView(504): wifi: VISIBLE sig=2130837743 act=2130837721
01-09 14:10:20.622 D/SignalClusterView(504): mobile1: VISIBLE sig=2130837709 act=0 typ=2130837661
01-09 14:10:20.622 D/SignalClusterView(504): mobile2: VISIBLE sig=2130837717 act=0 typ=2130837661
01-09 14:10:20.622 D/SignalClusterView(504): wifi: VISIBLE sig=2130837743 act=2130837721
01-09 14:10:20.622 D/SignalClusterView(504): mobile1: VISIBLE sig=2130837709 act=0 typ=2130837661
01-09 14:10:20.622 D/SignalClusterView(504): mobile2: VISIBLE sig=2130837717 act=0 typ=2130837661
01-09 14:10:20.632 D/plugin  (689): getDefaultSubscription()
01-09 14:10:20.642 D/memalloc(110): /dev/pmem: Allocated buffer base:0x41a93000 size:1474560 offset:1413120 fd:72
01-09 14:10:20.652 D/memalloc(20066): /dev/pmem: Mapped buffer base:0x57dc5000 size:2887680 offset:1413120 fd:158
01-09 14:10:20.652 I/Adreno200-EGLSUB(110): <CreateImage:1017>: Android Image
01-09 14:10:20.652 I/Adreno200-EGLSUB(110): <GetImageAttributes:1226>: RGBA_8888
01-09 14:10:20.692 I/Adreno200-EGLSUB(110): <CreateImage:1017>: Android Image
01-09 14:10:20.692 I/Adreno200-EGLSUB(110): <GetImageAttributes:1226>: RGBA_8888
01-09 14:10:20.702 D/plugin  (689): getDefaultSubscription()
01-09 14:10:20.722 E/MSimTelephonyManager(19026): MSimTelephonyManager sRegistryMsim != null
01-09 14:10:20.782 I/NRFW    (1283): profile=wifi
01-09 14:10:20.802 I/NRFW    (1283): serverip=180.76.3.90 localIp=10.0.8.1
01-09 14:10:20.822 V/SoftVorbis(113): discarding 249 frames at end of page
01-09 14:10:20.832 I/DNS     (1283): 180.76.3.90 h_errno=1
01-09 14:10:20.902 V/AwesomePlayer(113): postAudioEOS delayUs (235312)
01-09 14:10:21.142 V/AwesomePlayer(113): onCheckAudioStatus
01-09 14:10:21.142 V/AwesomePlayer(113): onCheckAudioStatus() set AUDIO_AT_EOS flag
01-09 14:10:21.142 V/AwesomePlayer(113): onStreamDone
01-09 14:10:21.142 V/AwesomePlayer(113): MEDIA_PLAYBACK_COMPLETE
01-09 14:10:21.142 V/AwesomePlayer(113): notifyListner_l() msg (2-MEDIA_PLAYBACK_COMPLETE), ext1 (0), ext2 (0)
01-09 14:10:21.142 V/MediaPlayerService(113): [827] notify (0x147e1a0, 2, 0, 0)
01-09 14:10:21.142 V/AwesomePlayer(113): cancelPlayerEvents (keepNotifications=1)
01-09 14:10:21.142 V/AudioSink(113): stop
01-09 14:10:21.142 V/MediaPlayer(378): message received msg=2, ext1=0, ext2=0
01-09 14:10:21.142 V/MediaPlayer(378): playback complete
01-09 14:10:21.142 V/MediaPlayer(378): callback application
01-09 14:10:21.142 V/MediaPlayer(378): back from callback
01-09 14:10:21.142 I/MediaPlayer(378): mOnCompletionListener. Send MEDIA_PLAYBACK_COMPLETE message.
01-09 14:10:21.142 V/AudioPolicyManager(113): stopOutput() output 1, stream 5, session 840
01-09 14:10:21.142 V/AudioPolicyManagerBase(113): changeRefCount() stream 5, count 0
01-09 14:10:21.142 V/AudioPolicyManagerBase(113): getNewDevice() selected device 0
01-09 14:10:21.142 V/AudioPolicyManagerBase(113): getNewDevice() selected device 0
01-09 14:10:21.142 V/AudioPolicyManager(113): setOutputDevice() output 1 device 0 delayMs 72 force 0
01-09 14:10:21.142 V/AudioPolicyManager(113): setOutputDevice() setting same device 0 or null device for output 1
01-09 14:10:21.142 V/AwesomePlayer(113): addBatteryData
01-09 14:10:21.142 I/AudioService(378):  AudioFocus  abandonAudioFocus() from android.media.AudioManager$4175e9c8
01-09 14:10:21.402 I/InputReader(378): Touch event's action is 0x1 (deviceType=0) [pCnt=1, pending(waiting finished signal)=0, s=]
01-09 14:10:21.402 I/InputDispatcher(378): Delivering touch to current input target: action: 0x1
01-09 14:10:21.402 D/plugin  (689): getDefaultSubscription()
01-09 14:10:21.492 D/STATUSBAR-NotificationService(378): cancelNotification - pkg:com.google.android.talk, id:0, tag:com.google.android.talk1
01-09 14:10:21.492 V/MediaPlayer(21305): constructor
01-09 14:10:21.502 V/MediaPlayer(21305): setListener
01-09 14:10:21.502 V/MediaPlayer(21305): constructor
01-09 14:10:21.502 V/MediaPlayer(21305): setListener
01-09 14:10:21.502 I/MediaPlayer(21305): path is null
01-09 14:10:21.502 V/MediaPlayer(21305): setDataSource(289, 13512616, 30056)
01-09 14:10:21.502 V/MediaPlayerService(113): Client(828) constructor
01-09 14:10:21.502 V/MediaPlayerService(113): Create new client(828) from pid 21305, uid 10089, 
01-09 14:10:21.502 V/MediaPlayerService(113): setDataSource fd=50, offset=13512616, length=30056
01-09 14:10:21.502 V/MediaPlayerService(113): st_dev  = 45849
01-09 14:10:21.502 V/MediaPlayerService(113): st_mode = 33188
01-09 14:10:21.502 V/MediaPlayerService(113): st_uid  = 1000
01-09 14:10:21.502 V/MediaPlayerService(113): st_gid  = 1000
01-09 14:10:21.502 V/MediaPlayerService(113): st_size = 25944922
01-09 14:10:21.502 V/MediaPlayerService(113): player type = 3
01-09 14:10:21.502 V/MediaPlayerService(113):  create StagefrightPlayer
01-09 14:10:21.502 V/AwesomePlayer(113): setDefault
01-09 14:10:21.502 V/AwesomePlayer(113): constructor
01-09 14:10:21.502 V/AwesomePlayer(113): setDefault
01-09 14:10:21.502 I/AwesomePlayer(113): reset
01-09 14:10:21.502 V/AwesomePlayer(113): reset_l() cancel player events
01-09 14:10:21.502 V/AwesomePlayer(113): cancelPlayerEvents (keepNotifications=0)
01-09 14:10:21.502 V/AwesomePlayer(113): mAudioTrackVector clear
01-09 14:10:21.502 V/AwesomePlayer(113): mAudioPlayer successfully deleted
01-09 14:10:21.502 V/AwesomePlayer(113): setListener
01-09 14:10:21.502 V/AwesomePlayer(113): AwesomePlayer running on behalf of uid 10089
01-09 14:10:21.502 V/AudioSink(113): AudioOutput(842)
01-09 14:10:21.502 V/AwesomePlayer(113): setAudioSink
01-09 14:10:21.502 V/AwesomePlayer(113): setDataSource fd
01-09 14:10:21.502 V/AwesomePlayer(113): reset_l() cancel player events
01-09 14:10:21.502 V/AwesomePlayer(113): cancelPlayerEvents (keepNotifications=0)
01-09 14:10:21.502 V/AwesomePlayer(113): mAudioTrackVector clear
01-09 14:10:21.502 V/AwesomePlayer(113): mAudioPlayer successfully deleted
01-09 14:10:21.502 V/MediaExtractor(113): Autodetected media content as 'application/ogg' with confidence 0.20
01-09 14:10:21.512 V/AwesomePlayer(113): track of type 'audio/vorbis' does not publish bitrate
01-09 14:10:21.512 V/AwesomePlayer(113): mBitrate = -1 bits/sec
01-09 14:10:21.512 V/AwesomePlayer(113): current audio track (0)
01-09 14:10:21.512 V/AwesomePlayer(113): setAudioSource
01-09 14:10:21.512 V/AwesomePlayer(113): current audio track (0) is added to vector[0]
01-09 14:10:21.512 V/MediaPlayer(21305): MediaPlayer::setAudioStreamType
01-09 14:10:21.512 V/MediaPlayer(21305): setVideoSurfaceTexture
01-09 14:10:21.512 V/MediaPlayerService(113): [828] setVideoSurfaceTexture(0x0)
01-09 14:10:21.512 V/MediaPlayer(21305): prepare
01-09 14:10:21.512 V/MediaPlayerService(113): [828] setAudioStreamType(2)
01-09 14:10:21.512 V/MediaPlayerService(113): [828] prepareAsync
01-09 14:10:21.512 V/AwesomePlayer(113): prepareAsync
01-09 14:10:21.512 V/AwesomePlayer(113): onPrepareAsyncEvent
01-09 14:10:21.512 V/AwesomePlayer(113): initAudioDecoder
01-09 14:10:21.512 W/OMXCodec(113): OMXCodec::Create matchComponentName ((null)), flags (0x0), createEncoder (0), mime (audio/vorbis)
01-09 14:10:21.512 W/OMXCodec(113): Attempting to allocate OMX node 'OMX.google.vorbis.decoder'
01-09 14:10:21.512 E/OMXCodec(113): Successfully allocated OMX node 'OMX.google.vorbis.decoder'
01-09 14:10:21.512 D/OMXCodec(113): configureCodec protected=0
01-09 14:10:21.512 V/AwesomePlayer(113): finishAsyncPrepare_l
01-09 14:10:21.512 V/AwesomePlayer(113): notifyListner_l() msg (5-MEDIA_SET_VIDEO_SIZE), ext1 (0), ext2 (0)
01-09 14:10:21.512 V/MediaPlayerService(113): [828] notify (0x1482ac8, 5, 0, 0)
01-09 14:10:21.512 V/MediaPlayer(21305): message received msg=5, ext1=0, ext2=0
01-09 14:10:21.512 V/MediaPlayer(21305): New video size 0 x 0
01-09 14:10:21.512 V/MediaPlayer(21305): callback application
01-09 14:10:21.512 V/MediaPlayer(21305): back from callback
01-09 14:10:21.512 V/AwesomePlayer(113): notifyListner_l() msg (1-MEDIA_PREPARED), ext1 (0), ext2 (0)
01-09 14:10:21.512 V/MediaPlayerService(113): [828] notify (0x1482ac8, 1, 0, 0)
01-09 14:10:21.512 V/MediaPlayer(21305): message received msg=1, ext1=0, ext2=0
01-09 14:10:21.512 V/MediaPlayer(21305): prepared
01-09 14:10:21.512 V/MediaPlayer(21305): signal application thread
01-09 14:10:21.512 V/MediaPlayer(21305): callback application
01-09 14:10:21.512 V/MediaPlayer(21305): back from callback
01-09 14:10:21.512 V/MediaPlayer(21305): prepare complete - status=0
01-09 14:10:21.512 V/MediaPlayer(21305): reset
01-09 14:10:21.512 I/MediaPlayer(21305): path is null
01-09 14:10:21.512 V/MediaPlayer(21305): setDataSource(289, 13512616, 30056)
01-09 14:10:21.512 V/MediaPlayerService(113): Client(829) constructor
01-09 14:10:21.512 V/MediaPlayerService(113): Create new client(829) from pid 21305, uid 10089, 
01-09 14:10:21.512 V/MediaPlayerService(113): setDataSource fd=59, offset=13512616, length=30056
01-09 14:10:21.512 V/MediaPlayerService(113): st_dev  = 45849
01-09 14:10:21.512 V/MediaPlayerService(113): st_mode = 33188
01-09 14:10:21.512 V/MediaPlayerService(113): st_uid  = 1000
01-09 14:10:21.512 V/MediaPlayerService(113): st_gid  = 1000
01-09 14:10:21.512 V/MediaPlayerService(113): st_size = 25944922
01-09 14:10:21.512 V/MediaPlayerService(113): player type = 3
01-09 14:10:21.512 V/MediaPlayerService(113):  create StagefrightPlayer
01-09 14:10:21.512 V/AwesomePlayer(113): setDefault
01-09 14:10:21.512 V/AwesomePlayer(113): constructor
01-09 14:10:21.512 V/AwesomePlayer(113): setDefault
01-09 14:10:21.512 I/AwesomePlayer(113): reset
01-09 14:10:21.512 V/AwesomePlayer(113): reset_l() cancel player events
01-09 14:10:21.512 V/AwesomePlayer(113): cancelPlayerEvents (keepNotifications=0)
01-09 14:10:21.512 V/AwesomePlayer(113): mAudioTrackVector clear
01-09 14:10:21.512 V/AwesomePlayer(113): mAudioPlayer successfully deleted
01-09 14:10:21.512 V/AwesomePlayer(113): setListener
01-09 14:10:21.512 V/AwesomePlayer(113): AwesomePlayer running on behalf of uid 10089
01-09 14:10:21.512 V/AudioSink(113): AudioOutput(841)
01-09 14:10:21.512 V/AwesomePlayer(113): setAudioSink
01-09 14:10:21.512 V/AwesomePlayer(113): setDataSource fd
01-09 14:10:21.512 V/AwesomePlayer(113): reset_l() cancel player events
01-09 14:10:21.512 V/AwesomePlayer(113): cancelPlayerEvents (keepNotifications=0)
01-09 14:10:21.512 V/AwesomePlayer(113): mAudioTrackVector clear
01-09 14:10:21.512 V/AwesomePlayer(113): mAudioPlayer successfully deleted
01-09 14:10:21.512 V/MediaExtractor(113): Autodetected media content as 'application/ogg' with confidence 0.20
01-09 14:10:21.522 V/AwesomePlayer(113): track of type 'audio/vorbis' does not publish bitrate
01-09 14:10:21.522 V/AwesomePlayer(113): mBitrate = -1 bits/sec
01-09 14:10:21.522 V/AwesomePlayer(113): current audio track (0)
01-09 14:10:21.522 V/AwesomePlayer(113): setAudioSource
01-09 14:10:21.522 V/AwesomePlayer(113): current audio track (0) is added to vector[0]
01-09 14:10:21.522 V/MediaPlayer(21305): setListener
01-09 14:10:21.522 V/MediaPlayer(21305): disconnect
01-09 14:10:21.522 V/MediaPlayerService(113): disconnect(829) from pid 21305
01-09 14:10:21.522 I/AwesomePlayer(113): reset
01-09 14:10:21.522 V/AwesomePlayer(113): reset_l() cancel player events
01-09 14:10:21.522 V/AwesomePlayer(113): cancelPlayerEvents (keepNotifications=0)
01-09 14:10:21.522 V/AwesomePlayer(113): mAudioTrackVector clear
01-09 14:10:21.522 V/AwesomePlayer(113): mAudioPlayer successfully deleted
01-09 14:10:21.522 I/AwesomePlayer(113): reset
01-09 14:10:21.522 V/AwesomePlayer(113): reset_l() cancel player events
01-09 14:10:21.522 V/AwesomePlayer(113): cancelPlayerEvents (keepNotifications=0)
01-09 14:10:21.522 V/AwesomePlayer(113): mAudioTrackVector clear
01-09 14:10:21.522 V/AwesomePlayer(113): mAudioPlayer successfully deleted
01-09 14:10:21.522 V/AwesomePlayer(113): destructor
01-09 14:10:21.522 I/AwesomePlayer(113): reset
01-09 14:10:21.522 V/AwesomePlayer(113): reset_l() cancel player events
01-09 14:10:21.522 V/AwesomePlayer(113): cancelPlayerEvents (keepNotifications=0)
01-09 14:10:21.522 V/AwesomePlayer(113): mAudioTrackVector clear
01-09 14:10:21.522 V/AwesomePlayer(113): mAudioPlayer successfully deleted
01-09 14:10:21.522 V/AwesomePlayer(113): ~AwesomePlayer()
01-09 14:10:21.522 V/MediaPlayer(21305): destructor
01-09 14:10:21.522 V/MediaPlayerService(113): Client(829) destructor pid = 21305
01-09 14:10:21.522 V/AudioSink(113): close
01-09 14:10:21.522 V/MediaPlayerService(113): disconnect(829) from pid 21305
01-09 14:10:21.522 V/MediaPlayer(21305): disconnect
01-09 14:10:21.542 D/ApplicationPolicy(378): isStatusBarNotificationAllowed: packageName = com.google.android.talk
01-09 14:10:21.552 D/STATUSBAR-NotificationService(378): Noti Alert - mSystemReady:true, AlertEnabled:true
01-09 14:10:21.552 D/STATUSBAR-NotificationService(378): updateLightsLocked() : Turn off notification light
01-09 14:10:21.562 D/KeyguardViewMediator(378): setHidden false
01-09 14:10:21.562 D/KeyguardViewMediator(378): setHidden false
01-09 14:10:21.602 W/SignalStrength(504): getGsmLevel. this.mGsmSignalBar=3, getGsmSignalStrength()== 11
01-09 14:10:21.602 W/SignalStrength(504): getGsmLevel=3
01-09 14:10:21.602 W/SignalStrength(504): getLevel=3 (SignalStrength: 11 255 -120 -160 -120 -1 -1 99 2147483647 -32767 2147483647 -32767 gsm|lte 3)
01-09 14:10:21.602 W/SignalStrength(504): getGsmLevel. this.mGsmSignalBar=4, getGsmSignalStrength()== 26
01-09 14:10:21.602 W/SignalStrength(504): getGsmLevel=4
01-09 14:10:21.602 W/SignalStrength(504): getLevel=4 (SignalStrength: 26 255 -120 -160 -120 -1 -1 99 2147483647 -32767 2147483647 -32767 gsm|lte 4)
01-09 14:10:21.602 D/StatusBar-NetworkControllerDS(504): refreshViews connected={ wifi } level=3|4 combinedSignalIconId=0x7f0200ef/com.android.systemui:drawable/stat_sys_wifi_signal_4 combinedActivityIconId=0x7f0200d8 mAirplaneMode=false mDataActivity1=0 mDataActivity2=0 mPhoneSignalIconId1=0x7f0200cd mPhoneSignalIconId2=0x7f0200d5 mLastPhoneSignalIconId1=0x7f0200cd mLastPhoneSignalIconId2=0x7f0200d5 mDataDirectionIconId1=0x0 mDataDirectionIconId2=0x0 mDataSignalIconId1=0x7f0200cd mDataSignalIconId2=0x7f0200d5 mDataTypeIconId1=0x7f02009d mDataTypeIconId2=0x7f02009d mWifiIconId=0x7f0200ef mRoamingIconId1=0x0 mRoamingIconId2=0x0 mBluetoothTetherIconId=0x10806ce
01-09 14:10:21.602 D/SignalClusterView(504): wifi: VISIBLE sig=2130837743 act=2130837720
01-09 14:10:21.602 D/SignalClusterView(504): mobile1: VISIBLE sig=2130837709 act=0 typ=2130837661
01-09 14:10:21.602 D/SignalClusterView(504): mobile2: VISIBLE sig=2130837717 act=0 typ=2130837661
01-09 14:10:21.602 D/SignalClusterView(504): wifi: VISIBLE sig=2130837743 act=2130837720
01-09 14:10:21.602 D/SignalClusterView(504): mobile1: VISIBLE sig=2130837709 act=0 typ=2130837661
01-09 14:10:21.602 D/SignalClusterView(504): mobile2: VISIBLE sig=2130837717 act=0 typ=2130837661
01-09 14:10:21.602 D/SignalClusterView(504): wifi: VISIBLE sig=2130837743 act=2130837720
01-09 14:10:21.602 D/SignalClusterView(504): mobile1: VISIBLE sig=2130837709 act=0 typ=2130837661
01-09 14:10:21.602 D/SignalClusterView(504): mobile2: VISIBLE sig=2130837717 act=0 typ=2130837661
01-09 14:10:21.602 D/StatusBar-NetworkControllerDS(504): changing data overlay icon id to 2130837720
01-09 14:10:21.622 D/STATUSBAR-NotificationService(378): cancelNotification - pkg:com.google.android.talk, id:7, tag:com.google.android.talk1
01-09 14:10:21.782 D/ConnectivityService(378): reportNetworkCondition(1, 100)
01-09 14:10:21.782 D/ConnectivityService(378): handleInetConditionChange: net=1, condition=100,mActiveDefaultNetwork=1
01-09 14:10:21.782 D/ConnectivityService(378): handleInetConditionChange: starting a change hold
01-09 14:10:21.792 W/AlarmManager(378): FACTORY_ON= 0
01-09 14:10:21.832 D/plugin  (689): getDefaultSubscription()
01-09 14:10:21.932 D/InputReader(378): Input event: value=1
01-09 14:10:21.942 D/lights  (378): write_int /sys/class/leds/button-backlight/brightness = 255
01-09 14:10:21.942 I/InputDispatcher(378): Delivering key to current input target: action: 0x0
01-09 14:10:21.942 I/PowerManagerService(378): Ulight 0x3->0x7|0x0
01-09 14:10:21.942 D/PowerManagerService(378): setLightBrightness : mButtonLight : 77
01-09 14:10:22.032 D/InputReader(378): Input event: value=0
01-09 14:10:22.032 I/InputDispatcher(378): Delivering key to current input target: action: 0x1
01-09 14:10:22.052 D/memalloc(20066): /dev/pmem: Unmapping buffer base:0x570fe000 size:13398016 offset:11923456
01-09 14:10:22.052 D/memalloc(20066): /dev/pmem: Unmapping buffer base:0x5667a000 size:8912896 offset:7438336
01-09 14:10:22.052 D/memalloc(20066): /dev/pmem: Unmapping buffer base:0x57dc5000 size:2887680 offset:1413120
01-09 14:10:22.052 D/memalloc(110): /dev/pmem: Freeing buffer base:0x425f2000 size:1474560 offset:11923456 fd:33
01-09 14:10:22.052 D/memalloc(110): /dev/pmem: Freeing buffer base:0x421ab000 size:1474560 offset:7438336 fd:36
01-09 14:10:22.052 D/KeyguardViewMediator(378): setHidden false
01-09 14:10:22.072 D/KeyguardViewMediator(378): setHidden false
01-09 14:10:22.072 W/SurfaceFlinger(110): id=1262 Removed idx=5 Map Size=6
01-09 14:10:22.072 W/SurfaceFlinger(110): id=1262 Removed idx=-2 Map Size=6
01-09 14:10:22.072 D/KeyguardViewMediator(378): setHidden false
01-09 14:10:22.072 W/InputManagerService(378): Window already focused, ignoring focus gain of: com.android.internal.view.IInputMethodClient$Stub$Proxy@41770848
01-09 14:10:22.092 D/memalloc(110): /dev/pmem: Freeing buffer base:0x41bec000 size:1474560 offset:1413120 fd:72
01-09 14:10:22.132 D/dalvikvm(21080): GC_EXPLICIT freed 2184K, 31% free 13085K/18723K, paused 23ms+29ms
01-09 14:10:22.182 D/plugin  (689): getDefaultSubscription()
01-09 14:10:22.182 V/Babel   (21305): [GcmIntentService] ReceiveServerUpdateService will handle all server updates.
01-09 14:10:22.282 D/ConnectivityService(378): handleInetConditionHoldEnd: net=1, condition=100, published condition=100
01-09 14:10:22.282 D/ConnectivityService(378): sendStickyBroadcast: action=android.net.conn.INET_CONDITION_ACTION
01-09 14:10:22.292 W/SignalStrength(504): getGsmLevel. this.mGsmSignalBar=3, getGsmSignalStrength()== 11
01-09 14:10:22.292 W/SignalStrength(504): getGsmLevel=3
01-09 14:10:22.292 W/SignalStrength(504): getLevel=3 (SignalStrength: 11 255 -120 -160 -120 -1 -1 99 2147483647 -32767 2147483647 -32767 gsm|lte 3)
01-09 14:10:22.292 W/SignalStrength(504): getGsmLevel. this.mGsmSignalBar=4, getGsmSignalStrength()== 26
01-09 14:10:22.292 W/SignalStrength(504): getGsmLevel=4
01-09 14:10:22.292 W/SignalStrength(504): getLevel=4 (SignalStrength: 26 255 -120 -160 -120 -1 -1 99 2147483647 -32767 2147483647 -32767 gsm|lte 4)
01-09 14:10:22.292 W/SignalStrength(504): getGsmLevel. this.mGsmSignalBar=3, getGsmSignalStrength()== 11
01-09 14:10:22.292 W/SignalStrength(504): getGsmLevel=3
01-09 14:10:22.292 W/SignalStrength(504): getLevel=3 (SignalStrength: 11 255 -120 -160 -120 -1 -1 99 2147483647 -32767 2147483647 -32767 gsm|lte 3)
01-09 14:10:22.292 W/SignalStrength(504): getGsmLevel. this.mGsmSignalBar=4, getGsmSignalStrength()== 26
01-09 14:10:22.292 W/SignalStrength(504): getGsmLevel=4
01-09 14:10:22.292 W/SignalStrength(504): getLevel=4 (SignalStrength: 26 255 -120 -160 -120 -1 -1 99 2147483647 -32767 2147483647 -32767 gsm|lte 4)
01-09 14:10:22.292 D/TWStatusBar-NetworkControllerDS(504): onReceive() - CONNECTIVITY_ACTION, INET_CONDITION_ACTION
01-09 14:10:22.292 D/StatusBar-NetworkControllerDS(504): isDualSIM : SimState = 2, SimState2 = 2
01-09 14:10:22.292 D/StatusBar-NetworkControllerDS(504): isDualSIM : SimState = 2, SimState2 = 2
01-09 14:10:22.292 D/StatusBar-NetworkControllerDS(504): isDualSIM : SimState = 2, SimState2 = 2
01-09 14:10:22.292 D/StatusBar-NetworkControllerDS(504): isDualSIM : SimState = 2, SimState2 = 2
01-09 14:10:22.292 D/StatusBar-NetworkControllerDS(504): refreshViews connected={ wifi } level=3|4 combinedSignalIconId=0x7f0200ef/com.android.systemui:drawable/stat_sys_wifi_signal_4 combinedActivityIconId=0x7f0200d8 mAirplaneMode=false mDataActivity1=0 mDataActivity2=0 mPhoneSignalIconId1=0x7f0200cd mPhoneSignalIconId2=0x7f0200d5 mLastPhoneSignalIconId1=0x7f0200cd mLastPhoneSignalIconId2=0x7f0200d5 mDataDirectionIconId1=0x0 mDataDirectionIconId2=0x0 mDataSignalIconId1=0x7f0200cd mDataSignalIconId2=0x7f0200d5 mDataTypeIconId1=0x7f02009d mDataTypeIconId2=0x7f02009d mWifiIconId=0x7f0200ef mRoamingIconId1=0x0 mRoamingIconId2=0x0 mBluetoothTetherIconId=0x10806ce
01-09 14:10:22.292 D/SignalClusterView(504): wifi: VISIBLE sig=2130837743 act=2130837720
01-09 14:10:22.292 D/SignalClusterView(504): mobile1: VISIBLE sig=2130837709 act=0 typ=2130837661
01-09 14:10:22.292 D/SignalClusterView(504): mobile2: VISIBLE sig=2130837717 act=0 typ=2130837661
01-09 14:10:22.292 D/SignalClusterView(504): wifi: VISIBLE sig=2130837743 act=2130837720
01-09 14:10:22.292 D/SignalClusterView(504): mobile1: VISIBLE sig=2130837709 act=0 typ=2130837661
01-09 14:10:22.292 D/SignalClusterView(504): mobile2: VISIBLE sig=2130837717 act=0 typ=2130837661
01-09 14:10:22.292 D/SignalClusterView(504): wifi: VISIBLE sig=2130837743 act=2130837720
01-09 14:10:22.292 D/SignalClusterView(504): mobile1: VISIBLE sig=2130837709 act=0 typ=2130837661
01-09 14:10:22.292 D/SignalClusterView(504): mobile2: VISIBLE sig=2130837717 act=0 typ=2130837661
01-09 14:10:22.462 D/plugin  (689): getDefaultSubscription()
01-09 14:10:22.602 W/SignalStrength(504): getGsmLevel. this.mGsmSignalBar=3, getGsmSignalStrength()== 11
01-09 14:10:22.602 W/SignalStrength(504): getGsmLevel=3
01-09 14:10:22.602 W/SignalStrength(504): getLevel=3 (SignalStrength: 11 255 -120 -160 -120 -1 -1 99 2147483647 -32767 2147483647 -32767 gsm|lte 3)
01-09 14:10:22.602 W/SignalStrength(504): getGsmLevel. this.mGsmSignalBar=4, getGsmSignalStrength()== 26
01-09 14:10:22.602 W/SignalStrength(504): getGsmLevel=4
01-09 14:10:22.602 W/SignalStrength(504): getLevel=4 (SignalStrength: 26 255 -120 -160 -120 -1 -1 99 2147483647 -32767 2147483647 -32767 gsm|lte 4)
01-09 14:10:22.612 D/StatusBar-NetworkControllerDS(504): refreshViews connected={ wifi } level=3|4 combinedSignalIconId=0x7f0200ef/com.android.systemui:drawable/stat_sys_wifi_signal_4 combinedActivityIconId=0x7f0200d9 mAirplaneMode=false mDataActivity1=0 mDataActivity2=0 mPhoneSignalIconId1=0x7f0200cd mPhoneSignalIconId2=0x7f0200d5 mLastPhoneSignalIconId1=0x7f0200cd mLastPhoneSignalIconId2=0x7f0200d5 mDataDirectionIconId1=0x0 mDataDirectionIconId2=0x0 mDataSignalIconId1=0x7f0200cd mDataSignalIconId2=0x7f0200d5 mDataTypeIconId1=0x7f02009d mDataTypeIconId2=0x7f02009d mWifiIconId=0x7f0200ef mRoamingIconId1=0x0 mRoamingIconId2=0x0 mBluetoothTetherIconId=0x10806ce
01-09 14:10:22.612 D/SignalClusterView(504): wifi: VISIBLE sig=2130837743 act=2130837721
01-09 14:10:22.612 D/SignalClusterView(504): mobile1: VISIBLE sig=2130837709 act=0 typ=2130837661
01-09 14:10:22.612 D/SignalClusterView(504): mobile2: VISIBLE sig=2130837717 act=0 typ=2130837661
01-09 14:10:22.612 D/SignalClusterView(504): wifi: VISIBLE sig=2130837743 act=2130837721
01-09 14:10:22.612 D/SignalClusterView(504): mobile1: VISIBLE sig=2130837709 act=0 typ=2130837661
01-09 14:10:22.612 D/SignalClusterView(504): mobile2: VISIBLE sig=2130837717 act=0 typ=2130837661
01-09 14:10:22.612 D/SignalClusterView(504): wifi: VISIBLE sig=2130837743 act=2130837721
01-09 14:10:22.612 D/SignalClusterView(504): mobile1: VISIBLE sig=2130837709 act=0 typ=2130837661
01-09 14:10:22.612 D/SignalClusterView(504): mobile2: VISIBLE sig=2130837717 act=0 typ=2130837661
01-09 14:10:22.612 D/StatusBar-NetworkControllerDS(504): changing data overlay icon id to 2130837721
01-09 14:10:22.892 D/dalvikvm(378): GC_EXPLICIT freed 3015K, 44% free 16775K/29859K, paused 5ms+19ms
01-09 14:10:22.992 D/plugin  (689): getDefaultSubscription()
01-09 14:10:23.082 I/NRFW    (1283): profile=wifi
01-09 14:10:23.312 D/ConnectivityService(378): reportNetworkCondition(1, 100)
01-09 14:10:23.312 D/ConnectivityService(378): handleInetConditionChange: net=1, condition=100,mActiveDefaultNetwork=1
01-09 14:10:23.312 D/ConnectivityService(378): handleInetConditionChange: starting a change hold
01-09 14:10:23.322 W/AlarmManager(378): FACTORY_ON= 0
01-09 14:10:23.442 D/lights  (378): write_int /sys/class/leds/button-backlight/brightness = 0
01-09 14:10:23.442 V/PowerManagerService(378): Top Most Needs Intelligent Sleep: true
01-09 14:10:23.442 W/PowerManagerService(378): Timer 0x7->0x3|0x0
01-09 14:10:23.442 I/PowerManagerService(378): Ulight 0x7->0x3|0x0
01-09 14:10:23.442 D/PowerManagerService(378): setLightBrightness : mButtonLight : 0
01-09 14:10:23.492 V/Babel   (21305): [GcmIntentService] ReceiveServerUpdateService will handle all server updates.
01-09 14:10:23.812 D/ConnectivityService(378): handleInetConditionHoldEnd: net=1, condition=100, published condition=100
01-09 14:10:23.812 D/ConnectivityService(378): sendStickyBroadcast: action=android.net.conn.INET_CONDITION_ACTION
01-09 14:10:23.842 W/SignalStrength(504): getGsmLevel. this.mGsmSignalBar=3, getGsmSignalStrength()== 11
01-09 14:10:23.842 W/SignalStrength(504): getGsmLevel=3
01-09 14:10:23.842 W/SignalStrength(504): getLevel=3 (SignalStrength: 11 255 -120 -160 -120 -1 -1 99 2147483647 -32767 2147483647 -32767 gsm|lte 3)
01-09 14:10:23.842 W/SignalStrength(504): getGsmLevel. this.mGsmSignalBar=4, getGsmSignalStrength()== 26
01-09 14:10:23.842 W/SignalStrength(504): getGsmLevel=4
01-09 14:10:23.842 W/SignalStrength(504): getLevel=4 (SignalStrength: 26 255 -120 -160 -120 -1 -1 99 2147483647 -32767 2147483647 -32767 gsm|lte 4)
01-09 14:10:23.842 W/SignalStrength(504): getGsmLevel. this.mGsmSignalBar=3, getGsmSignalStrength()== 11
01-09 14:10:23.842 W/SignalStrength(504): getGsmLevel=3
01-09 14:10:23.842 W/SignalStrength(504): getLevel=3 (SignalStrength: 11 255 -120 -160 -120 -1 -1 99 2147483647 -32767 2147483647 -32767 gsm|lte 3)
01-09 14:10:23.842 W/SignalStrength(504): getGsmLevel. this.mGsmSignalBar=4, getGsmSignalStrength()== 26
01-09 14:10:23.842 W/SignalStrength(504): getGsmLevel=4
01-09 14:10:23.842 W/SignalStrength(504): getLevel=4 (SignalStrength: 26 255 -120 -160 -120 -1 -1 99 2147483647 -32767 2147483647 -32767 gsm|lte 4)
01-09 14:10:23.842 D/TWStatusBar-NetworkControllerDS(504): onReceive() - CONNECTIVITY_ACTION, INET_CONDITION_ACTION
01-09 14:10:23.842 D/StatusBar-NetworkControllerDS(504): isDualSIM : SimState = 2, SimState2 = 2
01-09 14:10:23.842 D/StatusBar-NetworkControllerDS(504): isDualSIM : SimState = 2, SimState2 = 2
01-09 14:10:23.842 D/StatusBar-NetworkControllerDS(504): isDualSIM : SimState = 2, SimState2 = 2
01-09 14:10:23.842 D/StatusBar-NetworkControllerDS(504): isDualSIM : SimState = 2, SimState2 = 2
01-09 14:10:23.842 D/StatusBar-NetworkControllerDS(504): refreshViews connected={ wifi } level=3|4 combinedSignalIconId=0x7f0200ef/com.android.systemui:drawable/stat_sys_wifi_signal_4 combinedActivityIconId=0x7f0200d9 mAirplaneMode=false mDataActivity1=0 mDataActivity2=0 mPhoneSignalIconId1=0x7f0200cd mPhoneSignalIconId2=0x7f0200d5 mLastPhoneSignalIconId1=0x7f0200cd mLastPhoneSignalIconId2=0x7f0200d5 mDataDirectionIconId1=0x0 mDataDirectionIconId2=0x0 mDataSignalIconId1=0x7f0200cd mDataSignalIconId2=0x7f0200d5 mDataTypeIconId1=0x7f02009d mDataTypeIconId2=0x7f02009d mWifiIconId=0x7f0200ef mRoamingIconId1=0x0 mRoamingIconId2=0x0 mBluetoothTetherIconId=0x10806ce
01-09 14:10:23.842 D/SignalClusterView(504): wifi: VISIBLE sig=2130837743 act=2130837721
01-09 14:10:23.842 D/SignalClusterView(504): mobile1: VISIBLE sig=2130837709 act=0 typ=2130837661
01-09 14:10:23.842 D/SignalClusterView(504): mobile2: VISIBLE sig=2130837717 act=0 typ=2130837661
01-09 14:10:23.842 D/SignalClusterView(504): wifi: VISIBLE sig=2130837743 act=2130837721
01-09 14:10:23.842 D/SignalClusterView(504): mobile1: VISIBLE sig=2130837709 act=0 typ=2130837661
01-09 14:10:23.842 D/SignalClusterView(504): mobile2: VISIBLE sig=2130837717 act=0 typ=2130837661
01-09 14:10:23.842 D/SignalClusterView(504): wifi: VISIBLE sig=2130837743 act=2130837721
01-09 14:10:23.842 D/SignalClusterView(504): mobile1: VISIBLE sig=2130837709 act=0 typ=2130837661
01-09 14:10:23.842 D/SignalClusterView(504): mobile2: VISIBLE sig=2130837717 act=0 typ=2130837661
01-09 14:10:23.862 I/NRFW    (1283): serverip=180.76.3.90 localIp=10.0.8.1
01-09 14:10:23.872 D/plugin  (689): getDefaultSubscription()
01-09 14:10:23.892 I/NRFW    (1283): serverip=103.235.47.88 localIp=10.0.8.1
01-09 14:10:23.902 I/DNS     (1283): 103.235.47.88 h_errno=1
01-09 14:10:23.932 I/DNS     (1283): 149.154.167.51 h_errno=1
01-09 14:10:24.072 D/STATUSBAR-NotificationService(378): cancelNotification - pkg:com.google.android.talk, id:0, tag:com.google.android.talk1
01-09 14:10:24.082 V/MediaPlayer(21305): constructor
01-09 14:10:24.082 V/MediaPlayer(21305): setListener
01-09 14:10:24.082 V/MediaPlayer(21305): constructor
01-09 14:10:24.082 V/MediaPlayer(21305): setListener
01-09 14:10:24.082 I/MediaPlayer(21305): path is null
01-09 14:10:24.092 V/MediaPlayer(21305): setDataSource(307, 13512616, 30056)
01-09 14:10:24.092 V/MediaPlayerService(113): Client(830) constructor
01-09 14:10:24.092 V/MediaPlayerService(113): Create new client(830) from pid 21305, uid 10089, 
01-09 14:10:24.092 V/MediaPlayerService(113): setDataSource fd=59, offset=13512616, length=30056
01-09 14:10:24.092 V/MediaPlayerService(113): st_dev  = 45849
01-09 14:10:24.092 V/MediaPlayerService(113): st_mode = 33188
01-09 14:10:24.092 V/MediaPlayerService(113): st_uid  = 1000
01-09 14:10:24.092 V/MediaPlayerService(113): st_gid  = 1000
01-09 14:10:24.092 V/MediaPlayerService(113): st_size = 25944922
01-09 14:10:24.092 V/MediaPlayerService(113): player type = 3
01-09 14:10:24.092 V/MediaPlayerService(113):  create StagefrightPlayer
01-09 14:10:24.092 V/AwesomePlayer(113): setDefault
01-09 14:10:24.092 V/AwesomePlayer(113): constructor
01-09 14:10:24.092 V/AwesomePlayer(113): setDefault
01-09 14:10:24.092 I/AwesomePlayer(113): reset
01-09 14:10:24.092 V/AwesomePlayer(113): reset_l() cancel player events
01-09 14:10:24.092 V/AwesomePlayer(113): cancelPlayerEvents (keepNotifications=0)
01-09 14:10:24.092 V/AwesomePlayer(113): mAudioTrackVector clear
01-09 14:10:24.092 V/AwesomePlayer(113): mAudioPlayer successfully deleted
01-09 14:10:24.092 V/AwesomePlayer(113): setListener
01-09 14:10:24.092 V/AwesomePlayer(113): AwesomePlayer running on behalf of uid 10089
01-09 14:10:24.092 V/AudioSink(113): AudioOutput(844)
01-09 14:10:24.092 V/AwesomePlayer(113): setAudioSink
01-09 14:10:24.092 V/AwesomePlayer(113): setDataSource fd
01-09 14:10:24.092 V/AwesomePlayer(113): reset_l() cancel player events
01-09 14:10:24.092 V/AwesomePlayer(113): cancelPlayerEvents (keepNotifications=0)
01-09 14:10:24.092 V/AwesomePlayer(113): mAudioTrackVector clear
01-09 14:10:24.092 V/AwesomePlayer(113): mAudioPlayer successfully deleted
01-09 14:10:24.092 V/MediaExtractor(113): Autodetected media content as 'application/ogg' with confidence 0.20
01-09 14:10:24.102 V/AwesomePlayer(113): track of type 'audio/vorbis' does not publish bitrate
01-09 14:10:24.102 V/AwesomePlayer(113): mBitrate = -1 bits/sec
01-09 14:10:24.102 V/AwesomePlayer(113): current audio track (0)
01-09 14:10:24.102 V/AwesomePlayer(113): setAudioSource
01-09 14:10:24.102 V/AwesomePlayer(113): current audio track (0) is added to vector[0]
01-09 14:10:24.112 V/MediaPlayer(21305): MediaPlayer::setAudioStreamType
01-09 14:10:24.112 V/MediaPlayer(21305): setVideoSurfaceTexture
01-09 14:10:24.112 V/MediaPlayerService(113): [830] setVideoSurfaceTexture(0x0)
01-09 14:10:24.122 V/MediaPlayer(21305): prepare
01-09 14:10:24.122 V/MediaPlayerService(113): [830] setAudioStreamType(2)
01-09 14:10:24.122 V/MediaPlayerService(113): [830] prepareAsync
01-09 14:10:24.122 V/AwesomePlayer(113): prepareAsync
01-09 14:10:24.132 V/AwesomePlayer(113): onPrepareAsyncEvent
01-09 14:10:24.132 V/AwesomePlayer(113): initAudioDecoder
01-09 14:10:24.132 W/OMXCodec(113): OMXCodec::Create matchComponentName ((null)), flags (0x0), createEncoder (0), mime (audio/vorbis)
01-09 14:10:24.132 W/OMXCodec(113): Attempting to allocate OMX node 'OMX.google.vorbis.decoder'
01-09 14:10:24.132 E/OMXCodec(113): Successfully allocated OMX node 'OMX.google.vorbis.decoder'
01-09 14:10:24.132 D/OMXCodec(113): configureCodec protected=0
01-09 14:10:24.132 V/AwesomePlayer(113): finishAsyncPrepare_l
01-09 14:10:24.132 V/AwesomePlayer(113): notifyListner_l() msg (5-MEDIA_SET_VIDEO_SIZE), ext1 (0), ext2 (0)
01-09 14:10:24.132 V/MediaPlayerService(113): [830] notify (0x1449840, 5, 0, 0)
01-09 14:10:24.132 V/MediaPlayer(21305): message received msg=5, ext1=0, ext2=0
01-09 14:10:24.132 V/MediaPlayer(21305): New video size 0 x 0
01-09 14:10:24.132 V/MediaPlayer(21305): callback application
01-09 14:10:24.132 V/MediaPlayer(21305): back from callback
01-09 14:10:24.132 V/AwesomePlayer(113): notifyListner_l() msg (1-MEDIA_PREPARED), ext1 (0), ext2 (0)
01-09 14:10:24.132 V/MediaPlayerService(113): [830] notify (0x1449840, 1, 0, 0)
01-09 14:10:24.132 V/MediaPlayer(21305): message received msg=1, ext1=0, ext2=0
01-09 14:10:24.132 V/MediaPlayer(21305): prepared
01-09 14:10:24.132 V/MediaPlayer(21305): signal application thread
01-09 14:10:24.132 V/MediaPlayer(21305): callback application
01-09 14:10:24.132 V/MediaPlayer(21305): back from callback
01-09 14:10:24.132 V/MediaPlayer(21305): prepare complete - status=0
01-09 14:10:24.132 V/MediaPlayer(21305): reset
01-09 14:10:24.132 I/MediaPlayer(21305): path is null
01-09 14:10:24.132 V/MediaPlayer(21305): setDataSource(307, 13512616, 30056)
01-09 14:10:24.132 V/MediaPlayerService(113): Client(831) constructor
01-09 14:10:24.132 V/MediaPlayerService(113): Create new client(831) from pid 21305, uid 10089, 
01-09 14:10:24.132 V/MediaPlayerService(113): setDataSource fd=62, offset=13512616, length=30056
01-09 14:10:24.132 V/MediaPlayerService(113): st_dev  = 45849
01-09 14:10:24.132 V/MediaPlayerService(113): st_mode = 33188
01-09 14:10:24.132 V/MediaPlayerService(113): st_uid  = 1000
01-09 14:10:24.132 V/MediaPlayerService(113): st_gid  = 1000
01-09 14:10:24.132 V/MediaPlayerService(113): st_size = 25944922
01-09 14:10:24.132 V/MediaPlayerService(113): player type = 3
01-09 14:10:24.132 V/MediaPlayerService(113):  create StagefrightPlayer
01-09 14:10:24.132 V/AwesomePlayer(113): setDefault
01-09 14:10:24.132 V/AwesomePlayer(113): constructor
01-09 14:10:24.132 V/AwesomePlayer(113): setDefault
01-09 14:10:24.132 I/AwesomePlayer(113): reset
01-09 14:10:24.132 V/AwesomePlayer(113): reset_l() cancel player events
01-09 14:10:24.132 V/AwesomePlayer(113): cancelPlayerEvents (keepNotifications=0)
01-09 14:10:24.132 V/AwesomePlayer(113): mAudioTrackVector clear
01-09 14:10:24.132 V/AwesomePlayer(113): mAudioPlayer successfully deleted
01-09 14:10:24.132 V/AwesomePlayer(113): setListener
01-09 14:10:24.132 V/AwesomePlayer(113): AwesomePlayer running on behalf of uid 10089
01-09 14:10:24.132 V/AudioSink(113): AudioOutput(843)
01-09 14:10:24.132 V/AwesomePlayer(113): setAudioSink
01-09 14:10:24.132 V/AwesomePlayer(113): setDataSource fd
01-09 14:10:24.132 V/AwesomePlayer(113): reset_l() cancel player events
01-09 14:10:24.132 V/AwesomePlayer(113): cancelPlayerEvents (keepNotifications=0)
01-09 14:10:24.132 V/AwesomePlayer(113): mAudioTrackVector clear
01-09 14:10:24.132 V/AwesomePlayer(113): mAudioPlayer successfully deleted
01-09 14:10:24.132 V/MediaExtractor(113): Autodetected media content as 'application/ogg' with confidence 0.20
01-09 14:10:24.142 V/AwesomePlayer(113): track of type 'audio/vorbis' does not publish bitrate
01-09 14:10:24.142 V/AwesomePlayer(113): mBitrate = -1 bits/sec
01-09 14:10:24.142 V/AwesomePlayer(113): current audio track (0)
01-09 14:10:24.142 V/AwesomePlayer(113): setAudioSource
01-09 14:10:24.142 V/AwesomePlayer(113): current audio track (0) is added to vector[0]
01-09 14:10:24.142 V/MediaPlayer(21305): setListener
01-09 14:10:24.142 V/MediaPlayer(21305): disconnect
01-09 14:10:24.142 V/MediaPlayerService(113): disconnect(831) from pid 21305
01-09 14:10:24.142 I/AwesomePlayer(113): reset
01-09 14:10:24.142 V/AwesomePlayer(113): reset_l() cancel player events
01-09 14:10:24.142 V/AwesomePlayer(113): cancelPlayerEvents (keepNotifications=0)
01-09 14:10:24.142 V/AwesomePlayer(113): mAudioTrackVector clear
01-09 14:10:24.142 V/AwesomePlayer(113): mAudioPlayer successfully deleted
01-09 14:10:24.142 I/AwesomePlayer(113): reset
01-09 14:10:24.142 V/AwesomePlayer(113): reset_l() cancel player events
01-09 14:10:24.142 V/AwesomePlayer(113): cancelPlayerEvents (keepNotifications=0)
01-09 14:10:24.142 V/AwesomePlayer(113): mAudioTrackVector clear
01-09 14:10:24.142 V/AwesomePlayer(113): mAudioPlayer successfully deleted
01-09 14:10:24.142 V/AwesomePlayer(113): destructor
01-09 14:10:24.142 I/AwesomePlayer(113): reset
01-09 14:10:24.142 V/AwesomePlayer(113): reset_l() cancel player events
01-09 14:10:24.142 V/AwesomePlayer(113): cancelPlayerEvents (keepNotifications=0)
01-09 14:10:24.142 V/AwesomePlayer(113): mAudioTrackVector clear
01-09 14:10:24.142 V/AwesomePlayer(113): mAudioPlayer successfully deleted
01-09 14:10:24.142 V/AwesomePlayer(113): ~AwesomePlayer()
01-09 14:10:24.142 V/MediaPlayer(21305): destructor
01-09 14:10:24.142 V/MediaPlayer(21305): disconnect
01-09 14:10:24.142 V/MediaPlayerService(113): Client(831) destructor pid = 21305
01-09 14:10:24.142 V/AudioSink(113): close
01-09 14:10:24.142 V/MediaPlayerService(113): disconnect(831) from pid 21305
01-09 14:10:24.192 D/ApplicationPolicy(378): isStatusBarNotificationAllowed: packageName = com.google.android.talk
01-09 14:10:24.202 D/STATUSBAR-NotificationService(378): Noti Alert - mSystemReady:true, AlertEnabled:true
