01-09 14:09:01.622 W/NetworkStats(378): dropping UID delta from unknown iface: iface=tun0 uid=10053 set=DEFAULT tag=0x47c9f7ba rxBytes=120 rxPackets=3 txBytes=0 txPackets=0 operations=0
01-09 14:09:01.622 W/NetworkStats(378): dropping UID delta from unknown iface: iface=tun0 uid=10053 set=DEFAULT tag=0x5addf211 rxBytes=280 rxPackets=7 txBytes=0 txPackets=0 operations=0
01-09 14:09:01.622 W/NetworkStats(378): dropping UID delta from unknown iface: iface=tun0 uid=10053 set=DEFAULT tag=0x5caeaa7b rxBytes=40 rxPackets=1 txBytes=0 txPackets=0 operations=0
01-09 14:09:01.622 W/NetworkStats(378): dropping UID delta from unknown iface: iface=tun0 uid=10053 set=DEFAULT tag=0x68d195d1 rxBytes=240 rxPackets=6 txBytes=0 txPackets=0 operations=0
01-09 14:09:01.692 D/MobileDataStateTracker(378): default: setPolicyDataEnable(enabled=true)
01-09 14:09:01.932 I/InputReader(378): Touch event's action is 0x0 (deviceType=0) [pCnt=1, pending(waiting finished signal)=0, s=0.1870 ]
01-09 14:09:01.932 I/InputDispatcher(378): Delivering touch to current input target: action: 0x0
01-09 14:09:01.932 I/InputDispatcher(378): Delivering touch to current input target: action: 0x0
01-09 14:09:01.942 D/memalloc(20066): /dev/pmem: Unmapping buffer base:0x56792000 size:5533696 offset:5349376
01-09 14:09:01.942 D/KeyguardViewMediator(378): setHidden false
01-09 14:09:01.962 D/KeyguardViewMediator(378): setHidden false
01-09 14:09:01.962 W/SurfaceFlinger(110): id=1235 Removed idx=8 Map Size=6
01-09 14:09:01.972 W/SurfaceFlinger(110): id=1235 Removed idx=-2 Map Size=6
01-09 14:09:01.972 D/KeyguardViewMediator(378): setHidden false
01-09 14:09:01.972 D/PowerManagerService(378): releaseWakeLockLocked flags=0x0 tag=KEEP_SCREEN_ON_FLAG myUID=1000 myPID=378 myTID=448
01-09 14:09:02.002 W/SurfaceFlinger(110): id=1236(552) createSurface 0x30f5b4 (1x1),1 flag=0
01-09 14:09:02.002 D/memalloc(110): /dev/pmem: Freeing buffer base:0x41fad000 size:184320 offset:5349376 fd:33
01-09 14:09:02.002 D/KeyguardViewMediator(378): setHidden false
01-09 14:09:02.032 D/memalloc(110): /dev/pmem: Allocated buffer base:0x41a93000 size:49152 offset:5349376 fd:33
01-09 14:09:02.032 D/memalloc(671): /dev/pmem: Mapped buffer base:0x54fd0000 size:5398528 offset:5349376 fd:72
01-09 14:09:02.032 D/KeyguardViewMediator(378): setHidden false
01-09 14:09:02.042 I/Adreno200-EGLSUB(110): <CreateImage:1017>: Android Image
01-09 14:09:02.042 I/Adreno200-EGLSUB(110): <GetImageAttributes:1226>: RGBA_8888
01-09 14:09:02.072 I/InputReader(378): Touch event's action is 0x1 (deviceType=0) [pCnt=1, pending(waiting finished signal)=0, s=]
01-09 14:09:02.072 I/InputDispatcher(378): Delivering touch to current input target: action: 0x1
01-09 14:09:02.122 W/SurfaceFlinger(110): id=1236 Removed idx=5 Map Size=6
01-09 14:09:02.122 D/KeyguardViewMediator(378): setHidden false
01-09 14:09:02.132 W/SurfaceFlinger(110): id=1236 Removed idx=-2 Map Size=6
01-09 14:09:02.132 D/memalloc(671): /dev/pmem: Unmapping buffer base:0x54fd0000 size:5398528 offset:5349376
01-09 14:09:02.142 D/memalloc(110): /dev/pmem: Freeing buffer base:0x41fad000 size:49152 offset:5349376 fd:33
01-09 14:09:02.222 I/NRFW    (1283): profile=wifi
01-09 14:09:02.672 I/InputReader(378): Touch event's action is 0x0 (deviceType=0) [pCnt=1, pending(waiting finished signal)=0, s=0.1871 ]
01-09 14:09:02.672 I/InputDispatcher(378): Delivering touch to current input target: action: 0x0
01-09 14:09:02.682 W/SurfaceFlinger(110): id=1237(553) createSurface 0x2f9bac (84x116),1 flag=0
01-09 14:09:02.692 D/KeyguardViewMediator(378): setHidden false
01-09 14:09:02.692 D/memalloc(110): /dev/pmem: Allocated buffer base:0x41a93000 size:49152 offset:5349376 fd:33
01-09 14:09:02.692 D/memalloc(671): /dev/pmem: Mapped buffer base:0x54fd0000 size:5398528 offset:5349376 fd:72
01-09 14:09:02.702 I/Adreno200-EGLSUB(110): <CreateImage:1017>: Android Image
01-09 14:09:02.702 I/Adreno200-EGLSUB(110): <GetImageAttributes:1226>: RGBA_8888
01-09 14:09:02.702 D/KeyguardViewMediator(378): setHidden false
01-09 14:09:02.762 I/InputReader(378): Touch event's action is 0x1 (deviceType=0) [pCnt=1, pending(waiting finished signal)=0, s=]
01-09 14:09:02.762 I/InputDispatcher(378): Delivering touch to current input target: action: 0x1
01-09 14:09:02.802 W/SurfaceFlinger(110): id=1237 Removed idx=5 Map Size=6
01-09 14:09:02.812 D/KeyguardViewMediator(378): setHidden false
01-09 14:09:02.812 W/SurfaceFlinger(110): id=1237 Removed idx=-2 Map Size=6
01-09 14:09:02.812 D/memalloc(671): /dev/pmem: Unmapping buffer base:0x54fd0000 size:5398528 offset:5349376
01-09 14:09:02.822 D/memalloc(110): /dev/pmem: Freeing buffer base:0x41fad000 size:49152 offset:5349376 fd:33
01-09 14:09:02.862 D/AbsListView(20066): Get MotionRecognitionManager
01-09 14:09:02.882 W/SurfaceFlinger(110): id=1238(4) createSurface 0x2f9bac (1x1),1 flag=0
01-09 14:09:02.882 D/KeyguardViewMediator(378): setHidden false
01-09 14:09:02.902 I/Adreno200-EGLSUB(20066): <ConfigWindowMatch:2218>: Format RGBA_8888.
01-09 14:09:02.902 D/memalloc(110): /dev/pmem: Allocated buffer base:0x41a93000 size:229376 offset:5349376 fd:33
01-09 14:09:02.912 D/memalloc(20066): /dev/pmem: Mapped buffer base:0x56692000 size:5578752 offset:5349376 fd:145
01-09 14:09:02.932 D/memalloc(110): /dev/pmem: Allocated buffer base:0x41a93000 size:229376 offset:5578752 fd:36
01-09 14:09:02.932 D/memalloc(20066): /dev/pmem: Mapped buffer base:0x570fe000 size:5808128 offset:5578752 fd:154
01-09 14:09:02.932 I/Adreno200-EGLSUB(110): <CreateImage:1017>: Android Image
01-09 14:09:02.932 I/Adreno200-EGLSUB(110): <GetImageAttributes:1226>: RGBA_8888
01-09 14:09:02.932 D/KeyguardViewMediator(378): setHidden false
01-09 14:09:02.942 D/KeyguardViewMediator(378): setHidden false
01-09 14:09:02.952 D/KeyguardViewMediator(378): setHidden false
01-09 14:09:03.002 D/memalloc(110): /dev/pmem: Allocated buffer base:0x41a93000 size:229376 offset:9711616 fd:72
01-09 14:09:03.002 D/memalloc(20066): /dev/pmem: Mapped buffer base:0x57688000 size:9940992 offset:9711616 fd:157
01-09 14:09:03.002 I/Adreno200-EGLSUB(110): <CreateImage:1017>: Android Image
01-09 14:09:03.002 I/Adreno200-EGLSUB(110): <GetImageAttributes:1226>: RGBA_8888
01-09 14:09:03.292 I/InputReader(378): Touch event's action is 0x0 (deviceType=0) [pCnt=1, pending(waiting finished signal)=0, s=0.1872 ]
01-09 14:09:03.302 I/InputDispatcher(378): Delivering touch to current input target: action: 0x0
01-09 14:09:03.322 W/SurfaceFlinger(110): id=1239(554) createSurface 0x3103cc (84x116),1 flag=0
01-09 14:09:03.322 D/KeyguardViewMediator(378): setHidden false
01-09 14:09:03.332 D/memalloc(110): /dev/pmem: Allocated buffer base:0x41a93000 size:49152 offset:5808128 fd:75
01-09 14:09:03.332 D/memalloc(671): /dev/pmem: Mapped buffer base:0x54fd0000 size:5857280 offset:5808128 fd:72
01-09 14:09:03.332 D/KeyguardViewMediator(378): setHidden false
01-09 14:09:03.342 I/Adreno200-EGLSUB(110): <CreateImage:1017>: Android Image
01-09 14:09:03.342 I/Adreno200-EGLSUB(110): <GetImageAttributes:1226>: RGBA_8888
01-09 14:09:03.412 I/InputReader(378): Touch event's action is 0x1 (deviceType=0) [pCnt=1, pending(waiting finished signal)=0, s=]
01-09 14:09:03.412 I/InputDispatcher(378): Delivering touch to current input target: action: 0x1
01-09 14:09:03.442 W/SurfaceFlinger(110): id=1239 Removed idx=6 Map Size=7
01-09 14:09:03.442 D/KeyguardViewMediator(378): setHidden false
01-09 14:09:03.452 W/SurfaceFlinger(110): id=1239 Removed idx=-2 Map Size=7
01-09 14:09:03.452 D/memalloc(671): /dev/pmem: Unmapping buffer base:0x54fd0000 size:5857280 offset:5808128
01-09 14:09:03.472 D/memalloc(110): /dev/pmem: Freeing buffer base:0x4201d000 size:49152 offset:5808128 fd:75
01-09 14:09:03.482 D/KeyguardViewMediator(378): setHidden false
01-09 14:09:03.492 D/memalloc(20066): /dev/pmem: Unmapping buffer base:0x56692000 size:5578752 offset:5349376
01-09 14:09:03.492 D/memalloc(20066): /dev/pmem: Unmapping buffer base:0x570fe000 size:5808128 offset:5578752
01-09 14:09:03.492 D/memalloc(20066): /dev/pmem: Unmapping buffer base:0x57688000 size:9940992 offset:9711616
01-09 14:09:03.492 D/memalloc(110): /dev/pmem: Freeing buffer base:0x41fad000 size:229376 offset:5349376 fd:33
01-09 14:09:03.492 D/memalloc(110): /dev/pmem: Freeing buffer base:0x423d6000 size:229376 offset:9711616 fd:72
01-09 14:09:03.492 I/Adreno200-EGLSUB(20066): <ConfigWindowMatch:2218>: Format RGBA_8888.
01-09 14:09:03.492 D/memalloc(110): /dev/pmem: Allocated buffer base:0x41a93000 size:57344 offset:5808128 fd:33
01-09 14:09:03.492 D/memalloc(20066): /dev/pmem: Mapped buffer base:0x56592000 size:5865472 offset:5808128 fd:145
01-09 14:09:03.492 D/memalloc(110): /dev/pmem: Allocated buffer base:0x41a93000 size:57344 offset:5865472 fd:72
01-09 14:09:03.502 D/memalloc(20066): /dev/pmem: Mapped buffer base:0x570fe000 size:5922816 offset:5865472 fd:154
01-09 14:09:03.502 I/Adreno200-EGLSUB(110): <CreateImage:1017>: Android Image
01-09 14:09:03.502 I/Adreno200-EGLSUB(110): <GetImageAttributes:1226>: RGBA_8888
01-09 14:09:03.502 D/memalloc(110): /dev/pmem: Freeing buffer base:0x41fe5000 size:229376 offset:5578752 fd:36
01-09 14:09:03.502 D/memalloc(20066): /dev/pmem: Unmapping buffer base:0x56592000 size:5865472 offset:5808128
01-09 14:09:03.502 D/memalloc(20066): /dev/pmem: Unmapping buffer base:0x570fe000 size:5922816 offset:5865472
01-09 14:09:03.502 D/memalloc(110): /dev/pmem: Freeing buffer base:0x4202b000 size:57344 offset:5865472 fd:72
01-09 14:09:03.512 D/KeyguardViewMediator(378): setHidden false
01-09 14:09:03.532 D/KeyguardViewMediator(378): setHidden false
01-09 14:09:03.532 W/SurfaceFlinger(110): id=1238 Removed idx=3 Map Size=6
01-09 14:09:03.532 W/SurfaceFlinger(110): id=1238 Removed idx=-2 Map Size=6
01-09 14:09:03.532 D/KeyguardViewMediator(378): setHidden false
01-09 14:09:03.542 D/memalloc(110): /dev/pmem: Freeing buffer base:0x4201d000 size:57344 offset:5808128 fd:33
01-09 14:09:03.832 I/InputReader(378): Touch event's action is 0x0 (deviceType=0) [pCnt=1, pending(waiting finished signal)=0, s=0.1873 ]
01-09 14:09:03.832 I/InputDispatcher(378): Delivering touch to current input target: action: 0x0
01-09 14:09:03.852 W/SurfaceFlinger(110): id=1240(555) createSurface 0x2f9bac (84x116),1 flag=0
01-09 14:09:03.852 D/KeyguardViewMediator(378): setHidden false
01-09 14:09:03.862 D/memalloc(110): /dev/pmem: Allocated buffer base:0x41a93000 size:49152 offset:5349376 fd:33
01-09 14:09:03.862 D/memalloc(671): /dev/pmem: Mapped buffer base:0x54fd0000 size:5398528 offset:5349376 fd:72
01-09 14:09:03.872 I/Adreno200-EGLSUB(110): <CreateImage:1017>: Android Image
01-09 14:09:03.872 I/Adreno200-EGLSUB(110): <GetImageAttributes:1226>: RGBA_8888
01-09 14:09:03.872 D/KeyguardViewMediator(378): setHidden false
01-09 14:09:03.932 I/InputReader(378): Touch event's action is 0x1 (deviceType=0) [pCnt=1, pending(waiting finished signal)=0, s=]
01-09 14:09:03.932 I/InputDispatcher(378): Delivering touch to current input target: action: 0x1
01-09 14:09:03.982 W/SurfaceFlinger(110): id=1240 Removed idx=5 Map Size=6
01-09 14:09:03.982 D/KeyguardViewMediator(378): setHidden false
01-09 14:09:03.992 W/SurfaceFlinger(110): id=1240 Removed idx=-2 Map Size=6
01-09 14:09:03.992 D/memalloc(671): /dev/pmem: Unmapping buffer base:0x54fd0000 size:5398528 offset:5349376
01-09 14:09:04.012 D/memalloc(110): /dev/pmem: Freeing buffer base:0x41fad000 size:49152 offset:5349376 fd:33
01-09 14:09:04.182 I/InputReader(378): Touch event's action is 0x0 (deviceType=0) [pCnt=1, pending(waiting finished signal)=0, s=0.1874 ]
01-09 14:09:04.182 I/InputDispatcher(378): Delivering touch to current input target: action: 0x0
01-09 14:09:04.212 W/SurfaceFlinger(110): id=1241(556) createSurface 0x2fea0c (84x116),1 flag=0
01-09 14:09:04.212 D/KeyguardViewMediator(378): setHidden false
01-09 14:09:04.212 D/memalloc(110): /dev/pmem: Allocated buffer base:0x41a93000 size:49152 offset:5349376 fd:33
01-09 14:09:04.222 D/memalloc(671): /dev/pmem: Mapped buffer base:0x54fd0000 size:5398528 offset:5349376 fd:72
01-09 14:09:04.222 D/KeyguardViewMediator(378): setHidden false
01-09 14:09:04.222 I/Adreno200-EGLSUB(110): <CreateImage:1017>: Android Image
01-09 14:09:04.222 I/Adreno200-EGLSUB(110): <GetImageAttributes:1226>: RGBA_8888
01-09 14:09:04.262 I/InputReader(378): Touch event's action is 0x1 (deviceType=0) [pCnt=1, pending(waiting finished signal)=0, s=]
01-09 14:09:04.262 I/InputDispatcher(378): Delivering touch to current input target: action: 0x1
01-09 14:09:04.312 W/SurfaceFlinger(110): id=1241 Removed idx=5 Map Size=6
01-09 14:09:04.312 D/KeyguardViewMediator(378): setHidden false
01-09 14:09:04.312 W/SurfaceFlinger(110): id=1241 Removed idx=-2 Map Size=6
01-09 14:09:04.312 D/memalloc(671): /dev/pmem: Unmapping buffer base:0x54fd0000 size:5398528 offset:5349376
01-09 14:09:04.332 D/memalloc(110): /dev/pmem: Freeing buffer base:0x41fad000 size:49152 offset:5349376 fd:33
01-09 14:09:05.182 W/SignalStrength(504): getGsmLevel. this.mGsmSignalBar=3, getGsmSignalStrength()== 11
01-09 14:09:05.182 W/SignalStrength(504): getGsmLevel=3
01-09 14:09:05.182 W/SignalStrength(504): getLevel=3 (SignalStrength: 11 255 -120 -160 -120 -1 -1 99 2147483647 -32767 2147483647 -32767 gsm|lte 3)
01-09 14:09:05.182 W/SignalStrength(504): getGsmLevel. this.mGsmSignalBar=4, getGsmSignalStrength()== 26
01-09 14:09:05.182 W/SignalStrength(504): getGsmLevel=4
01-09 14:09:05.182 W/SignalStrength(504): getLevel=4 (SignalStrength: 26 255 -120 -160 -120 -1 -1 99 2147483647 -32767 2147483647 -32767 gsm|lte 4)
01-09 14:09:05.182 D/StatusBar-NetworkControllerDS(504): refreshViews connected={ wifi } level=3|4 combinedSignalIconId=0x7f0200ef/com.android.systemui:drawable/stat_sys_wifi_signal_4 combinedActivityIconId=0x7f0200d8 mAirplaneMode=false mDataActivity1=0 mDataActivity2=0 mPhoneSignalIconId1=0x7f0200cd mPhoneSignalIconId2=0x7f0200d5 mLastPhoneSignalIconId1=0x7f0200cd mLastPhoneSignalIconId2=0x7f0200d5 mDataDirectionIconId1=0x0 mDataDirectionIconId2=0x0 mDataSignalIconId1=0x7f0200cd mDataSignalIconId2=0x7f0200d5 mDataTypeIconId1=0x7f02009d mDataTypeIconId2=0x7f02009d mWifiIconId=0x7f0200ef mRoamingIconId1=0x0 mRoamingIconId2=0x0 mBluetoothTetherIconId=0x10806ce
01-09 14:09:05.182 D/SignalClusterView(504): wifi: VISIBLE sig=2130837743 act=2130837720
01-09 14:09:05.182 D/SignalClusterView(504): mobile1: VISIBLE sig=2130837709 act=0 typ=2130837661
01-09 14:09:05.182 D/SignalClusterView(504): mobile2: VISIBLE sig=2130837717 act=0 typ=2130837661
01-09 14:09:05.192 D/SignalClusterView(504): wifi: VISIBLE sig=2130837743 act=2130837720
01-09 14:09:05.192 D/SignalClusterView(504): mobile1: VISIBLE sig=2130837709 act=0 typ=2130837661
01-09 14:09:05.192 D/SignalClusterView(504): mobile2: VISIBLE sig=2130837717 act=0 typ=2130837661
01-09 14:09:05.192 D/SignalClusterView(504): wifi: VISIBLE sig=2130837743 act=2130837720
01-09 14:09:05.192 D/SignalClusterView(504): mobile1: VISIBLE sig=2130837709 act=0 typ=2130837661
01-09 14:09:05.192 D/SignalClusterView(504): mobile2: VISIBLE sig=2130837717 act=0 typ=2130837661
01-09 14:09:05.192 D/StatusBar-NetworkControllerDS(504): changing data overlay icon id to 2130837720
01-09 14:09:05.342 V/PowerManagerService(378): Top Most Needs Intelligent Sleep: true
01-09 14:09:05.342 W/PowerManagerService(378): Timer 0x3->0x3|0x0
01-09 14:09:05.422 I/InputReader(378): Touch event's action is 0x0 (deviceType=0) [pCnt=1, pending(waiting finished signal)=0, s=0.1875 ]
01-09 14:09:05.422 I/InputDispatcher(378): Delivering touch to current input target: action: 0x0
01-09 14:09:05.462 W/SurfaceFlinger(110): id=1242(557) createSurface 0x2f9bac (84x116),1 flag=0
01-09 14:09:05.462 D/KeyguardViewMediator(378): setHidden false
01-09 14:09:05.472 I/NRFW    (1283): profile=wifi
01-09 14:09:05.492 D/memalloc(110): /dev/pmem: Allocated buffer base:0x41a93000 size:65536 offset:5349376 fd:33
01-09 14:09:05.492 D/memalloc(671): /dev/pmem: Mapped buffer base:0x54fd0000 size:5414912 offset:5349376 fd:72
01-09 14:09:05.512 I/Adreno200-EGLSUB(110): <CreateImage:1017>: Android Image
01-09 14:09:05.512 I/Adreno200-EGLSUB(110): <GetImageAttributes:1226>: RGBA_8888
01-09 14:09:05.512 D/KeyguardViewMediator(378): setHidden false
01-09 14:09:05.522 I/NRFW    (1283): serverip=103.235.47.88 localIp=10.0.8.1
01-09 14:09:05.532 I/InputReader(378): Touch event's action is 0x1 (deviceType=0) [pCnt=1, pending(waiting finished signal)=0, s=]
01-09 14:09:05.532 I/InputDispatcher(378): Delivering touch to current input target: action: 0x1
01-09 14:09:05.542 W/SurfaceFlinger(110): id=1242 Removed idx=5 Map Size=6
01-09 14:09:05.542 D/KeyguardViewMediator(378): setHidden false
01-09 14:09:05.542 W/SurfaceFlinger(110): id=1242 Removed idx=-2 Map Size=6
01-09 14:09:05.542 D/memalloc(671): /dev/pmem: Unmapping buffer base:0x54fd0000 size:5414912 offset:5349376
01-09 14:09:05.582 D/memalloc(110): /dev/pmem: Freeing buffer base:0x41fad000 size:65536 offset:5349376 fd:33
01-09 14:09:05.872 I/InputReader(378): Touch event's action is 0x0 (deviceType=0) [pCnt=1, pending(waiting finished signal)=0, s=0.1876 ]
01-09 14:09:05.872 I/InputDispatcher(378): Delivering touch to current input target: action: 0x0
01-09 14:09:05.892 W/SurfaceFlinger(110): id=1243(558) createSurface 0x30a4f4 (100x116),1 flag=0
01-09 14:09:05.892 D/KeyguardViewMediator(378): setHidden false
01-09 14:09:05.912 D/memalloc(110): /dev/pmem: Allocated buffer base:0x41a93000 size:49152 offset:5349376 fd:33
01-09 14:09:05.912 D/memalloc(671): /dev/pmem: Mapped buffer base:0x54fd0000 size:5398528 offset:5349376 fd:72
01-09 14:09:05.912 D/KeyguardViewMediator(378): setHidden false
01-09 14:09:05.932 I/Adreno200-EGLSUB(110): <CreateImage:1017>: Android Image
01-09 14:09:05.932 I/Adreno200-EGLSUB(110): <GetImageAttributes:1226>: RGBA_8888
01-09 14:09:05.952 D/KeyguardViewMediator(378): setHidden false
01-09 14:09:05.962 D/memalloc(110): /dev/pmem: Allocated buffer base:0x41a93000 size:49152 offset:5398528 fd:36
01-09 14:09:05.962 D/memalloc(671): /dev/pmem: Mapped buffer base:0x554f6000 size:5447680 offset:5398528 fd:96
01-09 14:09:05.972 I/Adreno200-EGLSUB(110): <CreateImage:1017>: Android Image
01-09 14:09:05.972 I/Adreno200-EGLSUB(110): <GetImageAttributes:1226>: RGBA_8888
01-09 14:09:05.982 I/InputReader(378): Touch event's action is 0x1 (deviceType=0) [pCnt=1, pending(waiting finished signal)=0, s=]
01-09 14:09:05.982 I/InputDispatcher(378): Delivering touch to current input target: action: 0x1
01-09 14:09:06.042 W/SurfaceFlinger(110): id=1243 Removed idx=5 Map Size=6
01-09 14:09:06.042 D/KeyguardViewMediator(378): setHidden false
01-09 14:09:06.042 D/memalloc(110): /dev/pmem: Freeing buffer base:0x41fad000 size:49152 offset:5349376 fd:33
01-09 14:09:06.052 W/SurfaceFlinger(110): id=1243 Removed idx=-2 Map Size=6
01-09 14:09:06.052 D/memalloc(671): /dev/pmem: Unmapping buffer base:0x54fd0000 size:5398528 offset:5349376
01-09 14:09:06.052 D/memalloc(671): /dev/pmem: Unmapping buffer base:0x554f6000 size:5447680 offset:5398528
01-09 14:09:06.062 D/memalloc(110): /dev/pmem: Freeing buffer base:0x41fb9000 size:49152 offset:5398528 fd:36
01-09 14:09:06.942 I/InputReader(378): Touch event's action is 0x0 (deviceType=0) [pCnt=1, pending(waiting finished signal)=0, s=0.1877 ]
01-09 14:09:06.942 I/InputDispatcher(378): Delivering touch to current input target: action: 0x0
01-09 14:09:06.962 W/SurfaceFlinger(110): id=1244(559) createSurface 0x2fea0c (84x116),1 flag=0
01-09 14:09:06.962 D/KeyguardViewMediator(378): setHidden false
01-09 14:09:06.972 D/memalloc(110): /dev/pmem: Allocated buffer base:0x41a93000 size:49152 offset:5349376 fd:33
01-09 14:09:06.972 D/memalloc(671): /dev/pmem: Mapped buffer base:0x54fd0000 size:5398528 offset:5349376 fd:72
01-09 14:09:06.972 I/Adreno200-EGLSUB(110): <CreateImage:1017>: Android Image
01-09 14:09:06.972 I/Adreno200-EGLSUB(110): <GetImageAttributes:1226>: RGBA_8888
01-09 14:09:06.982 D/KeyguardViewMediator(378): setHidden false
01-09 14:09:07.052 I/InputReader(378): Touch event's action is 0x1 (deviceType=0) [pCnt=1, pending(waiting finished signal)=0, s=]
01-09 14:09:07.052 I/InputDispatcher(378): Delivering touch to current input target: action: 0x1
01-09 14:09:07.082 W/SurfaceFlinger(110): id=1244 Removed idx=5 Map Size=6
01-09 14:09:07.082 D/KeyguardViewMediator(378): setHidden false
01-09 14:09:07.092 W/SurfaceFlinger(110): id=1244 Removed idx=-2 Map Size=6
01-09 14:09:07.092 D/memalloc(671): /dev/pmem: Unmapping buffer base:0x54fd0000 size:5398528 offset:5349376
01-09 14:09:07.102 D/memalloc(110): /dev/pmem: Freeing buffer base:0x41fad000 size:49152 offset:5349376 fd:33
01-09 14:09:07.202 W/SignalStrength(504): getGsmLevel. this.mGsmSignalBar=3, getGsmSignalStrength()== 11
01-09 14:09:07.202 W/SignalStrength(504): getGsmLevel=3
01-09 14:09:07.202 W/SignalStrength(504): getLevel=3 (SignalStrength: 11 255 -120 -160 -120 -1 -1 99 2147483647 -32767 2147483647 -32767 gsm|lte 3)
01-09 14:09:07.202 W/SignalStrength(504): getGsmLevel. this.mGsmSignalBar=4, getGsmSignalStrength()== 26
01-09 14:09:07.202 W/SignalStrength(504): getGsmLevel=4
01-09 14:09:07.202 W/SignalStrength(504): getLevel=4 (SignalStrength: 26 255 -120 -160 -120 -1 -1 99 2147483647 -32767 2147483647 -32767 gsm|lte 4)
01-09 14:09:07.202 D/StatusBar-NetworkControllerDS(504): refreshViews connected={ wifi } level=3|4 combinedSignalIconId=0x7f0200ef/com.android.systemui:drawable/stat_sys_wifi_signal_4 combinedActivityIconId=0x7f0200d9 mAirplaneMode=false mDataActivity1=0 mDataActivity2=0 mPhoneSignalIconId1=0x7f0200cd mPhoneSignalIconId2=0x7f0200d5 mLastPhoneSignalIconId1=0x7f0200cd mLastPhoneSignalIconId2=0x7f0200d5 mDataDirectionIconId1=0x0 mDataDirectionIconId2=0x0 mDataSignalIconId1=0x7f0200cd mDataSignalIconId2=0x7f0200d5 mDataTypeIconId1=0x7f02009d mDataTypeIconId2=0x7f02009d mWifiIconId=0x7f0200ef mRoamingIconId1=0x0 mRoamingIconId2=0x0 mBluetoothTetherIconId=0x10806ce
01-09 14:09:07.202 D/SignalClusterView(504): wifi: VISIBLE sig=2130837743 act=2130837721
01-09 14:09:07.202 D/SignalClusterView(504): mobile1: VISIBLE sig=2130837709 act=0 typ=2130837661
01-09 14:09:07.202 D/SignalClusterView(504): mobile2: VISIBLE sig=2130837717 act=0 typ=2130837661
01-09 14:09:07.202 D/SignalClusterView(504): wifi: VISIBLE sig=2130837743 act=2130837721
01-09 14:09:07.202 D/SignalClusterView(504): mobile1: VISIBLE sig=2130837709 act=0 typ=2130837661
01-09 14:09:07.202 D/SignalClusterView(504): mobile2: VISIBLE sig=2130837717 act=0 typ=2130837661
01-09 14:09:07.202 D/SignalClusterView(504): wifi: VISIBLE sig=2130837743 act=2130837721
01-09 14:09:07.202 D/SignalClusterView(504): mobile1: VISIBLE sig=2130837709 act=0 typ=2130837661
01-09 14:09:07.202 D/SignalClusterView(504): mobile2: VISIBLE sig=2130837717 act=0 typ=2130837661
01-09 14:09:07.202 D/StatusBar-NetworkControllerDS(504): changing data overlay icon id to 2130837721
01-09 14:09:07.462 I/InputReader(378): Touch event's action is 0x0 (deviceType=0) [pCnt=1, pending(waiting finished signal)=0, s=0.1878 ]
01-09 14:09:07.462 I/InputDispatcher(378): Delivering touch to current input target: action: 0x0
01-09 14:09:07.472 W/SurfaceFlinger(110): id=1245(560) createSurface 0x30a4f4 (84x116),1 flag=0
01-09 14:09:07.482 D/KeyguardViewMediator(378): setHidden false
01-09 14:09:07.482 D/memalloc(110): /dev/pmem: Allocated buffer base:0x41a93000 size:49152 offset:5349376 fd:33
01-09 14:09:07.482 D/memalloc(671): /dev/pmem: Mapped buffer base:0x54fd0000 size:5398528 offset:5349376 fd:72
01-09 14:09:07.492 D/KeyguardViewMediator(378): setHidden false
01-09 14:09:07.492 I/Adreno200-EGLSUB(110): <CreateImage:1017>: Android Image
01-09 14:09:07.492 I/Adreno200-EGLSUB(110): <GetImageAttributes:1226>: RGBA_8888
01-09 14:09:07.572 I/InputReader(378): Touch event's action is 0x1 (deviceType=0) [pCnt=1, pending(waiting finished signal)=0, s=]
01-09 14:09:07.572 I/InputDispatcher(378): Delivering touch to current input target: action: 0x1
01-09 14:09:07.622 W/SurfaceFlinger(110): id=1245 Removed idx=5 Map Size=6
01-09 14:09:07.622 D/KeyguardViewMediator(378): setHidden false
01-09 14:09:07.622 W/SurfaceFlinger(110): id=1245 Removed idx=-2 Map Size=6
01-09 14:09:07.622 D/memalloc(671): /dev/pmem: Unmapping buffer base:0x54fd0000 size:5398528 offset:5349376
01-09 14:09:07.642 D/memalloc(110): /dev/pmem: Freeing buffer base:0x41fad000 size:49152 offset:5349376 fd:33
01-09 14:09:07.982 I/InputReader(378): Touch event's action is 0x0 (deviceType=0) [pCnt=1, pending(waiting finished signal)=0, s=0.1879 ]
01-09 14:09:07.982 I/InputDispatcher(378): Delivering touch to current input target: action: 0x0
01-09 14:09:07.992 W/SurfaceFlinger(110): id=1246(561) createSurface 0x2f9bac (84x116),1 flag=0
01-09 14:09:07.992 D/KeyguardViewMediator(378): setHidden false
01-09 14:09:08.002 D/memalloc(110): /dev/pmem: Allocated buffer base:0x41a93000 size:49152 offset:5349376 fd:33
01-09 14:09:08.002 D/memalloc(671): /dev/pmem: Mapped buffer base:0x54fd0000 size:5398528 offset:5349376 fd:72
01-09 14:09:08.012 D/KeyguardViewMediator(378): setHidden false
01-09 14:09:08.012 I/Adreno200-EGLSUB(110): <CreateImage:1017>: Android Image
01-09 14:09:08.012 I/Adreno200-EGLSUB(110): <GetImageAttributes:1226>: RGBA_8888
01-09 14:09:08.052 I/InputReader(378): Touch event's action is 0x1 (deviceType=0) [pCnt=1, pending(waiting finished signal)=0, s=]
01-09 14:09:08.052 I/InputDispatcher(378): Delivering touch to current input target: action: 0x1
01-09 14:09:08.112 W/SurfaceFlinger(110): id=1246 Removed idx=5 Map Size=6
01-09 14:09:08.112 D/KeyguardViewMediator(378): setHidden false
01-09 14:09:08.112 W/SurfaceFlinger(110): id=1246 Removed idx=-2 Map Size=6
01-09 14:09:08.112 D/memalloc(671): /dev/pmem: Unmapping buffer base:0x54fd0000 size:5398528 offset:5349376
01-09 14:09:08.122 D/memalloc(110): /dev/pmem: Freeing buffer base:0x41fad000 size:49152 offset:5349376 fd:33
01-09 14:09:08.202 W/SignalStrength(504): getGsmLevel. this.mGsmSignalBar=3, getGsmSignalStrength()== 11
01-09 14:09:08.202 W/SignalStrength(504): getGsmLevel=3
01-09 14:09:08.202 W/SignalStrength(504): getLevel=3 (SignalStrength: 11 255 -120 -160 -120 -1 -1 99 2147483647 -32767 2147483647 -32767 gsm|lte 3)
01-09 14:09:08.202 W/SignalStrength(504): getGsmLevel. this.mGsmSignalBar=4, getGsmSignalStrength()== 26
01-09 14:09:08.202 W/SignalStrength(504): getGsmLevel=4
01-09 14:09:08.202 W/SignalStrength(504): getLevel=4 (SignalStrength: 26 255 -120 -160 -120 -1 -1 99 2147483647 -32767 2147483647 -32767 gsm|lte 4)
01-09 14:09:08.202 D/StatusBar-NetworkControllerDS(504): refreshViews connected={ wifi } level=3|4 combinedSignalIconId=0x7f0200ef/com.android.systemui:drawable/stat_sys_wifi_signal_4 combinedActivityIconId=0x7f0200d8 mAirplaneMode=false mDataActivity1=0 mDataActivity2=0 mPhoneSignalIconId1=0x7f0200cd mPhoneSignalIconId2=0x7f0200d5 mLastPhoneSignalIconId1=0x7f0200cd mLastPhoneSignalIconId2=0x7f0200d5 mDataDirectionIconId1=0x0 mDataDirectionIconId2=0x0 mDataSignalIconId1=0x7f0200cd mDataSignalIconId2=0x7f0200d5 mDataTypeIconId1=0x7f02009d mDataTypeIconId2=0x7f02009d mWifiIconId=0x7f0200ef mRoamingIconId1=0x0 mRoamingIconId2=0x0 mBluetoothTetherIconId=0x10806ce
01-09 14:09:08.202 D/SignalClusterView(504): wifi: VISIBLE sig=2130837743 act=2130837720
01-09 14:09:08.202 D/SignalClusterView(504): mobile1: VISIBLE sig=2130837709 act=0 typ=2130837661
01-09 14:09:08.202 D/SignalClusterView(504): mobile2: VISIBLE sig=2130837717 act=0 typ=2130837661
01-09 14:09:08.202 D/SignalClusterView(504): wifi: VISIBLE sig=2130837743 act=2130837720
01-09 14:09:08.202 D/SignalClusterView(504): mobile1: VISIBLE sig=2130837709 act=0 typ=2130837661
01-09 14:09:08.202 D/SignalClusterView(504): mobile2: VISIBLE sig=2130837717 act=0 typ=2130837661
01-09 14:09:08.202 D/SignalClusterView(504): wifi: VISIBLE sig=2130837743 act=2130837720
01-09 14:09:08.212 D/SignalClusterView(504): mobile1: VISIBLE sig=2130837709 act=0 typ=2130837661
01-09 14:09:08.212 D/SignalClusterView(504): mobile2: VISIBLE sig=2130837717 act=0 typ=2130837661
01-09 14:09:08.212 D/StatusBar-NetworkControllerDS(504): changing data overlay icon id to 2130837720
01-09 14:09:08.532 I/NRFW    (1283): profile=wifi
01-09 14:09:08.542 I/InputReader(378): Touch event's action is 0x0 (deviceType=0) [pCnt=1, pending(waiting finished signal)=0, s=0.1880 ]
01-09 14:09:08.542 I/InputDispatcher(378): Delivering touch to current input target: action: 0x0
01-09 14:09:08.572 I/NRFW    (1283): serverip=103.235.47.88 localIp=10.0.8.1
01-09 14:09:08.572 W/SurfaceFlinger(110): id=1247(562) createSurface 0x2f9bac (84x116),1 flag=0
01-09 14:09:08.572 D/KeyguardViewMediator(378): setHidden false
01-09 14:09:08.592 D/memalloc(110): /dev/pmem: Allocated buffer base:0x41a93000 size:49152 offset:5349376 fd:33
01-09 14:09:08.592 D/memalloc(671): /dev/pmem: Mapped buffer base:0x54fd0000 size:5398528 offset:5349376 fd:72
01-09 14:09:08.602 D/KeyguardViewMediator(378): setHidden false
01-09 14:09:08.602 I/Adreno200-EGLSUB(110): <CreateImage:1017>: Android Image
01-09 14:09:08.602 I/Adreno200-EGLSUB(110): <GetImageAttributes:1226>: RGBA_8888
01-09 14:09:08.622 I/InputReader(378): Touch event's action is 0x1 (deviceType=0) [pCnt=1, pending(waiting finished signal)=0, s=]
01-09 14:09:08.622 I/InputDispatcher(378): Delivering touch to current input target: action: 0x1
01-09 14:09:08.622 D/Tethering(378): interfaceLinkStateChanged wlan0, true
01-09 14:09:08.622 D/Tethering(378): interfaceStatusChanged wlan0, true
01-09 14:09:08.672 W/SurfaceFlinger(110): id=1247 Removed idx=5 Map Size=6
01-09 14:09:08.672 D/KeyguardViewMediator(378): setHidden false
01-09 14:09:08.682 W/SurfaceFlinger(110): id=1247 Removed idx=-2 Map Size=6
01-09 14:09:08.682 D/memalloc(671): /dev/pmem: Unmapping buffer base:0x54fd0000 size:5398528 offset:5349376
01-09 14:09:08.692 D/memalloc(110): /dev/pmem: Freeing buffer base:0x41fad000 size:49152 offset:5349376 fd:33
01-09 14:09:09.612 I/InputReader(378): Touch event's action is 0x0 (deviceType=0) [pCnt=1, pending(waiting finished signal)=0, s=0.1881 ]
01-09 14:09:09.612 I/InputDispatcher(378): Delivering touch to current input target: action: 0x0
01-09 14:09:09.632 W/SurfaceFlinger(110): id=1248(563) createSurface 0x30a4f4 (84x116),1 flag=0
01-09 14:09:09.632 D/KeyguardViewMediator(378): setHidden false
01-09 14:09:09.642 D/memalloc(110): /dev/pmem: Allocated buffer base:0x41a93000 size:49152 offset:5349376 fd:33
01-09 14:09:09.642 D/memalloc(671): /dev/pmem: Mapped buffer base:0x54fd0000 size:5398528 offset:5349376 fd:72
01-09 14:09:09.642 D/KeyguardViewMediator(378): setHidden false
01-09 14:09:09.652 I/Adreno200-EGLSUB(110): <CreateImage:1017>: Android Image
01-09 14:09:09.652 I/Adreno200-EGLSUB(110): <GetImageAttributes:1226>: RGBA_8888
01-09 14:09:09.672 I/InputReader(378): Touch event's action is 0x1 (deviceType=0) [pCnt=1, pending(waiting finished signal)=0, s=]
01-09 14:09:09.672 I/InputDispatcher(378): Delivering touch to current input target: action: 0x1
01-09 14:09:09.712 W/SurfaceFlinger(110): id=1248 Removed idx=5 Map Size=6
01-09 14:09:09.712 D/KeyguardViewMediator(378): setHidden false
01-09 14:09:09.722 W/SurfaceFlinger(110): id=1248 Removed idx=-2 Map Size=6
01-09 14:09:09.722 D/memalloc(671): /dev/pmem: Unmapping buffer base:0x54fd0000 size:5398528 offset:5349376
01-09 14:09:09.732 D/memalloc(110): /dev/pmem: Freeing buffer base:0x41fad000 size:49152 offset:5349376 fd:33
01-09 14:09:10.222 W/SignalStrength(504): getGsmLevel. this.mGsmSignalBar=3, getGsmSignalStrength()== 11
01-09 14:09:10.222 W/SignalStrength(504): getGsmLevel=3
01-09 14:09:10.222 W/SignalStrength(504): getLevel=3 (SignalStrength: 11 255 -120 -160 -120 -1 -1 99 2147483647 -32767 2147483647 -32767 gsm|lte 3)
01-09 14:09:10.222 W/SignalStrength(504): getGsmLevel. this.mGsmSignalBar=4, getGsmSignalStrength()== 26
01-09 14:09:10.222 W/SignalStrength(504): getGsmLevel=4
01-09 14:09:10.222 W/SignalStrength(504): getLevel=4 (SignalStrength: 26 255 -120 -160 -120 -1 -1 99 2147483647 -32767 2147483647 -32767 gsm|lte 4)
01-09 14:09:10.222 D/StatusBar-NetworkControllerDS(504): refreshViews connected={ wifi } level=3|4 combinedSignalIconId=0x7f0200ef/com.android.systemui:drawable/stat_sys_wifi_signal_4 combinedActivityIconId=0x7f0200d9 mAirplaneMode=false mDataActivity1=0 mDataActivity2=0 mPhoneSignalIconId1=0x7f0200cd mPhoneSignalIconId2=0x7f0200d5 mLastPhoneSignalIconId1=0x7f0200cd mLastPhoneSignalIconId2=0x7f0200d5 mDataDirectionIconId1=0x0 mDataDirectionIconId2=0x0 mDataSignalIconId1=0x7f0200cd mDataSignalIconId2=0x7f0200d5 mDataTypeIconId1=0x7f02009d mDataTypeIconId2=0x7f02009d mWifiIconId=0x7f0200ef mRoamingIconId1=0x0 mRoamingIconId2=0x0 mBluetoothTetherIconId=0x10806ce
01-09 14:09:10.222 D/SignalClusterView(504): wifi: VISIBLE sig=2130837743 act=2130837721
01-09 14:09:10.222 D/SignalClusterView(504): mobile1: VISIBLE sig=2130837709 act=0 typ=2130837661
01-09 14:09:10.222 D/SignalClusterView(504): mobile2: VISIBLE sig=2130837717 act=0 typ=2130837661
01-09 14:09:10.222 D/SignalClusterView(504): wifi: VISIBLE sig=2130837743 act=2130837721
01-09 14:09:10.222 D/SignalClusterView(504): mobile1: VISIBLE sig=2130837709 act=0 typ=2130837661
01-09 14:09:10.222 D/SignalClusterView(504): mobile2: VISIBLE sig=2130837717 act=0 typ=2130837661
01-09 14:09:10.222 D/SignalClusterView(504): wifi: VISIBLE sig=2130837743 act=2130837721
01-09 14:09:10.222 D/SignalClusterView(504): mobile1: VISIBLE sig=2130837709 act=0 typ=2130837661
01-09 14:09:10.222 D/SignalClusterView(504): mobile2: VISIBLE sig=2130837717 act=0 typ=2130837661
01-09 14:09:10.222 D/StatusBar-NetworkControllerDS(504): changing data overlay icon id to 2130837721
01-09 14:09:11.122 V/PowerManagerService(378): Top Most Needs Intelligent Sleep: true
01-09 14:09:11.122 W/PowerManagerService(378): Timer 0x3->0x3|0x0
01-09 14:09:11.232 W/SignalStrength(504): getGsmLevel. this.mGsmSignalBar=3, getGsmSignalStrength()== 11
01-09 14:09:11.232 W/SignalStrength(504): getGsmLevel=3
01-09 14:09:11.232 W/SignalStrength(504): getLevel=3 (SignalStrength: 11 255 -120 -160 -120 -1 -1 99 2147483647 -32767 2147483647 -32767 gsm|lte 3)
01-09 14:09:11.232 W/SignalStrength(504): getGsmLevel. this.mGsmSignalBar=4, getGsmSignalStrength()== 26
01-09 14:09:11.232 W/SignalStrength(504): getGsmLevel=4
01-09 14:09:11.232 W/SignalStrength(504): getLevel=4 (SignalStrength: 26 255 -120 -160 -120 -1 -1 99 2147483647 -32767 2147483647 -32767 gsm|lte 4)
01-09 14:09:11.232 D/StatusBar-NetworkControllerDS(504): refreshViews connected={ wifi } level=3|4 combinedSignalIconId=0x7f0200ef/com.android.systemui:drawable/stat_sys_wifi_signal_4 combinedActivityIconId=0x7f0200d8 mAirplaneMode=false mDataActivity1=0 mDataActivity2=0 mPhoneSignalIconId1=0x7f0200cd mPhoneSignalIconId2=0x7f0200d5 mLastPhoneSignalIconId1=0x7f0200cd mLastPhoneSignalIconId2=0x7f0200d5 mDataDirectionIconId1=0x0 mDataDirectionIconId2=0x0 mDataSignalIconId1=0x7f0200cd mDataSignalIconId2=0x7f0200d5 mDataTypeIconId1=0x7f02009d mDataTypeIconId2=0x7f02009d mWifiIconId=0x7f0200ef mRoamingIconId1=0x0 mRoamingIconId2=0x0 mBluetoothTetherIconId=0x10806ce
01-09 14:09:11.232 D/SignalClusterView(504): wifi: VISIBLE sig=2130837743 act=2130837720
01-09 14:09:11.232 D/SignalClusterView(504): mobile1: VISIBLE sig=2130837709 act=0 typ=2130837661
01-09 14:09:11.232 D/SignalClusterView(504): mobile2: VISIBLE sig=2130837717 act=0 typ=2130837661
01-09 14:09:11.232 D/SignalClusterView(504): wifi: VISIBLE sig=2130837743 act=2130837720
01-09 14:09:11.232 D/SignalClusterView(504): mobile1: VISIBLE sig=2130837709 act=0 typ=2130837661
01-09 14:09:11.232 D/SignalClusterView(504): mobile2: VISIBLE sig=2130837717 act=0 typ=2130837661
01-09 14:09:11.242 D/SignalClusterView(504): wifi: VISIBLE sig=2130837743 act=2130837720
01-09 14:09:11.242 D/SignalClusterView(504): mobile1: VISIBLE sig=2130837709 act=0 typ=2130837661
01-09 14:09:11.242 D/SignalClusterView(504): mobile2: VISIBLE sig=2130837717 act=0 typ=2130837661
01-09 14:09:11.242 D/StatusBar-NetworkControllerDS(504): changing data overlay icon id to 2130837720
01-09 14:09:12.802 I/InputReader(378): Touch event's action is 0x0 (deviceType=0) [pCnt=1, pending(waiting finished signal)=0, s=0.1882 ]
01-09 14:09:12.802 I/InputDispatcher(378): Delivering touch to current input target: action: 0x0
01-09 14:09:12.822 W/SurfaceFlinger(110): id=1249(564) createSurface 0x2f9bac (84x116),1 flag=0
01-09 14:09:12.822 D/KeyguardViewMediator(378): setHidden false
01-09 14:09:12.832 D/memalloc(110): /dev/pmem: Allocated buffer base:0x41a93000 size:49152 offset:5349376 fd:33
01-09 14:09:12.832 D/memalloc(671): /dev/pmem: Mapped buffer base:0x54fd0000 size:5398528 offset:5349376 fd:72
01-09 14:09:12.832 D/KeyguardViewMediator(378): setHidden false
01-09 14:09:12.832 I/Adreno200-EGLSUB(110): <CreateImage:1017>: Android Image
01-09 14:09:12.832 I/Adreno200-EGLSUB(110): <GetImageAttributes:1226>: RGBA_8888
01-09 14:09:12.902 I/InputReader(378): Touch event's action is 0x1 (deviceType=0) [pCnt=1, pending(waiting finished signal)=0, s=]
01-09 14:09:12.902 I/InputDispatcher(378): Delivering touch to current input target: action: 0x1
01-09 14:09:12.942 W/SurfaceFlinger(110): id=1249 Removed idx=5 Map Size=6
01-09 14:09:12.942 D/KeyguardViewMediator(378): setHidden false
01-09 14:09:12.952 W/SurfaceFlinger(110): id=1249 Removed idx=-2 Map Size=6
01-09 14:09:12.952 D/memalloc(671): /dev/pmem: Unmapping buffer base:0x54fd0000 size:5398528 offset:5349376
01-09 14:09:12.962 D/memalloc(110): /dev/pmem: Freeing buffer base:0x41fad000 size:49152 offset:5349376 fd:33
01-09 14:09:13.242 I/InputReader(378): Touch event's action is 0x0 (deviceType=0) [pCnt=1, pending(waiting finished signal)=0, s=0.1883 ]
01-09 14:09:13.242 I/InputDispatcher(378): Delivering touch to current input target: action: 0x0
01-09 14:09:13.242 W/SignalStrength(504): getGsmLevel. this.mGsmSignalBar=3, getGsmSignalStrength()== 11
01-09 14:09:13.242 W/SignalStrength(504): getGsmLevel=3
01-09 14:09:13.242 W/SignalStrength(504): getLevel=3 (SignalStrength: 11 255 -120 -160 -120 -1 -1 99 2147483647 -32767 2147483647 -32767 gsm|lte 3)
01-09 14:09:13.242 W/SignalStrength(504): getGsmLevel. this.mGsmSignalBar=4, getGsmSignalStrength()== 26
01-09 14:09:13.242 W/SignalStrength(504): getGsmLevel=4
01-09 14:09:13.242 W/SignalStrength(504): getLevel=4 (SignalStrength: 26 255 -120 -160 -120 -1 -1 99 2147483647 -32767 2147483647 -32767 gsm|lte 4)
01-09 14:09:13.242 D/StatusBar-NetworkControllerDS(504): refreshViews connected={ wifi } level=3|4 combinedSignalIconId=0x7f0200ef/com.android.systemui:drawable/stat_sys_wifi_signal_4 combinedActivityIconId=0x7f0200d9 mAirplaneMode=false mDataActivity1=0 mDataActivity2=0 mPhoneSignalIconId1=0x7f0200cd mPhoneSignalIconId2=0x7f0200d5 mLastPhoneSignalIconId1=0x7f0200cd mLastPhoneSignalIconId2=0x7f0200d5 mDataDirectionIconId1=0x0 mDataDirectionIconId2=0x0 mDataSignalIconId1=0x7f0200cd mDataSignalIconId2=0x7f0200d5 mDataTypeIconId1=0x7f02009d mDataTypeIconId2=0x7f02009d mWifiIconId=0x7f0200ef mRoamingIconId1=0x0 mRoamingIconId2=0x0 mBluetoothTetherIconId=0x10806ce
01-09 14:09:13.242 D/SignalClusterView(504): wifi: VISIBLE sig=2130837743 act=2130837721
01-09 14:09:13.242 D/SignalClusterView(504): mobile1: VISIBLE sig=2130837709 act=0 typ=2130837661
01-09 14:09:13.242 D/SignalClusterView(504): mobile2: VISIBLE sig=2130837717 act=0 typ=2130837661
01-09 14:09:13.242 D/SignalClusterView(504): wifi: VISIBLE sig=2130837743 act=2130837721
01-09 14:09:13.252 W/SurfaceFlinger(110): id=1250(565) createSurface 0x2fea0c (84x116),1 flag=0
01-09 14:09:13.252 D/SignalClusterView(504): mobile1: VISIBLE sig=2130837709 act=0 typ=2130837661
01-09 14:09:13.252 D/SignalClusterView(504): mobile2: VISIBLE sig=2130837717 act=0 typ=2130837661
01-09 14:09:13.252 D/SignalClusterView(504): wifi: VISIBLE sig=2130837743 act=2130837721
01-09 14:09:13.252 D/SignalClusterView(504): mobile1: VISIBLE sig=2130837709 act=0 typ=2130837661
01-09 14:09:13.252 D/SignalClusterView(504): mobile2: VISIBLE sig=2130837717 act=0 typ=2130837661
01-09 14:09:13.252 D/StatusBar-NetworkControllerDS(504): changing data overlay icon id to 2130837721
01-09 14:09:13.262 D/KeyguardViewMediator(378): setHidden false
01-09 14:09:13.262 D/memalloc(110): /dev/pmem: Allocated buffer base:0x41a93000 size:49152 offset:5349376 fd:33
01-09 14:09:13.272 D/memalloc(671): /dev/pmem: Mapped buffer base:0x54fd0000 size:5398528 offset:5349376 fd:72
01-09 14:09:13.272 I/Adreno200-EGLSUB(110): <CreateImage:1017>: Android Image
01-09 14:09:13.272 I/Adreno200-EGLSUB(110): <GetImageAttributes:1226>: RGBA_8888
01-09 14:09:13.272 D/KeyguardViewMediator(378): setHidden false
01-09 14:09:13.322 I/InputReader(378): Touch event's action is 0x1 (deviceType=0) [pCnt=1, pending(waiting finished signal)=0, s=]
01-09 14:09:13.322 I/InputDispatcher(378): Delivering touch to current input target: action: 0x1
01-09 14:09:13.372 W/SurfaceFlinger(110): id=1250 Removed idx=5 Map Size=6
01-09 14:09:13.372 D/KeyguardViewMediator(378): setHidden false
01-09 14:09:13.382 W/SurfaceFlinger(110): id=1250 Removed idx=-2 Map Size=6
01-09 14:09:13.382 D/memalloc(671): /dev/pmem: Unmapping buffer base:0x54fd0000 size:5398528 offset:5349376
01-09 14:09:13.392 D/memalloc(110): /dev/pmem: Freeing buffer base:0x41fad000 size:49152 offset:5349376 fd:33
01-09 14:09:13.462 I/InputReader(378): Touch event's action is 0x0 (deviceType=0) [pCnt=1, pending(waiting finished signal)=0, s=0.1884 ]
01-09 14:09:13.462 I/InputDispatcher(378): Delivering touch to current input target: action: 0x0
01-09 14:09:13.482 W/SurfaceFlinger(110): id=1251(566) createSurface 0x30a4f4 (84x116),1 flag=0
01-09 14:09:13.482 D/KeyguardViewMediator(378): setHidden false
01-09 14:09:13.492 D/memalloc(110): /dev/pmem: Allocated buffer base:0x41a93000 size:49152 offset:5349376 fd:33
01-09 14:09:13.492 D/memalloc(671): /dev/pmem: Mapped buffer base:0x54fd0000 size:5398528 offset:5349376 fd:72
01-09 14:09:13.492 D/KeyguardViewMediator(378): setHidden false
01-09 14:09:13.502 I/Adreno200-EGLSUB(110): <CreateImage:1017>: Android Image
01-09 14:09:13.502 I/Adreno200-EGLSUB(110): <GetImageAttributes:1226>: RGBA_8888
01-09 14:09:13.522 I/InputReader(378): Touch event's action is 0x1 (deviceType=0) [pCnt=1, pending(waiting finished signal)=0, s=]
01-09 14:09:13.522 I/InputDispatcher(378): Delivering touch to current input target: action: 0x1
01-09 14:09:13.582 W/SurfaceFlinger(110): id=1251 Removed idx=5 Map Size=6
01-09 14:09:13.582 D/KeyguardViewMediator(378): setHidden false
01-09 14:09:13.582 W/SurfaceFlinger(110): id=1251 Removed idx=-2 Map Size=6
01-09 14:09:13.592 D/memalloc(671): /dev/pmem: Unmapping buffer base:0x54fd0000 size:5398528 offset:5349376
01-09 14:09:13.592 D/memalloc(110): /dev/pmem: Freeing buffer base:0x41fad000 size:49152 offset:5349376 fd:33
01-09 14:09:14.152 I/InputReader(378): Touch event's action is 0x0 (deviceType=0) [pCnt=1, pending(waiting finished signal)=0, s=0.1885 ]
01-09 14:09:14.152 I/InputDispatcher(378): Delivering touch to current input target: action: 0x0
01-09 14:09:14.182 W/SurfaceFlinger(110): id=1252(567) createSurface 0x2f9bac (84x116),1 flag=0
01-09 14:09:14.182 D/KeyguardViewMediator(378): setHidden false
01-09 14:09:14.182 D/memalloc(110): /dev/pmem: Allocated buffer base:0x41a93000 size:49152 offset:5349376 fd:33
01-09 14:09:14.182 D/memalloc(671): /dev/pmem: Mapped buffer base:0x54fd0000 size:5398528 offset:5349376 fd:72
01-09 14:09:14.192 D/KeyguardViewMediator(378): setHidden false
01-09 14:09:14.192 I/Adreno200-EGLSUB(110): <CreateImage:1017>: Android Image
01-09 14:09:14.192 I/Adreno200-EGLSUB(110): <GetImageAttributes:1226>: RGBA_8888
01-09 14:09:14.252 W/SignalStrength(504): getGsmLevel. this.mGsmSignalBar=3, getGsmSignalStrength()== 11
01-09 14:09:14.252 W/SignalStrength(504): getGsmLevel=3
01-09 14:09:14.252 W/SignalStrength(504): getLevel=3 (SignalStrength: 11 255 -120 -160 -120 -1 -1 99 2147483647 -32767 2147483647 -32767 gsm|lte 3)
01-09 14:09:14.252 W/SignalStrength(504): getGsmLevel. this.mGsmSignalBar=4, getGsmSignalStrength()== 26
01-09 14:09:14.252 W/SignalStrength(504): getGsmLevel=4
01-09 14:09:14.252 W/SignalStrength(504): getLevel=4 (SignalStrength: 26 255 -120 -160 -120 -1 -1 99 2147483647 -32767 2147483647 -32767 gsm|lte 4)
01-09 14:09:14.252 I/InputReader(378): Touch event's action is 0x1 (deviceType=0) [pCnt=1, pending(waiting finished signal)=0, s=]
01-09 14:09:14.252 I/InputDispatcher(378): Delivering touch to current input target: action: 0x1
01-09 14:09:14.252 D/StatusBar-NetworkControllerDS(504): refreshViews connected={ wifi } level=3|4 combinedSignalIconId=0x7f0200ef/com.android.systemui:drawable/stat_sys_wifi_signal_4 combinedActivityIconId=0x7f0200d8 mAirplaneMode=false mDataActivity1=0 mDataActivity2=0 mPhoneSignalIconId1=0x7f0200cd mPhoneSignalIconId2=0x7f0200d5 mLastPhoneSignalIconId1=0x7f0200cd mLastPhoneSignalIconId2=0x7f0200d5 mDataDirectionIconId1=0x0 mDataDirectionIconId2=0x0 mDataSignalIconId1=0x7f0200cd mDataSignalIconId2=0x7f0200d5 mDataTypeIconId1=0x7f02009d mDataTypeIconId2=0x7f02009d mWifiIconId=0x7f0200ef mRoamingIconId1=0x0 mRoamingIconId2=0x0 mBluetoothTetherIconId=0x10806ce
01-09 14:09:14.252 D/SignalClusterView(504): wifi: VISIBLE sig=2130837743 act=2130837720
01-09 14:09:14.252 D/SignalClusterView(504): mobile1: VISIBLE sig=2130837709 act=0 typ=2130837661
01-09 14:09:14.252 D/SignalClusterView(504): mobile2: VISIBLE sig=2130837717 act=0 typ=2130837661
01-09 14:09:14.262 D/SignalClusterView(504): wifi: VISIBLE sig=2130837743 act=2130837720
01-09 14:09:14.262 D/SignalClusterView(504): mobile1: VISIBLE sig=2130837709 act=0 typ=2130837661
01-09 14:09:14.262 D/SignalClusterView(504): mobile2: VISIBLE sig=2130837717 act=0 typ=2130837661
01-09 14:09:14.262 D/SignalClusterView(504): wifi: VISIBLE sig=2130837743 act=2130837720
01-09 14:09:14.262 D/SignalClusterView(504): mobile1: VISIBLE sig=2130837709 act=0 typ=2130837661
01-09 14:09:14.262 D/SignalClusterView(504): mobile2: VISIBLE sig=2130837717 act=0 typ=2130837661
01-09 14:09:14.262 D/StatusBar-NetworkControllerDS(504): changing data overlay icon id to 2130837720
01-09 14:09:14.312 W/SurfaceFlinger(110): id=1252 Removed idx=5 Map Size=6
01-09 14:09:14.312 D/KeyguardViewMediator(378): setHidden false
01-09 14:09:14.322 W/SurfaceFlinger(110): id=1252 Removed idx=-2 Map Size=6
01-09 14:09:14.322 D/memalloc(671): /dev/pmem: Unmapping buffer base:0x54fd0000 size:5398528 offset:5349376
01-09 14:09:14.322 D/memalloc(110): /dev/pmem: Freeing buffer base:0x41fad000 size:49152 offset:5349376 fd:33
01-09 14:09:14.332 I/InputReader(378): Touch event's action is 0x0 (deviceType=0) [pCnt=1, pending(waiting finished signal)=0, s=0.1886 ]
01-09 14:09:14.332 I/InputDispatcher(378): Delivering touch to current input target: action: 0x0
01-09 14:09:14.352 W/SurfaceFlinger(110): id=1253(568) createSurface 0x2fea0c (84x116),1 flag=0
01-09 14:09:14.362 D/KeyguardViewMediator(378): setHidden false
01-09 14:09:14.362 D/memalloc(110): /dev/pmem: Allocated buffer base:0x41a93000 size:49152 offset:5349376 fd:33
01-09 14:09:14.362 D/memalloc(671): /dev/pmem: Mapped buffer base:0x54fd0000 size:5398528 offset:5349376 fd:72
01-09 14:09:14.372 I/Adreno200-EGLSUB(110): <CreateImage:1017>: Android Image
01-09 14:09:14.372 I/Adreno200-EGLSUB(110): <GetImageAttributes:1226>: RGBA_8888
01-09 14:09:14.372 D/KeyguardViewMediator(378): setHidden false
01-09 14:09:14.402 I/InputReader(378): Touch event's action is 0x1 (deviceType=0) [pCnt=1, pending(waiting finished signal)=0, s=]
01-09 14:09:14.402 I/InputDispatcher(378): Delivering touch to current input target: action: 0x1
01-09 14:09:14.442 W/SurfaceFlinger(110): id=1253 Removed idx=5 Map Size=6
01-09 14:09:14.442 D/KeyguardViewMediator(378): setHidden false
01-09 14:09:14.452 W/SurfaceFlinger(110): id=1253 Removed idx=-2 Map Size=6
01-09 14:09:14.452 D/memalloc(671): /dev/pmem: Unmapping buffer base:0x54fd0000 size:5398528 offset:5349376
01-09 14:09:14.472 D/memalloc(110): /dev/pmem: Freeing buffer base:0x41fad000 size:49152 offset:5349376 fd:33
01-09 14:09:14.542 I/NRFW    (1283): profile=wifi
01-09 14:09:14.572 I/NRFW    (1283): serverip=103.235.47.88 localIp=10.0.8.1
01-09 14:09:14.582 I/DNS     (1283): 103.235.47.88 h_errno=1
01-09 14:09:14.602 I/DNS     (1283): 149.154.167.51 h_errno=1
01-09 14:09:15.432 I/InputReader(378): Touch event's action is 0x0 (deviceType=0) [pCnt=1, pending(waiting finished signal)=0, s=0.1887 ]
01-09 14:09:15.432 I/InputDispatcher(378): Delivering touch to current input target: action: 0x0
01-09 14:09:15.462 W/SurfaceFlinger(110): id=1254(569) createSurface 0x2f9bac (84x116),1 flag=0
01-09 14:09:15.462 D/KeyguardViewMediator(378): setHidden false
01-09 14:09:15.462 D/memalloc(110): /dev/pmem: Allocated buffer base:0x41a93000 size:49152 offset:5349376 fd:33
01-09 14:09:15.472 D/memalloc(671): /dev/pmem: Mapped buffer base:0x54fd0000 size:5398528 offset:5349376 fd:72
01-09 14:09:15.472 D/KeyguardViewMediator(378): setHidden false
01-09 14:09:15.472 I/Adreno200-EGLSUB(110): <CreateImage:1017>: Android Image
01-09 14:09:15.472 I/Adreno200-EGLSUB(110): <GetImageAttributes:1226>: RGBA_8888
01-09 14:09:15.572 I/InputReader(378): Touch event's action is 0x1 (deviceType=0) [pCnt=1, pending(waiting finished signal)=0, s=]
01-09 14:09:15.572 I/InputDispatcher(378): Delivering touch to current input target: action: 0x1
01-09 14:09:15.602 W/SurfaceFlinger(110): id=1254 Removed idx=5 Map Size=6
01-09 14:09:15.602 D/KeyguardViewMediator(378): setHidden false
01-09 14:09:15.612 W/SurfaceFlinger(110): id=1254 Removed idx=-2 Map Size=6
01-09 14:09:15.612 D/memalloc(671): /dev/pmem: Unmapping buffer base:0x54fd0000 size:5398528 offset:5349376
01-09 14:09:15.612 D/memalloc(110): /dev/pmem: Freeing buffer base:0x41fad000 size:49152 offset:5349376 fd:33
01-09 14:09:16.262 W/SignalStrength(504): getGsmLevel. this.mGsmSignalBar=3, getGsmSignalStrength()== 11
01-09 14:09:16.262 W/SignalStrength(504): getGsmLevel=3
