01-09 14:05:25.102 D/KeyguardViewMediator(378): setHidden false
01-09 14:05:25.112 W/SurfaceFlinger(110): id=1224 Removed idx=8 Map Size=6
01-09 14:05:25.112 W/SurfaceFlinger(110): id=1224 Removed idx=-2 Map Size=6
01-09 14:05:25.122 D/KeyguardViewMediator(378): setHidden false
01-09 14:05:25.142 D/memalloc(110): /dev/pmem: Freeing buffer base:0x41eae000 size:491520 offset:4304896 fd:51
01-09 14:05:25.562 W/SignalStrength(504): getGsmLevel. this.mGsmSignalBar=4, getGsmSignalStrength()== 12
01-09 14:05:25.562 W/SignalStrength(504): getGsmLevel=4
01-09 14:05:25.562 W/SignalStrength(504): getLevel=4 (SignalStrength: 12 255 -120 -160 -120 -1 -1 99 2147483647 -32767 2147483647 -32767 gsm|lte 4)
01-09 14:05:25.562 W/SignalStrength(504): getGsmLevel. this.mGsmSignalBar=4, getGsmSignalStrength()== 26
01-09 14:05:25.562 W/SignalStrength(504): getGsmLevel=4
01-09 14:05:25.562 W/SignalStrength(504): getLevel=4 (SignalStrength: 26 255 -120 -160 -120 -1 -1 99 2147483647 -32767 2147483647 -32767 gsm|lte 4)
01-09 14:05:25.562 D/StatusBar-NetworkControllerDS(504): refreshViews connected={ wifi } level=4|4 combinedSignalIconId=0x7f0200ef/com.android.systemui:drawable/stat_sys_wifi_signal_4 combinedActivityIconId=0x7f0200d8 mAirplaneMode=false mDataActivity1=0 mDataActivity2=0 mPhoneSignalIconId1=0x7f0200cf mPhoneSignalIconId2=0x7f0200d5 mLastPhoneSignalIconId1=0x7f0200cf mLastPhoneSignalIconId2=0x7f0200d5 mDataDirectionIconId1=0x0 mDataDirectionIconId2=0x0 mDataSignalIconId1=0x7f0200cf mDataSignalIconId2=0x7f0200d5 mDataTypeIconId1=0x7f02009d mDataTypeIconId2=0x7f02009d mWifiIconId=0x7f0200ef mRoamingIconId1=0x0 mRoamingIconId2=0x0 mBluetoothTetherIconId=0x10806ce
01-09 14:05:25.562 D/SignalClusterView(504): wifi: VISIBLE sig=2130837743 act=2130837720
01-09 14:05:25.562 D/SignalClusterView(504): mobile1: VISIBLE sig=2130837711 act=0 typ=2130837661
01-09 14:05:25.562 D/SignalClusterView(504): mobile2: VISIBLE sig=2130837717 act=0 typ=2130837661
01-09 14:05:25.562 D/SignalClusterView(504): wifi: VISIBLE sig=2130837743 act=2130837720
01-09 14:05:25.562 D/SignalClusterView(504): mobile1: VISIBLE sig=2130837711 act=0 typ=2130837661
01-09 14:05:25.562 D/SignalClusterView(504): mobile2: VISIBLE sig=2130837717 act=0 typ=2130837661
01-09 14:05:25.562 D/SignalClusterView(504): wifi: VISIBLE sig=2130837743 act=2130837720
01-09 14:05:25.562 D/SignalClusterView(504): mobile1: VISIBLE sig=2130837711 act=0 typ=2130837661
01-09 14:05:25.562 D/SignalClusterView(504): mobile2: VISIBLE sig=2130837717 act=0 typ=2130837661
01-09 14:05:25.562 D/StatusBar-NetworkControllerDS(504): changing data overlay icon id to 2130837720
01-09 14:05:27.572 W/SignalStrength(504): getGsmLevel. this.mGsmSignalBar=4, getGsmSignalStrength()== 12
01-09 14:05:27.572 W/SignalStrength(504): getGsmLevel=4
01-09 14:05:27.572 W/SignalStrength(504): getLevel=4 (SignalStrength: 12 255 -120 -160 -120 -1 -1 99 2147483647 -32767 2147483647 -32767 gsm|lte 4)
01-09 14:05:27.572 W/SignalStrength(504): getGsmLevel. this.mGsmSignalBar=4, getGsmSignalStrength()== 26
01-09 14:05:27.572 W/SignalStrength(504): getGsmLevel=4
01-09 14:05:27.572 W/SignalStrength(504): getLevel=4 (SignalStrength: 26 255 -120 -160 -120 -1 -1 99 2147483647 -32767 2147483647 -32767 gsm|lte 4)
01-09 14:05:27.572 D/StatusBar-NetworkControllerDS(504): refreshViews connected={ wifi } level=4|4 combinedSignalIconId=0x7f0200ef/com.android.systemui:drawable/stat_sys_wifi_signal_4 combinedActivityIconId=0x7f0200d9 mAirplaneMode=false mDataActivity1=0 mDataActivity2=0 mPhoneSignalIconId1=0x7f0200cf mPhoneSignalIconId2=0x7f0200d5 mLastPhoneSignalIconId1=0x7f0200cf mLastPhoneSignalIconId2=0x7f0200d5 mDataDirectionIconId1=0x0 mDataDirectionIconId2=0x0 mDataSignalIconId1=0x7f0200cf mDataSignalIconId2=0x7f0200d5 mDataTypeIconId1=0x7f02009d mDataTypeIconId2=0x7f02009d mWifiIconId=0x7f0200ef mRoamingIconId1=0x0 mRoamingIconId2=0x0 mBluetoothTetherIconId=0x10806ce
01-09 14:05:27.572 D/SignalClusterView(504): wifi: VISIBLE sig=2130837743 act=2130837721
01-09 14:05:27.572 D/SignalClusterView(504): mobile1: VISIBLE sig=2130837711 act=0 typ=2130837661
01-09 14:05:27.572 D/SignalClusterView(504): mobile2: VISIBLE sig=2130837717 act=0 typ=2130837661
01-09 14:05:27.572 D/SignalClusterView(504): wifi: VISIBLE sig=2130837743 act=2130837721
01-09 14:05:27.572 D/SignalClusterView(504): mobile1: VISIBLE sig=2130837711 act=0 typ=2130837661
01-09 14:05:27.572 D/SignalClusterView(504): mobile2: VISIBLE sig=2130837717 act=0 typ=2130837661
01-09 14:05:27.572 D/SignalClusterView(504): wifi: VISIBLE sig=2130837743 act=2130837721
01-09 14:05:27.572 D/SignalClusterView(504): mobile1: VISIBLE sig=2130837711 act=0 typ=2130837661
01-09 14:05:27.572 D/SignalClusterView(504): mobile2: VISIBLE sig=2130837717 act=0 typ=2130837661
01-09 14:05:27.572 D/StatusBar-NetworkControllerDS(504): changing data overlay icon id to 2130837721
01-09 14:05:28.122 E/AlarmManagerService(378): android_server_AlarmManagerService_set to type=3, 239366.672000000
01-09 14:05:28.122 V/AlarmManager(378): waitForAlarm result :8
01-09 14:05:28.132 W/AlarmManager(378): FACTORY_ON= 0
01-09 14:05:28.582 W/SignalStrength(504): getGsmLevel. this.mGsmSignalBar=4, getGsmSignalStrength()== 12
01-09 14:05:28.582 W/SignalStrength(504): getGsmLevel=4
01-09 14:05:28.582 W/SignalStrength(504): getLevel=4 (SignalStrength: 12 255 -120 -160 -120 -1 -1 99 2147483647 -32767 2147483647 -32767 gsm|lte 4)
01-09 14:05:28.582 W/SignalStrength(504): getGsmLevel. this.mGsmSignalBar=4, getGsmSignalStrength()== 26
01-09 14:05:28.582 W/SignalStrength(504): getGsmLevel=4
01-09 14:05:28.582 W/SignalStrength(504): getLevel=4 (SignalStrength: 26 255 -120 -160 -120 -1 -1 99 2147483647 -32767 2147483647 -32767 gsm|lte 4)
01-09 14:05:28.582 D/StatusBar-NetworkControllerDS(504): refreshViews connected={ wifi } level=4|4 combinedSignalIconId=0x7f0200ef/com.android.systemui:drawable/stat_sys_wifi_signal_4 combinedActivityIconId=0x7f0200d8 mAirplaneMode=false mDataActivity1=0 mDataActivity2=0 mPhoneSignalIconId1=0x7f0200cf mPhoneSignalIconId2=0x7f0200d5 mLastPhoneSignalIconId1=0x7f0200cf mLastPhoneSignalIconId2=0x7f0200d5 mDataDirectionIconId1=0x0 mDataDirectionIconId2=0x0 mDataSignalIconId1=0x7f0200cf mDataSignalIconId2=0x7f0200d5 mDataTypeIconId1=0x7f02009d mDataTypeIconId2=0x7f02009d mWifiIconId=0x7f0200ef mRoamingIconId1=0x0 mRoamingIconId2=0x0 mBluetoothTetherIconId=0x10806ce
01-09 14:05:28.582 D/SignalClusterView(504): wifi: VISIBLE sig=2130837743 act=2130837720
01-09 14:05:28.582 D/SignalClusterView(504): mobile1: VISIBLE sig=2130837711 act=0 typ=2130837661
01-09 14:05:28.582 D/SignalClusterView(504): mobile2: VISIBLE sig=2130837717 act=0 typ=2130837661
01-09 14:05:28.582 D/SignalClusterView(504): wifi: VISIBLE sig=2130837743 act=2130837720
01-09 14:05:28.582 D/SignalClusterView(504): mobile1: VISIBLE sig=2130837711 act=0 typ=2130837661
01-09 14:05:28.582 D/SignalClusterView(504): mobile2: VISIBLE sig=2130837717 act=0 typ=2130837661
01-09 14:05:28.582 D/SignalClusterView(504): wifi: VISIBLE sig=2130837743 act=2130837720
01-09 14:05:28.582 D/SignalClusterView(504): mobile1: VISIBLE sig=2130837711 act=0 typ=2130837661
01-09 14:05:28.582 D/SignalClusterView(504): mobile2: VISIBLE sig=2130837717 act=0 typ=2130837661
01-09 14:05:28.582 D/StatusBar-NetworkControllerDS(504): changing data overlay icon id to 2130837720
01-09 14:05:29.322 I/NRFW    (1283): profile=wifi
01-09 14:05:29.332 I/NRFW    (1283): serverip=180.76.3.90 localIp=10.0.8.1
01-09 14:05:29.642 D/ConnectivityService(378): reportNetworkCondition(1, 100)
01-09 14:05:29.642 D/ConnectivityService(378): handleInetConditionChange: net=1, condition=100,mActiveDefaultNetwork=1
01-09 14:05:29.642 D/ConnectivityService(378): handleInetConditionChange: starting a change hold
01-09 14:05:29.652 W/AlarmManager(378): FACTORY_ON= 0
01-09 14:05:29.682 V/Babel   (21305): [GcmIntentService] ReceiveServerUpdateService will handle all server updates.
01-09 14:05:29.702 I/NRFW    (1283): serverip=103.235.47.88 localIp=10.0.8.1
01-09 14:05:29.872 D/dalvikvm(21305): GC_EXPLICIT freed 5310K, 25% free 19562K/26019K, paused 4ms+10ms
01-09 14:05:29.882 W/MediaPlayer-JNI(21305): MediaPlayer finalized without being released
01-09 14:05:29.882 V/MediaPlayer(21305): setListener
01-09 14:05:29.882 V/MediaPlayer(21305): disconnect
01-09 14:05:29.882 V/MediaPlayerService(113): disconnect(819) from pid 21305
01-09 14:05:29.882 I/AwesomePlayer(113): reset
01-09 14:05:29.882 V/AwesomePlayer(113): reset_l() cancel player events
01-09 14:05:29.882 V/AwesomePlayer(113): cancelPlayerEvents (keepNotifications=0)
01-09 14:05:29.882 V/AwesomePlayer(113): mAudioTrackVector clear
01-09 14:05:29.882 V/AwesomePlayer(113): reset_l() stop AudioSource since AudioPlayer not exist
01-09 14:05:29.882 I/OMXCodec(113): [OMX.google.vorbis.decoder] stop mState=4
01-09 14:05:29.882 I/OMXCodec(113): [OMX.google.vorbis.decoder] stopped in state 1
01-09 14:05:29.892 I/OMXCodec(113): OMXCodec destructor 1
01-09 14:05:29.892 V/AwesomePlayer(113): mAudioPlayer successfully deleted
01-09 14:05:29.892 I/AwesomePlayer(113): reset
01-09 14:05:29.892 V/AwesomePlayer(113): reset_l() cancel player events
01-09 14:05:29.892 V/AwesomePlayer(113): cancelPlayerEvents (keepNotifications=0)
01-09 14:05:29.892 V/AwesomePlayer(113): mAudioTrackVector clear
01-09 14:05:29.892 V/AwesomePlayer(113): mAudioPlayer successfully deleted
01-09 14:05:29.892 V/AwesomePlayer(113): destructor
01-09 14:05:29.892 I/AwesomePlayer(113): reset
01-09 14:05:29.892 V/AwesomePlayer(113): reset_l() cancel player events
01-09 14:05:29.892 V/AwesomePlayer(113): cancelPlayerEvents (keepNotifications=0)
01-09 14:05:29.892 V/AwesomePlayer(113): mAudioTrackVector clear
01-09 14:05:29.892 V/AwesomePlayer(113): mAudioPlayer successfully deleted
01-09 14:05:29.892 V/AwesomePlayer(113): ~AwesomePlayer()
01-09 14:05:29.892 V/MediaPlayerService(113): Client(819) destructor pid = 21305
01-09 14:05:29.892 V/AudioSink(113): close
01-09 14:05:29.892 V/MediaPlayerService(113): disconnect(819) from pid 21305
01-09 14:05:29.892 V/MediaPlayer(21305): destructor
01-09 14:05:29.892 V/MediaPlayer(21305): disconnect
01-09 14:05:29.892 W/MediaPlayer-JNI(21305): MediaPlayer finalized without being released
01-09 14:05:29.892 V/MediaPlayer(21305): setListener
01-09 14:05:29.892 V/MediaPlayer(21305): disconnect
01-09 14:05:29.892 V/MediaPlayerService(113): disconnect(821) from pid 21305
01-09 14:05:29.892 I/AwesomePlayer(113): reset
01-09 14:05:29.892 V/AwesomePlayer(113): reset_l() cancel player events
01-09 14:05:29.892 V/AwesomePlayer(113): cancelPlayerEvents (keepNotifications=0)
01-09 14:05:29.892 V/AwesomePlayer(113): mAudioTrackVector clear
01-09 14:05:29.892 V/AwesomePlayer(113): reset_l() stop AudioSource since AudioPlayer not exist
01-09 14:05:29.892 I/OMXCodec(113): [OMX.google.vorbis.decoder] stop mState=4
01-09 14:05:29.892 I/OMXCodec(113): [OMX.google.vorbis.decoder] stopped in state 1
01-09 14:05:29.892 I/OMXCodec(113): OMXCodec destructor 1
01-09 14:05:29.902 V/AwesomePlayer(113): mAudioPlayer successfully deleted
01-09 14:05:29.902 I/AwesomePlayer(113): reset
01-09 14:05:29.902 V/AwesomePlayer(113): reset_l() cancel player events
01-09 14:05:29.902 V/AwesomePlayer(113): cancelPlayerEvents (keepNotifications=0)
01-09 14:05:29.902 V/AwesomePlayer(113): mAudioTrackVector clear
01-09 14:05:29.902 V/AwesomePlayer(113): mAudioPlayer successfully deleted
01-09 14:05:29.902 V/AwesomePlayer(113): destructor
01-09 14:05:29.902 I/AwesomePlayer(113): reset
01-09 14:05:29.902 V/AwesomePlayer(113): reset_l() cancel player events
01-09 14:05:29.902 V/AwesomePlayer(113): cancelPlayerEvents (keepNotifications=0)
01-09 14:05:29.902 V/AwesomePlayer(113): mAudioTrackVector clear
01-09 14:05:29.902 V/AwesomePlayer(113): mAudioPlayer successfully deleted
01-09 14:05:29.902 V/AwesomePlayer(113): ~AwesomePlayer()
01-09 14:05:29.902 V/MediaPlayer(21305): destructor
01-09 14:05:29.902 V/MediaPlayerService(113): Client(821) destructor pid = 21305
01-09 14:05:29.902 V/AudioSink(113): close
01-09 14:05:29.902 V/MediaPlayerService(113): disconnect(821) from pid 21305
01-09 14:05:29.902 V/MediaPlayer(21305): disconnect
01-09 14:05:30.152 W/SignalStrength(504): getGsmLevel. this.mGsmSignalBar=4, getGsmSignalStrength()== 12
01-09 14:05:30.152 W/SignalStrength(504): getGsmLevel=4
01-09 14:05:30.152 W/SignalStrength(504): getLevel=4 (SignalStrength: 12 255 -120 -160 -120 -1 -1 99 2147483647 -32767 2147483647 -32767 gsm|lte 4)
01-09 14:05:30.152 W/SignalStrength(504): getGsmLevel. this.mGsmSignalBar=4, getGsmSignalStrength()== 26
01-09 14:05:30.152 W/SignalStrength(504): getGsmLevel=4
01-09 14:05:30.152 W/SignalStrength(504): getLevel=4 (SignalStrength: 26 255 -120 -160 -120 -1 -1 99 2147483647 -32767 2147483647 -32767 gsm|lte 4)
01-09 14:05:30.152 W/SignalStrength(504): getGsmLevel. this.mGsmSignalBar=4, getGsmSignalStrength()== 12
01-09 14:05:30.152 W/SignalStrength(504): getGsmLevel=4
01-09 14:05:30.152 W/SignalStrength(504): getLevel=4 (SignalStrength: 12 255 -120 -160 -120 -1 -1 99 2147483647 -32767 2147483647 -32767 gsm|lte 4)
01-09 14:05:30.152 W/SignalStrength(504): getGsmLevel. this.mGsmSignalBar=4, getGsmSignalStrength()== 26
01-09 14:05:30.152 W/SignalStrength(504): getGsmLevel=4
01-09 14:05:30.152 W/SignalStrength(504): getLevel=4 (SignalStrength: 26 255 -120 -160 -120 -1 -1 99 2147483647 -32767 2147483647 -32767 gsm|lte 4)
01-09 14:05:30.152 D/TWStatusBar-NetworkControllerDS(504): onReceive() - CONNECTIVITY_ACTION, INET_CONDITION_ACTION
01-09 14:05:30.152 D/StatusBar-NetworkControllerDS(504): isDualSIM : SimState = 2, SimState2 = 2
01-09 14:05:30.152 D/StatusBar-NetworkControllerDS(504): isDualSIM : SimState = 2, SimState2 = 2
01-09 14:05:30.152 D/StatusBar-NetworkControllerDS(504): isDualSIM : SimState = 2, SimState2 = 2
01-09 14:05:30.152 D/StatusBar-NetworkControllerDS(504): isDualSIM : SimState = 2, SimState2 = 2
01-09 14:05:30.152 D/ConnectivityService(378): handleInetConditionHoldEnd: net=1, condition=100, published condition=100
01-09 14:05:30.152 D/ConnectivityService(378): sendStickyBroadcast: action=android.net.conn.INET_CONDITION_ACTION
01-09 14:05:30.162 D/StatusBar-NetworkControllerDS(504): refreshViews connected={ wifi } level=4|4 combinedSignalIconId=0x7f0200ef/com.android.systemui:drawable/stat_sys_wifi_signal_4 combinedActivityIconId=0x7f0200d8 mAirplaneMode=false mDataActivity1=0 mDataActivity2=0 mPhoneSignalIconId1=0x7f0200cf mPhoneSignalIconId2=0x7f0200d5 mLastPhoneSignalIconId1=0x7f0200cf mLastPhoneSignalIconId2=0x7f0200d5 mDataDirectionIconId1=0x0 mDataDirectionIconId2=0x0 mDataSignalIconId1=0x7f0200cf mDataSignalIconId2=0x7f0200d5 mDataTypeIconId1=0x7f02009d mDataTypeIconId2=0x7f02009d mWifiIconId=0x7f0200ef mRoamingIconId1=0x0 mRoamingIconId2=0x0 mBluetoothTetherIconId=0x10806ce
01-09 14:05:30.162 D/SignalClusterView(504): wifi: VISIBLE sig=2130837743 act=2130837720
01-09 14:05:30.162 D/SignalClusterView(504): mobile1: VISIBLE sig=2130837711 act=0 typ=2130837661
01-09 14:05:30.162 D/SignalClusterView(504): mobile2: VISIBLE sig=2130837717 act=0 typ=2130837661
01-09 14:05:30.162 D/SignalClusterView(504): wifi: VISIBLE sig=2130837743 act=2130837720
01-09 14:05:30.162 D/SignalClusterView(504): mobile1: VISIBLE sig=2130837711 act=0 typ=2130837661
01-09 14:05:30.162 D/SignalClusterView(504): mobile2: VISIBLE sig=2130837717 act=0 typ=2130837661
01-09 14:05:30.162 D/SignalClusterView(504): wifi: VISIBLE sig=2130837743 act=2130837720
01-09 14:05:30.162 D/SignalClusterView(504): mobile1: VISIBLE sig=2130837711 act=0 typ=2130837661
01-09 14:05:30.162 D/SignalClusterView(504): mobile2: VISIBLE sig=2130837717 act=0 typ=2130837661
01-09 14:05:30.572 W/SignalStrength(504): getGsmLevel. this.mGsmSignalBar=4, getGsmSignalStrength()== 12
01-09 14:05:30.572 W/SignalStrength(504): getGsmLevel=4
01-09 14:05:30.572 W/SignalStrength(504): getLevel=4 (SignalStrength: 12 255 -120 -160 -120 -1 -1 99 2147483647 -32767 2147483647 -32767 gsm|lte 4)
01-09 14:05:30.582 W/SignalStrength(504): getGsmLevel. this.mGsmSignalBar=4, getGsmSignalStrength()== 26
01-09 14:05:30.582 W/SignalStrength(504): getGsmLevel=4
01-09 14:05:30.582 W/SignalStrength(504): getLevel=4 (SignalStrength: 26 255 -120 -160 -120 -1 -1 99 2147483647 -32767 2147483647 -32767 gsm|lte 4)
01-09 14:05:30.582 D/StatusBar-NetworkControllerDS(504): refreshViews connected={ wifi } level=4|4 combinedSignalIconId=0x7f0200ef/com.android.systemui:drawable/stat_sys_wifi_signal_4 combinedActivityIconId=0x7f0200d9 mAirplaneMode=false mDataActivity1=0 mDataActivity2=0 mPhoneSignalIconId1=0x7f0200cf mPhoneSignalIconId2=0x7f0200d5 mLastPhoneSignalIconId1=0x7f0200cf mLastPhoneSignalIconId2=0x7f0200d5 mDataDirectionIconId1=0x0 mDataDirectionIconId2=0x0 mDataSignalIconId1=0x7f0200cf mDataSignalIconId2=0x7f0200d5 mDataTypeIconId1=0x7f02009d mDataTypeIconId2=0x7f02009d mWifiIconId=0x7f0200ef mRoamingIconId1=0x0 mRoamingIconId2=0x0 mBluetoothTetherIconId=0x10806ce
01-09 14:05:30.582 D/SignalClusterView(504): wifi: VISIBLE sig=2130837743 act=2130837721
01-09 14:05:30.582 D/SignalClusterView(504): mobile1: VISIBLE sig=2130837711 act=0 typ=2130837661
01-09 14:05:30.582 D/SignalClusterView(504): mobile2: VISIBLE sig=2130837717 act=0 typ=2130837661
01-09 14:05:30.582 D/SignalClusterView(504): wifi: VISIBLE sig=2130837743 act=2130837721
01-09 14:05:30.582 D/SignalClusterView(504): mobile1: VISIBLE sig=2130837711 act=0 typ=2130837661
01-09 14:05:30.582 D/SignalClusterView(504): mobile2: VISIBLE sig=2130837717 act=0 typ=2130837661
01-09 14:05:30.582 D/SignalClusterView(504): wifi: VISIBLE sig=2130837743 act=2130837721
01-09 14:05:30.582 D/SignalClusterView(504): mobile1: VISIBLE sig=2130837711 act=0 typ=2130837661
01-09 14:05:30.582 D/SignalClusterView(504): mobile2: VISIBLE sig=2130837717 act=0 typ=2130837661
01-09 14:05:30.582 D/StatusBar-NetworkControllerDS(504): changing data overlay icon id to 2130837721
01-09 14:05:31.582 W/SignalStrength(504): getGsmLevel. this.mGsmSignalBar=4, getGsmSignalStrength()== 12
01-09 14:05:31.582 W/SignalStrength(504): getGsmLevel=4
01-09 14:05:31.582 W/SignalStrength(504): getLevel=4 (SignalStrength: 12 255 -120 -160 -120 -1 -1 99 2147483647 -32767 2147483647 -32767 gsm|lte 4)
01-09 14:05:31.582 W/SignalStrength(504): getGsmLevel. this.mGsmSignalBar=4, getGsmSignalStrength()== 26
01-09 14:05:31.582 W/SignalStrength(504): getGsmLevel=4
01-09 14:05:31.582 W/SignalStrength(504): getLevel=4 (SignalStrength: 26 255 -120 -160 -120 -1 -1 99 2147483647 -32767 2147483647 -32767 gsm|lte 4)
01-09 14:05:31.582 D/StatusBar-NetworkControllerDS(504): refreshViews connected={ wifi } level=4|4 combinedSignalIconId=0x7f0200ef/com.android.systemui:drawable/stat_sys_wifi_signal_4 combinedActivityIconId=0x7f0200d8 mAirplaneMode=false mDataActivity1=0 mDataActivity2=0 mPhoneSignalIconId1=0x7f0200cf mPhoneSignalIconId2=0x7f0200d5 mLastPhoneSignalIconId1=0x7f0200cf mLastPhoneSignalIconId2=0x7f0200d5 mDataDirectionIconId1=0x0 mDataDirectionIconId2=0x0 mDataSignalIconId1=0x7f0200cf mDataSignalIconId2=0x7f0200d5 mDataTypeIconId1=0x7f02009d mDataTypeIconId2=0x7f02009d mWifiIconId=0x7f0200ef mRoamingIconId1=0x0 mRoamingIconId2=0x0 mBluetoothTetherIconId=0x10806ce
01-09 14:05:31.582 D/SignalClusterView(504): wifi: VISIBLE sig=2130837743 act=2130837720
01-09 14:05:31.582 D/SignalClusterView(504): mobile1: VISIBLE sig=2130837711 act=0 typ=2130837661
01-09 14:05:31.582 D/SignalClusterView(504): mobile2: VISIBLE sig=2130837717 act=0 typ=2130837661
01-09 14:05:31.582 D/SignalClusterView(504): wifi: VISIBLE sig=2130837743 act=2130837720
01-09 14:05:31.582 D/SignalClusterView(504): mobile1: VISIBLE sig=2130837711 act=0 typ=2130837661
01-09 14:05:31.582 D/SignalClusterView(504): mobile2: VISIBLE sig=2130837717 act=0 typ=2130837661
01-09 14:05:31.582 D/SignalClusterView(504): wifi: VISIBLE sig=2130837743 act=2130837720
01-09 14:05:31.582 D/SignalClusterView(504): mobile1: VISIBLE sig=2130837711 act=0 typ=2130837661
01-09 14:05:31.582 D/SignalClusterView(504): mobile2: VISIBLE sig=2130837717 act=0 typ=2130837661
01-09 14:05:31.582 D/StatusBar-NetworkControllerDS(504): changing data overlay icon id to 2130837720
01-09 14:05:32.372 I/NRFW    (1283): profile=wifi
01-09 14:05:32.392 D/ConnectivityService(378): reportNetworkCondition(1, 100)
01-09 14:05:32.392 D/ConnectivityService(378): handleInetConditionChange: net=1, condition=100,mActiveDefaultNetwork=1
01-09 14:05:32.392 D/ConnectivityService(378): handleInetConditionChange: starting a change hold
01-09 14:05:32.392 W/AlarmManager(378): FACTORY_ON= 0
01-09 14:05:32.432 V/Babel   (21305): [GcmIntentService] ReceiveServerUpdateService will handle all server updates.
01-09 14:05:32.582 W/SignalStrength(504): getGsmLevel. this.mGsmSignalBar=4, getGsmSignalStrength()== 12
01-09 14:05:32.582 W/SignalStrength(504): getGsmLevel=4
01-09 14:05:32.582 W/SignalStrength(504): getLevel=4 (SignalStrength: 12 255 -120 -160 -120 -1 -1 99 2147483647 -32767 2147483647 -32767 gsm|lte 4)
01-09 14:05:32.582 W/SignalStrength(504): getGsmLevel. this.mGsmSignalBar=4, getGsmSignalStrength()== 26
01-09 14:05:32.582 W/SignalStrength(504): getGsmLevel=4
01-09 14:05:32.582 W/SignalStrength(504): getLevel=4 (SignalStrength: 26 255 -120 -160 -120 -1 -1 99 2147483647 -32767 2147483647 -32767 gsm|lte 4)
01-09 14:05:32.582 D/StatusBar-NetworkControllerDS(504): refreshViews connected={ wifi } level=4|4 combinedSignalIconId=0x7f0200ef/com.android.systemui:drawable/stat_sys_wifi_signal_4 combinedActivityIconId=0x7f0200d9 mAirplaneMode=false mDataActivity1=0 mDataActivity2=0 mPhoneSignalIconId1=0x7f0200cf mPhoneSignalIconId2=0x7f0200d5 mLastPhoneSignalIconId1=0x7f0200cf mLastPhoneSignalIconId2=0x7f0200d5 mDataDirectionIconId1=0x0 mDataDirectionIconId2=0x0 mDataSignalIconId1=0x7f0200cf mDataSignalIconId2=0x7f0200d5 mDataTypeIconId1=0x7f02009d mDataTypeIconId2=0x7f02009d mWifiIconId=0x7f0200ef mRoamingIconId1=0x0 mRoamingIconId2=0x0 mBluetoothTetherIconId=0x10806ce
01-09 14:05:32.582 D/SignalClusterView(504): wifi: VISIBLE sig=2130837743 act=2130837721
01-09 14:05:32.582 D/SignalClusterView(504): mobile1: VISIBLE sig=2130837711 act=0 typ=2130837661
01-09 14:05:32.582 D/SignalClusterView(504): mobile2: VISIBLE sig=2130837717 act=0 typ=2130837661
01-09 14:05:32.582 D/SignalClusterView(504): wifi: VISIBLE sig=2130837743 act=2130837721
01-09 14:05:32.582 D/SignalClusterView(504): mobile1: VISIBLE sig=2130837711 act=0 typ=2130837661
01-09 14:05:32.592 D/SignalClusterView(504): mobile2: VISIBLE sig=2130837717 act=0 typ=2130837661
01-09 14:05:32.592 D/SignalClusterView(504): wifi: VISIBLE sig=2130837743 act=2130837721
01-09 14:05:32.592 D/SignalClusterView(504): mobile1: VISIBLE sig=2130837711 act=0 typ=2130837661
01-09 14:05:32.592 D/SignalClusterView(504): mobile2: VISIBLE sig=2130837717 act=0 typ=2130837661
01-09 14:05:32.592 D/StatusBar-NetworkControllerDS(504): changing data overlay icon id to 2130837721
01-09 14:05:32.632 D/ConnectivityService(378): reportNetworkCondition(1, 100)
01-09 14:05:32.632 D/ConnectivityService(378): handleInetConditionChange: net=1, condition=100,mActiveDefaultNetwork=1
01-09 14:05:32.632 D/ConnectivityService(378): handleInetConditionChange: currently in hold - not setting new end evt
01-09 14:05:32.642 W/AlarmManager(378): FACTORY_ON= 0
01-09 14:05:32.692 V/Babel   (21305): [GcmIntentService] ReceiveServerUpdateService will handle all server updates.
01-09 14:05:32.902 W/SignalStrength(504): getGsmLevel. this.mGsmSignalBar=4, getGsmSignalStrength()== 12
01-09 14:05:32.902 W/SignalStrength(504): getGsmLevel=4
01-09 14:05:32.902 W/SignalStrength(504): getLevel=4 (SignalStrength: 12 255 -120 -160 -120 -1 -1 99 2147483647 -32767 2147483647 -32767 gsm|lte 4)
01-09 14:05:32.902 W/SignalStrength(504): getGsmLevel. this.mGsmSignalBar=4, getGsmSignalStrength()== 26
01-09 14:05:32.902 W/SignalStrength(504): getGsmLevel=4
01-09 14:05:32.902 W/SignalStrength(504): getLevel=4 (SignalStrength: 26 255 -120 -160 -120 -1 -1 99 2147483647 -32767 2147483647 -32767 gsm|lte 4)
01-09 14:05:32.902 W/SignalStrength(504): getGsmLevel. this.mGsmSignalBar=4, getGsmSignalStrength()== 12
01-09 14:05:32.902 W/SignalStrength(504): getGsmLevel=4
01-09 14:05:32.902 W/SignalStrength(504): getLevel=4 (SignalStrength: 12 255 -120 -160 -120 -1 -1 99 2147483647 -32767 2147483647 -32767 gsm|lte 4)
01-09 14:05:32.902 W/SignalStrength(504): getGsmLevel. this.mGsmSignalBar=4, getGsmSignalStrength()== 26
01-09 14:05:32.902 W/SignalStrength(504): getGsmLevel=4
01-09 14:05:32.902 W/SignalStrength(504): getLevel=4 (SignalStrength: 26 255 -120 -160 -120 -1 -1 99 2147483647 -32767 2147483647 -32767 gsm|lte 4)
01-09 14:05:32.902 D/ConnectivityService(378): handleInetConditionHoldEnd: net=1, condition=100, published condition=100
01-09 14:05:32.902 D/ConnectivityService(378): sendStickyBroadcast: action=android.net.conn.INET_CONDITION_ACTION
01-09 14:05:32.902 D/TWStatusBar-NetworkControllerDS(504): onReceive() - CONNECTIVITY_ACTION, INET_CONDITION_ACTION
01-09 14:05:32.902 D/StatusBar-NetworkControllerDS(504): isDualSIM : SimState = 2, SimState2 = 2
01-09 14:05:32.902 D/StatusBar-NetworkControllerDS(504): isDualSIM : SimState = 2, SimState2 = 2
01-09 14:05:32.902 D/StatusBar-NetworkControllerDS(504): isDualSIM : SimState = 2, SimState2 = 2
01-09 14:05:32.902 D/StatusBar-NetworkControllerDS(504): isDualSIM : SimState = 2, SimState2 = 2
01-09 14:05:32.902 D/StatusBar-NetworkControllerDS(504): refreshViews connected={ wifi } level=4|4 combinedSignalIconId=0x7f0200ef/com.android.systemui:drawable/stat_sys_wifi_signal_4 combinedActivityIconId=0x7f0200d9 mAirplaneMode=false mDataActivity1=0 mDataActivity2=0 mPhoneSignalIconId1=0x7f0200cf mPhoneSignalIconId2=0x7f0200d5 mLastPhoneSignalIconId1=0x7f0200cf mLastPhoneSignalIconId2=0x7f0200d5 mDataDirectionIconId1=0x0 mDataDirectionIconId2=0x0 mDataSignalIconId1=0x7f0200cf mDataSignalIconId2=0x7f0200d5 mDataTypeIconId1=0x7f02009d mDataTypeIconId2=0x7f02009d mWifiIconId=0x7f0200ef mRoamingIconId1=0x0 mRoamingIconId2=0x0 mBluetoothTetherIconId=0x10806ce
01-09 14:05:32.902 D/SignalClusterView(504): wifi: VISIBLE sig=2130837743 act=2130837721
01-09 14:05:32.902 D/SignalClusterView(504): mobile1: VISIBLE sig=2130837711 act=0 typ=2130837661
01-09 14:05:32.912 D/SignalClusterView(504): mobile2: VISIBLE sig=2130837717 act=0 typ=2130837661
01-09 14:05:32.912 D/SignalClusterView(504): wifi: VISIBLE sig=2130837743 act=2130837721
01-09 14:05:32.912 D/SignalClusterView(504): mobile1: VISIBLE sig=2130837711 act=0 typ=2130837661
01-09 14:05:32.912 D/SignalClusterView(504): mobile2: VISIBLE sig=2130837717 act=0 typ=2130837661
01-09 14:05:32.912 D/SignalClusterView(504): wifi: VISIBLE sig=2130837743 act=2130837721
01-09 14:05:32.912 D/SignalClusterView(504): mobile1: VISIBLE sig=2130837711 act=0 typ=2130837661
01-09 14:05:32.912 D/SignalClusterView(504): mobile2: VISIBLE sig=2130837717 act=0 typ=2130837661
01-09 14:05:34.592 W/SignalStrength(504): getGsmLevel. this.mGsmSignalBar=4, getGsmSignalStrength()== 12
01-09 14:05:34.592 W/SignalStrength(504): getGsmLevel=4
01-09 14:05:34.592 W/SignalStrength(504): getLevel=4 (SignalStrength: 12 255 -120 -160 -120 -1 -1 99 2147483647 -32767 2147483647 -32767 gsm|lte 4)
01-09 14:05:34.592 W/SignalStrength(504): getGsmLevel. this.mGsmSignalBar=4, getGsmSignalStrength()== 26
01-09 14:05:34.592 W/SignalStrength(504): getGsmLevel=4
01-09 14:05:34.592 W/SignalStrength(504): getLevel=4 (SignalStrength: 26 255 -120 -160 -120 -1 -1 99 2147483647 -32767 2147483647 -32767 gsm|lte 4)
01-09 14:05:34.592 D/StatusBar-NetworkControllerDS(504): refreshViews connected={ wifi } level=4|4 combinedSignalIconId=0x7f0200ef/com.android.systemui:drawable/stat_sys_wifi_signal_4 combinedActivityIconId=0x7f0200d8 mAirplaneMode=false mDataActivity1=0 mDataActivity2=0 mPhoneSignalIconId1=0x7f0200cf mPhoneSignalIconId2=0x7f0200d5 mLastPhoneSignalIconId1=0x7f0200cf mLastPhoneSignalIconId2=0x7f0200d5 mDataDirectionIconId1=0x0 mDataDirectionIconId2=0x0 mDataSignalIconId1=0x7f0200cf mDataSignalIconId2=0x7f0200d5 mDataTypeIconId1=0x7f02009d mDataTypeIconId2=0x7f02009d mWifiIconId=0x7f0200ef mRoamingIconId1=0x0 mRoamingIconId2=0x0 mBluetoothTetherIconId=0x10806ce
01-09 14:05:34.602 D/SignalClusterView(504): wifi: VISIBLE sig=2130837743 act=2130837720
01-09 14:05:34.602 D/SignalClusterView(504): mobile1: VISIBLE sig=2130837711 act=0 typ=2130837661
01-09 14:05:34.602 D/SignalClusterView(504): mobile2: VISIBLE sig=2130837717 act=0 typ=2130837661
01-09 14:05:34.602 D/SignalClusterView(504): wifi: VISIBLE sig=2130837743 act=2130837720
01-09 14:05:34.602 D/SignalClusterView(504): mobile1: VISIBLE sig=2130837711 act=0 typ=2130837661
01-09 14:05:34.602 D/SignalClusterView(504): mobile2: VISIBLE sig=2130837717 act=0 typ=2130837661
01-09 14:05:34.602 D/SignalClusterView(504): wifi: VISIBLE sig=2130837743 act=2130837720
01-09 14:05:34.602 D/SignalClusterView(504): mobile1: VISIBLE sig=2130837711 act=0 typ=2130837661
01-09 14:05:34.602 D/SignalClusterView(504): mobile2: VISIBLE sig=2130837717 act=0 typ=2130837661
01-09 14:05:34.602 D/StatusBar-NetworkControllerDS(504): changing data overlay icon id to 2130837720
01-09 14:05:36.602 W/SignalStrength(504): getGsmLevel. this.mGsmSignalBar=4, getGsmSignalStrength()== 12
01-09 14:05:36.602 W/SignalStrength(504): getGsmLevel=4
01-09 14:05:36.602 W/SignalStrength(504): getLevel=4 (SignalStrength: 12 255 -120 -160 -120 -1 -1 99 2147483647 -32767 2147483647 -32767 gsm|lte 4)
01-09 14:05:36.602 W/SignalStrength(504): getGsmLevel. this.mGsmSignalBar=4, getGsmSignalStrength()== 26
01-09 14:05:36.602 W/SignalStrength(504): getGsmLevel=4
01-09 14:05:36.602 W/SignalStrength(504): getLevel=4 (SignalStrength: 26 255 -120 -160 -120 -1 -1 99 2147483647 -32767 2147483647 -32767 gsm|lte 4)
01-09 14:05:36.602 D/StatusBar-NetworkControllerDS(504): refreshViews connected={ wifi } level=4|4 combinedSignalIconId=0x7f0200ef/com.android.systemui:drawable/stat_sys_wifi_signal_4 combinedActivityIconId=0x7f0200d9 mAirplaneMode=false mDataActivity1=0 mDataActivity2=0 mPhoneSignalIconId1=0x7f0200cf mPhoneSignalIconId2=0x7f0200d5 mLastPhoneSignalIconId1=0x7f0200cf mLastPhoneSignalIconId2=0x7f0200d5 mDataDirectionIconId1=0x0 mDataDirectionIconId2=0x0 mDataSignalIconId1=0x7f0200cf mDataSignalIconId2=0x7f0200d5 mDataTypeIconId1=0x7f02009d mDataTypeIconId2=0x7f02009d mWifiIconId=0x7f0200ef mRoamingIconId1=0x0 mRoamingIconId2=0x0 mBluetoothTetherIconId=0x10806ce
01-09 14:05:36.602 D/SignalClusterView(504): wifi: VISIBLE sig=2130837743 act=2130837721
01-09 14:05:36.602 D/SignalClusterView(504): mobile1: VISIBLE sig=2130837711 act=0 typ=2130837661
01-09 14:05:36.602 D/SignalClusterView(504): mobile2: VISIBLE sig=2130837717 act=0 typ=2130837661
01-09 14:05:36.602 D/SignalClusterView(504): wifi: VISIBLE sig=2130837743 act=2130837721
01-09 14:05:36.602 D/SignalClusterView(504): mobile1: VISIBLE sig=2130837711 act=0 typ=2130837661
01-09 14:05:36.602 D/SignalClusterView(504): mobile2: VISIBLE sig=2130837717 act=0 typ=2130837661
01-09 14:05:36.602 D/SignalClusterView(504): wifi: VISIBLE sig=2130837743 act=2130837721
01-09 14:05:36.602 D/SignalClusterView(504): mobile1: VISIBLE sig=2130837711 act=0 typ=2130837661
01-09 14:05:36.602 D/SignalClusterView(504): mobile2: VISIBLE sig=2130837717 act=0 typ=2130837661
01-09 14:05:36.602 D/StatusBar-NetworkControllerDS(504): changing data overlay icon id to 2130837721
01-09 14:05:37.592 I/NRFW    (1283): profile=wifi
01-09 14:05:37.632 D/ConnectivityService(378): reportNetworkCondition(1, 100)
01-09 14:05:37.632 D/ConnectivityService(378): handleInetConditionChange: net=1, condition=100,mActiveDefaultNetwork=1
01-09 14:05:37.632 D/ConnectivityService(378): handleInetConditionChange: starting a change hold
01-09 14:05:37.632 W/AlarmManager(378): FACTORY_ON= 0
01-09 14:05:37.672 V/Babel   (21305): [GcmIntentService] ReceiveServerUpdateService will handle all server updates.
01-09 14:05:37.942 D/ConnectivityService(378): reportNetworkCondition(1, 100)
01-09 14:05:37.942 D/ConnectivityService(378): handleInetConditionChange: net=1, condition=100,mActiveDefaultNetwork=1
01-09 14:05:37.942 D/ConnectivityService(378): handleInetConditionChange: currently in hold - not setting new end evt
01-09 14:05:37.942 W/AlarmManager(378): FACTORY_ON= 0
01-09 14:05:37.982 V/Babel   (21305): [GcmIntentService] ReceiveServerUpdateService will handle all server updates.
01-09 14:05:38.142 W/SignalStrength(504): getGsmLevel. this.mGsmSignalBar=4, getGsmSignalStrength()== 12
01-09 14:05:38.142 W/SignalStrength(504): getGsmLevel=4
01-09 14:05:38.142 W/SignalStrength(504): getLevel=4 (SignalStrength: 12 255 -120 -160 -120 -1 -1 99 2147483647 -32767 2147483647 -32767 gsm|lte 4)
01-09 14:05:38.142 W/SignalStrength(504): getGsmLevel. this.mGsmSignalBar=4, getGsmSignalStrength()== 26
01-09 14:05:38.142 W/SignalStrength(504): getGsmLevel=4
01-09 14:05:38.142 W/SignalStrength(504): getLevel=4 (SignalStrength: 26 255 -120 -160 -120 -1 -1 99 2147483647 -32767 2147483647 -32767 gsm|lte 4)
01-09 14:05:38.142 W/SignalStrength(504): getGsmLevel. this.mGsmSignalBar=4, getGsmSignalStrength()== 12
01-09 14:05:38.142 W/SignalStrength(504): getGsmLevel=4
01-09 14:05:38.142 W/SignalStrength(504): getLevel=4 (SignalStrength: 12 255 -120 -160 -120 -1 -1 99 2147483647 -32767 2147483647 -32767 gsm|lte 4)
01-09 14:05:38.142 W/SignalStrength(504): getGsmLevel. this.mGsmSignalBar=4, getGsmSignalStrength()== 26
01-09 14:05:38.142 W/SignalStrength(504): getGsmLevel=4
01-09 14:05:38.142 W/SignalStrength(504): getLevel=4 (SignalStrength: 26 255 -120 -160 -120 -1 -1 99 2147483647 -32767 2147483647 -32767 gsm|lte 4)
01-09 14:05:38.142 D/ConnectivityService(378): handleInetConditionHoldEnd: net=1, condition=100, published condition=100
01-09 14:05:38.142 D/ConnectivityService(378): sendStickyBroadcast: action=android.net.conn.INET_CONDITION_ACTION
01-09 14:05:38.142 D/TWStatusBar-NetworkControllerDS(504): onReceive() - CONNECTIVITY_ACTION, INET_CONDITION_ACTION
01-09 14:05:38.142 D/StatusBar-NetworkControllerDS(504): isDualSIM : SimState = 2, SimState2 = 2
01-09 14:05:38.142 D/StatusBar-NetworkControllerDS(504): isDualSIM : SimState = 2, SimState2 = 2
01-09 14:05:38.142 D/StatusBar-NetworkControllerDS(504): isDualSIM : SimState = 2, SimState2 = 2
01-09 14:05:38.142 D/StatusBar-NetworkControllerDS(504): isDualSIM : SimState = 2, SimState2 = 2
01-09 14:05:38.142 D/StatusBar-NetworkControllerDS(504): refreshViews connected={ wifi } level=4|4 combinedSignalIconId=0x7f0200ef/com.android.systemui:drawable/stat_sys_wifi_signal_4 combinedActivityIconId=0x7f0200d9 mAirplaneMode=false mDataActivity1=0 mDataActivity2=0 mPhoneSignalIconId1=0x7f0200cf mPhoneSignalIconId2=0x7f0200d5 mLastPhoneSignalIconId1=0x7f0200cf mLastPhoneSignalIconId2=0x7f0200d5 mDataDirectionIconId1=0x0 mDataDirectionIconId2=0x0 mDataSignalIconId1=0x7f0200cf mDataSignalIconId2=0x7f0200d5 mDataTypeIconId1=0x7f02009d mDataTypeIconId2=0x7f02009d mWifiIconId=0x7f0200ef mRoamingIconId1=0x0 mRoamingIconId2=0x0 mBluetoothTetherIconId=0x10806ce
01-09 14:05:38.142 D/SignalClusterView(504): wifi: VISIBLE sig=2130837743 act=2130837721
01-09 14:05:38.142 D/SignalClusterView(504): mobile1: VISIBLE sig=2130837711 act=0 typ=2130837661
01-09 14:05:38.142 D/SignalClusterView(504): mobile2: VISIBLE sig=2130837717 act=0 typ=2130837661
01-09 14:05:38.142 D/SignalClusterView(504): wifi: VISIBLE sig=2130837743 act=2130837721
01-09 14:05:38.142 D/SignalClusterView(504): mobile1: VISIBLE sig=2130837711 act=0 typ=2130837661
01-09 14:05:38.142 D/SignalClusterView(504): mobile2: VISIBLE sig=2130837717 act=0 typ=2130837661
01-09 14:05:38.142 D/SignalClusterView(504): wifi: VISIBLE sig=2130837743 act=2130837721
01-09 14:05:38.142 D/SignalClusterView(504): mobile1: VISIBLE sig=2130837711 act=0 typ=2130837661
01-09 14:05:38.142 D/SignalClusterView(504): mobile2: VISIBLE sig=2130837717 act=0 typ=2130837661
01-09 14:05:39.642 D/BatteryService(378): update start
01-09 14:05:39.652 D/KeyguardUpdateMonitor(378): received broadcast android.intent.action.BATTERY_CHANGED
01-09 14:05:39.652 D/KeyguardUpdateMonitor(378): handleBatteryUpdate
01-09 14:05:39.652 D/BatteryService(378): level:46 scale:100 status:3 health:2 present:true voltage: 3781 temperature: 240 technology: Li-ion AC powered:false USB powered:false icon:17303167 invalid charger:0
01-09 14:05:39.652 D/ThermistorObserver(378): mBatteryBRForAMOLED : onReceive() : newTemperature : 240
01-09 14:05:39.652 V/UiModeManager(378): updateLocked, mLastBroadcastState =0 , oldAction = null
01-09 14:05:39.652 D/STATUSBAR-BatteryController(504): onReceive() - ACTION_BATTERY_CHANGED
01-09 14:05:39.652 D/STATUSBAR-BatteryController(504): onReceive() - level:46
01-09 14:05:39.652 D/STATUSBAR-BatteryController(504): onReceive() - plugged:0
01-09 14:05:39.652 D/STATUSBAR-BatteryController(504): onReceive() - BATTERY_STATUS_DISCHARGING: stat_sys_battery
01-09 14:05:39.652 D/STATUSBAR-PhoneStatusBar(504): ACTION_BATTERY_CHANGED
01-09 14:05:39.652 D/STATUSBAR-PhoneStatusBar(504): NORMAL_BATTERY
01-09 14:05:39.652 D/PowerUI (504): getBatteryOnline : battery online file not found
01-09 14:05:40.602 W/SignalStrength(504): getGsmLevel. this.mGsmSignalBar=4, getGsmSignalStrength()== 12
01-09 14:05:40.602 W/SignalStrength(504): getGsmLevel=4
01-09 14:05:40.602 W/SignalStrength(504): getLevel=4 (SignalStrength: 12 255 -120 -160 -120 -1 -1 99 2147483647 -32767 2147483647 -32767 gsm|lte 4)
01-09 14:05:40.602 W/SignalStrength(504): getGsmLevel. this.mGsmSignalBar=4, getGsmSignalStrength()== 26
01-09 14:05:40.602 W/SignalStrength(504): getGsmLevel=4
01-09 14:05:40.602 W/SignalStrength(504): getLevel=4 (SignalStrength: 26 255 -120 -160 -120 -1 -1 99 2147483647 -32767 2147483647 -32767 gsm|lte 4)
01-09 14:05:40.602 D/StatusBar-NetworkControllerDS(504): refreshViews connected={ wifi } level=4|4 combinedSignalIconId=0x7f0200ef/com.android.systemui:drawable/stat_sys_wifi_signal_4 combinedActivityIconId=0x7f0200d8 mAirplaneMode=false mDataActivity1=0 mDataActivity2=0 mPhoneSignalIconId1=0x7f0200cf mPhoneSignalIconId2=0x7f0200d5 mLastPhoneSignalIconId1=0x7f0200cf mLastPhoneSignalIconId2=0x7f0200d5 mDataDirectionIconId1=0x0 mDataDirectionIconId2=0x0 mDataSignalIconId1=0x7f0200cf mDataSignalIconId2=0x7f0200d5 mDataTypeIconId1=0x7f02009d mDataTypeIconId2=0x7f02009d mWifiIconId=0x7f0200ef mRoamingIconId1=0x0 mRoamingIconId2=0x0 mBluetoothTetherIconId=0x10806ce
01-09 14:05:40.612 D/SignalClusterView(504): wifi: VISIBLE sig=2130837743 act=2130837720
01-09 14:05:40.612 D/SignalClusterView(504): mobile1: VISIBLE sig=2130837711 act=0 typ=2130837661
01-09 14:05:40.612 D/SignalClusterView(504): mobile2: VISIBLE sig=2130837717 act=0 typ=2130837661
01-09 14:05:40.612 D/SignalClusterView(504): wifi: VISIBLE sig=2130837743 act=2130837720
01-09 14:05:40.612 D/SignalClusterView(504): mobile1: VISIBLE sig=2130837711 act=0 typ=2130837661
01-09 14:05:40.612 D/SignalClusterView(504): mobile2: VISIBLE sig=2130837717 act=0 typ=2130837661
01-09 14:05:40.612 D/SignalClusterView(504): wifi: VISIBLE sig=2130837743 act=2130837720
01-09 14:05:40.612 D/SignalClusterView(504): mobile1: VISIBLE sig=2130837711 act=0 typ=2130837661
01-09 14:05:40.612 D/SignalClusterView(504): mobile2: VISIBLE sig=2130837717 act=0 typ=2130837661
01-09 14:05:40.612 D/StatusBar-NetworkControllerDS(504): changing data overlay icon id to 2130837720
01-09 14:05:42.512 I/NRFW    (1283): profile=wifi
01-09 14:05:42.532 D/ConnectivityService(378): reportNetworkCondition(1, 100)
01-09 14:05:42.532 D/ConnectivityService(378): handleInetConditionChange: net=1, condition=100,mActiveDefaultNetwork=1
01-09 14:05:42.532 D/ConnectivityService(378): handleInetConditionChange: starting a change hold
01-09 14:05:42.532 W/AlarmManager(378): FACTORY_ON= 0
01-09 14:05:42.572 V/Babel   (21305): [GcmIntentService] ReceiveServerUpdateService will handle all server updates.
01-09 14:05:42.612 W/SignalStrength(504): getGsmLevel. this.mGsmSignalBar=4, getGsmSignalStrength()== 12
01-09 14:05:42.612 W/SignalStrength(504): getGsmLevel=4
01-09 14:05:42.612 W/SignalStrength(504): getLevel=4 (SignalStrength: 12 255 -120 -160 -120 -1 -1 99 2147483647 -32767 2147483647 -32767 gsm|lte 4)
01-09 14:05:42.612 W/SignalStrength(504): getGsmLevel. this.mGsmSignalBar=4, getGsmSignalStrength()== 26
01-09 14:05:42.612 W/SignalStrength(504): getGsmLevel=4
01-09 14:05:42.612 W/SignalStrength(504): getLevel=4 (SignalStrength: 26 255 -120 -160 -120 -1 -1 99 2147483647 -32767 2147483647 -32767 gsm|lte 4)
01-09 14:05:42.612 D/StatusBar-NetworkControllerDS(504): refreshViews connected={ wifi } level=4|4 combinedSignalIconId=0x7f0200ef/com.android.systemui:drawable/stat_sys_wifi_signal_4 combinedActivityIconId=0x7f0200d9 mAirplaneMode=false mDataActivity1=0 mDataActivity2=0 mPhoneSignalIconId1=0x7f0200cf mPhoneSignalIconId2=0x7f0200d5 mLastPhoneSignalIconId1=0x7f0200cf mLastPhoneSignalIconId2=0x7f0200d5 mDataDirectionIconId1=0x0 mDataDirectionIconId2=0x0 mDataSignalIconId1=0x7f0200cf mDataSignalIconId2=0x7f0200d5 mDataTypeIconId1=0x7f02009d mDataTypeIconId2=0x7f02009d mWifiIconId=0x7f0200ef mRoamingIconId1=0x0 mRoamingIconId2=0x0 mBluetoothTetherIconId=0x10806ce
01-09 14:05:42.612 D/SignalClusterView(504): wifi: VISIBLE sig=2130837743 act=2130837721
01-09 14:05:42.612 D/SignalClusterView(504): mobile1: VISIBLE sig=2130837711 act=0 typ=2130837661
01-09 14:05:42.612 D/SignalClusterView(504): mobile2: VISIBLE sig=2130837717 act=0 typ=2130837661
01-09 14:05:42.612 D/SignalClusterView(504): wifi: VISIBLE sig=2130837743 act=2130837721
01-09 14:05:42.612 D/SignalClusterView(504): mobile1: VISIBLE sig=2130837711 act=0 typ=2130837661
01-09 14:05:42.612 D/SignalClusterView(504): mobile2: VISIBLE sig=2130837717 act=0 typ=2130837661
01-09 14:05:42.612 D/SignalClusterView(504): wifi: VISIBLE sig=2130837743 act=2130837721
01-09 14:05:42.612 D/SignalClusterView(504): mobile1: VISIBLE sig=2130837711 act=0 typ=2130837661
01-09 14:05:42.612 D/SignalClusterView(504): mobile2: VISIBLE sig=2130837717 act=0 typ=2130837661
01-09 14:05:42.612 D/StatusBar-NetworkControllerDS(504): changing data overlay icon id to 2130837721
01-09 14:05:43.032 D/ConnectivityService(378): handleInetConditionHoldEnd: net=1, condition=100, published condition=100
01-09 14:05:43.032 D/ConnectivityService(378): sendStickyBroadcast: action=android.net.conn.INET_CONDITION_ACTION
01-09 14:05:43.042 W/SignalStrength(504): getGsmLevel. this.mGsmSignalBar=4, getGsmSignalStrength()== 12
01-09 14:05:43.042 W/SignalStrength(504): getGsmLevel=4
01-09 14:05:43.042 W/SignalStrength(504): getLevel=4 (SignalStrength: 12 255 -120 -160 -120 -1 -1 99 2147483647 -32767 2147483647 -32767 gsm|lte 4)
01-09 14:05:43.042 W/SignalStrength(504): getGsmLevel. this.mGsmSignalBar=4, getGsmSignalStrength()== 26
01-09 14:05:43.042 W/SignalStrength(504): getGsmLevel=4
01-09 14:05:43.042 W/SignalStrength(504): getLevel=4 (SignalStrength: 26 255 -120 -160 -120 -1 -1 99 2147483647 -32767 2147483647 -32767 gsm|lte 4)
01-09 14:05:43.042 W/SignalStrength(504): getGsmLevel. this.mGsmSignalBar=4, getGsmSignalStrength()== 12
01-09 14:05:43.042 W/SignalStrength(504): getGsmLevel=4
01-09 14:05:43.042 W/SignalStrength(504): getLevel=4 (SignalStrength: 12 255 -120 -160 -120 -1 -1 99 2147483647 -32767 2147483647 -32767 gsm|lte 4)
01-09 14:05:43.042 W/SignalStrength(504): getGsmLevel. this.mGsmSignalBar=4, getGsmSignalStrength()== 26
01-09 14:05:43.042 W/SignalStrength(504): getGsmLevel=4
01-09 14:05:43.042 W/SignalStrength(504): getLevel=4 (SignalStrength: 26 255 -120 -160 -120 -1 -1 99 2147483647 -32767 2147483647 -32767 gsm|lte 4)
01-09 14:05:43.042 D/TWStatusBar-NetworkControllerDS(504): onReceive() - CONNECTIVITY_ACTION, INET_CONDITION_ACTION
01-09 14:05:43.042 D/StatusBar-NetworkControllerDS(504): isDualSIM : SimState = 2, SimState2 = 2
01-09 14:05:43.042 D/StatusBar-NetworkControllerDS(504): isDualSIM : SimState = 2, SimState2 = 2
01-09 14:05:43.042 D/StatusBar-NetworkControllerDS(504): isDualSIM : SimState = 2, SimState2 = 2
01-09 14:05:43.042 D/StatusBar-NetworkControllerDS(504): isDualSIM : SimState = 2, SimState2 = 2
01-09 14:05:43.052 D/StatusBar-NetworkControllerDS(504): refreshViews connected={ wifi } level=4|4 combinedSignalIconId=0x7f0200ef/com.android.systemui:drawable/stat_sys_wifi_signal_4 combinedActivityIconId=0x7f0200d9 mAirplaneMode=false mDataActivity1=0 mDataActivity2=0 mPhoneSignalIconId1=0x7f0200cf mPhoneSignalIconId2=0x7f0200d5 mLastPhoneSignalIconId1=0x7f0200cf mLastPhoneSignalIconId2=0x7f0200d5 mDataDirectionIconId1=0x0 mDataDirectionIconId2=0x0 mDataSignalIconId1=0x7f0200cf mDataSignalIconId2=0x7f0200d5 mDataTypeIconId1=0x7f02009d mDataTypeIconId2=0x7f02009d mWifiIconId=0x7f0200ef mRoamingIconId1=0x0 mRoamingIconId2=0x0 mBluetoothTetherIconId=0x10806ce
01-09 14:05:43.052 D/SignalClusterView(504): wifi: VISIBLE sig=2130837743 act=2130837721
01-09 14:05:43.052 D/SignalClusterView(504): mobile1: VISIBLE sig=2130837711 act=0 typ=2130837661
01-09 14:05:43.052 D/SignalClusterView(504): mobile2: VISIBLE sig=2130837717 act=0 typ=2130837661
01-09 14:05:43.052 D/SignalClusterView(504): wifi: VISIBLE sig=2130837743 act=2130837721
01-09 14:05:43.052 D/SignalClusterView(504): mobile1: VISIBLE sig=2130837711 act=0 typ=2130837661
01-09 14:05:43.052 D/SignalClusterView(504): mobile2: VISIBLE sig=2130837717 act=0 typ=2130837661
01-09 14:05:43.052 D/SignalClusterView(504): wifi: VISIBLE sig=2130837743 act=2130837721
01-09 14:05:43.052 D/SignalClusterView(504): mobile1: VISIBLE sig=2130837711 act=0 typ=2130837661
01-09 14:05:43.052 D/SignalClusterView(504): mobile2: VISIBLE sig=2130837717 act=0 typ=2130837661
01-09 14:05:43.612 W/SignalStrength(504): getGsmLevel. this.mGsmSignalBar=4, getGsmSignalStrength()== 12
01-09 14:05:43.612 W/SignalStrength(504): getGsmLevel=4
01-09 14:05:43.612 W/SignalStrength(504): getLevel=4 (SignalStrength: 12 255 -120 -160 -120 -1 -1 99 2147483647 -32767 2147483647 -32767 gsm|lte 4)
01-09 14:05:43.612 W/SignalStrength(504): getGsmLevel. this.mGsmSignalBar=4, getGsmSignalStrength()== 26
01-09 14:05:43.612 W/SignalStrength(504): getGsmLevel=4
01-09 14:05:43.612 W/SignalStrength(504): getLevel=4 (SignalStrength: 26 255 -120 -160 -120 -1 -1 99 2147483647 -32767 2147483647 -32767 gsm|lte 4)
01-09 14:05:43.612 D/StatusBar-NetworkControllerDS(504): refreshViews connected={ wifi } level=4|4 combinedSignalIconId=0x7f0200ef/com.android.systemui:drawable/stat_sys_wifi_signal_4 combinedActivityIconId=0x7f0200d8 mAirplaneMode=false mDataActivity1=0 mDataActivity2=0 mPhoneSignalIconId1=0x7f0200cf mPhoneSignalIconId2=0x7f0200d5 mLastPhoneSignalIconId1=0x7f0200cf mLastPhoneSignalIconId2=0x7f0200d5 mDataDirectionIconId1=0x0 mDataDirectionIconId2=0x0 mDataSignalIconId1=0x7f0200cf mDataSignalIconId2=0x7f0200d5 mDataTypeIconId1=0x7f02009d mDataTypeIconId2=0x7f02009d mWifiIconId=0x7f0200ef mRoamingIconId1=0x0 mRoamingIconId2=0x0 mBluetoothTetherIconId=0x10806ce
01-09 14:05:43.612 D/SignalClusterView(504): wifi: VISIBLE sig=2130837743 act=2130837720
01-09 14:05:43.612 D/SignalClusterView(504): mobile1: VISIBLE sig=2130837711 act=0 typ=2130837661
01-09 14:05:43.622 D/SignalClusterView(504): mobile2: VISIBLE sig=2130837717 act=0 typ=2130837661
01-09 14:05:43.622 D/SignalClusterView(504): wifi: VISIBLE sig=2130837743 act=2130837720
01-09 14:05:43.622 D/SignalClusterView(504): mobile1: VISIBLE sig=2130837711 act=0 typ=2130837661
01-09 14:05:43.622 D/SignalClusterView(504): mobile2: VISIBLE sig=2130837717 act=0 typ=2130837661
01-09 14:05:43.622 D/SignalClusterView(504): wifi: VISIBLE sig=2130837743 act=2130837720
01-09 14:05:43.622 D/SignalClusterView(504): mobile1: VISIBLE sig=2130837711 act=0 typ=2130837661
01-09 14:05:43.622 D/SignalClusterView(504): mobile2: VISIBLE sig=2130837717 act=0 typ=2130837661
01-09 14:05:43.622 D/StatusBar-NetworkControllerDS(504): changing data overlay icon id to 2130837720
01-09 14:05:43.742 I/NRFW    (1283): serverip=103.235.47.88 localIp=10.0.8.1
01-09 14:05:45.632 W/SignalStrength(504): getGsmLevel. this.mGsmSignalBar=4, getGsmSignalStrength()== 12
01-09 14:05:45.632 W/SignalStrength(504): getGsmLevel=4
01-09 14:05:45.632 W/SignalStrength(504): getLevel=4 (SignalStrength: 12 255 -120 -160 -120 -1 -1 99 2147483647 -32767 2147483647 -32767 gsm|lte 4)
01-09 14:05:45.632 W/SignalStrength(504): getGsmLevel. this.mGsmSignalBar=4, getGsmSignalStrength()== 26
01-09 14:05:45.632 W/SignalStrength(504): getGsmLevel=4
01-09 14:05:45.632 W/SignalStrength(504): getLevel=4 (SignalStrength: 26 255 -120 -160 -120 -1 -1 99 2147483647 -32767 2147483647 -32767 gsm|lte 4)
01-09 14:05:45.632 D/StatusBar-NetworkControllerDS(504): refreshViews connected={ wifi } level=4|4 combinedSignalIconId=0x7f0200ef/com.android.systemui:drawable/stat_sys_wifi_signal_4 combinedActivityIconId=0x7f0200d9 mAirplaneMode=false mDataActivity1=0 mDataActivity2=0 mPhoneSignalIconId1=0x7f0200cf mPhoneSignalIconId2=0x7f0200d5 mLastPhoneSignalIconId1=0x7f0200cf mLastPhoneSignalIconId2=0x7f0200d5 mDataDirectionIconId1=0x0 mDataDirectionIconId2=0x0 mDataSignalIconId1=0x7f0200cf mDataSignalIconId2=0x7f0200d5 mDataTypeIconId1=0x7f02009d mDataTypeIconId2=0x7f02009d mWifiIconId=0x7f0200ef mRoamingIconId1=0x0 mRoamingIconId2=0x0 mBluetoothTetherIconId=0x10806ce
01-09 14:05:45.632 D/SignalClusterView(504): wifi: VISIBLE sig=2130837743 act=2130837721
01-09 14:05:45.632 D/SignalClusterView(504): mobile1: VISIBLE sig=2130837711 act=0 typ=2130837661
01-09 14:05:45.632 D/SignalClusterView(504): mobile2: VISIBLE sig=2130837717 act=0 typ=2130837661
01-09 14:05:45.632 D/SignalClusterView(504): wifi: VISIBLE sig=2130837743 act=2130837721
01-09 14:05:45.632 D/SignalClusterView(504): mobile1: VISIBLE sig=2130837711 act=0 typ=2130837661
01-09 14:05:45.632 D/SignalClusterView(504): mobile2: VISIBLE sig=2130837717 act=0 typ=2130837661
01-09 14:05:45.632 D/SignalClusterView(504): wifi: VISIBLE sig=2130837743 act=2130837721
01-09 14:05:45.632 D/SignalClusterView(504): mobile1: VISIBLE sig=2130837711 act=0 typ=2130837661
