01-09 14:04:21.002 W/SignalStrength(504): getGsmLevel. this.mGsmSignalBar=4, getGsmSignalStrength()== 26
01-09 14:04:21.002 W/SignalStrength(504): getGsmLevel=4
01-09 14:04:21.002 W/SignalStrength(504): getLevel=4 (SignalStrength: 26 255 -120 -160 -120 -1 -1 99 2147483647 -32767 2147483647 -32767 gsm|lte 4)
01-09 14:04:21.002 W/SignalStrength(504): getGsmLevel. this.mGsmSignalBar=4, getGsmSignalStrength()== 12
01-09 14:04:21.002 W/SignalStrength(504): getGsmLevel=4
01-09 14:04:21.002 W/SignalStrength(504): getLevel=4 (SignalStrength: 12 255 -120 -160 -120 -1 -1 99 2147483647 -32767 2147483647 -32767 gsm|lte 4)
01-09 14:04:21.002 W/SignalStrength(504): getGsmLevel. this.mGsmSignalBar=4, getGsmSignalStrength()== 26
01-09 14:04:21.002 W/SignalStrength(504): getGsmLevel=4
01-09 14:04:21.002 W/SignalStrength(504): getLevel=4 (SignalStrength: 26 255 -120 -160 -120 -1 -1 99 2147483647 -32767 2147483647 -32767 gsm|lte 4)
01-09 14:04:21.862 D/plugin  (689): getDefaultSubscription()
01-09 14:04:22.332 W/Babel_db(21305): Unexpected update type from babel server class dnj
01-09 14:04:22.532 V/MediaPlayer(21305): constructor
01-09 14:04:22.532 V/MediaPlayer(21305): setListener
01-09 14:04:22.532 V/MediaPlayer(21305): constructor
01-09 14:04:22.532 V/MediaPlayer(21305): setListener
01-09 14:04:22.532 I/MediaPlayer(21305): path is null
01-09 14:04:22.542 V/MediaPlayer(21305): setDataSource(239, 13512616, 30056)
01-09 14:04:22.542 V/Babel   (21305): [GcmIntentService] ReceiveServerUpdateService will handle all server updates.
01-09 14:04:22.552 V/MediaPlayerService(113): Client(823) constructor
01-09 14:04:22.552 V/MediaPlayerService(113): Create new client(823) from pid 21305, uid 10089, 
01-09 14:04:22.572 V/MediaPlayerService(113): setDataSource fd=51, offset=13512616, length=30056
01-09 14:04:22.572 V/MediaPlayerService(113): st_dev  = 45849
01-09 14:04:22.572 V/MediaPlayerService(113): st_mode = 33188
01-09 14:04:22.572 V/MediaPlayerService(113): st_uid  = 1000
01-09 14:04:22.572 V/MediaPlayerService(113): st_gid  = 1000
01-09 14:04:22.572 V/MediaPlayerService(113): st_size = 25944922
01-09 14:04:22.572 V/MediaPlayerService(113): player type = 3
01-09 14:04:22.572 V/MediaPlayerService(113):  create StagefrightPlayer
01-09 14:04:22.602 V/AwesomePlayer(113): setDefault
01-09 14:04:22.602 V/AwesomePlayer(113): constructor
01-09 14:04:22.612 V/AwesomePlayer(113): setDefault
01-09 14:04:22.612 I/AwesomePlayer(113): reset
01-09 14:04:22.612 V/AwesomePlayer(113): reset_l() cancel player events
01-09 14:04:22.612 V/AwesomePlayer(113): cancelPlayerEvents (keepNotifications=0)
01-09 14:04:22.612 V/AwesomePlayer(113): mAudioTrackVector clear
01-09 14:04:22.612 V/AwesomePlayer(113): mAudioPlayer successfully deleted
01-09 14:04:22.612 V/AwesomePlayer(113): setListener
01-09 14:04:22.612 V/AwesomePlayer(113): AwesomePlayer running on behalf of uid 10089
01-09 14:04:22.612 V/AudioSink(113): AudioOutput(837)
01-09 14:04:22.612 V/AwesomePlayer(113): setAudioSink
01-09 14:04:22.612 V/AwesomePlayer(113): setDataSource fd
01-09 14:04:22.612 V/AwesomePlayer(113): reset_l() cancel player events
01-09 14:04:22.612 V/AwesomePlayer(113): cancelPlayerEvents (keepNotifications=0)
01-09 14:04:22.612 V/AwesomePlayer(113): mAudioTrackVector clear
01-09 14:04:22.612 V/AwesomePlayer(113): mAudioPlayer successfully deleted
01-09 14:04:22.612 V/MediaExtractor(113): Autodetected media content as 'application/ogg' with confidence 0.20
01-09 14:04:22.632 V/AwesomePlayer(113): track of type 'audio/vorbis' does not publish bitrate
01-09 14:04:22.632 V/AwesomePlayer(113): mBitrate = -1 bits/sec
01-09 14:04:22.632 V/AwesomePlayer(113): current audio track (0)
01-09 14:04:22.632 V/AwesomePlayer(113): setAudioSource
01-09 14:04:22.632 V/AwesomePlayer(113): current audio track (0) is added to vector[0]
01-09 14:04:22.632 V/MediaPlayer(21305): MediaPlayer::setAudioStreamType
01-09 14:04:22.632 V/MediaPlayer(21305): setVideoSurfaceTexture
01-09 14:04:22.652 V/MediaPlayerService(113): [823] setVideoSurfaceTexture(0x0)
01-09 14:04:22.652 V/MediaPlayer(21305): prepare
01-09 14:04:22.652 V/MediaPlayerService(113): [823] setAudioStreamType(2)
01-09 14:04:22.652 V/MediaPlayerService(113): [823] prepareAsync
01-09 14:04:22.652 V/AwesomePlayer(113): prepareAsync
01-09 14:04:22.652 V/AwesomePlayer(113): onPrepareAsyncEvent
01-09 14:04:22.652 V/AwesomePlayer(113): initAudioDecoder
01-09 14:04:22.652 W/OMXCodec(113): OMXCodec::Create matchComponentName ((null)), flags (0x0), createEncoder (0), mime (audio/vorbis)
01-09 14:04:22.652 W/OMXCodec(113): Attempting to allocate OMX node 'OMX.google.vorbis.decoder'
01-09 14:04:22.652 E/OMXCodec(113): Successfully allocated OMX node 'OMX.google.vorbis.decoder'
01-09 14:04:22.652 D/OMXCodec(113): configureCodec protected=0
01-09 14:04:22.662 V/AwesomePlayer(113): finishAsyncPrepare_l
01-09 14:04:22.662 V/AwesomePlayer(113): notifyListner_l() msg (5-MEDIA_SET_VIDEO_SIZE), ext1 (0), ext2 (0)
01-09 14:04:22.662 V/MediaPlayerService(113): [823] notify (0x14ad430, 5, 0, 0)
01-09 14:04:22.672 V/AwesomePlayer(113): notifyListner_l() msg (1-MEDIA_PREPARED), ext1 (0), ext2 (0)
01-09 14:04:22.672 V/MediaPlayerService(113): [823] notify (0x14ad430, 1, 0, 0)
01-09 14:04:22.672 V/MediaPlayer(21305): message received msg=5, ext1=0, ext2=0
01-09 14:04:22.672 V/MediaPlayer(21305): New video size 0 x 0
01-09 14:04:22.672 V/MediaPlayer(21305): callback application
01-09 14:04:22.672 V/MediaPlayer(21305): back from callback
01-09 14:04:22.672 V/MediaPlayer(21305): message received msg=1, ext1=0, ext2=0
01-09 14:04:22.672 V/MediaPlayer(21305): prepared
01-09 14:04:22.672 V/MediaPlayer(21305): signal application thread
01-09 14:04:22.672 V/MediaPlayer(21305): callback application
01-09 14:04:22.672 V/MediaPlayer(21305): back from callback
01-09 14:04:22.672 V/MediaPlayer(21305): prepare complete - status=0
01-09 14:04:22.712 V/MediaPlayer(21305): reset
01-09 14:04:22.712 I/MediaPlayer(21305): path is null
01-09 14:04:22.742 V/MediaPlayer(21305): setDataSource(233, 13512616, 30056)
01-09 14:04:22.752 V/MediaPlayerService(113): Client(824) constructor
01-09 14:04:22.752 V/MediaPlayerService(113): Create new client(824) from pid 21305, uid 10089, 
01-09 14:04:22.772 V/MediaPlayerService(113): setDataSource fd=58, offset=13512616, length=30056
01-09 14:04:22.772 V/MediaPlayerService(113): st_dev  = 45849
01-09 14:04:22.772 V/MediaPlayerService(113): st_mode = 33188
01-09 14:04:22.772 V/MediaPlayerService(113): st_uid  = 1000
01-09 14:04:22.772 V/MediaPlayerService(113): st_gid  = 1000
01-09 14:04:22.772 V/MediaPlayerService(113): st_size = 25944922
01-09 14:04:22.772 V/MediaPlayerService(113): player type = 3
01-09 14:04:22.772 V/MediaPlayerService(113):  create StagefrightPlayer
01-09 14:04:22.772 V/AwesomePlayer(113): setDefault
01-09 14:04:22.772 V/AwesomePlayer(113): constructor
01-09 14:04:22.772 V/AwesomePlayer(113): setDefault
01-09 14:04:22.772 I/AwesomePlayer(113): reset
01-09 14:04:22.772 V/AwesomePlayer(113): reset_l() cancel player events
01-09 14:04:22.772 V/AwesomePlayer(113): cancelPlayerEvents (keepNotifications=0)
01-09 14:04:22.772 V/AwesomePlayer(113): mAudioTrackVector clear
01-09 14:04:22.772 V/AwesomePlayer(113): mAudioPlayer successfully deleted
01-09 14:04:22.772 V/AwesomePlayer(113): setListener
01-09 14:04:22.772 V/AwesomePlayer(113): AwesomePlayer running on behalf of uid 10089
01-09 14:04:22.772 V/AudioSink(113): AudioOutput(836)
01-09 14:04:22.772 V/AwesomePlayer(113): setAudioSink
01-09 14:04:22.772 V/AwesomePlayer(113): setDataSource fd
01-09 14:04:22.772 V/AwesomePlayer(113): reset_l() cancel player events
01-09 14:04:22.772 V/AwesomePlayer(113): cancelPlayerEvents (keepNotifications=0)
01-09 14:04:22.772 V/AwesomePlayer(113): mAudioTrackVector clear
01-09 14:04:22.772 V/AwesomePlayer(113): mAudioPlayer successfully deleted
01-09 14:04:22.772 V/MediaExtractor(113): Autodetected media content as 'application/ogg' with confidence 0.20
01-09 14:04:22.782 V/AwesomePlayer(113): track of type 'audio/vorbis' does not publish bitrate
01-09 14:04:22.782 V/AwesomePlayer(113): mBitrate = -1 bits/sec
01-09 14:04:22.782 V/AwesomePlayer(113): current audio track (0)
01-09 14:04:22.782 V/AwesomePlayer(113): setAudioSource
01-09 14:04:22.782 V/AwesomePlayer(113): current audio track (0) is added to vector[0]
01-09 14:04:22.782 V/MediaPlayer(21305): setListener
01-09 14:04:22.782 V/MediaPlayer(21305): disconnect
01-09 14:04:22.792 V/MediaPlayerService(113): disconnect(824) from pid 21305
01-09 14:04:22.792 I/AwesomePlayer(113): reset
01-09 14:04:22.792 V/AwesomePlayer(113): reset_l() cancel player events
01-09 14:04:22.792 V/AwesomePlayer(113): cancelPlayerEvents (keepNotifications=0)
01-09 14:04:22.792 V/AwesomePlayer(113): mAudioTrackVector clear
01-09 14:04:22.792 V/AwesomePlayer(113): mAudioPlayer successfully deleted
01-09 14:04:22.792 I/AwesomePlayer(113): reset
01-09 14:04:22.792 V/AwesomePlayer(113): reset_l() cancel player events
01-09 14:04:22.792 V/AwesomePlayer(113): cancelPlayerEvents (keepNotifications=0)
01-09 14:04:22.792 V/AwesomePlayer(113): mAudioTrackVector clear
01-09 14:04:22.792 V/AwesomePlayer(113): mAudioPlayer successfully deleted
01-09 14:04:22.792 V/AwesomePlayer(113): destructor
01-09 14:04:22.792 I/AwesomePlayer(113): reset
01-09 14:04:22.792 V/AwesomePlayer(113): reset_l() cancel player events
01-09 14:04:22.792 V/AwesomePlayer(113): cancelPlayerEvents (keepNotifications=0)
01-09 14:04:22.792 V/AwesomePlayer(113): mAudioTrackVector clear
01-09 14:04:22.792 V/AwesomePlayer(113): mAudioPlayer successfully deleted
01-09 14:04:22.792 V/AwesomePlayer(113): ~AwesomePlayer()
01-09 14:04:22.802 V/MediaPlayer(21305): destructor
01-09 14:04:22.812 V/MediaPlayerService(113): Client(824) destructor pid = 21305
01-09 14:04:22.812 V/AudioSink(113): close
01-09 14:04:22.812 V/MediaPlayerService(113): disconnect(824) from pid 21305
01-09 14:04:22.812 V/MediaPlayer(21305): disconnect
01-09 14:04:22.862 W/SignalStrength(504): getGsmLevel. this.mGsmSignalBar=4, getGsmSignalStrength()== 12
01-09 14:04:22.862 W/SignalStrength(504): getGsmLevel=4
01-09 14:04:22.862 W/SignalStrength(504): getLevel=4 (SignalStrength: 12 255 -120 -160 -120 -1 -1 99 2147483647 -32767 2147483647 -32767 gsm|lte 4)
01-09 14:04:22.862 W/SignalStrength(504): getGsmLevel. this.mGsmSignalBar=4, getGsmSignalStrength()== 26
01-09 14:04:22.862 W/SignalStrength(504): getGsmLevel=4
01-09 14:04:22.862 W/SignalStrength(504): getLevel=4 (SignalStrength: 26 255 -120 -160 -120 -1 -1 99 2147483647 -32767 2147483647 -32767 gsm|lte 4)
01-09 14:04:22.862 W/SignalStrength(504): getGsmLevel. this.mGsmSignalBar=4, getGsmSignalStrength()== 12
01-09 14:04:22.862 W/SignalStrength(504): getGsmLevel=4
01-09 14:04:22.862 W/SignalStrength(504): getLevel=4 (SignalStrength: 12 255 -120 -160 -120 -1 -1 99 2147483647 -32767 2147483647 -32767 gsm|lte 4)
01-09 14:04:22.862 W/SignalStrength(504): getGsmLevel. this.mGsmSignalBar=4, getGsmSignalStrength()== 26
01-09 14:04:22.862 W/SignalStrength(504): getGsmLevel=4
01-09 14:04:22.862 W/SignalStrength(504): getLevel=4 (SignalStrength: 26 255 -120 -160 -120 -1 -1 99 2147483647 -32767 2147483647 -32767 gsm|lte 4)
01-09 14:04:23.122 W/SignalStrength(504): getGsmLevel. this.mGsmSignalBar=4, getGsmSignalStrength()== 12
01-09 14:04:23.122 W/SignalStrength(504): getGsmLevel=4
01-09 14:04:23.122 W/SignalStrength(504): getLevel=4 (SignalStrength: 12 255 -120 -160 -120 -1 -1 99 2147483647 -32767 2147483647 -32767 gsm|lte 4)
01-09 14:04:23.122 W/SignalStrength(504): getGsmLevel. this.mGsmSignalBar=4, getGsmSignalStrength()== 26
01-09 14:04:23.122 W/SignalStrength(504): getGsmLevel=4
01-09 14:04:23.122 W/SignalStrength(504): getLevel=4 (SignalStrength: 26 255 -120 -160 -120 -1 -1 99 2147483647 -32767 2147483647 -32767 gsm|lte 4)
01-09 14:04:23.422 D/ApplicationPolicy(378): isStatusBarNotificationAllowed: packageName = com.google.android.talk
01-09 14:04:23.602 D/KeyguardViewMediator(378): setHidden false
01-09 14:04:23.712 D/KeyguardViewMediator(378): setHidden false
01-09 14:04:24.142 W/SignalStrength(504): getGsmLevel. this.mGsmSignalBar=4, getGsmSignalStrength()== 12
01-09 14:04:24.142 W/SignalStrength(504): getGsmLevel=4
01-09 14:04:24.142 W/SignalStrength(504): getLevel=4 (SignalStrength: 12 255 -120 -160 -120 -1 -1 99 2147483647 -32767 2147483647 -32767 gsm|lte 4)
01-09 14:04:24.142 W/SignalStrength(504): getGsmLevel. this.mGsmSignalBar=4, getGsmSignalStrength()== 26
01-09 14:04:24.142 W/SignalStrength(504): getGsmLevel=4
01-09 14:04:24.142 W/SignalStrength(504): getLevel=4 (SignalStrength: 26 255 -120 -160 -120 -1 -1 99 2147483647 -32767 2147483647 -32767 gsm|lte 4)
01-09 14:04:24.232 D/dalvikvm(20886): GC_CONCURRENT freed 7278K, 28% free 24253K/33315K, paused 4ms+50ms
01-09 14:04:24.622 E/MediaPlayer(21305): mOnVideoSizeChangedListener is null. Failed to send MEDIA_SET_VIDEO_SIZE message.
01-09 14:04:24.622 I/MediaPlayer(21305): Don't send intent. msg.arg1 = 0, msg.arg2 = 0
01-09 14:04:24.622 E/MediaPlayer(21305): mOnPreparedListener is null. Failed to send MEDIA_PREPARED message.
01-09 14:04:24.962 D/KeyguardViewMediator(378): setHidden false
01-09 14:04:24.992 D/KeyguardViewMediator(378): setHidden false
01-09 14:04:25.402 W/SignalStrength(504): getGsmLevel. this.mGsmSignalBar=4, getGsmSignalStrength()== 12
01-09 14:04:25.402 W/SignalStrength(504): getGsmLevel=4
01-09 14:04:25.402 W/SignalStrength(504): getLevel=4 (SignalStrength: 12 255 -120 -160 -120 -1 -1 99 2147483647 -32767 2147483647 -32767 gsm|lte 4)
01-09 14:04:25.402 W/SignalStrength(504): getGsmLevel. this.mGsmSignalBar=4, getGsmSignalStrength()== 26
01-09 14:04:25.402 W/SignalStrength(504): getGsmLevel=4
01-09 14:04:25.402 W/SignalStrength(504): getLevel=4 (SignalStrength: 26 255 -120 -160 -120 -1 -1 99 2147483647 -32767 2147483647 -32767 gsm|lte 4)
01-09 14:04:25.522 D/plugin  (689): getDefaultSubscription()
01-09 14:04:26.252 D/plugin  (689): getDefaultSubscription()
01-09 14:04:26.462 D/plugin  (689): getDefaultSubscription()
01-09 14:04:26.712 I/NRFW    (1283): profile=wifi
01-09 14:04:27.362 W/SignalStrength(504): getGsmLevel. this.mGsmSignalBar=4, getGsmSignalStrength()== 12
01-09 14:04:27.362 W/SignalStrength(504): getGsmLevel=4
01-09 14:04:27.362 W/SignalStrength(504): getLevel=4 (SignalStrength: 12 255 -120 -160 -120 -1 -1 99 2147483647 -32767 2147483647 -32767 gsm|lte 4)
01-09 14:04:27.362 W/SignalStrength(504): getGsmLevel. this.mGsmSignalBar=4, getGsmSignalStrength()== 26
01-09 14:04:27.362 W/SignalStrength(504): getGsmLevel=4
01-09 14:04:27.362 W/SignalStrength(504): getLevel=4 (SignalStrength: 26 255 -120 -160 -120 -1 -1 99 2147483647 -32767 2147483647 -32767 gsm|lte 4)
01-09 14:04:27.442 V/Babel   (21305): [GcmIntentService] ReceiveServerUpdateService will handle all server updates.
01-09 14:04:27.602 D/plugin  (689): getDefaultSubscription()
01-09 14:04:27.682 W/SignalStrength(504): getGsmLevel. this.mGsmSignalBar=4, getGsmSignalStrength()== 12
01-09 14:04:27.682 W/SignalStrength(504): getGsmLevel=4
01-09 14:04:27.682 W/SignalStrength(504): getLevel=4 (SignalStrength: 12 255 -120 -160 -120 -1 -1 99 2147483647 -32767 2147483647 -32767 gsm|lte 4)
01-09 14:04:27.692 W/SignalStrength(504): getGsmLevel. this.mGsmSignalBar=4, getGsmSignalStrength()== 26
01-09 14:04:27.692 W/SignalStrength(504): getGsmLevel=4
01-09 14:04:27.692 W/SignalStrength(504): getLevel=4 (SignalStrength: 26 255 -120 -160 -120 -1 -1 99 2147483647 -32767 2147483647 -32767 gsm|lte 4)
01-09 14:04:27.692 W/SignalStrength(504): getGsmLevel. this.mGsmSignalBar=4, getGsmSignalStrength()== 12
01-09 14:04:27.692 W/SignalStrength(504): getGsmLevel=4
01-09 14:04:27.692 W/SignalStrength(504): getLevel=4 (SignalStrength: 12 255 -120 -160 -120 -1 -1 99 2147483647 -32767 2147483647 -32767 gsm|lte 4)
01-09 14:04:27.692 W/SignalStrength(504): getGsmLevel. this.mGsmSignalBar=4, getGsmSignalStrength()== 26
01-09 14:04:27.692 W/SignalStrength(504): getGsmLevel=4
01-09 14:04:27.692 W/SignalStrength(504): getLevel=4 (SignalStrength: 26 255 -120 -160 -120 -1 -1 99 2147483647 -32767 2147483647 -32767 gsm|lte 4)
01-09 14:04:28.072 D/plugin  (689): getDefaultSubscription()
01-09 14:04:28.112 D/dalvikvm(20886): GC_CONCURRENT freed 7303K, 28% free 24256K/33315K, paused 3ms+20ms
01-09 14:04:28.112 E/AlarmManagerService(378): android_server_AlarmManagerService_set to type=3, 239306.671000000
01-09 14:04:28.362 W/SignalStrength(504): getGsmLevel. this.mGsmSignalBar=4, getGsmSignalStrength()== 12
01-09 14:04:28.362 W/SignalStrength(504): getGsmLevel=4
01-09 14:04:28.362 W/SignalStrength(504): getLevel=4 (SignalStrength: 12 255 -120 -160 -120 -1 -1 99 2147483647 -32767 2147483647 -32767 gsm|lte 4)
01-09 14:04:28.362 W/SignalStrength(504): getGsmLevel. this.mGsmSignalBar=4, getGsmSignalStrength()== 26
01-09 14:04:28.362 W/SignalStrength(504): getGsmLevel=4
01-09 14:04:28.362 W/SignalStrength(504): getLevel=4 (SignalStrength: 26 255 -120 -160 -120 -1 -1 99 2147483647 -32767 2147483647 -32767 gsm|lte 4)
01-09 14:04:28.442 D/plugin  (689): getDefaultSubscription()
01-09 14:04:28.722 D/plugin  (689): getDefaultSubscription()
01-09 14:04:29.032 D/plugin  (689): getDefaultSubscription()
01-09 14:04:29.322 D/plugin  (689): getDefaultSubscription()
01-09 14:04:30.172 D/plugin  (689): getDefaultSubscription()
01-09 14:04:30.192 E/MSimTelephonyManager(19026): MSimTelephonyManager sRegistryMsim != null
01-09 14:04:30.212 I/NRFW    (1283): profile=wifi
01-09 14:04:30.232 I/NRFW    (1283): serverip=180.76.3.90 localIp=10.0.8.1
01-09 14:04:30.362 W/SignalStrength(504): getGsmLevel. this.mGsmSignalBar=4, getGsmSignalStrength()== 12
01-09 14:04:30.362 W/SignalStrength(504): getGsmLevel=4
01-09 14:04:30.372 W/SignalStrength(504): getLevel=4 (SignalStrength: 12 255 -120 -160 -120 -1 -1 99 2147483647 -32767 2147483647 -32767 gsm|lte 4)
01-09 14:04:30.372 W/SignalStrength(504): getGsmLevel. this.mGsmSignalBar=4, getGsmSignalStrength()== 26
01-09 14:04:30.372 W/SignalStrength(504): getGsmLevel=4
01-09 14:04:30.372 W/SignalStrength(504): getLevel=4 (SignalStrength: 26 255 -120 -160 -120 -1 -1 99 2147483647 -32767 2147483647 -32767 gsm|lte 4)
01-09 14:04:30.692 I/DNS     (1283): 180.76.3.90 h_errno=1
01-09 14:04:31.372 W/SignalStrength(504): getGsmLevel. this.mGsmSignalBar=4, getGsmSignalStrength()== 12
01-09 14:04:31.372 W/SignalStrength(504): getGsmLevel=4
01-09 14:04:31.372 W/SignalStrength(504): getLevel=4 (SignalStrength: 12 255 -120 -160 -120 -1 -1 99 2147483647 -32767 2147483647 -32767 gsm|lte 4)
01-09 14:04:31.372 W/SignalStrength(504): getGsmLevel. this.mGsmSignalBar=4, getGsmSignalStrength()== 26
01-09 14:04:31.372 W/SignalStrength(504): getGsmLevel=4
01-09 14:04:31.372 W/SignalStrength(504): getLevel=4 (SignalStrength: 26 255 -120 -160 -120 -1 -1 99 2147483647 -32767 2147483647 -32767 gsm|lte 4)
01-09 14:04:31.382 D/dalvikvm(1283): GC_CONCURRENT freed 3051K, 44% free 11721K/20579K, paused 2ms+19ms
01-09 14:04:32.002 V/Babel   (21305): [GcmIntentService] ReceiveServerUpdateService will handle all server updates.
01-09 14:04:32.222 D/dalvikvm(20886): GC_CONCURRENT freed 7319K, 28% free 24248K/33315K, paused 3ms+20ms
01-09 14:04:32.302 W/SignalStrength(504): getGsmLevel. this.mGsmSignalBar=4, getGsmSignalStrength()== 12
01-09 14:04:32.302 W/SignalStrength(504): getGsmLevel=4
01-09 14:04:32.302 W/SignalStrength(504): getLevel=4 (SignalStrength: 12 255 -120 -160 -120 -1 -1 99 2147483647 -32767 2147483647 -32767 gsm|lte 4)
01-09 14:04:32.302 W/SignalStrength(504): getGsmLevel. this.mGsmSignalBar=4, getGsmSignalStrength()== 26
01-09 14:04:32.302 W/SignalStrength(504): getGsmLevel=4
01-09 14:04:32.302 W/SignalStrength(504): getLevel=4 (SignalStrength: 26 255 -120 -160 -120 -1 -1 99 2147483647 -32767 2147483647 -32767 gsm|lte 4)
01-09 14:04:32.302 W/SignalStrength(504): getGsmLevel. this.mGsmSignalBar=4, getGsmSignalStrength()== 12
01-09 14:04:32.302 W/SignalStrength(504): getGsmLevel=4
01-09 14:04:32.302 W/SignalStrength(504): getLevel=4 (SignalStrength: 12 255 -120 -160 -120 -1 -1 99 2147483647 -32767 2147483647 -32767 gsm|lte 4)
01-09 14:04:32.302 W/SignalStrength(504): getGsmLevel. this.mGsmSignalBar=4, getGsmSignalStrength()== 26
01-09 14:04:32.302 W/SignalStrength(504): getGsmLevel=4
01-09 14:04:32.302 W/SignalStrength(504): getLevel=4 (SignalStrength: 26 255 -120 -160 -120 -1 -1 99 2147483647 -32767 2147483647 -32767 gsm|lte 4)
01-09 14:04:32.372 W/SignalStrength(504): getGsmLevel. this.mGsmSignalBar=4, getGsmSignalStrength()== 12
01-09 14:04:32.372 W/SignalStrength(504): getGsmLevel=4
01-09 14:04:32.372 W/SignalStrength(504): getLevel=4 (SignalStrength: 12 255 -120 -160 -120 -1 -1 99 2147483647 -32767 2147483647 -32767 gsm|lte 4)
01-09 14:04:32.372 W/SignalStrength(504): getGsmLevel. this.mGsmSignalBar=4, getGsmSignalStrength()== 26
01-09 14:04:32.372 W/SignalStrength(504): getGsmLevel=4
01-09 14:04:32.372 W/SignalStrength(504): getLevel=4 (SignalStrength: 26 255 -120 -160 -120 -1 -1 99 2147483647 -32767 2147483647 -32767 gsm|lte 4)
01-09 14:04:33.232 I/NRFW    (1283): profile=wifi
01-09 14:04:33.252 I/NRFW    (1283): serverip=180.76.3.90 localIp=10.0.8.1
01-09 14:04:34.402 I/NRFW    (1283): serverip=103.235.47.88 localIp=10.0.8.1
01-09 14:04:35.372 W/SignalStrength(504): getGsmLevel. this.mGsmSignalBar=4, getGsmSignalStrength()== 12
01-09 14:04:35.372 W/SignalStrength(504): getGsmLevel=4
01-09 14:04:35.372 W/SignalStrength(504): getLevel=4 (SignalStrength: 12 255 -120 -160 -120 -1 -1 99 2147483647 -32767 2147483647 -32767 gsm|lte 4)
01-09 14:04:35.372 W/SignalStrength(504): getGsmLevel. this.mGsmSignalBar=4, getGsmSignalStrength()== 26
01-09 14:04:35.372 W/SignalStrength(504): getGsmLevel=4
01-09 14:04:35.372 W/SignalStrength(504): getLevel=4 (SignalStrength: 26 255 -120 -160 -120 -1 -1 99 2147483647 -32767 2147483647 -32767 gsm|lte 4)
01-09 14:04:35.762 D/dalvikvm(20886): GC_CONCURRENT freed 7310K, 28% free 24245K/33315K, paused 4ms+34ms
01-09 14:04:36.052 E/AlarmManagerService(378): android_server_AlarmManagerService_set to type=1, 1483967214.000000000
01-09 14:04:36.152 W/SignalStrength(504): getGsmLevel. this.mGsmSignalBar=4, getGsmSignalStrength()== 12
01-09 14:04:36.152 W/SignalStrength(504): getGsmLevel=4
01-09 14:04:36.152 W/SignalStrength(504): getLevel=4 (SignalStrength: 12 255 -120 -160 -120 -1 -1 99 2147483647 -32767 2147483647 -32767 gsm|lte 4)
01-09 14:04:36.152 W/SignalStrength(504): getGsmLevel. this.mGsmSignalBar=4, getGsmSignalStrength()== 26
01-09 14:04:36.152 W/SignalStrength(504): getGsmLevel=4
01-09 14:04:36.152 W/SignalStrength(504): getLevel=4 (SignalStrength: 26 255 -120 -160 -120 -1 -1 99 2147483647 -32767 2147483647 -32767 gsm|lte 4)
01-09 14:04:36.152 W/SignalStrength(504): getGsmLevel. this.mGsmSignalBar=4, getGsmSignalStrength()== 12
01-09 14:04:36.152 W/SignalStrength(504): getGsmLevel=4
01-09 14:04:36.152 W/SignalStrength(504): getLevel=4 (SignalStrength: 12 255 -120 -160 -120 -1 -1 99 2147483647 -32767 2147483647 -32767 gsm|lte 4)
01-09 14:04:36.152 W/SignalStrength(504): getGsmLevel. this.mGsmSignalBar=4, getGsmSignalStrength()== 26
01-09 14:04:36.152 W/SignalStrength(504): getGsmLevel=4
01-09 14:04:36.152 W/SignalStrength(504): getLevel=4 (SignalStrength: 26 255 -120 -160 -120 -1 -1 99 2147483647 -32767 2147483647 -32767 gsm|lte 4)
01-09 14:04:36.212 V/Babel   (21305): [GcmIntentService] ReceiveServerUpdateService will handle all server updates.
01-09 14:04:36.372 W/SignalStrength(504): getGsmLevel. this.mGsmSignalBar=4, getGsmSignalStrength()== 12
01-09 14:04:36.372 W/SignalStrength(504): getGsmLevel=4
01-09 14:04:36.372 W/SignalStrength(504): getLevel=4 (SignalStrength: 12 255 -120 -160 -120 -1 -1 99 2147483647 -32767 2147483647 -32767 gsm|lte 4)
01-09 14:04:36.372 W/SignalStrength(504): getGsmLevel. this.mGsmSignalBar=4, getGsmSignalStrength()== 26
01-09 14:04:36.372 W/SignalStrength(504): getGsmLevel=4
01-09 14:04:36.372 W/SignalStrength(504): getLevel=4 (SignalStrength: 26 255 -120 -160 -120 -1 -1 99 2147483647 -32767 2147483647 -32767 gsm|lte 4)
01-09 14:04:36.652 I/NRFW    (1283): profile=wifi
01-09 14:04:37.072 D/dalvikvm(378): GC_EXPLICIT freed 2553K, 45% free 16645K/29859K, paused 7ms+16ms
01-09 14:04:37.422 V/Babel   (21305): [GcmIntentService] ReceiveServerUpdateService will handle all server updates.
01-09 14:04:37.452 I/NRFW    (1283): serverip=103.235.47.88 localIp=10.0.8.1
01-09 14:04:37.762 W/SignalStrength(504): getGsmLevel. this.mGsmSignalBar=4, getGsmSignalStrength()== 12
01-09 14:04:37.762 W/SignalStrength(504): getGsmLevel=4
01-09 14:04:37.762 W/SignalStrength(504): getLevel=4 (SignalStrength: 12 255 -120 -160 -120 -1 -1 99 2147483647 -32767 2147483647 -32767 gsm|lte 4)
01-09 14:04:37.762 W/SignalStrength(504): getGsmLevel. this.mGsmSignalBar=4, getGsmSignalStrength()== 26
01-09 14:04:37.762 W/SignalStrength(504): getGsmLevel=4
01-09 14:04:37.762 W/SignalStrength(504): getLevel=4 (SignalStrength: 26 255 -120 -160 -120 -1 -1 99 2147483647 -32767 2147483647 -32767 gsm|lte 4)
01-09 14:04:37.762 W/SignalStrength(504): getGsmLevel. this.mGsmSignalBar=4, getGsmSignalStrength()== 12
01-09 14:04:37.762 W/SignalStrength(504): getGsmLevel=4
01-09 14:04:37.762 W/SignalStrength(504): getLevel=4 (SignalStrength: 12 255 -120 -160 -120 -1 -1 99 2147483647 -32767 2147483647 -32767 gsm|lte 4)
01-09 14:04:37.762 W/SignalStrength(504): getGsmLevel. this.mGsmSignalBar=4, getGsmSignalStrength()== 26
01-09 14:04:37.762 W/SignalStrength(504): getGsmLevel=4
01-09 14:04:37.762 W/SignalStrength(504): getLevel=4 (SignalStrength: 26 255 -120 -160 -120 -1 -1 99 2147483647 -32767 2147483647 -32767 gsm|lte 4)
01-09 14:04:38.382 W/SignalStrength(504): getGsmLevel. this.mGsmSignalBar=4, getGsmSignalStrength()== 12
01-09 14:04:38.382 W/SignalStrength(504): getGsmLevel=4
01-09 14:04:38.382 W/SignalStrength(504): getLevel=4 (SignalStrength: 12 255 -120 -160 -120 -1 -1 99 2147483647 -32767 2147483647 -32767 gsm|lte 4)
01-09 14:04:38.382 W/SignalStrength(504): getGsmLevel. this.mGsmSignalBar=4, getGsmSignalStrength()== 26
01-09 14:04:38.382 W/SignalStrength(504): getGsmLevel=4
01-09 14:04:38.382 W/SignalStrength(504): getLevel=4 (SignalStrength: 26 255 -120 -160 -120 -1 -1 99 2147483647 -32767 2147483647 -32767 gsm|lte 4)
01-09 14:04:39.242 I/NRFW    (1283): profile=wifi
01-09 14:04:39.282 I/NRFW    (1283): serverip=180.76.3.90 localIp=10.0.8.1
01-09 14:04:39.382 W/SignalStrength(504): getGsmLevel. this.mGsmSignalBar=4, getGsmSignalStrength()== 12
01-09 14:04:39.382 W/SignalStrength(504): getGsmLevel=4
01-09 14:04:39.382 W/SignalStrength(504): getLevel=4 (SignalStrength: 12 255 -120 -160 -120 -1 -1 99 2147483647 -32767 2147483647 -32767 gsm|lte 4)
01-09 14:04:39.382 W/SignalStrength(504): getGsmLevel. this.mGsmSignalBar=4, getGsmSignalStrength()== 26
01-09 14:04:39.382 W/SignalStrength(504): getGsmLevel=4
01-09 14:04:39.382 W/SignalStrength(504): getLevel=4 (SignalStrength: 26 255 -120 -160 -120 -1 -1 99 2147483647 -32767 2147483647 -32767 gsm|lte 4)
01-09 14:04:39.522 D/KeyguardUpdateMonitor(378): received broadcast android.intent.action.BATTERY_CHANGED
01-09 14:04:39.522 D/KeyguardUpdateMonitor(378): handleBatteryUpdate
01-09 14:04:39.952 D/dalvikvm(20886): GC_CONCURRENT freed 7318K, 28% free 24227K/33315K, paused 3ms+18ms
01-09 14:04:42.112 V/Babel   (21305): [GcmIntentService] ReceiveServerUpdateService will handle all server updates.
01-09 14:04:42.412 W/SignalStrength(504): getGsmLevel. this.mGsmSignalBar=4, getGsmSignalStrength()== 12
01-09 14:04:42.412 W/SignalStrength(504): getGsmLevel=4
01-09 14:04:42.412 W/SignalStrength(504): getLevel=4 (SignalStrength: 12 255 -120 -160 -120 -1 -1 99 2147483647 -32767 2147483647 -32767 gsm|lte 4)
01-09 14:04:42.412 W/SignalStrength(504): getGsmLevel. this.mGsmSignalBar=4, getGsmSignalStrength()== 26
01-09 14:04:42.412 W/SignalStrength(504): getGsmLevel=4
01-09 14:04:42.412 W/SignalStrength(504): getLevel=4 (SignalStrength: 26 255 -120 -160 -120 -1 -1 99 2147483647 -32767 2147483647 -32767 gsm|lte 4)
01-09 14:04:42.422 W/SignalStrength(504): getGsmLevel. this.mGsmSignalBar=4, getGsmSignalStrength()== 12
01-09 14:04:42.422 W/SignalStrength(504): getGsmLevel=4
01-09 14:04:42.422 W/SignalStrength(504): getLevel=4 (SignalStrength: 12 255 -120 -160 -120 -1 -1 99 2147483647 -32767 2147483647 -32767 gsm|lte 4)
01-09 14:04:42.422 W/SignalStrength(504): getGsmLevel. this.mGsmSignalBar=4, getGsmSignalStrength()== 26
01-09 14:04:42.422 W/SignalStrength(504): getGsmLevel=4
01-09 14:04:42.422 W/SignalStrength(504): getLevel=4 (SignalStrength: 26 255 -120 -160 -120 -1 -1 99 2147483647 -32767 2147483647 -32767 gsm|lte 4)
01-09 14:04:43.012 D/dalvikvm(20886): GC_CONCURRENT freed 7326K, 28% free 24202K/33315K, paused 3ms+18ms
01-09 14:04:43.392 W/SignalStrength(504): getGsmLevel. this.mGsmSignalBar=4, getGsmSignalStrength()== 12
01-09 14:04:43.392 W/SignalStrength(504): getGsmLevel=4
01-09 14:04:43.392 W/SignalStrength(504): getLevel=4 (SignalStrength: 12 255 -120 -160 -120 -1 -1 99 2147483647 -32767 2147483647 -32767 gsm|lte 4)
01-09 14:04:43.392 W/SignalStrength(504): getGsmLevel. this.mGsmSignalBar=4, getGsmSignalStrength()== 26
01-09 14:04:43.392 W/SignalStrength(504): getGsmLevel=4
01-09 14:04:43.392 W/SignalStrength(504): getLevel=4 (SignalStrength: 26 255 -120 -160 -120 -1 -1 99 2147483647 -32767 2147483647 -32767 gsm|lte 4)
01-09 14:04:43.442 I/NRFW    (1283): profile=wifi
01-09 14:04:43.462 I/NRFW    (1283): serverip=103.235.47.88 localIp=10.0.8.1
01-09 14:04:43.602 I/DNS     (1283): 103.235.47.88 h_errno=1
01-09 14:04:43.712 I/DNS     (1283): 149.154.167.51 h_errno=1
01-09 14:04:44.392 W/SignalStrength(504): getGsmLevel. this.mGsmSignalBar=4, getGsmSignalStrength()== 12
01-09 14:04:44.392 W/SignalStrength(504): getGsmLevel=4
01-09 14:04:44.392 W/SignalStrength(504): getLevel=4 (SignalStrength: 12 255 -120 -160 -120 -1 -1 99 2147483647 -32767 2147483647 -32767 gsm|lte 4)
01-09 14:04:44.392 W/SignalStrength(504): getGsmLevel. this.mGsmSignalBar=4, getGsmSignalStrength()== 26
01-09 14:04:44.392 W/SignalStrength(504): getGsmLevel=4
01-09 14:04:44.392 W/SignalStrength(504): getLevel=4 (SignalStrength: 26 255 -120 -160 -120 -1 -1 99 2147483647 -32767 2147483647 -32767 gsm|lte 4)
01-09 14:04:46.062 D/dalvikvm(20886): GC_CONCURRENT freed 7298K, 28% free 24189K/33315K, paused 3ms+18ms
01-09 14:04:46.392 W/SignalStrength(504): getGsmLevel. this.mGsmSignalBar=4, getGsmSignalStrength()== 12
01-09 14:04:46.392 W/SignalStrength(504): getGsmLevel=4
01-09 14:04:46.392 W/SignalStrength(504): getLevel=4 (SignalStrength: 12 255 -120 -160 -120 -1 -1 99 2147483647 -32767 2147483647 -32767 gsm|lte 4)
01-09 14:04:46.392 W/SignalStrength(504): getGsmLevel. this.mGsmSignalBar=4, getGsmSignalStrength()== 26
01-09 14:04:46.392 W/SignalStrength(504): getGsmLevel=4
01-09 14:04:46.392 W/SignalStrength(504): getLevel=4 (SignalStrength: 26 255 -120 -160 -120 -1 -1 99 2147483647 -32767 2147483647 -32767 gsm|lte 4)
01-09 14:04:46.692 I/NRFW    (1283): profile=wifi
01-09 14:04:47.112 V/Babel   (21305): [GcmIntentService] ReceiveServerUpdateService will handle all server updates.
01-09 14:04:47.412 W/SignalStrength(504): getGsmLevel. this.mGsmSignalBar=4, getGsmSignalStrength()== 12
01-09 14:04:47.412 W/SignalStrength(504): getGsmLevel=4
01-09 14:04:47.412 W/SignalStrength(504): getLevel=4 (SignalStrength: 12 255 -120 -160 -120 -1 -1 99 2147483647 -32767 2147483647 -32767 gsm|lte 4)
01-09 14:04:47.412 W/SignalStrength(504): getGsmLevel. this.mGsmSignalBar=4, getGsmSignalStrength()== 26
01-09 14:04:47.412 W/SignalStrength(504): getGsmLevel=4
01-09 14:04:47.412 W/SignalStrength(504): getLevel=4 (SignalStrength: 26 255 -120 -160 -120 -1 -1 99 2147483647 -32767 2147483647 -32767 gsm|lte 4)
01-09 14:04:47.442 W/SignalStrength(504): getGsmLevel. this.mGsmSignalBar=4, getGsmSignalStrength()== 12
01-09 14:04:47.442 W/SignalStrength(504): getGsmLevel=4
01-09 14:04:47.442 W/SignalStrength(504): getLevel=4 (SignalStrength: 12 255 -120 -160 -120 -1 -1 99 2147483647 -32767 2147483647 -32767 gsm|lte 4)
01-09 14:04:47.442 W/SignalStrength(504): getGsmLevel. this.mGsmSignalBar=4, getGsmSignalStrength()== 26
01-09 14:04:47.442 W/SignalStrength(504): getGsmLevel=4
01-09 14:04:47.442 W/SignalStrength(504): getLevel=4 (SignalStrength: 26 255 -120 -160 -120 -1 -1 99 2147483647 -32767 2147483647 -32767 gsm|lte 4)
01-09 14:04:47.442 W/SignalStrength(504): getGsmLevel. this.mGsmSignalBar=4, getGsmSignalStrength()== 12
01-09 14:04:47.442 W/SignalStrength(504): getGsmLevel=4
01-09 14:04:47.442 W/SignalStrength(504): getLevel=4 (SignalStrength: 12 255 -120 -160 -120 -1 -1 99 2147483647 -32767 2147483647 -32767 gsm|lte 4)
01-09 14:04:47.442 W/SignalStrength(504): getGsmLevel. this.mGsmSignalBar=4, getGsmSignalStrength()== 26
01-09 14:04:47.442 W/SignalStrength(504): getGsmLevel=4
01-09 14:04:47.442 W/SignalStrength(504): getLevel=4 (SignalStrength: 26 255 -120 -160 -120 -1 -1 99 2147483647 -32767 2147483647 -32767 gsm|lte 4)
01-09 14:04:49.132 D/dalvikvm(20886): GC_CONCURRENT freed 7280K, 28% free 24195K/33315K, paused 4ms+18ms
01-09 14:04:49.412 W/SignalStrength(504): getGsmLevel. this.mGsmSignalBar=4, getGsmSignalStrength()== 12
01-09 14:04:49.412 W/SignalStrength(504): getGsmLevel=4
01-09 14:04:49.412 W/SignalStrength(504): getLevel=4 (SignalStrength: 12 255 -120 -160 -120 -1 -1 99 2147483647 -32767 2147483647 -32767 gsm|lte 4)
01-09 14:04:49.412 W/SignalStrength(504): getGsmLevel. this.mGsmSignalBar=4, getGsmSignalStrength()== 26
01-09 14:04:49.412 W/SignalStrength(504): getGsmLevel=4
01-09 14:04:49.412 W/SignalStrength(504): getLevel=4 (SignalStrength: 26 255 -120 -160 -120 -1 -1 99 2147483647 -32767 2147483647 -32767 gsm|lte 4)
01-09 14:04:51.422 W/SignalStrength(504): getGsmLevel. this.mGsmSignalBar=4, getGsmSignalStrength()== 12
01-09 14:04:51.422 W/SignalStrength(504): getGsmLevel=4
01-09 14:04:51.422 W/SignalStrength(504): getLevel=4 (SignalStrength: 12 255 -120 -160 -120 -1 -1 99 2147483647 -32767 2147483647 -32767 gsm|lte 4)
01-09 14:04:51.422 W/SignalStrength(504): getGsmLevel. this.mGsmSignalBar=4, getGsmSignalStrength()== 26
01-09 14:04:51.422 W/SignalStrength(504): getGsmLevel=4
01-09 14:04:51.422 W/SignalStrength(504): getLevel=4 (SignalStrength: 26 255 -120 -160 -120 -1 -1 99 2147483647 -32767 2147483647 -32767 gsm|lte 4)
01-09 14:04:51.702 I/NRFW    (1283): profile=wifi
01-09 14:04:52.302 D/dalvikvm(20886): GC_CONCURRENT freed 7296K, 28% free 24188K/33315K, paused 4ms+19ms
01-09 14:04:52.402 W/SignalStrength(504): getGsmLevel. this.mGsmSignalBar=4, getGsmSignalStrength()== 12
01-09 14:04:52.402 W/SignalStrength(504): getGsmLevel=4
01-09 14:04:52.402 W/SignalStrength(504): getLevel=4 (SignalStrength: 12 255 -120 -160 -120 -1 -1 99 2147483647 -32767 2147483647 -32767 gsm|lte 4)
01-09 14:04:52.402 W/SignalStrength(504): getGsmLevel. this.mGsmSignalBar=4, getGsmSignalStrength()== 26
01-09 14:04:52.402 W/SignalStrength(504): getGsmLevel=4
01-09 14:04:52.402 W/SignalStrength(504): getLevel=4 (SignalStrength: 26 255 -120 -160 -120 -1 -1 99 2147483647 -32767 2147483647 -32767 gsm|lte 4)
01-09 14:04:52.402 W/SignalStrength(504): getGsmLevel. this.mGsmSignalBar=4, getGsmSignalStrength()== 12
01-09 14:04:52.402 W/SignalStrength(504): getGsmLevel=4
01-09 14:04:52.402 W/SignalStrength(504): getLevel=4 (SignalStrength: 12 255 -120 -160 -120 -1 -1 99 2147483647 -32767 2147483647 -32767 gsm|lte 4)
01-09 14:04:52.402 W/SignalStrength(504): getGsmLevel. this.mGsmSignalBar=4, getGsmSignalStrength()== 26
01-09 14:04:52.402 W/SignalStrength(504): getGsmLevel=4
01-09 14:04:52.402 W/SignalStrength(504): getLevel=4 (SignalStrength: 26 255 -120 -160 -120 -1 -1 99 2147483647 -32767 2147483647 -32767 gsm|lte 4)
01-09 14:04:52.772 V/Babel   (21305): [GcmIntentService] ReceiveServerUpdateService will handle all server updates.
01-09 14:04:53.432 W/SignalStrength(504): getGsmLevel. this.mGsmSignalBar=4, getGsmSignalStrength()== 12
01-09 14:04:53.432 W/SignalStrength(504): getGsmLevel=4
01-09 14:04:53.432 W/SignalStrength(504): getLevel=4 (SignalStrength: 12 255 -120 -160 -120 -1 -1 99 2147483647 -32767 2147483647 -32767 gsm|lte 4)
01-09 14:04:53.432 W/SignalStrength(504): getGsmLevel. this.mGsmSignalBar=4, getGsmSignalStrength()== 26
01-09 14:04:53.432 W/SignalStrength(504): getGsmLevel=4
01-09 14:04:53.432 W/SignalStrength(504): getLevel=4 (SignalStrength: 26 255 -120 -160 -120 -1 -1 99 2147483647 -32767 2147483647 -32767 gsm|lte 4)
01-09 14:04:54.432 W/SignalStrength(504): getGsmLevel. this.mGsmSignalBar=4, getGsmSignalStrength()== 12
01-09 14:04:54.432 W/SignalStrength(504): getGsmLevel=4
01-09 14:04:54.432 W/SignalStrength(504): getLevel=4 (SignalStrength: 12 255 -120 -160 -120 -1 -1 99 2147483647 -32767 2147483647 -32767 gsm|lte 4)
01-09 14:04:54.432 W/SignalStrength(504): getGsmLevel. this.mGsmSignalBar=4, getGsmSignalStrength()== 26
01-09 14:04:54.432 W/SignalStrength(504): getGsmLevel=4
01-09 14:04:54.432 W/SignalStrength(504): getLevel=4 (SignalStrength: 26 255 -120 -160 -120 -1 -1 99 2147483647 -32767 2147483647 -32767 gsm|lte 4)
01-09 14:04:55.432 D/dalvikvm(20886): GC_CONCURRENT freed 7280K, 28% free 24197K/33315K, paused 3ms+18ms
01-09 14:04:55.432 W/SignalStrength(504): getGsmLevel. this.mGsmSignalBar=4, getGsmSignalStrength()== 12
01-09 14:04:55.432 W/SignalStrength(504): getGsmLevel=4
01-09 14:04:55.432 W/SignalStrength(504): getLevel=4 (SignalStrength: 12 255 -120 -160 -120 -1 -1 99 2147483647 -32767 2147483647 -32767 gsm|lte 4)
01-09 14:04:55.432 W/SignalStrength(504): getGsmLevel. this.mGsmSignalBar=4, getGsmSignalStrength()== 26
01-09 14:04:55.432 W/SignalStrength(504): getGsmLevel=4
01-09 14:04:55.432 W/SignalStrength(504): getLevel=4 (SignalStrength: 26 255 -120 -160 -120 -1 -1 99 2147483647 -32767 2147483647 -32767 gsm|lte 4)
--------- beginning of /dev/log/system
01-09 14:04:55.432 D/SignalClusterView(504): wifi: VISIBLE sig=2130837743 act=2130837720
01-09 14:04:55.432 D/SignalClusterView(504): mobile1: VISIBLE sig=2130837711 act=0 typ=2130837661
01-09 14:04:55.442 D/SignalClusterView(504): mobile2: VISIBLE sig=2130837717 act=0 typ=2130837661
01-09 14:04:55.442 D/SignalClusterView(504): wifi: VISIBLE sig=2130837743 act=2130837720
01-09 14:04:55.442 D/SignalClusterView(504): mobile1: VISIBLE sig=2130837711 act=0 typ=2130837661
01-09 14:04:55.442 D/SignalClusterView(504): mobile2: VISIBLE sig=2130837717 act=0 typ=2130837661
01-09 14:04:55.442 D/StatusBar-NetworkControllerDS(504): changing data overlay icon id to 2130837720
01-09 14:04:57.232 I/NRFW    (1283): profile=wifi
01-09 14:04:57.442 W/SignalStrength(504): getGsmLevel. this.mGsmSignalBar=4, getGsmSignalStrength()== 12
01-09 14:04:57.442 W/SignalStrength(504): getGsmLevel=4
01-09 14:04:57.442 W/SignalStrength(504): getLevel=4 (SignalStrength: 12 255 -120 -160 -120 -1 -1 99 2147483647 -32767 2147483647 -32767 gsm|lte 4)
01-09 14:04:57.442 W/SignalStrength(504): getGsmLevel. this.mGsmSignalBar=4, getGsmSignalStrength()== 26
01-09 14:04:57.442 W/SignalStrength(504): getGsmLevel=4
01-09 14:04:57.442 W/SignalStrength(504): getLevel=4 (SignalStrength: 26 255 -120 -160 -120 -1 -1 99 2147483647 -32767 2147483647 -32767 gsm|lte 4)
01-09 14:04:57.442 D/StatusBar-NetworkControllerDS(504): refreshViews connected={ wifi } level=4|4 combinedSignalIconId=0x7f0200ef/com.android.systemui:drawable/stat_sys_wifi_signal_4 combinedActivityIconId=0x7f0200d9 mAirplaneMode=false mDataActivity1=0 mDataActivity2=0 mPhoneSignalIconId1=0x7f0200cf mPhoneSignalIconId2=0x7f0200d5 mLastPhoneSignalIconId1=0x7f0200cf mLastPhoneSignalIconId2=0x7f0200d5 mDataDirectionIconId1=0x0 mDataDirectionIconId2=0x0 mDataSignalIconId1=0x7f0200cf mDataSignalIconId2=0x7f0200d5 mDataTypeIconId1=0x7f02009d mDataTypeIconId2=0x7f02009d mWifiIconId=0x7f0200ef mRoamingIconId1=0x0 mRoamingIconId2=0x0 mBluetoothTetherIconId=0x10806ce
01-09 14:04:57.442 D/SignalClusterView(504): wifi: VISIBLE sig=2130837743 act=2130837721
01-09 14:04:57.442 D/SignalClusterView(504): mobile1: VISIBLE sig=2130837711 act=0 typ=2130837661
01-09 14:04:57.442 D/SignalClusterView(504): mobile2: VISIBLE sig=2130837717 act=0 typ=2130837661
01-09 14:04:57.442 D/SignalClusterView(504): wifi: VISIBLE sig=2130837743 act=2130837721
01-09 14:04:57.442 D/SignalClusterView(504): mobile1: VISIBLE sig=2130837711 act=0 typ=2130837661
01-09 14:04:57.442 D/SignalClusterView(504): mobile2: VISIBLE sig=2130837717 act=0 typ=2130837661
01-09 14:04:57.442 D/SignalClusterView(504): wifi: VISIBLE sig=2130837743 act=2130837721
01-09 14:04:57.442 D/SignalClusterView(504): mobile1: VISIBLE sig=2130837711 act=0 typ=2130837661
01-09 14:04:57.442 D/SignalClusterView(504): mobile2: VISIBLE sig=2130837717 act=0 typ=2130837661
01-09 14:04:57.442 D/StatusBar-NetworkControllerDS(504): changing data overlay icon id to 2130837721
01-09 14:04:57.442 D/ConnectivityService(378): reportNetworkCondition(1, 100)
01-09 14:04:57.442 D/ConnectivityService(378): handleInetConditionChange: net=1, condition=100,mActiveDefaultNetwork=1
01-09 14:04:57.442 D/ConnectivityService(378): handleInetConditionChange: starting a change hold
01-09 14:04:57.482 W/AlarmManager(378): FACTORY_ON= 0
01-09 14:04:57.612 I/NRFW    (1283): serverip=103.235.47.88 localIp=10.0.8.1
01-09 14:04:57.862 I/KeystringCommon(21657): setLocalBlockFlag Others
01-09 14:04:57.912 V/Babel   (21305): [GcmIntentService] ReceiveServerUpdateService will handle all server updates.
01-09 14:04:57.942 D/ConnectivityService(378): handleInetConditionHoldEnd: net=1, condition=100, published condition=100
01-09 14:04:57.942 D/ConnectivityService(378): sendStickyBroadcast: action=android.net.conn.INET_CONDITION_ACTION
01-09 14:04:57.952 W/SignalStrength(504): getGsmLevel. this.mGsmSignalBar=4, getGsmSignalStrength()== 12
01-09 14:04:57.952 W/SignalStrength(504): getGsmLevel=4
01-09 14:04:57.952 W/SignalStrength(504): getLevel=4 (SignalStrength: 12 255 -120 -160 -120 -1 -1 99 2147483647 -32767 2147483647 -32767 gsm|lte 4)
01-09 14:04:57.952 W/SignalStrength(504): getGsmLevel. this.mGsmSignalBar=4, getGsmSignalStrength()== 26
01-09 14:04:57.952 W/SignalStrength(504): getGsmLevel=4
01-09 14:04:57.952 W/SignalStrength(504): getLevel=4 (SignalStrength: 26 255 -120 -160 -120 -1 -1 99 2147483647 -32767 2147483647 -32767 gsm|lte 4)
01-09 14:04:57.952 W/SignalStrength(504): getGsmLevel. this.mGsmSignalBar=4, getGsmSignalStrength()== 12
01-09 14:04:57.952 W/SignalStrength(504): getGsmLevel=4
01-09 14:04:57.952 W/SignalStrength(504): getLevel=4 (SignalStrength: 12 255 -120 -160 -120 -1 -1 99 2147483647 -32767 2147483647 -32767 gsm|lte 4)
01-09 14:04:57.952 W/SignalStrength(504): getGsmLevel. this.mGsmSignalBar=4, getGsmSignalStrength()== 26
01-09 14:04:57.952 W/SignalStrength(504): getGsmLevel=4
01-09 14:04:57.952 W/SignalStrength(504): getLevel=4 (SignalStrength: 26 255 -120 -160 -120 -1 -1 99 2147483647 -32767 2147483647 -32767 gsm|lte 4)
01-09 14:04:57.952 D/TWStatusBar-NetworkControllerDS(504): onReceive() - CONNECTIVITY_ACTION, INET_CONDITION_ACTION
01-09 14:04:57.952 D/StatusBar-NetworkControllerDS(504): isDualSIM : SimState = 2, SimState2 = 2
01-09 14:04:57.952 D/StatusBar-NetworkControllerDS(504): isDualSIM : SimState = 2, SimState2 = 2
01-09 14:04:57.952 D/StatusBar-NetworkControllerDS(504): isDualSIM : SimState = 2, SimState2 = 2
01-09 14:04:57.952 D/StatusBar-NetworkControllerDS(504): isDualSIM : SimState = 2, SimState2 = 2
01-09 14:04:57.952 D/StatusBar-NetworkControllerDS(504): refreshViews connected={ wifi } level=4|4 combinedSignalIconId=0x7f0200ef/com.android.systemui:drawable/stat_sys_wifi_signal_4 combinedActivityIconId=0x7f0200d9 mAirplaneMode=false mDataActivity1=0 mDataActivity2=0 mPhoneSignalIconId1=0x7f0200cf mPhoneSignalIconId2=0x7f0200d5 mLastPhoneSignalIconId1=0x7f0200cf mLastPhoneSignalIconId2=0x7f0200d5 mDataDirectionIconId1=0x0 mDataDirectionIconId2=0x0 mDataSignalIconId1=0x7f0200cf mDataSignalIconId2=0x7f0200d5 mDataTypeIconId1=0x7f02009d mDataTypeIconId2=0x7f02009d mWifiIconId=0x7f0200ef mRoamingIconId1=0x0 mRoamingIconId2=0x0 mBluetoothTetherIconId=0x10806ce
01-09 14:04:57.952 D/SignalClusterView(504): wifi: VISIBLE sig=2130837743 act=2130837721
01-09 14:04:57.952 D/SignalClusterView(504): mobile1: VISIBLE sig=2130837711 act=0 typ=2130837661
01-09 14:04:57.952 D/SignalClusterView(504): mobile2: VISIBLE sig=2130837717 act=0 typ=2130837661
01-09 14:04:57.952 D/SignalClusterView(504): wifi: VISIBLE sig=2130837743 act=2130837721
01-09 14:04:57.952 D/SignalClusterView(504): mobile1: VISIBLE sig=2130837711 act=0 typ=2130837661
01-09 14:04:57.952 D/SignalClusterView(504): mobile2: VISIBLE sig=2130837717 act=0 typ=2130837661
01-09 14:04:57.952 D/SignalClusterView(504): wifi: VISIBLE sig=2130837743 act=2130837721
01-09 14:04:57.952 D/SignalClusterView(504): mobile1: VISIBLE sig=2130837711 act=0 typ=2130837661
01-09 14:04:57.952 D/SignalClusterView(504): mobile2: VISIBLE sig=2130837717 act=0 typ=2130837661
01-09 14:04:58.442 W/SignalStrength(504): getGsmLevel. this.mGsmSignalBar=4, getGsmSignalStrength()== 12
01-09 14:04:58.442 W/SignalStrength(504): getGsmLevel=4
01-09 14:04:58.442 W/SignalStrength(504): getLevel=4 (SignalStrength: 12 255 -120 -160 -120 -1 -1 99 2147483647 -32767 2147483647 -32767 gsm|lte 4)
01-09 14:04:58.442 W/SignalStrength(504): getGsmLevel. this.mGsmSignalBar=4, getGsmSignalStrength()== 26
01-09 14:04:58.442 W/SignalStrength(504): getGsmLevel=4
01-09 14:04:58.442 W/SignalStrength(504): getLevel=4 (SignalStrength: 26 255 -120 -160 -120 -1 -1 99 2147483647 -32767 2147483647 -32767 gsm|lte 4)
01-09 14:04:58.442 D/StatusBar-NetworkControllerDS(504): refreshViews connected={ wifi } level=4|4 combinedSignalIconId=0x7f0200ef/com.android.systemui:drawable/stat_sys_wifi_signal_4 combinedActivityIconId=0x7f0200d8 mAirplaneMode=false mDataActivity1=0 mDataActivity2=0 mPhoneSignalIconId1=0x7f0200cf mPhoneSignalIconId2=0x7f0200d5 mLastPhoneSignalIconId1=0x7f0200cf mLastPhoneSignalIconId2=0x7f0200d5 mDataDirectionIconId1=0x0 mDataDirectionIconId2=0x0 mDataSignalIconId1=0x7f0200cf mDataSignalIconId2=0x7f0200d5 mDataTypeIconId1=0x7f02009d mDataTypeIconId2=0x7f02009d mWifiIconId=0x7f0200ef mRoamingIconId1=0x0 mRoamingIconId2=0x0 mBluetoothTetherIconId=0x10806ce
01-09 14:04:58.442 D/SignalClusterView(504): wifi: VISIBLE sig=2130837743 act=2130837720
01-09 14:04:58.442 D/SignalClusterView(504): mobile1: VISIBLE sig=2130837711 act=0 typ=2130837661
01-09 14:04:58.442 D/SignalClusterView(504): mobile2: VISIBLE sig=2130837717 act=0 typ=2130837661
01-09 14:04:58.442 D/SignalClusterView(504): wifi: VISIBLE sig=2130837743 act=2130837720
01-09 14:04:58.442 D/SignalClusterView(504): mobile1: VISIBLE sig=2130837711 act=0 typ=2130837661
01-09 14:04:58.442 D/SignalClusterView(504): mobile2: VISIBLE sig=2130837717 act=0 typ=2130837661
01-09 14:04:58.442 D/SignalClusterView(504): wifi: VISIBLE sig=2130837743 act=2130837720
01-09 14:04:58.442 D/SignalClusterView(504): mobile1: VISIBLE sig=2130837711 act=0 typ=2130837661
01-09 14:04:58.442 D/SignalClusterView(504): mobile2: VISIBLE sig=2130837717 act=0 typ=2130837661
01-09 14:04:58.442 D/StatusBar-NetworkControllerDS(504): changing data overlay icon id to 2130837720
01-09 14:04:58.612 D/dalvikvm(20886): GC_CONCURRENT freed 7294K, 28% free 24193K/33315K, paused 4ms+18ms
01-09 14:04:59.552 D/BatteryService(378): update start
01-09 14:04:59.552 D/BatteryService(378): level:46 scale:100 status:3 health:2 present:true voltage: 3708 temperature: 240 technology: Li-ion AC powered:false USB powered:false icon:17303167 invalid charger:0
01-09 14:04:59.562 D/KeyguardUpdateMonitor(378): received broadcast android.intent.action.BATTERY_CHANGED
01-09 14:04:59.562 D/KeyguardUpdateMonitor(378): handleBatteryUpdate
01-09 14:04:59.562 D/STATUSBAR-BatteryController(504): onReceive() - ACTION_BATTERY_CHANGED
01-09 14:04:59.572 D/STATUSBAR-BatteryController(504): onReceive() - level:46
01-09 14:04:59.572 D/STATUSBAR-BatteryController(504): onReceive() - plugged:0
01-09 14:04:59.572 D/STATUSBAR-BatteryController(504): onReceive() - BATTERY_STATUS_DISCHARGING: stat_sys_battery
01-09 14:04:59.572 D/STATUSBAR-PhoneStatusBar(504): ACTION_BATTERY_CHANGED
01-09 14:04:59.572 D/STATUSBAR-PhoneStatusBar(504): NORMAL_BATTERY
01-09 14:04:59.572 D/PowerUI (504): getBatteryOnline : battery online file not found
01-09 14:04:59.572 D/ThermistorObserver(378): mBatteryBRForAMOLED : onReceive() : newTemperature : 240
01-09 14:04:59.572 V/UiModeManager(378): updateLocked, mLastBroadcastState =0 , oldAction = null
01-09 14:04:59.982 V/AlarmManager(378): waitForAlarm result :8
01-09 14:04:59.992 E/AlarmManagerService(378): android_server_AlarmManagerService_set to type=3, 239334.804000000
01-09 14:04:59.992 D/KeyguardUpdateMonitor(378): received broadcast android.intent.action.TIME_TICK
01-09 14:04:59.992 D/KeyguardUpdateMonitor(378): handleTimeUpdate
01-09 14:04:59.992 V/AlarmManager(378): ClockReceiver onReceive() ACTION_TIME_TICK
01-09 14:04:59.992 W/AlarmManager(378): FACTORY_ON= 0
01-09 14:04:59.992 D/STATUSBAR-Clock(504): onReceive() - ACTION_TIME_TICK
01-09 14:05:00.442 W/SignalStrength(504): getGsmLevel. this.mGsmSignalBar=4, getGsmSignalStrength()== 12
01-09 14:05:00.442 W/SignalStrength(504): getGsmLevel=4
01-09 14:05:00.442 W/SignalStrength(504): getLevel=4 (SignalStrength: 12 255 -120 -160 -120 -1 -1 99 2147483647 -32767 2147483647 -32767 gsm|lte 4)
01-09 14:05:00.442 W/SignalStrength(504): getGsmLevel. this.mGsmSignalBar=4, getGsmSignalStrength()== 26
01-09 14:05:00.442 W/SignalStrength(504): getGsmLevel=4
01-09 14:05:00.442 W/SignalStrength(504): getLevel=4 (SignalStrength: 26 255 -120 -160 -120 -1 -1 99 2147483647 -32767 2147483647 -32767 gsm|lte 4)
