01-09 14:08:14.012 D/StatusBar-NetworkControllerDS(504): changing data overlay icon id to 2130837720
01-09 14:08:16.022 W/SignalStrength(504): getGsmLevel. this.mGsmSignalBar=3, getGsmSignalStrength()== 11
01-09 14:08:16.022 W/SignalStrength(504): getGsmLevel=3
01-09 14:08:16.022 W/SignalStrength(504): getLevel=3 (SignalStrength: 11 255 -120 -160 -120 -1 -1 99 2147483647 -32767 2147483647 -32767 gsm|lte 3)
01-09 14:08:16.022 W/SignalStrength(504): getGsmLevel. this.mGsmSignalBar=4, getGsmSignalStrength()== 26
01-09 14:08:16.022 W/SignalStrength(504): getGsmLevel=4
01-09 14:08:16.022 W/SignalStrength(504): getLevel=4 (SignalStrength: 26 255 -120 -160 -120 -1 -1 99 2147483647 -32767 2147483647 -32767 gsm|lte 4)
01-09 14:08:16.022 D/StatusBar-NetworkControllerDS(504): refreshViews connected={ wifi } level=3|4 combinedSignalIconId=0x7f0200ef/com.android.systemui:drawable/stat_sys_wifi_signal_4 combinedActivityIconId=0x7f0200d9 mAirplaneMode=false mDataActivity1=0 mDataActivity2=0 mPhoneSignalIconId1=0x7f0200cd mPhoneSignalIconId2=0x7f0200d5 mLastPhoneSignalIconId1=0x7f0200cd mLastPhoneSignalIconId2=0x7f0200d5 mDataDirectionIconId1=0x0 mDataDirectionIconId2=0x0 mDataSignalIconId1=0x7f0200cd mDataSignalIconId2=0x7f0200d5 mDataTypeIconId1=0x7f02009d mDataTypeIconId2=0x7f02009d mWifiIconId=0x7f0200ef mRoamingIconId1=0x0 mRoamingIconId2=0x0 mBluetoothTetherIconId=0x10806ce
01-09 14:08:16.022 D/SignalClusterView(504): wifi: VISIBLE sig=2130837743 act=2130837721
01-09 14:08:16.022 D/SignalClusterView(504): mobile1: VISIBLE sig=2130837709 act=0 typ=2130837661
01-09 14:08:16.022 D/SignalClusterView(504): mobile2: VISIBLE sig=2130837717 act=0 typ=2130837661
01-09 14:08:16.022 D/SignalClusterView(504): wifi: VISIBLE sig=2130837743 act=2130837721
01-09 14:08:16.022 D/SignalClusterView(504): mobile1: VISIBLE sig=2130837709 act=0 typ=2130837661
01-09 14:08:16.022 D/SignalClusterView(504): mobile2: VISIBLE sig=2130837717 act=0 typ=2130837661
01-09 14:08:16.022 D/SignalClusterView(504): wifi: VISIBLE sig=2130837743 act=2130837721
01-09 14:08:16.022 D/SignalClusterView(504): mobile1: VISIBLE sig=2130837709 act=0 typ=2130837661
01-09 14:08:16.022 D/SignalClusterView(504): mobile2: VISIBLE sig=2130837717 act=0 typ=2130837661
01-09 14:08:16.022 D/StatusBar-NetworkControllerDS(504): changing data overlay icon id to 2130837721
01-09 14:08:17.022 W/SignalStrength(504): getGsmLevel. this.mGsmSignalBar=3, getGsmSignalStrength()== 11
01-09 14:08:17.022 W/SignalStrength(504): getGsmLevel=3
01-09 14:08:17.022 W/SignalStrength(504): getLevel=3 (SignalStrength: 11 255 -120 -160 -120 -1 -1 99 2147483647 -32767 2147483647 -32767 gsm|lte 3)
01-09 14:08:17.022 W/SignalStrength(504): getGsmLevel. this.mGsmSignalBar=4, getGsmSignalStrength()== 26
01-09 14:08:17.022 W/SignalStrength(504): getGsmLevel=4
01-09 14:08:17.022 W/SignalStrength(504): getLevel=4 (SignalStrength: 26 255 -120 -160 -120 -1 -1 99 2147483647 -32767 2147483647 -32767 gsm|lte 4)
01-09 14:08:17.022 D/StatusBar-NetworkControllerDS(504): refreshViews connected={ wifi } level=3|4 combinedSignalIconId=0x7f0200ef/com.android.systemui:drawable/stat_sys_wifi_signal_4 combinedActivityIconId=0x7f0200d8 mAirplaneMode=false mDataActivity1=0 mDataActivity2=0 mPhoneSignalIconId1=0x7f0200cd mPhoneSignalIconId2=0x7f0200d5 mLastPhoneSignalIconId1=0x7f0200cd mLastPhoneSignalIconId2=0x7f0200d5 mDataDirectionIconId1=0x0 mDataDirectionIconId2=0x0 mDataSignalIconId1=0x7f0200cd mDataSignalIconId2=0x7f0200d5 mDataTypeIconId1=0x7f02009d mDataTypeIconId2=0x7f02009d mWifiIconId=0x7f0200ef mRoamingIconId1=0x0 mRoamingIconId2=0x0 mBluetoothTetherIconId=0x10806ce
01-09 14:08:17.022 D/SignalClusterView(504): wifi: VISIBLE sig=2130837743 act=2130837720
01-09 14:08:17.022 D/SignalClusterView(504): mobile1: VISIBLE sig=2130837709 act=0 typ=2130837661
01-09 14:08:17.022 D/SignalClusterView(504): mobile2: VISIBLE sig=2130837717 act=0 typ=2130837661
01-09 14:08:17.022 D/SignalClusterView(504): wifi: VISIBLE sig=2130837743 act=2130837720
01-09 14:08:17.022 D/SignalClusterView(504): mobile1: VISIBLE sig=2130837709 act=0 typ=2130837661
01-09 14:08:17.022 D/SignalClusterView(504): mobile2: VISIBLE sig=2130837717 act=0 typ=2130837661
01-09 14:08:17.022 D/SignalClusterView(504): wifi: VISIBLE sig=2130837743 act=2130837720
01-09 14:08:17.022 D/SignalClusterView(504): mobile1: VISIBLE sig=2130837709 act=0 typ=2130837661
01-09 14:08:17.022 D/SignalClusterView(504): mobile2: VISIBLE sig=2130837717 act=0 typ=2130837661
01-09 14:08:17.022 D/StatusBar-NetworkControllerDS(504): changing data overlay icon id to 2130837720
01-09 14:08:18.872 D/InputReader(378): Input event: value=1
01-09 14:08:18.872 D/lights  (378): write_int /sys/class/leds/button-backlight/brightness = 255
01-09 14:08:18.872 I/InputDispatcher(378): Delivering key to current input target: action: 0x0
01-09 14:08:18.872 I/PowerManagerService(378): Ulight 0x3->0x7|0x0
01-09 14:08:18.872 D/PowerManagerService(378): setLightBrightness : mButtonLight : 77
01-09 14:08:18.972 D/InputReader(378): Input event: value=0
01-09 14:08:19.022 W/SignalStrength(504): getGsmLevel. this.mGsmSignalBar=3, getGsmSignalStrength()== 11
01-09 14:08:19.022 W/SignalStrength(504): getGsmLevel=3
01-09 14:08:19.022 W/SignalStrength(504): getLevel=3 (SignalStrength: 11 255 -120 -160 -120 -1 -1 99 2147483647 -32767 2147483647 -32767 gsm|lte 3)
01-09 14:08:19.022 W/SignalStrength(504): getGsmLevel. this.mGsmSignalBar=4, getGsmSignalStrength()== 26
01-09 14:08:19.022 W/SignalStrength(504): getGsmLevel=4
01-09 14:08:19.022 W/SignalStrength(504): getLevel=4 (SignalStrength: 26 255 -120 -160 -120 -1 -1 99 2147483647 -32767 2147483647 -32767 gsm|lte 4)
01-09 14:08:19.022 D/StatusBar-NetworkControllerDS(504): refreshViews connected={ wifi } level=3|4 combinedSignalIconId=0x7f0200ef/com.android.systemui:drawable/stat_sys_wifi_signal_4 combinedActivityIconId=0x7f0200d9 mAirplaneMode=false mDataActivity1=0 mDataActivity2=0 mPhoneSignalIconId1=0x7f0200cd mPhoneSignalIconId2=0x7f0200d5 mLastPhoneSignalIconId1=0x7f0200cd mLastPhoneSignalIconId2=0x7f0200d5 mDataDirectionIconId1=0x0 mDataDirectionIconId2=0x0 mDataSignalIconId1=0x7f0200cd mDataSignalIconId2=0x7f0200d5 mDataTypeIconId1=0x7f02009d mDataTypeIconId2=0x7f02009d mWifiIconId=0x7f0200ef mRoamingIconId1=0x0 mRoamingIconId2=0x0 mBluetoothTetherIconId=0x10806ce
01-09 14:08:19.022 D/SignalClusterView(504): wifi: VISIBLE sig=2130837743 act=2130837721
01-09 14:08:19.022 D/SignalClusterView(504): mobile1: VISIBLE sig=2130837709 act=0 typ=2130837661
01-09 14:08:19.022 D/SignalClusterView(504): mobile2: VISIBLE sig=2130837717 act=0 typ=2130837661
01-09 14:08:19.022 D/SignalClusterView(504): wifi: VISIBLE sig=2130837743 act=2130837721
01-09 14:08:19.022 D/SignalClusterView(504): mobile1: VISIBLE sig=2130837709 act=0 typ=2130837661
01-09 14:08:19.022 D/SignalClusterView(504): mobile2: VISIBLE sig=2130837717 act=0 typ=2130837661
01-09 14:08:19.022 D/SignalClusterView(504): wifi: VISIBLE sig=2130837743 act=2130837721
01-09 14:08:19.022 D/SignalClusterView(504): mobile1: VISIBLE sig=2130837709 act=0 typ=2130837661
01-09 14:08:19.022 D/SignalClusterView(504): mobile2: VISIBLE sig=2130837717 act=0 typ=2130837661
01-09 14:08:19.022 D/StatusBar-NetworkControllerDS(504): changing data overlay icon id to 2130837721
01-09 14:08:19.112 I/InputDispatcher(378): Delivering key to current input target: action: 0x1
01-09 14:08:19.522 D/dalvikvm(21796): GC_FOR_ALLOC freed 1777K, 29% free 14301K/19939K, paused 62ms
01-09 14:08:19.712 W/SurfaceFlinger(110): id=1228(2) createSurface 0x3212dc (1x1),1 flag=0
01-09 14:08:19.722 D/KeyguardViewMediator(378): setHidden false
01-09 14:08:19.812 D/memalloc(110): /dev/pmem: Allocated buffer base:0x41a93000 size:430080 offset:8974336 fd:39
01-09 14:08:19.812 D/memalloc(21796): /dev/pmem: Mapped buffer base:0x521af000 size:9404416 offset:8974336 fd:50
01-09 14:08:19.822 I/Adreno200-EGLSUB(110): <CreateImage:1017>: Android Image
01-09 14:08:19.822 I/Adreno200-EGLSUB(110): <GetImageAttributes:1226>: RGBA_8888
01-09 14:08:19.832 D/KeyguardViewMediator(378): setHidden false
01-09 14:08:19.832 D/KeyguardViewMediator(378): setHidden false
01-09 14:08:19.842 D/KeyguardViewMediator(378): setHidden false
01-09 14:08:19.942 D/BatteryService(378): update start
01-09 14:08:19.952 D/BatteryService(378): level:45 scale:100 status:3 health:2 present:true voltage: 3732 temperature: 230 technology: Li-ion AC powered:false USB powered:false icon:17303167 invalid charger:0
01-09 14:08:19.962 D/KeyguardUpdateMonitor(378): received broadcast android.intent.action.BATTERY_CHANGED
01-09 14:08:19.962 D/KeyguardUpdateMonitor(378): handleBatteryUpdate
01-09 14:08:19.962 D/ThermistorObserver(378): mBatteryBRForAMOLED : onReceive() : newTemperature : 230
01-09 14:08:19.962 V/UiModeManager(378): updateLocked, mLastBroadcastState =0 , oldAction = null
01-09 14:08:19.962 D/STATUSBAR-BatteryController(504): onReceive() - ACTION_BATTERY_CHANGED
01-09 14:08:19.962 D/STATUSBAR-BatteryController(504): onReceive() - level:45
01-09 14:08:19.962 D/STATUSBAR-BatteryController(504): onReceive() - plugged:0
01-09 14:08:19.962 D/STATUSBAR-BatteryController(504): onReceive() - BATTERY_STATUS_DISCHARGING: stat_sys_battery
01-09 14:08:19.962 D/STATUSBAR-PhoneStatusBar(504): ACTION_BATTERY_CHANGED
01-09 14:08:19.962 D/STATUSBAR-PhoneStatusBar(504): NORMAL_BATTERY
01-09 14:08:19.962 D/PowerUI (504): getBatteryOnline : battery online file not found
01-09 14:08:20.022 W/SignalStrength(504): getGsmLevel. this.mGsmSignalBar=3, getGsmSignalStrength()== 11
01-09 14:08:20.022 W/SignalStrength(504): getGsmLevel=3
01-09 14:08:20.022 W/SignalStrength(504): getLevel=3 (SignalStrength: 11 255 -120 -160 -120 -1 -1 99 2147483647 -32767 2147483647 -32767 gsm|lte 3)
01-09 14:08:20.022 W/SignalStrength(504): getGsmLevel. this.mGsmSignalBar=4, getGsmSignalStrength()== 26
01-09 14:08:20.022 W/SignalStrength(504): getGsmLevel=4
01-09 14:08:20.022 W/SignalStrength(504): getLevel=4 (SignalStrength: 26 255 -120 -160 -120 -1 -1 99 2147483647 -32767 2147483647 -32767 gsm|lte 4)
01-09 14:08:20.022 D/StatusBar-NetworkControllerDS(504): refreshViews connected={ wifi } level=3|4 combinedSignalIconId=0x7f0200ef/com.android.systemui:drawable/stat_sys_wifi_signal_4 combinedActivityIconId=0x7f0200d8 mAirplaneMode=false mDataActivity1=0 mDataActivity2=0 mPhoneSignalIconId1=0x7f0200cd mPhoneSignalIconId2=0x7f0200d5 mLastPhoneSignalIconId1=0x7f0200cd mLastPhoneSignalIconId2=0x7f0200d5 mDataDirectionIconId1=0x0 mDataDirectionIconId2=0x0 mDataSignalIconId1=0x7f0200cd mDataSignalIconId2=0x7f0200d5 mDataTypeIconId1=0x7f02009d mDataTypeIconId2=0x7f02009d mWifiIconId=0x7f0200ef mRoamingIconId1=0x0 mRoamingIconId2=0x0 mBluetoothTetherIconId=0x10806ce
01-09 14:08:20.022 D/SignalClusterView(504): wifi: VISIBLE sig=2130837743 act=2130837720
01-09 14:08:20.022 D/SignalClusterView(504): mobile1: VISIBLE sig=2130837709 act=0 typ=2130837661
01-09 14:08:20.022 D/SignalClusterView(504): mobile2: VISIBLE sig=2130837717 act=0 typ=2130837661
01-09 14:08:20.022 D/SignalClusterView(504): wifi: VISIBLE sig=2130837743 act=2130837720
01-09 14:08:20.022 D/SignalClusterView(504): mobile1: VISIBLE sig=2130837709 act=0 typ=2130837661
01-09 14:08:20.022 D/SignalClusterView(504): mobile2: VISIBLE sig=2130837717 act=0 typ=2130837661
01-09 14:08:20.022 D/SignalClusterView(504): wifi: VISIBLE sig=2130837743 act=2130837720
01-09 14:08:20.022 D/SignalClusterView(504): mobile1: VISIBLE sig=2130837709 act=0 typ=2130837661
01-09 14:08:20.022 D/SignalClusterView(504): mobile2: VISIBLE sig=2130837717 act=0 typ=2130837661
01-09 14:08:20.022 D/StatusBar-NetworkControllerDS(504): changing data overlay icon id to 2130837720
01-09 14:08:20.372 V/PowerManagerService(378): Top Most Needs Intelligent Sleep: true
01-09 14:08:20.372 W/PowerManagerService(378): Timer 0x7->0x3|0x0
01-09 14:08:20.372 I/PowerManagerService(378): Ulight 0x7->0x3|0x0
01-09 14:08:20.372 D/lights  (378): write_int /sys/class/leds/button-backlight/brightness = 0
01-09 14:08:20.372 D/PowerManagerService(378): setLightBrightness : mButtonLight : 0
01-09 14:08:21.222 I/InputReader(378): Touch event's action is 0x0 (deviceType=0) [pCnt=1, pending(waiting finished signal)=0, s=0.1864 ]
01-09 14:08:21.222 I/InputDispatcher(378): Delivering touch to current input target: action: 0x0
01-09 14:08:21.222 D/lights  (378): write_int /sys/class/leds/button-backlight/brightness = 255
01-09 14:08:21.222 I/PowerManagerService(378): Ulight 0x3->0x7|0x0
01-09 14:08:21.222 D/PowerManagerService(378): setLightBrightness : mButtonLight : 77
01-09 14:08:21.352 I/InputReader(378): Touch event's action is 0x1 (deviceType=0) [pCnt=1, pending(waiting finished signal)=1, s=]
01-09 14:08:21.402 I/InputDispatcher(378): Delivering touch to current input target: action: 0x1
01-09 14:08:21.412 D/memalloc(110): /dev/pmem: Allocated buffer base:0x41a93000 size:430080 offset:9404416 fd:51
01-09 14:08:21.412 D/memalloc(21796): /dev/pmem: Mapped buffer base:0x52aa7000 size:9834496 offset:9404416 fd:69
01-09 14:08:21.422 I/Adreno200-EGLSUB(110): <CreateImage:1017>: Android Image
01-09 14:08:21.422 I/Adreno200-EGLSUB(110): <GetImageAttributes:1226>: RGBA_8888
01-09 14:08:21.452 D/AbsListView(21796): Get MotionRecognitionManager
01-09 14:08:21.552 D/dalvikvm(21796): GC_FOR_ALLOC freed 1068K, 28% free 14406K/19939K, paused 56ms
01-09 14:08:21.552 I/dalvikvm-heap(21796): Grow heap (frag case) to 15.266MB for 157456-byte allocation
01-09 14:08:21.612 D/dalvikvm(21796): GC_FOR_ALLOC freed 114K, 29% free 14444K/20131K, paused 43ms
01-09 14:08:21.632 D/memalloc(21796): /dev/pmem: Unmapping buffer base:0x521af000 size:9404416 offset:8974336
01-09 14:08:21.632 D/memalloc(110): /dev/pmem: Freeing buffer base:0x42322000 size:430080 offset:8974336 fd:39
01-09 14:08:21.632 D/memalloc(21796): /dev/pmem: Unmapping buffer base:0x52aa7000 size:9834496 offset:9404416
01-09 14:08:21.642 D/KeyguardViewMediator(378): setHidden false
01-09 14:08:21.652 D/KeyguardViewMediator(378): setHidden false
01-09 14:08:21.662 W/SurfaceFlinger(110): id=1228 Removed idx=4 Map Size=5
01-09 14:08:21.662 W/SurfaceFlinger(110): id=1228 Removed idx=-2 Map Size=5
01-09 14:08:21.662 D/memalloc(110): /dev/pmem: Freeing buffer base:0x4238b000 size:430080 offset:9404416 fd:51
01-09 14:08:21.662 D/KeyguardViewMediator(378): setHidden false
01-09 14:08:21.752 W/SurfaceFlinger(110): id=1229(3) createSurface 0x2f9bac (1x1),1 flag=0
01-09 14:08:21.752 D/KeyguardViewMediator(378): setHidden false
01-09 14:08:21.862 D/memalloc(110): /dev/pmem: Allocated buffer base:0x41a93000 size:860160 offset:8974336 fd:39
01-09 14:08:21.862 D/memalloc(21796): /dev/pmem: Mapped buffer base:0x521af000 size:9834496 offset:8974336 fd:50
01-09 14:08:21.882 I/Adreno200-EGLSUB(110): <CreateImage:1017>: Android Image
01-09 14:08:21.892 I/Adreno200-EGLSUB(110): <GetImageAttributes:1226>: RGBA_8888
01-09 14:08:21.892 D/KeyguardViewMediator(378): setHidden false
01-09 14:08:21.892 D/KeyguardViewMediator(378): setHidden false
01-09 14:08:21.902 D/KeyguardViewMediator(378): setHidden false
01-09 14:08:21.992 D/memalloc(110): /dev/pmem: Allocated buffer base:0x41a93000 size:860160 offset:11923456 fd:51
01-09 14:08:22.002 D/memalloc(21796): /dev/pmem: Mapped buffer base:0x52b10000 size:12783616 offset:11923456 fd:54
01-09 14:08:22.012 I/Adreno200-EGLSUB(110): <CreateImage:1017>: Android Image
01-09 14:08:22.012 I/Adreno200-EGLSUB(110): <GetImageAttributes:1226>: RGBA_8888
01-09 14:08:22.022 W/SignalStrength(504): getGsmLevel. this.mGsmSignalBar=3, getGsmSignalStrength()== 11
01-09 14:08:22.022 W/SignalStrength(504): getGsmLevel=3
01-09 14:08:22.022 W/SignalStrength(504): getLevel=3 (SignalStrength: 11 255 -120 -160 -120 -1 -1 99 2147483647 -32767 2147483647 -32767 gsm|lte 3)
01-09 14:08:22.022 W/SignalStrength(504): getGsmLevel. this.mGsmSignalBar=4, getGsmSignalStrength()== 26
01-09 14:08:22.022 W/SignalStrength(504): getGsmLevel=4
01-09 14:08:22.022 W/SignalStrength(504): getLevel=4 (SignalStrength: 26 255 -120 -160 -120 -1 -1 99 2147483647 -32767 2147483647 -32767 gsm|lte 4)
01-09 14:08:22.022 D/StatusBar-NetworkControllerDS(504): refreshViews connected={ wifi } level=3|4 combinedSignalIconId=0x7f0200ef/com.android.systemui:drawable/stat_sys_wifi_signal_4 combinedActivityIconId=0x7f0200d9 mAirplaneMode=false mDataActivity1=0 mDataActivity2=0 mPhoneSignalIconId1=0x7f0200cd mPhoneSignalIconId2=0x7f0200d5 mLastPhoneSignalIconId1=0x7f0200cd mLastPhoneSignalIconId2=0x7f0200d5 mDataDirectionIconId1=0x0 mDataDirectionIconId2=0x0 mDataSignalIconId1=0x7f0200cd mDataSignalIconId2=0x7f0200d5 mDataTypeIconId1=0x7f02009d mDataTypeIconId2=0x7f02009d mWifiIconId=0x7f0200ef mRoamingIconId1=0x0 mRoamingIconId2=0x0 mBluetoothTetherIconId=0x10806ce
01-09 14:08:22.022 D/SignalClusterView(504): wifi: VISIBLE sig=2130837743 act=2130837721
01-09 14:08:22.022 D/SignalClusterView(504): mobile1: VISIBLE sig=2130837709 act=0 typ=2130837661
01-09 14:08:22.022 D/SignalClusterView(504): mobile2: VISIBLE sig=2130837717 act=0 typ=2130837661
01-09 14:08:22.022 D/SignalClusterView(504): wifi: VISIBLE sig=2130837743 act=2130837721
01-09 14:08:22.022 D/SignalClusterView(504): mobile1: VISIBLE sig=2130837709 act=0 typ=2130837661
01-09 14:08:22.022 D/SignalClusterView(504): mobile2: VISIBLE sig=2130837717 act=0 typ=2130837661
01-09 14:08:22.022 D/SignalClusterView(504): wifi: VISIBLE sig=2130837743 act=2130837721
01-09 14:08:22.022 D/SignalClusterView(504): mobile1: VISIBLE sig=2130837709 act=0 typ=2130837661
01-09 14:08:22.022 D/SignalClusterView(504): mobile2: VISIBLE sig=2130837717 act=0 typ=2130837661
01-09 14:08:22.022 D/StatusBar-NetworkControllerDS(504): changing data overlay icon id to 2130837721
01-09 14:08:22.312 I/NRFW    (1283): profile=wifi
01-09 14:08:22.352 I/NRFW    (1283): serverip=103.235.47.88 localIp=10.0.8.1
01-09 14:08:22.722 V/PowerManagerService(378): Top Most Needs Intelligent Sleep: true
01-09 14:08:22.722 W/PowerManagerService(378): Timer 0x7->0x3|0x0
01-09 14:08:22.722 I/PowerManagerService(378): Ulight 0x7->0x3|0x0
01-09 14:08:22.722 D/PowerManagerService(378): setLightBrightness : mButtonLight : 0
01-09 14:08:22.722 D/lights  (378): write_int /sys/class/leds/button-backlight/brightness = 0
01-09 14:08:23.032 W/SignalStrength(504): getGsmLevel. this.mGsmSignalBar=3, getGsmSignalStrength()== 11
01-09 14:08:23.032 W/SignalStrength(504): getGsmLevel=3
01-09 14:08:23.032 W/SignalStrength(504): getLevel=3 (SignalStrength: 11 255 -120 -160 -120 -1 -1 99 2147483647 -32767 2147483647 -32767 gsm|lte 3)
01-09 14:08:23.032 W/SignalStrength(504): getGsmLevel. this.mGsmSignalBar=4, getGsmSignalStrength()== 26
01-09 14:08:23.032 W/SignalStrength(504): getGsmLevel=4
01-09 14:08:23.032 W/SignalStrength(504): getLevel=4 (SignalStrength: 26 255 -120 -160 -120 -1 -1 99 2147483647 -32767 2147483647 -32767 gsm|lte 4)
01-09 14:08:23.032 D/StatusBar-NetworkControllerDS(504): refreshViews connected={ wifi } level=3|4 combinedSignalIconId=0x7f0200ef/com.android.systemui:drawable/stat_sys_wifi_signal_4 combinedActivityIconId=0x7f0200d8 mAirplaneMode=false mDataActivity1=0 mDataActivity2=0 mPhoneSignalIconId1=0x7f0200cd mPhoneSignalIconId2=0x7f0200d5 mLastPhoneSignalIconId1=0x7f0200cd mLastPhoneSignalIconId2=0x7f0200d5 mDataDirectionIconId1=0x0 mDataDirectionIconId2=0x0 mDataSignalIconId1=0x7f0200cd mDataSignalIconId2=0x7f0200d5 mDataTypeIconId1=0x7f02009d mDataTypeIconId2=0x7f02009d mWifiIconId=0x7f0200ef mRoamingIconId1=0x0 mRoamingIconId2=0x0 mBluetoothTetherIconId=0x10806ce
01-09 14:08:23.042 D/SignalClusterView(504): wifi: VISIBLE sig=2130837743 act=2130837720
01-09 14:08:23.042 D/SignalClusterView(504): mobile1: VISIBLE sig=2130837709 act=0 typ=2130837661
01-09 14:08:23.042 D/SignalClusterView(504): mobile2: VISIBLE sig=2130837717 act=0 typ=2130837661
01-09 14:08:23.042 D/SignalClusterView(504): wifi: VISIBLE sig=2130837743 act=2130837720
01-09 14:08:23.042 D/SignalClusterView(504): mobile1: VISIBLE sig=2130837709 act=0 typ=2130837661
01-09 14:08:23.042 D/SignalClusterView(504): mobile2: VISIBLE sig=2130837717 act=0 typ=2130837661
01-09 14:08:23.042 D/SignalClusterView(504): wifi: VISIBLE sig=2130837743 act=2130837720
01-09 14:08:23.042 D/SignalClusterView(504): mobile1: VISIBLE sig=2130837709 act=0 typ=2130837661
01-09 14:08:23.042 D/SignalClusterView(504): mobile2: VISIBLE sig=2130837717 act=0 typ=2130837661
01-09 14:08:23.042 D/StatusBar-NetworkControllerDS(504): changing data overlay icon id to 2130837720
01-09 14:08:25.042 W/SignalStrength(504): getGsmLevel. this.mGsmSignalBar=3, getGsmSignalStrength()== 11
01-09 14:08:25.042 W/SignalStrength(504): getGsmLevel=3
01-09 14:08:25.042 W/SignalStrength(504): getLevel=3 (SignalStrength: 11 255 -120 -160 -120 -1 -1 99 2147483647 -32767 2147483647 -32767 gsm|lte 3)
01-09 14:08:25.042 W/SignalStrength(504): getGsmLevel. this.mGsmSignalBar=4, getGsmSignalStrength()== 26
01-09 14:08:25.042 W/SignalStrength(504): getGsmLevel=4
01-09 14:08:25.042 W/SignalStrength(504): getLevel=4 (SignalStrength: 26 255 -120 -160 -120 -1 -1 99 2147483647 -32767 2147483647 -32767 gsm|lte 4)
01-09 14:08:25.042 D/StatusBar-NetworkControllerDS(504): refreshViews connected={ wifi } level=3|4 combinedSignalIconId=0x7f0200ef/com.android.systemui:drawable/stat_sys_wifi_signal_4 combinedActivityIconId=0x7f0200d9 mAirplaneMode=false mDataActivity1=0 mDataActivity2=0 mPhoneSignalIconId1=0x7f0200cd mPhoneSignalIconId2=0x7f0200d5 mLastPhoneSignalIconId1=0x7f0200cd mLastPhoneSignalIconId2=0x7f0200d5 mDataDirectionIconId1=0x0 mDataDirectionIconId2=0x0 mDataSignalIconId1=0x7f0200cd mDataSignalIconId2=0x7f0200d5 mDataTypeIconId1=0x7f02009d mDataTypeIconId2=0x7f02009d mWifiIconId=0x7f0200ef mRoamingIconId1=0x0 mRoamingIconId2=0x0 mBluetoothTetherIconId=0x10806ce
01-09 14:08:25.042 D/SignalClusterView(504): wifi: VISIBLE sig=2130837743 act=2130837721
01-09 14:08:25.042 D/SignalClusterView(504): mobile1: VISIBLE sig=2130837709 act=0 typ=2130837661
01-09 14:08:25.042 D/SignalClusterView(504): mobile2: VISIBLE sig=2130837717 act=0 typ=2130837661
01-09 14:08:25.042 D/SignalClusterView(504): wifi: VISIBLE sig=2130837743 act=2130837721
01-09 14:08:25.042 D/SignalClusterView(504): mobile1: VISIBLE sig=2130837709 act=0 typ=2130837661
01-09 14:08:25.042 D/SignalClusterView(504): mobile2: VISIBLE sig=2130837717 act=0 typ=2130837661
01-09 14:08:25.042 D/SignalClusterView(504): wifi: VISIBLE sig=2130837743 act=2130837721
01-09 14:08:25.042 D/SignalClusterView(504): mobile1: VISIBLE sig=2130837709 act=0 typ=2130837661
01-09 14:08:25.042 D/SignalClusterView(504): mobile2: VISIBLE sig=2130837717 act=0 typ=2130837661
01-09 14:08:25.042 D/StatusBar-NetworkControllerDS(504): changing data overlay icon id to 2130837721
01-09 14:08:25.332 I/NRFW    (1283): profile=wifi
01-09 14:08:25.382 I/NRFW    (1283): serverip=103.235.47.88 localIp=10.0.8.1
01-09 14:08:26.052 W/SignalStrength(504): getGsmLevel. this.mGsmSignalBar=3, getGsmSignalStrength()== 11
01-09 14:08:26.052 W/SignalStrength(504): getGsmLevel=3
01-09 14:08:26.052 W/SignalStrength(504): getLevel=3 (SignalStrength: 11 255 -120 -160 -120 -1 -1 99 2147483647 -32767 2147483647 -32767 gsm|lte 3)
01-09 14:08:26.052 W/SignalStrength(504): getGsmLevel. this.mGsmSignalBar=4, getGsmSignalStrength()== 26
01-09 14:08:26.052 W/SignalStrength(504): getGsmLevel=4
01-09 14:08:26.052 W/SignalStrength(504): getLevel=4 (SignalStrength: 26 255 -120 -160 -120 -1 -1 99 2147483647 -32767 2147483647 -32767 gsm|lte 4)
01-09 14:08:26.052 D/StatusBar-NetworkControllerDS(504): refreshViews connected={ wifi } level=3|4 combinedSignalIconId=0x7f0200ef/com.android.systemui:drawable/stat_sys_wifi_signal_4 combinedActivityIconId=0x7f0200d8 mAirplaneMode=false mDataActivity1=0 mDataActivity2=0 mPhoneSignalIconId1=0x7f0200cd mPhoneSignalIconId2=0x7f0200d5 mLastPhoneSignalIconId1=0x7f0200cd mLastPhoneSignalIconId2=0x7f0200d5 mDataDirectionIconId1=0x0 mDataDirectionIconId2=0x0 mDataSignalIconId1=0x7f0200cd mDataSignalIconId2=0x7f0200d5 mDataTypeIconId1=0x7f02009d mDataTypeIconId2=0x7f02009d mWifiIconId=0x7f0200ef mRoamingIconId1=0x0 mRoamingIconId2=0x0 mBluetoothTetherIconId=0x10806ce
01-09 14:08:26.052 D/SignalClusterView(504): wifi: VISIBLE sig=2130837743 act=2130837720
01-09 14:08:26.052 D/SignalClusterView(504): mobile1: VISIBLE sig=2130837709 act=0 typ=2130837661
01-09 14:08:26.052 D/SignalClusterView(504): mobile2: VISIBLE sig=2130837717 act=0 typ=2130837661
01-09 14:08:26.052 D/SignalClusterView(504): wifi: VISIBLE sig=2130837743 act=2130837720
01-09 14:08:26.052 D/SignalClusterView(504): mobile1: VISIBLE sig=2130837709 act=0 typ=2130837661
01-09 14:08:26.052 D/SignalClusterView(504): mobile2: VISIBLE sig=2130837717 act=0 typ=2130837661
01-09 14:08:26.052 D/SignalClusterView(504): wifi: VISIBLE sig=2130837743 act=2130837720
01-09 14:08:26.052 D/SignalClusterView(504): mobile1: VISIBLE sig=2130837709 act=0 typ=2130837661
01-09 14:08:26.052 D/SignalClusterView(504): mobile2: VISIBLE sig=2130837717 act=0 typ=2130837661
01-09 14:08:26.052 D/StatusBar-NetworkControllerDS(504): changing data overlay icon id to 2130837720
01-09 14:08:28.062 W/SignalStrength(504): getGsmLevel. this.mGsmSignalBar=3, getGsmSignalStrength()== 11
01-09 14:08:28.062 W/SignalStrength(504): getGsmLevel=3
01-09 14:08:28.062 W/SignalStrength(504): getLevel=3 (SignalStrength: 11 255 -120 -160 -120 -1 -1 99 2147483647 -32767 2147483647 -32767 gsm|lte 3)
01-09 14:08:28.062 W/SignalStrength(504): getGsmLevel. this.mGsmSignalBar=4, getGsmSignalStrength()== 26
01-09 14:08:28.062 W/SignalStrength(504): getGsmLevel=4
01-09 14:08:28.062 W/SignalStrength(504): getLevel=4 (SignalStrength: 26 255 -120 -160 -120 -1 -1 99 2147483647 -32767 2147483647 -32767 gsm|lte 4)
01-09 14:08:28.062 D/StatusBar-NetworkControllerDS(504): refreshViews connected={ wifi } level=3|4 combinedSignalIconId=0x7f0200ef/com.android.systemui:drawable/stat_sys_wifi_signal_4 combinedActivityIconId=0x7f0200d9 mAirplaneMode=false mDataActivity1=0 mDataActivity2=0 mPhoneSignalIconId1=0x7f0200cd mPhoneSignalIconId2=0x7f0200d5 mLastPhoneSignalIconId1=0x7f0200cd mLastPhoneSignalIconId2=0x7f0200d5 mDataDirectionIconId1=0x0 mDataDirectionIconId2=0x0 mDataSignalIconId1=0x7f0200cd mDataSignalIconId2=0x7f0200d5 mDataTypeIconId1=0x7f02009d mDataTypeIconId2=0x7f02009d mWifiIconId=0x7f0200ef mRoamingIconId1=0x0 mRoamingIconId2=0x0 mBluetoothTetherIconId=0x10806ce
01-09 14:08:28.062 D/SignalClusterView(504): wifi: VISIBLE sig=2130837743 act=2130837721
01-09 14:08:28.062 D/SignalClusterView(504): mobile1: VISIBLE sig=2130837709 act=0 typ=2130837661
01-09 14:08:28.062 D/SignalClusterView(504): mobile2: VISIBLE sig=2130837717 act=0 typ=2130837661
01-09 14:08:28.062 D/SignalClusterView(504): wifi: VISIBLE sig=2130837743 act=2130837721
01-09 14:08:28.062 D/SignalClusterView(504): mobile1: VISIBLE sig=2130837709 act=0 typ=2130837661
01-09 14:08:28.062 D/SignalClusterView(504): mobile2: VISIBLE sig=2130837717 act=0 typ=2130837661
01-09 14:08:28.062 D/SignalClusterView(504): wifi: VISIBLE sig=2130837743 act=2130837721
01-09 14:08:28.062 D/SignalClusterView(504): mobile1: VISIBLE sig=2130837709 act=0 typ=2130837661
01-09 14:08:28.062 D/SignalClusterView(504): mobile2: VISIBLE sig=2130837717 act=0 typ=2130837661
01-09 14:08:28.062 D/StatusBar-NetworkControllerDS(504): changing data overlay icon id to 2130837721
01-09 14:08:28.142 E/AlarmManagerService(378): android_server_AlarmManagerService_set to type=3, 239546.672000000
01-09 14:08:28.142 V/AlarmManager(378): waitForAlarm result :8
01-09 14:08:28.162 W/AlarmManager(378): FACTORY_ON= 0
01-09 14:08:28.882 I/InputReader(378): Touch event's action is 0x0 (deviceType=0) [pCnt=1, pending(waiting finished signal)=0, s=0.1865 ]
01-09 14:08:28.882 I/InputDispatcher(378): Delivering touch to current input target: action: 0x0
01-09 14:08:28.882 D/lights  (378): write_int /sys/class/leds/button-backlight/brightness = 255
01-09 14:08:28.882 I/PowerManagerService(378): Ulight 0x3->0x7|0x0
01-09 14:08:28.882 D/PowerManagerService(378): setLightBrightness : mButtonLight : 77
01-09 14:08:29.032 I/InputReader(378): Touch event's action is 0x1 (deviceType=0) [pCnt=1, pending(waiting finished signal)=1, s=]
01-09 14:08:29.052 W/SignalStrength(504): getGsmLevel. this.mGsmSignalBar=3, getGsmSignalStrength()== 11
01-09 14:08:29.052 W/SignalStrength(504): getGsmLevel=3
01-09 14:08:29.052 W/SignalStrength(504): getLevel=3 (SignalStrength: 11 255 -120 -160 -120 -1 -1 99 2147483647 -32767 2147483647 -32767 gsm|lte 3)
01-09 14:08:29.052 W/SignalStrength(504): getGsmLevel. this.mGsmSignalBar=4, getGsmSignalStrength()== 26
01-09 14:08:29.052 W/SignalStrength(504): getGsmLevel=4
01-09 14:08:29.052 W/SignalStrength(504): getLevel=4 (SignalStrength: 26 255 -120 -160 -120 -1 -1 99 2147483647 -32767 2147483647 -32767 gsm|lte 4)
01-09 14:08:29.052 D/StatusBar-NetworkControllerDS(504): refreshViews connected={ wifi } level=3|4 combinedSignalIconId=0x7f0200ef/com.android.systemui:drawable/stat_sys_wifi_signal_4 combinedActivityIconId=0x7f0200d8 mAirplaneMode=false mDataActivity1=0 mDataActivity2=0 mPhoneSignalIconId1=0x7f0200cd mPhoneSignalIconId2=0x7f0200d5 mLastPhoneSignalIconId1=0x7f0200cd mLastPhoneSignalIconId2=0x7f0200d5 mDataDirectionIconId1=0x0 mDataDirectionIconId2=0x0 mDataSignalIconId1=0x7f0200cd mDataSignalIconId2=0x7f0200d5 mDataTypeIconId1=0x7f02009d mDataTypeIconId2=0x7f02009d mWifiIconId=0x7f0200ef mRoamingIconId1=0x0 mRoamingIconId2=0x0 mBluetoothTetherIconId=0x10806ce
01-09 14:08:29.052 D/SignalClusterView(504): wifi: VISIBLE sig=2130837743 act=2130837720
01-09 14:08:29.052 D/SignalClusterView(504): mobile1: VISIBLE sig=2130837709 act=0 typ=2130837661
01-09 14:08:29.052 D/SignalClusterView(504): mobile2: VISIBLE sig=2130837717 act=0 typ=2130837661
01-09 14:08:29.052 D/SignalClusterView(504): wifi: VISIBLE sig=2130837743 act=2130837720
01-09 14:08:29.052 D/SignalClusterView(504): mobile1: VISIBLE sig=2130837709 act=0 typ=2130837661
01-09 14:08:29.052 D/SignalClusterView(504): mobile2: VISIBLE sig=2130837717 act=0 typ=2130837661
01-09 14:08:29.052 D/SignalClusterView(504): wifi: VISIBLE sig=2130837743 act=2130837720
01-09 14:08:29.052 D/SignalClusterView(504): mobile1: VISIBLE sig=2130837709 act=0 typ=2130837661
01-09 14:08:29.052 D/SignalClusterView(504): mobile2: VISIBLE sig=2130837717 act=0 typ=2130837661
01-09 14:08:29.052 D/StatusBar-NetworkControllerDS(504): changing data overlay icon id to 2130837720
01-09 14:08:29.072 I/InputDispatcher(378): Delivering touch to current input target: action: 0x1
01-09 14:08:29.982 D/AbsListView(21796): Get MotionRecognitionManager
01-09 14:08:30.212 W/SurfaceFlinger(110): id=1230(4) createSurface 0x30a4f4 (1x1),1 flag=0
01-09 14:08:30.222 D/KeyguardViewMediator(378): setHidden false
01-09 14:08:30.352 D/dalvikvm(21796): GC_FOR_ALLOC freed 2393K, 26% free 15035K/20131K, paused 69ms
01-09 14:08:30.382 D/lights  (378): write_int /sys/class/leds/button-backlight/brightness = 0
01-09 14:08:30.382 V/PowerManagerService(378): Top Most Needs Intelligent Sleep: true
01-09 14:08:30.382 W/PowerManagerService(378): Timer 0x7->0x3|0x0
01-09 14:08:30.382 I/PowerManagerService(378): Ulight 0x7->0x3|0x0
01-09 14:08:30.382 D/PowerManagerService(378): setLightBrightness : mButtonLight : 0
01-09 14:08:30.632 D/memalloc(21796): /dev/pmem: Unmapping buffer base:0x521af000 size:9834496 offset:8974336
01-09 14:08:30.642 D/memalloc(110): /dev/pmem: Freeing buffer base:0x42322000 size:860160 offset:8974336 fd:39
01-09 14:08:30.642 D/memalloc(21796): /dev/pmem: Unmapping buffer base:0x52b10000 size:12783616 offset:11923456
01-09 14:08:30.642 D/KeyguardViewMediator(378): setHidden false
01-09 14:08:30.662 D/KeyguardViewMediator(378): setHidden false
01-09 14:08:30.662 W/SurfaceFlinger(110): id=1229 Removed idx=4 Map Size=6
01-09 14:08:30.662 W/SurfaceFlinger(110): id=1229 Removed idx=-2 Map Size=6
01-09 14:08:30.662 D/memalloc(110): /dev/pmem: Freeing buffer base:0x425f2000 size:860160 offset:11923456 fd:51
01-09 14:08:30.672 D/KeyguardViewMediator(378): setHidden false
01-09 14:08:30.802 D/KeyguardViewMediator(378): setHidden false
01-09 14:08:30.832 D/memalloc(110): /dev/pmem: Allocated buffer base:0x41a93000 size:1474560 offset:8974336 fd:39
01-09 14:08:30.832 D/memalloc(21796): /dev/pmem: Mapped buffer base:0x521af000 size:10448896 offset:8974336 fd:52
01-09 14:08:30.862 I/Adreno200-EGLSUB(110): <CreateImage:1017>: Android Image
01-09 14:08:30.862 I/Adreno200-EGLSUB(110): <GetImageAttributes:1226>: RGBA_8888
01-09 14:08:30.862 D/KeyguardViewMediator(378): setHidden false
01-09 14:08:30.862 D/KeyguardViewMediator(378): setHidden false
01-09 14:08:30.872 D/KeyguardViewMediator(378): setHidden false
01-09 14:08:31.062 W/SignalStrength(504): getGsmLevel. this.mGsmSignalBar=3, getGsmSignalStrength()== 11
01-09 14:08:31.062 W/SignalStrength(504): getGsmLevel=3
01-09 14:08:31.062 W/SignalStrength(504): getLevel=3 (SignalStrength: 11 255 -120 -160 -120 -1 -1 99 2147483647 -32767 2147483647 -32767 gsm|lte 3)
01-09 14:08:31.062 W/SignalStrength(504): getGsmLevel. this.mGsmSignalBar=4, getGsmSignalStrength()== 26
01-09 14:08:31.062 W/SignalStrength(504): getGsmLevel=4
01-09 14:08:31.062 W/SignalStrength(504): getLevel=4 (SignalStrength: 26 255 -120 -160 -120 -1 -1 99 2147483647 -32767 2147483647 -32767 gsm|lte 4)
01-09 14:08:31.062 D/StatusBar-NetworkControllerDS(504): refreshViews connected={ wifi } level=3|4 combinedSignalIconId=0x7f0200ef/com.android.systemui:drawable/stat_sys_wifi_signal_4 combinedActivityIconId=0x7f0200d9 mAirplaneMode=false mDataActivity1=0 mDataActivity2=0 mPhoneSignalIconId1=0x7f0200cd mPhoneSignalIconId2=0x7f0200d5 mLastPhoneSignalIconId1=0x7f0200cd mLastPhoneSignalIconId2=0x7f0200d5 mDataDirectionIconId1=0x0 mDataDirectionIconId2=0x0 mDataSignalIconId1=0x7f0200cd mDataSignalIconId2=0x7f0200d5 mDataTypeIconId1=0x7f02009d mDataTypeIconId2=0x7f02009d mWifiIconId=0x7f0200ef mRoamingIconId1=0x0 mRoamingIconId2=0x0 mBluetoothTetherIconId=0x10806ce
01-09 14:08:31.062 D/SignalClusterView(504): wifi: VISIBLE sig=2130837743 act=2130837721
01-09 14:08:31.062 D/SignalClusterView(504): mobile1: VISIBLE sig=2130837709 act=0 typ=2130837661
01-09 14:08:31.062 D/SignalClusterView(504): mobile2: VISIBLE sig=2130837717 act=0 typ=2130837661
01-09 14:08:31.062 D/SignalClusterView(504): wifi: VISIBLE sig=2130837743 act=2130837721
01-09 14:08:31.062 D/SignalClusterView(504): mobile1: VISIBLE sig=2130837709 act=0 typ=2130837661
01-09 14:08:31.062 D/SignalClusterView(504): mobile2: VISIBLE sig=2130837717 act=0 typ=2130837661
01-09 14:08:31.062 D/SignalClusterView(504): wifi: VISIBLE sig=2130837743 act=2130837721
01-09 14:08:31.062 D/SignalClusterView(504): mobile1: VISIBLE sig=2130837709 act=0 typ=2130837661
01-09 14:08:31.062 D/SignalClusterView(504): mobile2: VISIBLE sig=2130837717 act=0 typ=2130837661
01-09 14:08:31.062 D/StatusBar-NetworkControllerDS(504): changing data overlay icon id to 2130837721
01-09 14:08:31.272 D/memalloc(110): /dev/pmem: Allocated buffer base:0x41a93000 size:1474560 offset:11923456 fd:51
01-09 14:08:31.272 D/memalloc(21796): /dev/pmem: Mapped buffer base:0x543c3000 size:13398016 offset:11923456 fd:68
01-09 14:08:31.302 I/Adreno200-EGLSUB(110): <CreateImage:1017>: Android Image
01-09 14:08:31.302 I/Adreno200-EGLSUB(110): <GetImageAttributes:1226>: RGBA_8888
01-09 14:08:31.342 I/NRFW    (1283): profile=wifi
01-09 14:08:31.382 I/NRFW    (1283): serverip=103.235.47.88 localIp=10.0.8.1
01-09 14:08:32.072 D/StatusBar-NetworkControllerDS(504): refreshViews connected={ wifi } level=3|4 combinedSignalIconId=0x7f0200ef/com.android.systemui:drawable/stat_sys_wifi_signal_4 combinedActivityIconId=0x7f0200d8 mAirplaneMode=false mDataActivity1=0 mDataActivity2=0 mPhoneSignalIconId1=0x7f0200cd mPhoneSignalIconId2=0x7f0200d5 mLastPhoneSignalIconId1=0x7f0200cd mLastPhoneSignalIconId2=0x7f0200d5 mDataDirectionIconId1=0x0 mDataDirectionIconId2=0x0 mDataSignalIconId1=0x7f0200cd mDataSignalIconId2=0x7f0200d5 mDataTypeIconId1=0x7f02009d mDataTypeIconId2=0x7f02009d mWifiIconId=0x7f0200ef mRoamingIconId1=0x0 mRoamingIconId2=0x0 mBluetoothTetherIconId=0x10806ce
01-09 14:08:32.072 D/SignalClusterView(504): wifi: VISIBLE sig=2130837743 act=2130837720
01-09 14:08:32.072 D/SignalClusterView(504): mobile1: VISIBLE sig=2130837709 act=0 typ=2130837661
01-09 14:08:32.072 D/SignalClusterView(504): mobile2: VISIBLE sig=2130837717 act=0 typ=2130837661
01-09 14:08:32.072 D/SignalClusterView(504): wifi: VISIBLE sig=2130837743 act=2130837720
01-09 14:08:32.072 D/SignalClusterView(504): mobile1: VISIBLE sig=2130837709 act=0 typ=2130837661
01-09 14:08:32.072 D/SignalClusterView(504): mobile2: VISIBLE sig=2130837717 act=0 typ=2130837661
01-09 14:08:32.072 D/SignalClusterView(504): wifi: VISIBLE sig=2130837743 act=2130837720
01-09 14:08:32.072 D/SignalClusterView(504): mobile1: VISIBLE sig=2130837709 act=0 typ=2130837661
01-09 14:08:32.072 D/SignalClusterView(504): mobile2: VISIBLE sig=2130837717 act=0 typ=2130837661
01-09 14:08:32.072 D/StatusBar-NetworkControllerDS(504): changing data overlay icon id to 2130837720
01-09 14:08:32.072 W/SignalStrength(504): getGsmLevel. this.mGsmSignalBar=3, getGsmSignalStrength()== 11
01-09 14:08:32.072 W/SignalStrength(504): getGsmLevel=3
01-09 14:08:32.072 W/SignalStrength(504): getLevel=3 (SignalStrength: 11 255 -120 -160 -120 -1 -1 99 2147483647 -32767 2147483647 -32767 gsm|lte 3)
01-09 14:08:32.072 W/SignalStrength(504): getGsmLevel. this.mGsmSignalBar=4, getGsmSignalStrength()== 26
01-09 14:08:32.072 W/SignalStrength(504): getGsmLevel=4
01-09 14:08:32.072 W/SignalStrength(504): getLevel=4 (SignalStrength: 26 255 -120 -160 -120 -1 -1 99 2147483647 -32767 2147483647 -32767 gsm|lte 4)
01-09 14:08:34.082 W/SignalStrength(504): getGsmLevel. this.mGsmSignalBar=3, getGsmSignalStrength()== 11
01-09 14:08:34.082 W/SignalStrength(504): getGsmLevel=3
01-09 14:08:34.082 W/SignalStrength(504): getLevel=3 (SignalStrength: 11 255 -120 -160 -120 -1 -1 99 2147483647 -32767 2147483647 -32767 gsm|lte 3)
01-09 14:08:34.082 W/SignalStrength(504): getGsmLevel. this.mGsmSignalBar=4, getGsmSignalStrength()== 26
01-09 14:08:34.082 W/SignalStrength(504): getGsmLevel=4
01-09 14:08:34.082 W/SignalStrength(504): getLevel=4 (SignalStrength: 26 255 -120 -160 -120 -1 -1 99 2147483647 -32767 2147483647 -32767 gsm|lte 4)
01-09 14:08:34.082 D/StatusBar-NetworkControllerDS(504): refreshViews connected={ wifi } level=3|4 combinedSignalIconId=0x7f0200ef/com.android.systemui:drawable/stat_sys_wifi_signal_4 combinedActivityIconId=0x7f0200d9 mAirplaneMode=false mDataActivity1=0 mDataActivity2=0 mPhoneSignalIconId1=0x7f0200cd mPhoneSignalIconId2=0x7f0200d5 mLastPhoneSignalIconId1=0x7f0200cd mLastPhoneSignalIconId2=0x7f0200d5 mDataDirectionIconId1=0x0 mDataDirectionIconId2=0x0 mDataSignalIconId1=0x7f0200cd mDataSignalIconId2=0x7f0200d5 mDataTypeIconId1=0x7f02009d mDataTypeIconId2=0x7f02009d mWifiIconId=0x7f0200ef mRoamingIconId1=0x0 mRoamingIconId2=0x0 mBluetoothTetherIconId=0x10806ce
01-09 14:08:34.082 D/SignalClusterView(504): wifi: VISIBLE sig=2130837743 act=2130837721
01-09 14:08:34.082 D/SignalClusterView(504): mobile1: VISIBLE sig=2130837709 act=0 typ=2130837661
01-09 14:08:34.082 D/SignalClusterView(504): mobile2: VISIBLE sig=2130837717 act=0 typ=2130837661
01-09 14:08:34.082 D/SignalClusterView(504): wifi: VISIBLE sig=2130837743 act=2130837721
01-09 14:08:34.082 D/SignalClusterView(504): mobile1: VISIBLE sig=2130837709 act=0 typ=2130837661
01-09 14:08:34.082 D/SignalClusterView(504): mobile2: VISIBLE sig=2130837717 act=0 typ=2130837661
01-09 14:08:34.082 D/SignalClusterView(504): wifi: VISIBLE sig=2130837743 act=2130837721
01-09 14:08:34.082 D/SignalClusterView(504): mobile1: VISIBLE sig=2130837709 act=0 typ=2130837661
01-09 14:08:34.082 D/SignalClusterView(504): mobile2: VISIBLE sig=2130837717 act=0 typ=2130837661
01-09 14:08:34.082 D/StatusBar-NetworkControllerDS(504): changing data overlay icon id to 2130837721
01-09 14:08:35.072 W/SignalStrength(504): getGsmLevel. this.mGsmSignalBar=3, getGsmSignalStrength()== 11
01-09 14:08:35.072 W/SignalStrength(504): getGsmLevel=3
01-09 14:08:35.072 W/SignalStrength(504): getLevel=3 (SignalStrength: 11 255 -120 -160 -120 -1 -1 99 2147483647 -32767 2147483647 -32767 gsm|lte 3)
01-09 14:08:35.072 W/SignalStrength(504): getGsmLevel. this.mGsmSignalBar=4, getGsmSignalStrength()== 26
01-09 14:08:35.072 W/SignalStrength(504): getGsmLevel=4
01-09 14:08:35.072 W/SignalStrength(504): getLevel=4 (SignalStrength: 26 255 -120 -160 -120 -1 -1 99 2147483647 -32767 2147483647 -32767 gsm|lte 4)
01-09 14:08:35.072 D/StatusBar-NetworkControllerDS(504): refreshViews connected={ wifi } level=3|4 combinedSignalIconId=0x7f0200ef/com.android.systemui:drawable/stat_sys_wifi_signal_4 combinedActivityIconId=0x7f0200d8 mAirplaneMode=false mDataActivity1=0 mDataActivity2=0 mPhoneSignalIconId1=0x7f0200cd mPhoneSignalIconId2=0x7f0200d5 mLastPhoneSignalIconId1=0x7f0200cd mLastPhoneSignalIconId2=0x7f0200d5 mDataDirectionIconId1=0x0 mDataDirectionIconId2=0x0 mDataSignalIconId1=0x7f0200cd mDataSignalIconId2=0x7f0200d5 mDataTypeIconId1=0x7f02009d mDataTypeIconId2=0x7f02009d mWifiIconId=0x7f0200ef mRoamingIconId1=0x0 mRoamingIconId2=0x0 mBluetoothTetherIconId=0x10806ce
01-09 14:08:35.082 D/SignalClusterView(504): wifi: VISIBLE sig=2130837743 act=2130837720
01-09 14:08:35.082 D/SignalClusterView(504): mobile1: VISIBLE sig=2130837709 act=0 typ=2130837661
01-09 14:08:35.082 D/SignalClusterView(504): mobile2: VISIBLE sig=2130837717 act=0 typ=2130837661
01-09 14:08:35.082 D/SignalClusterView(504): wifi: VISIBLE sig=2130837743 act=2130837720
01-09 14:08:35.082 D/SignalClusterView(504): mobile1: VISIBLE sig=2130837709 act=0 typ=2130837661
01-09 14:08:35.082 D/SignalClusterView(504): mobile2: VISIBLE sig=2130837717 act=0 typ=2130837661
01-09 14:08:35.082 D/SignalClusterView(504): wifi: VISIBLE sig=2130837743 act=2130837720
01-09 14:08:35.082 D/SignalClusterView(504): mobile1: VISIBLE sig=2130837709 act=0 typ=2130837661
01-09 14:08:35.082 D/SignalClusterView(504): mobile2: VISIBLE sig=2130837717 act=0 typ=2130837661
01-09 14:08:35.082 D/StatusBar-NetworkControllerDS(504): changing data overlay icon id to 2130837720
01-09 14:08:37.082 W/SignalStrength(504): getGsmLevel. this.mGsmSignalBar=3, getGsmSignalStrength()== 11
01-09 14:08:37.082 W/SignalStrength(504): getGsmLevel=3
01-09 14:08:37.082 W/SignalStrength(504): getLevel=3 (SignalStrength: 11 255 -120 -160 -120 -1 -1 99 2147483647 -32767 2147483647 -32767 gsm|lte 3)
01-09 14:08:37.082 W/SignalStrength(504): getGsmLevel. this.mGsmSignalBar=4, getGsmSignalStrength()== 26
01-09 14:08:37.082 W/SignalStrength(504): getGsmLevel=4
01-09 14:08:37.082 W/SignalStrength(504): getLevel=4 (SignalStrength: 26 255 -120 -160 -120 -1 -1 99 2147483647 -32767 2147483647 -32767 gsm|lte 4)
01-09 14:08:37.082 D/StatusBar-NetworkControllerDS(504): refreshViews connected={ wifi } level=3|4 combinedSignalIconId=0x7f0200ef/com.android.systemui:drawable/stat_sys_wifi_signal_4 combinedActivityIconId=0x7f0200d9 mAirplaneMode=false mDataActivity1=0 mDataActivity2=0 mPhoneSignalIconId1=0x7f0200cd mPhoneSignalIconId2=0x7f0200d5 mLastPhoneSignalIconId1=0x7f0200cd mLastPhoneSignalIconId2=0x7f0200d5 mDataDirectionIconId1=0x0 mDataDirectionIconId2=0x0 mDataSignalIconId1=0x7f0200cd mDataSignalIconId2=0x7f0200d5 mDataTypeIconId1=0x7f02009d mDataTypeIconId2=0x7f02009d mWifiIconId=0x7f0200ef mRoamingIconId1=0x0 mRoamingIconId2=0x0 mBluetoothTetherIconId=0x10806ce
01-09 14:08:37.082 D/SignalClusterView(504): wifi: VISIBLE sig=2130837743 act=2130837721
01-09 14:08:37.082 D/SignalClusterView(504): mobile1: VISIBLE sig=2130837709 act=0 typ=2130837661
01-09 14:08:37.082 D/SignalClusterView(504): mobile2: VISIBLE sig=2130837717 act=0 typ=2130837661
01-09 14:08:37.082 D/SignalClusterView(504): wifi: VISIBLE sig=2130837743 act=2130837721
01-09 14:08:37.082 D/SignalClusterView(504): mobile1: VISIBLE sig=2130837709 act=0 typ=2130837661
01-09 14:08:37.082 D/SignalClusterView(504): mobile2: VISIBLE sig=2130837717 act=0 typ=2130837661
01-09 14:08:37.082 D/SignalClusterView(504): wifi: VISIBLE sig=2130837743 act=2130837721
01-09 14:08:37.082 D/SignalClusterView(504): mobile1: VISIBLE sig=2130837709 act=0 typ=2130837661
01-09 14:08:37.082 D/SignalClusterView(504): mobile2: VISIBLE sig=2130837717 act=0 typ=2130837661
01-09 14:08:37.082 D/StatusBar-NetworkControllerDS(504): changing data overlay icon id to 2130837721
01-09 14:08:38.082 W/SignalStrength(504): getGsmLevel. this.mGsmSignalBar=3, getGsmSignalStrength()== 11
01-09 14:08:38.082 W/SignalStrength(504): getGsmLevel=3
01-09 14:08:38.082 W/SignalStrength(504): getLevel=3 (SignalStrength: 11 255 -120 -160 -120 -1 -1 99 2147483647 -32767 2147483647 -32767 gsm|lte 3)
01-09 14:08:38.082 W/SignalStrength(504): getGsmLevel. this.mGsmSignalBar=4, getGsmSignalStrength()== 26
01-09 14:08:38.082 W/SignalStrength(504): getGsmLevel=4
01-09 14:08:38.082 W/SignalStrength(504): getLevel=4 (SignalStrength: 26 255 -120 -160 -120 -1 -1 99 2147483647 -32767 2147483647 -32767 gsm|lte 4)
01-09 14:08:38.092 D/StatusBar-NetworkControllerDS(504): refreshViews connected={ wifi } level=3|4 combinedSignalIconId=0x7f0200ef/com.android.systemui:drawable/stat_sys_wifi_signal_4 combinedActivityIconId=0x7f0200d8 mAirplaneMode=false mDataActivity1=0 mDataActivity2=0 mPhoneSignalIconId1=0x7f0200cd mPhoneSignalIconId2=0x7f0200d5 mLastPhoneSignalIconId1=0x7f0200cd mLastPhoneSignalIconId2=0x7f0200d5 mDataDirectionIconId1=0x0 mDataDirectionIconId2=0x0 mDataSignalIconId1=0x7f0200cd mDataSignalIconId2=0x7f0200d5 mDataTypeIconId1=0x7f02009d mDataTypeIconId2=0x7f02009d mWifiIconId=0x7f0200ef mRoamingIconId1=0x0 mRoamingIconId2=0x0 mBluetoothTetherIconId=0x10806ce
01-09 14:08:38.092 D/SignalClusterView(504): wifi: VISIBLE sig=2130837743 act=2130837720
01-09 14:08:38.092 D/SignalClusterView(504): mobile1: VISIBLE sig=2130837709 act=0 typ=2130837661
01-09 14:08:38.092 D/SignalClusterView(504): mobile2: VISIBLE sig=2130837717 act=0 typ=2130837661
01-09 14:08:38.092 D/SignalClusterView(504): wifi: VISIBLE sig=2130837743 act=2130837720
01-09 14:08:38.092 D/SignalClusterView(504): mobile1: VISIBLE sig=2130837709 act=0 typ=2130837661
01-09 14:08:38.092 D/SignalClusterView(504): mobile2: VISIBLE sig=2130837717 act=0 typ=2130837661
01-09 14:08:38.092 D/SignalClusterView(504): wifi: VISIBLE sig=2130837743 act=2130837720
01-09 14:08:38.092 D/SignalClusterView(504): mobile1: VISIBLE sig=2130837709 act=0 typ=2130837661
01-09 14:08:38.092 D/SignalClusterView(504): mobile2: VISIBLE sig=2130837717 act=0 typ=2130837661
01-09 14:08:38.092 D/StatusBar-NetworkControllerDS(504): changing data overlay icon id to 2130837720
01-09 14:08:40.012 D/BatteryService(378): update start
01-09 14:08:40.012 D/BatteryService(378): level:45 scale:100 status:3 health:2 present:true voltage: 3748 temperature: 230 technology: Li-ion AC powered:false USB powered:false icon:17303167 invalid charger:0
01-09 14:08:40.032 D/KeyguardUpdateMonitor(378): received broadcast android.intent.action.BATTERY_CHANGED
01-09 14:08:40.032 D/KeyguardUpdateMonitor(378): handleBatteryUpdate
01-09 14:08:40.032 D/ThermistorObserver(378): mBatteryBRForAMOLED : onReceive() : newTemperature : 230
01-09 14:08:40.032 V/UiModeManager(378): updateLocked, mLastBroadcastState =0 , oldAction = null
01-09 14:08:40.032 D/STATUSBAR-BatteryController(504): onReceive() - ACTION_BATTERY_CHANGED
01-09 14:08:40.032 D/STATUSBAR-BatteryController(504): onReceive() - level:45
01-09 14:08:40.032 D/STATUSBAR-BatteryController(504): onReceive() - plugged:0
01-09 14:08:40.032 D/STATUSBAR-BatteryController(504): onReceive() - BATTERY_STATUS_DISCHARGING: stat_sys_battery
01-09 14:08:40.032 D/STATUSBAR-PhoneStatusBar(504): ACTION_BATTERY_CHANGED
01-09 14:08:40.032 D/STATUSBAR-PhoneStatusBar(504): NORMAL_BATTERY
01-09 14:08:40.032 D/PowerUI (504): getBatteryOnline : battery online file not found
01-09 14:08:40.092 W/SignalStrength(504): getGsmLevel. this.mGsmSignalBar=3, getGsmSignalStrength()== 11
01-09 14:08:40.092 W/SignalStrength(504): getGsmLevel=3
01-09 14:08:40.092 W/SignalStrength(504): getLevel=3 (SignalStrength: 11 255 -120 -160 -120 -1 -1 99 2147483647 -32767 2147483647 -32767 gsm|lte 3)
01-09 14:08:40.092 W/SignalStrength(504): getGsmLevel. this.mGsmSignalBar=4, getGsmSignalStrength()== 26
01-09 14:08:40.092 W/SignalStrength(504): getGsmLevel=4
01-09 14:08:40.092 W/SignalStrength(504): getLevel=4 (SignalStrength: 26 255 -120 -160 -120 -1 -1 99 2147483647 -32767 2147483647 -32767 gsm|lte 4)
01-09 14:08:40.092 D/StatusBar-NetworkControllerDS(504): refreshViews connected={ wifi } level=3|4 combinedSignalIconId=0x7f0200ef/com.android.systemui:drawable/stat_sys_wifi_signal_4 combinedActivityIconId=0x7f0200d9 mAirplaneMode=false mDataActivity1=0 mDataActivity2=0 mPhoneSignalIconId1=0x7f0200cd mPhoneSignalIconId2=0x7f0200d5 mLastPhoneSignalIconId1=0x7f0200cd mLastPhoneSignalIconId2=0x7f0200d5 mDataDirectionIconId1=0x0 mDataDirectionIconId2=0x0 mDataSignalIconId1=0x7f0200cd mDataSignalIconId2=0x7f0200d5 mDataTypeIconId1=0x7f02009d mDataTypeIconId2=0x7f02009d mWifiIconId=0x7f0200ef mRoamingIconId1=0x0 mRoamingIconId2=0x0 mBluetoothTetherIconId=0x10806ce
01-09 14:08:40.092 D/SignalClusterView(504): wifi: VISIBLE sig=2130837743 act=2130837721
01-09 14:08:40.092 D/SignalClusterView(504): mobile1: VISIBLE sig=2130837709 act=0 typ=2130837661
01-09 14:08:40.092 D/SignalClusterView(504): mobile2: VISIBLE sig=2130837717 act=0 typ=2130837661
01-09 14:08:40.092 D/SignalClusterView(504): wifi: VISIBLE sig=2130837743 act=2130837721
01-09 14:08:40.092 D/SignalClusterView(504): mobile1: VISIBLE sig=2130837709 act=0 typ=2130837661
01-09 14:08:40.092 D/SignalClusterView(504): mobile2: VISIBLE sig=2130837717 act=0 typ=2130837661
01-09 14:08:40.092 D/SignalClusterView(504): wifi: VISIBLE sig=2130837743 act=2130837721
01-09 14:08:40.092 D/SignalClusterView(504): mobile1: VISIBLE sig=2130837709 act=0 typ=2130837661
