01-09 14:10:02.992 I/InputDispatcher(378): Delivering touch to current input target: action: 0x0
01-09 14:10:03.082 I/InputReader(378): Touch event's action is 0x1 (deviceType=0) [pCnt=1, pending(waiting finished signal)=0, s=]
01-09 14:10:03.082 I/InputDispatcher(378): Delivering touch to current input target: action: 0x1
01-09 14:10:03.972 I/InputReader(378): Touch event's action is 0x0 (deviceType=0) [pCnt=1, pending(waiting finished signal)=0, s=0.1900 ]
01-09 14:10:03.972 I/InputDispatcher(378): Delivering touch to current input target: action: 0x0
01-09 14:10:04.122 I/InputReader(378): Touch event's action is 0x1 (deviceType=0) [pCnt=1, pending(waiting finished signal)=0, s=]
01-09 14:10:04.122 I/InputDispatcher(378): Delivering touch to current input target: action: 0x1
01-09 14:10:04.522 W/SignalStrength(504): getGsmLevel. this.mGsmSignalBar=3, getGsmSignalStrength()== 11
01-09 14:10:04.522 W/SignalStrength(504): getGsmLevel=3
01-09 14:10:04.522 W/SignalStrength(504): getLevel=3 (SignalStrength: 11 255 -120 -160 -120 -1 -1 99 2147483647 -32767 2147483647 -32767 gsm|lte 3)
01-09 14:10:04.522 W/SignalStrength(504): getGsmLevel. this.mGsmSignalBar=4, getGsmSignalStrength()== 26
01-09 14:10:04.522 W/SignalStrength(504): getGsmLevel=4
01-09 14:10:04.522 D/SignalClusterView(504): wifi: VISIBLE sig=2130837743 act=2130837721
01-09 14:10:04.522 D/SignalClusterView(504): mobile1: VISIBLE sig=2130837709 act=0 typ=2130837661
01-09 14:10:04.522 D/SignalClusterView(504): mobile2: VISIBLE sig=2130837717 act=0 typ=2130837661
01-09 14:10:04.522 D/SignalClusterView(504): wifi: VISIBLE sig=2130837743 act=2130837721
01-09 14:10:04.522 D/SignalClusterView(504): mobile1: VISIBLE sig=2130837709 act=0 typ=2130837661
01-09 14:10:04.522 D/SignalClusterView(504): mobile2: VISIBLE sig=2130837717 act=0 typ=2130837661
01-09 14:10:04.522 D/SignalClusterView(504): wifi: VISIBLE sig=2130837743 act=2130837721
01-09 14:10:04.522 D/SignalClusterView(504): mobile1: VISIBLE sig=2130837709 act=0 typ=2130837661
01-09 14:10:04.522 D/SignalClusterView(504): mobile2: VISIBLE sig=2130837717 act=0 typ=2130837661
01-09 14:10:04.522 D/StatusBar-NetworkControllerDS(504): changing data overlay icon id to 2130837721
01-09 14:10:04.522 W/SignalStrength(504): getLevel=4 (SignalStrength: 26 255 -120 -160 -120 -1 -1 99 2147483647 -32767 2147483647 -32767 gsm|lte 4)
01-09 14:10:04.522 D/StatusBar-NetworkControllerDS(504): refreshViews connected={ wifi } level=3|4 combinedSignalIconId=0x7f0200ef/com.android.systemui:drawable/stat_sys_wifi_signal_4 combinedActivityIconId=0x7f0200d9 mAirplaneMode=false mDataActivity1=0 mDataActivity2=0 mPhoneSignalIconId1=0x7f0200cd mPhoneSignalIconId2=0x7f0200d5 mLastPhoneSignalIconId1=0x7f0200cd mLastPhoneSignalIconId2=0x7f0200d5 mDataDirectionIconId1=0x0 mDataDirectionIconId2=0x0 mDataSignalIconId1=0x7f0200cd mDataSignalIconId2=0x7f0200d5 mDataTypeIconId1=0x7f02009d mDataTypeIconId2=0x7f02009d mWifiIconId=0x7f0200ef mRoamingIconId1=0x0 mRoamingIconId2=0x0 mBluetoothTetherIconId=0x10806ce
01-09 14:10:05.312 I/InputReader(378): Touch event's action is 0x0 (deviceType=0) [pCnt=1, pending(waiting finished signal)=0, s=0.1901 ]
01-09 14:10:05.312 I/InputDispatcher(378): Delivering touch to current input target: action: 0x0
01-09 14:10:05.522 W/SignalStrength(504): getGsmLevel. this.mGsmSignalBar=3, getGsmSignalStrength()== 11
01-09 14:10:05.522 W/SignalStrength(504): getGsmLevel=3
01-09 14:10:05.522 W/SignalStrength(504): getLevel=3 (SignalStrength: 11 255 -120 -160 -120 -1 -1 99 2147483647 -32767 2147483647 -32767 gsm|lte 3)
01-09 14:10:05.522 W/SignalStrength(504): getGsmLevel. this.mGsmSignalBar=4, getGsmSignalStrength()== 26
01-09 14:10:05.522 W/SignalStrength(504): getGsmLevel=4
01-09 14:10:05.522 W/SignalStrength(504): getLevel=4 (SignalStrength: 26 255 -120 -160 -120 -1 -1 99 2147483647 -32767 2147483647 -32767 gsm|lte 4)
01-09 14:10:05.522 D/StatusBar-NetworkControllerDS(504): refreshViews connected={ wifi } level=3|4 combinedSignalIconId=0x7f0200ef/com.android.systemui:drawable/stat_sys_wifi_signal_4 combinedActivityIconId=0x7f0200d8 mAirplaneMode=false mDataActivity1=0 mDataActivity2=0 mPhoneSignalIconId1=0x7f0200cd mPhoneSignalIconId2=0x7f0200d5 mLastPhoneSignalIconId1=0x7f0200cd mLastPhoneSignalIconId2=0x7f0200d5 mDataDirectionIconId1=0x0 mDataDirectionIconId2=0x0 mDataSignalIconId1=0x7f0200cd mDataSignalIconId2=0x7f0200d5 mDataTypeIconId1=0x7f02009d mDataTypeIconId2=0x7f02009d mWifiIconId=0x7f0200ef mRoamingIconId1=0x0 mRoamingIconId2=0x0 mBluetoothTetherIconId=0x10806ce
01-09 14:10:05.532 D/SignalClusterView(504): wifi: VISIBLE sig=2130837743 act=2130837720
01-09 14:10:05.532 D/SignalClusterView(504): mobile1: VISIBLE sig=2130837709 act=0 typ=2130837661
01-09 14:10:05.532 D/SignalClusterView(504): mobile2: VISIBLE sig=2130837717 act=0 typ=2130837661
01-09 14:10:05.532 D/SignalClusterView(504): wifi: VISIBLE sig=2130837743 act=2130837720
01-09 14:10:05.532 D/SignalClusterView(504): mobile1: VISIBLE sig=2130837709 act=0 typ=2130837661
01-09 14:10:05.532 D/SignalClusterView(504): mobile2: VISIBLE sig=2130837717 act=0 typ=2130837661
01-09 14:10:05.532 D/SignalClusterView(504): wifi: VISIBLE sig=2130837743 act=2130837720
01-09 14:10:05.532 D/SignalClusterView(504): mobile1: VISIBLE sig=2130837709 act=0 typ=2130837661
01-09 14:10:05.532 D/SignalClusterView(504): mobile2: VISIBLE sig=2130837717 act=0 typ=2130837661
01-09 14:10:05.532 D/StatusBar-NetworkControllerDS(504): changing data overlay icon id to 2130837720
01-09 14:10:06.072 I/InputReader(378): Touch event's action is 0x1 (deviceType=0) [pCnt=1, pending(waiting finished signal)=0, s=]
01-09 14:10:06.072 I/InputDispatcher(378): Delivering touch to current input target: action: 0x1
01-09 14:10:07.322 V/PowerManagerService(378): Top Most Needs Intelligent Sleep: true
01-09 14:10:07.322 W/PowerManagerService(378): Timer 0x3->0x3|0x0
01-09 14:10:07.532 W/SignalStrength(504): getGsmLevel. this.mGsmSignalBar=3, getGsmSignalStrength()== 11
01-09 14:10:07.532 W/SignalStrength(504): getGsmLevel=3
01-09 14:10:07.532 W/SignalStrength(504): getLevel=3 (SignalStrength: 11 255 -120 -160 -120 -1 -1 99 2147483647 -32767 2147483647 -32767 gsm|lte 3)
01-09 14:10:07.532 W/SignalStrength(504): getGsmLevel. this.mGsmSignalBar=4, getGsmSignalStrength()== 26
01-09 14:10:07.532 W/SignalStrength(504): getGsmLevel=4
01-09 14:10:07.532 W/SignalStrength(504): getLevel=4 (SignalStrength: 26 255 -120 -160 -120 -1 -1 99 2147483647 -32767 2147483647 -32767 gsm|lte 4)
01-09 14:10:07.532 D/StatusBar-NetworkControllerDS(504): refreshViews connected={ wifi } level=3|4 combinedSignalIconId=0x7f0200ef/com.android.systemui:drawable/stat_sys_wifi_signal_4 combinedActivityIconId=0x7f0200d9 mAirplaneMode=false mDataActivity1=0 mDataActivity2=0 mPhoneSignalIconId1=0x7f0200cd mPhoneSignalIconId2=0x7f0200d5 mLastPhoneSignalIconId1=0x7f0200cd mLastPhoneSignalIconId2=0x7f0200d5 mDataDirectionIconId1=0x0 mDataDirectionIconId2=0x0 mDataSignalIconId1=0x7f0200cd mDataSignalIconId2=0x7f0200d5 mDataTypeIconId1=0x7f02009d mDataTypeIconId2=0x7f02009d mWifiIconId=0x7f0200ef mRoamingIconId1=0x0 mRoamingIconId2=0x0 mBluetoothTetherIconId=0x10806ce
01-09 14:10:07.532 D/SignalClusterView(504): wifi: VISIBLE sig=2130837743 act=2130837721
01-09 14:10:07.532 D/SignalClusterView(504): mobile1: VISIBLE sig=2130837709 act=0 typ=2130837661
01-09 14:10:07.532 D/SignalClusterView(504): mobile2: VISIBLE sig=2130837717 act=0 typ=2130837661
01-09 14:10:07.532 D/SignalClusterView(504): wifi: VISIBLE sig=2130837743 act=2130837721
01-09 14:10:07.532 D/SignalClusterView(504): mobile1: VISIBLE sig=2130837709 act=0 typ=2130837661
01-09 14:10:07.532 D/SignalClusterView(504): mobile2: VISIBLE sig=2130837717 act=0 typ=2130837661
01-09 14:10:07.542 D/SignalClusterView(504): wifi: VISIBLE sig=2130837743 act=2130837721
01-09 14:10:07.542 D/SignalClusterView(504): mobile1: VISIBLE sig=2130837709 act=0 typ=2130837661
01-09 14:10:07.542 D/SignalClusterView(504): mobile2: VISIBLE sig=2130837717 act=0 typ=2130837661
01-09 14:10:07.542 D/StatusBar-NetworkControllerDS(504): changing data overlay icon id to 2130837721
01-09 14:10:08.542 W/SignalStrength(504): getGsmLevel. this.mGsmSignalBar=3, getGsmSignalStrength()== 11
01-09 14:10:08.542 W/SignalStrength(504): getGsmLevel=3
01-09 14:10:08.542 W/SignalStrength(504): getLevel=3 (SignalStrength: 11 255 -120 -160 -120 -1 -1 99 2147483647 -32767 2147483647 -32767 gsm|lte 3)
01-09 14:10:08.542 W/SignalStrength(504): getGsmLevel. this.mGsmSignalBar=4, getGsmSignalStrength()== 26
01-09 14:10:08.542 W/SignalStrength(504): getGsmLevel=4
01-09 14:10:08.542 W/SignalStrength(504): getLevel=4 (SignalStrength: 26 255 -120 -160 -120 -1 -1 99 2147483647 -32767 2147483647 -32767 gsm|lte 4)
01-09 14:10:08.542 D/StatusBar-NetworkControllerDS(504): refreshViews connected={ wifi } level=3|4 combinedSignalIconId=0x7f0200ef/com.android.systemui:drawable/stat_sys_wifi_signal_4 combinedActivityIconId=0x7f0200d8 mAirplaneMode=false mDataActivity1=0 mDataActivity2=0 mPhoneSignalIconId1=0x7f0200cd mPhoneSignalIconId2=0x7f0200d5 mLastPhoneSignalIconId1=0x7f0200cd mLastPhoneSignalIconId2=0x7f0200d5 mDataDirectionIconId1=0x0 mDataDirectionIconId2=0x0 mDataSignalIconId1=0x7f0200cd mDataSignalIconId2=0x7f0200d5 mDataTypeIconId1=0x7f02009d mDataTypeIconId2=0x7f02009d mWifiIconId=0x7f0200ef mRoamingIconId1=0x0 mRoamingIconId2=0x0 mBluetoothTetherIconId=0x10806ce
01-09 14:10:08.542 D/SignalClusterView(504): wifi: VISIBLE sig=2130837743 act=2130837720
01-09 14:10:08.542 D/SignalClusterView(504): mobile1: VISIBLE sig=2130837709 act=0 typ=2130837661
01-09 14:10:08.542 D/SignalClusterView(504): mobile2: VISIBLE sig=2130837717 act=0 typ=2130837661
01-09 14:10:08.542 D/SignalClusterView(504): wifi: VISIBLE sig=2130837743 act=2130837720
01-09 14:10:08.542 D/SignalClusterView(504): mobile1: VISIBLE sig=2130837709 act=0 typ=2130837661
01-09 14:10:08.542 D/SignalClusterView(504): mobile2: VISIBLE sig=2130837717 act=0 typ=2130837661
01-09 14:10:08.542 D/SignalClusterView(504): wifi: VISIBLE sig=2130837743 act=2130837720
01-09 14:10:08.552 D/SignalClusterView(504): mobile1: VISIBLE sig=2130837709 act=0 typ=2130837661
01-09 14:10:08.552 D/SignalClusterView(504): mobile2: VISIBLE sig=2130837717 act=0 typ=2130837661
01-09 14:10:08.552 D/StatusBar-NetworkControllerDS(504): changing data overlay icon id to 2130837720
01-09 14:10:10.172 I/InputReader(378): Touch event's action is 0x0 (deviceType=0) [pCnt=1, pending(waiting finished signal)=0, s=0.1902 ]
01-09 14:10:10.172 I/InputDispatcher(378): Delivering touch to current input target: action: 0x0
01-09 14:10:10.562 W/SignalStrength(504): getGsmLevel. this.mGsmSignalBar=3, getGsmSignalStrength()== 11
01-09 14:10:10.562 W/SignalStrength(504): getGsmLevel=3
01-09 14:10:10.562 W/SignalStrength(504): getLevel=3 (SignalStrength: 11 255 -120 -160 -120 -1 -1 99 2147483647 -32767 2147483647 -32767 gsm|lte 3)
01-09 14:10:10.562 W/SignalStrength(504): getGsmLevel. this.mGsmSignalBar=4, getGsmSignalStrength()== 26
01-09 14:10:10.562 W/SignalStrength(504): getGsmLevel=4
01-09 14:10:10.562 W/SignalStrength(504): getLevel=4 (SignalStrength: 26 255 -120 -160 -120 -1 -1 99 2147483647 -32767 2147483647 -32767 gsm|lte 4)
01-09 14:10:10.562 D/StatusBar-NetworkControllerDS(504): refreshViews connected={ wifi } level=3|4 combinedSignalIconId=0x7f0200ef/com.android.systemui:drawable/stat_sys_wifi_signal_4 combinedActivityIconId=0x7f0200d9 mAirplaneMode=false mDataActivity1=0 mDataActivity2=0 mPhoneSignalIconId1=0x7f0200cd mPhoneSignalIconId2=0x7f0200d5 mLastPhoneSignalIconId1=0x7f0200cd mLastPhoneSignalIconId2=0x7f0200d5 mDataDirectionIconId1=0x0 mDataDirectionIconId2=0x0 mDataSignalIconId1=0x7f0200cd mDataSignalIconId2=0x7f0200d5 mDataTypeIconId1=0x7f02009d mDataTypeIconId2=0x7f02009d mWifiIconId=0x7f0200ef mRoamingIconId1=0x0 mRoamingIconId2=0x0 mBluetoothTetherIconId=0x10806ce
01-09 14:10:10.562 D/SignalClusterView(504): wifi: VISIBLE sig=2130837743 act=2130837721
01-09 14:10:10.562 D/SignalClusterView(504): mobile1: VISIBLE sig=2130837709 act=0 typ=2130837661
01-09 14:10:10.562 D/SignalClusterView(504): mobile2: VISIBLE sig=2130837717 act=0 typ=2130837661
01-09 14:10:10.562 D/SignalClusterView(504): wifi: VISIBLE sig=2130837743 act=2130837721
01-09 14:10:10.562 D/SignalClusterView(504): mobile1: VISIBLE sig=2130837709 act=0 typ=2130837661
01-09 14:10:10.562 D/SignalClusterView(504): mobile2: VISIBLE sig=2130837717 act=0 typ=2130837661
01-09 14:10:10.562 D/SignalClusterView(504): wifi: VISIBLE sig=2130837743 act=2130837721
01-09 14:10:10.562 D/SignalClusterView(504): mobile1: VISIBLE sig=2130837709 act=0 typ=2130837661
01-09 14:10:10.562 D/SignalClusterView(504): mobile2: VISIBLE sig=2130837717 act=0 typ=2130837661
01-09 14:10:10.562 D/StatusBar-NetworkControllerDS(504): changing data overlay icon id to 2130837721
01-09 14:10:10.722 I/InputReader(378): Touch event's action is 0x1 (deviceType=0) [pCnt=1, pending(waiting finished signal)=0, s=]
01-09 14:10:10.722 I/InputDispatcher(378): Delivering touch to current input target: action: 0x1
01-09 14:10:10.752 W/SurfaceFlinger(110): id=1261(8) createSurface 0x2fea0c (1x1),1 flag=0
01-09 14:10:10.752 D/KeyguardViewMediator(378): setHidden false
01-09 14:10:10.772 I/Adreno200-EGLSUB(20066): <ConfigWindowMatch:2218>: Format RGBA_8888.
01-09 14:10:10.772 D/memalloc(110): /dev/pmem: Allocated buffer base:0x41a93000 size:1474560 offset:11923456 fd:33
01-09 14:10:10.782 D/memalloc(20066): /dev/pmem: Mapped buffer base:0x570fe000 size:13398016 offset:11923456 fd:145
01-09 14:10:10.802 D/KeyguardViewMediator(378): setHidden false
01-09 14:10:10.812 D/memalloc(20066): /dev/pmem: Unmapping buffer base:0x570fe000 size:13398016 offset:11923456
01-09 14:10:10.812 D/memalloc(110): /dev/pmem: Freeing buffer base:0x425f2000 size:1474560 offset:11923456 fd:33
01-09 14:10:10.812 I/Adreno200-EGLSUB(20066): <ConfigWindowMatch:2218>: Format RGBA_8888.
01-09 14:10:10.812 D/memalloc(110): /dev/pmem: Allocated buffer base:0x41a93000 size:1474560 offset:11923456 fd:33
01-09 14:10:10.822 D/memalloc(20066): /dev/pmem: Mapped buffer base:0x570fe000 size:13398016 offset:11923456 fd:145
01-09 14:10:10.842 D/memalloc(110): /dev/pmem: Allocated buffer base:0x41a93000 size:1474560 offset:7438336 fd:36
01-09 14:10:10.852 D/memalloc(20066): /dev/pmem: Mapped buffer base:0x5667a000 size:8912896 offset:7438336 fd:154
01-09 14:10:10.852 D/KeyguardViewMediator(378): setHidden false
01-09 14:10:10.852 I/Adreno200-EGLSUB(110): <CreateImage:1017>: Android Image
01-09 14:10:10.852 I/Adreno200-EGLSUB(110): <GetImageAttributes:1226>: RGBA_8888
01-09 14:10:10.862 D/KeyguardViewMediator(378): setHidden false
01-09 14:10:10.872 D/KeyguardViewMediator(378): setHidden false
01-09 14:10:11.562 W/SignalStrength(504): getGsmLevel. this.mGsmSignalBar=3, getGsmSignalStrength()== 11
01-09 14:10:11.562 W/SignalStrength(504): getGsmLevel=3
01-09 14:10:11.562 W/SignalStrength(504): getLevel=3 (SignalStrength: 11 255 -120 -160 -120 -1 -1 99 2147483647 -32767 2147483647 -32767 gsm|lte 3)
01-09 14:10:11.562 W/SignalStrength(504): getGsmLevel. this.mGsmSignalBar=4, getGsmSignalStrength()== 26
01-09 14:10:11.562 W/SignalStrength(504): getGsmLevel=4
01-09 14:10:11.562 W/SignalStrength(504): getLevel=4 (SignalStrength: 26 255 -120 -160 -120 -1 -1 99 2147483647 -32767 2147483647 -32767 gsm|lte 4)
01-09 14:10:11.562 D/StatusBar-NetworkControllerDS(504): refreshViews connected={ wifi } level=3|4 combinedSignalIconId=0x7f0200ef/com.android.systemui:drawable/stat_sys_wifi_signal_4 combinedActivityIconId=0x7f0200d8 mAirplaneMode=false mDataActivity1=0 mDataActivity2=0 mPhoneSignalIconId1=0x7f0200cd mPhoneSignalIconId2=0x7f0200d5 mLastPhoneSignalIconId1=0x7f0200cd mLastPhoneSignalIconId2=0x7f0200d5 mDataDirectionIconId1=0x0 mDataDirectionIconId2=0x0 mDataSignalIconId1=0x7f0200cd mDataSignalIconId2=0x7f0200d5 mDataTypeIconId1=0x7f02009d mDataTypeIconId2=0x7f02009d mWifiIconId=0x7f0200ef mRoamingIconId1=0x0 mRoamingIconId2=0x0 mBluetoothTetherIconId=0x10806ce
01-09 14:10:11.562 D/SignalClusterView(504): wifi: VISIBLE sig=2130837743 act=2130837720
01-09 14:10:11.562 D/SignalClusterView(504): mobile1: VISIBLE sig=2130837709 act=0 typ=2130837661
01-09 14:10:11.562 D/SignalClusterView(504): mobile2: VISIBLE sig=2130837717 act=0 typ=2130837661
01-09 14:10:11.562 D/SignalClusterView(504): wifi: VISIBLE sig=2130837743 act=2130837720
01-09 14:10:11.562 D/SignalClusterView(504): mobile1: VISIBLE sig=2130837709 act=0 typ=2130837661
01-09 14:10:11.562 D/SignalClusterView(504): mobile2: VISIBLE sig=2130837717 act=0 typ=2130837661
01-09 14:10:11.562 D/SignalClusterView(504): wifi: VISIBLE sig=2130837743 act=2130837720
01-09 14:10:11.562 D/SignalClusterView(504): mobile1: VISIBLE sig=2130837709 act=0 typ=2130837661
01-09 14:10:11.562 D/SignalClusterView(504): mobile2: VISIBLE sig=2130837717 act=0 typ=2130837661
01-09 14:10:11.562 D/StatusBar-NetworkControllerDS(504): changing data overlay icon id to 2130837720
01-09 14:10:11.942 D/memalloc(110): /dev/pmem: Allocated buffer base:0x41a93000 size:1474560 offset:1413120 fd:72
01-09 14:10:11.952 D/memalloc(20066): /dev/pmem: Mapped buffer base:0x57dc5000 size:2887680 offset:1413120 fd:158
01-09 14:10:11.952 I/Adreno200-EGLSUB(110): <CreateImage:1017>: Android Image
01-09 14:10:11.952 I/Adreno200-EGLSUB(110): <GetImageAttributes:1226>: RGBA_8888
01-09 14:10:11.992 I/Adreno200-EGLSUB(110): <CreateImage:1017>: Android Image
01-09 14:10:11.992 I/Adreno200-EGLSUB(110): <GetImageAttributes:1226>: RGBA_8888
01-09 14:10:12.222 V/PowerManagerService(378): Top Most Needs Intelligent Sleep: true
01-09 14:10:12.222 W/PowerManagerService(378): Timer 0x3->0x3|0x0
01-09 14:10:13.572 W/SignalStrength(504): getGsmLevel. this.mGsmSignalBar=3, getGsmSignalStrength()== 11
01-09 14:10:13.572 W/SignalStrength(504): getGsmLevel=3
01-09 14:10:13.572 W/SignalStrength(504): getLevel=3 (SignalStrength: 11 255 -120 -160 -120 -1 -1 99 2147483647 -32767 2147483647 -32767 gsm|lte 3)
01-09 14:10:13.572 W/SignalStrength(504): getGsmLevel. this.mGsmSignalBar=4, getGsmSignalStrength()== 26
01-09 14:10:13.572 W/SignalStrength(504): getGsmLevel=4
01-09 14:10:13.572 W/SignalStrength(504): getLevel=4 (SignalStrength: 26 255 -120 -160 -120 -1 -1 99 2147483647 -32767 2147483647 -32767 gsm|lte 4)
01-09 14:10:13.572 D/StatusBar-NetworkControllerDS(504): refreshViews connected={ wifi } level=3|4 combinedSignalIconId=0x7f0200ef/com.android.systemui:drawable/stat_sys_wifi_signal_4 combinedActivityIconId=0x7f0200d9 mAirplaneMode=false mDataActivity1=0 mDataActivity2=0 mPhoneSignalIconId1=0x7f0200cd mPhoneSignalIconId2=0x7f0200d5 mLastPhoneSignalIconId1=0x7f0200cd mLastPhoneSignalIconId2=0x7f0200d5 mDataDirectionIconId1=0x0 mDataDirectionIconId2=0x0 mDataSignalIconId1=0x7f0200cd mDataSignalIconId2=0x7f0200d5 mDataTypeIconId1=0x7f02009d mDataTypeIconId2=0x7f02009d mWifiIconId=0x7f0200ef mRoamingIconId1=0x0 mRoamingIconId2=0x0 mBluetoothTetherIconId=0x10806ce
01-09 14:10:13.572 D/SignalClusterView(504): wifi: VISIBLE sig=2130837743 act=2130837721
01-09 14:10:13.572 D/SignalClusterView(504): mobile1: VISIBLE sig=2130837709 act=0 typ=2130837661
01-09 14:10:13.572 D/SignalClusterView(504): mobile2: VISIBLE sig=2130837717 act=0 typ=2130837661
01-09 14:10:13.572 D/SignalClusterView(504): wifi: VISIBLE sig=2130837743 act=2130837721
01-09 14:10:13.572 D/SignalClusterView(504): mobile1: VISIBLE sig=2130837709 act=0 typ=2130837661
01-09 14:10:13.572 D/SignalClusterView(504): mobile2: VISIBLE sig=2130837717 act=0 typ=2130837661
01-09 14:10:13.572 D/SignalClusterView(504): wifi: VISIBLE sig=2130837743 act=2130837721
01-09 14:10:13.572 D/SignalClusterView(504): mobile1: VISIBLE sig=2130837709 act=0 typ=2130837661
01-09 14:10:13.572 D/SignalClusterView(504): mobile2: VISIBLE sig=2130837717 act=0 typ=2130837661
01-09 14:10:13.572 D/StatusBar-NetworkControllerDS(504): changing data overlay icon id to 2130837721
01-09 14:10:14.572 W/SignalStrength(504): getGsmLevel. this.mGsmSignalBar=3, getGsmSignalStrength()== 11
01-09 14:10:14.572 W/SignalStrength(504): getGsmLevel=3
01-09 14:10:14.572 W/SignalStrength(504): getLevel=3 (SignalStrength: 11 255 -120 -160 -120 -1 -1 99 2147483647 -32767 2147483647 -32767 gsm|lte 3)
01-09 14:10:14.572 W/SignalStrength(504): getGsmLevel. this.mGsmSignalBar=4, getGsmSignalStrength()== 26
01-09 14:10:14.572 W/SignalStrength(504): getGsmLevel=4
01-09 14:10:14.572 W/SignalStrength(504): getLevel=4 (SignalStrength: 26 255 -120 -160 -120 -1 -1 99 2147483647 -32767 2147483647 -32767 gsm|lte 4)
01-09 14:10:14.572 D/StatusBar-NetworkControllerDS(504): refreshViews connected={ wifi } level=3|4 combinedSignalIconId=0x7f0200ef/com.android.systemui:drawable/stat_sys_wifi_signal_4 combinedActivityIconId=0x7f0200d8 mAirplaneMode=false mDataActivity1=0 mDataActivity2=0 mPhoneSignalIconId1=0x7f0200cd mPhoneSignalIconId2=0x7f0200d5 mLastPhoneSignalIconId1=0x7f0200cd mLastPhoneSignalIconId2=0x7f0200d5 mDataDirectionIconId1=0x0 mDataDirectionIconId2=0x0 mDataSignalIconId1=0x7f0200cd mDataSignalIconId2=0x7f0200d5 mDataTypeIconId1=0x7f02009d mDataTypeIconId2=0x7f02009d mWifiIconId=0x7f0200ef mRoamingIconId1=0x0 mRoamingIconId2=0x0 mBluetoothTetherIconId=0x10806ce
01-09 14:10:14.572 D/SignalClusterView(504): wifi: VISIBLE sig=2130837743 act=2130837720
01-09 14:10:14.572 D/SignalClusterView(504): mobile1: VISIBLE sig=2130837709 act=0 typ=2130837661
01-09 14:10:14.572 D/SignalClusterView(504): mobile2: VISIBLE sig=2130837717 act=0 typ=2130837661
01-09 14:10:14.572 D/SignalClusterView(504): wifi: VISIBLE sig=2130837743 act=2130837720
01-09 14:10:14.572 D/SignalClusterView(504): mobile1: VISIBLE sig=2130837709 act=0 typ=2130837661
01-09 14:10:14.572 D/SignalClusterView(504): mobile2: VISIBLE sig=2130837717 act=0 typ=2130837661
01-09 14:10:14.572 D/SignalClusterView(504): wifi: VISIBLE sig=2130837743 act=2130837720
01-09 14:10:14.572 D/SignalClusterView(504): mobile1: VISIBLE sig=2130837709 act=0 typ=2130837661
01-09 14:10:14.572 D/SignalClusterView(504): mobile2: VISIBLE sig=2130837717 act=0 typ=2130837661
01-09 14:10:14.572 D/StatusBar-NetworkControllerDS(504): changing data overlay icon id to 2130837720
01-09 14:10:14.842 I/NRFW    (1283): profile=wifi
01-09 14:10:14.852 I/NRFW    (1283): serverip=103.235.47.88 localIp=10.0.8.1
01-09 14:10:16.582 W/SignalStrength(504): getGsmLevel. this.mGsmSignalBar=3, getGsmSignalStrength()== 11
01-09 14:10:16.582 W/SignalStrength(504): getGsmLevel=3
01-09 14:10:16.582 W/SignalStrength(504): getLevel=3 (SignalStrength: 11 255 -120 -160 -120 -1 -1 99 2147483647 -32767 2147483647 -32767 gsm|lte 3)
01-09 14:10:16.582 W/SignalStrength(504): getGsmLevel. this.mGsmSignalBar=4, getGsmSignalStrength()== 26
01-09 14:10:16.582 W/SignalStrength(504): getGsmLevel=4
01-09 14:10:16.582 W/SignalStrength(504): getLevel=4 (SignalStrength: 26 255 -120 -160 -120 -1 -1 99 2147483647 -32767 2147483647 -32767 gsm|lte 4)
01-09 14:10:16.582 D/StatusBar-NetworkControllerDS(504): refreshViews connected={ wifi } level=3|4 combinedSignalIconId=0x7f0200ef/com.android.systemui:drawable/stat_sys_wifi_signal_4 combinedActivityIconId=0x7f0200d9 mAirplaneMode=false mDataActivity1=0 mDataActivity2=0 mPhoneSignalIconId1=0x7f0200cd mPhoneSignalIconId2=0x7f0200d5 mLastPhoneSignalIconId1=0x7f0200cd mLastPhoneSignalIconId2=0x7f0200d5 mDataDirectionIconId1=0x0 mDataDirectionIconId2=0x0 mDataSignalIconId1=0x7f0200cd mDataSignalIconId2=0x7f0200d5 mDataTypeIconId1=0x7f02009d mDataTypeIconId2=0x7f02009d mWifiIconId=0x7f0200ef mRoamingIconId1=0x0 mRoamingIconId2=0x0 mBluetoothTetherIconId=0x10806ce
01-09 14:10:16.582 D/SignalClusterView(504): wifi: VISIBLE sig=2130837743 act=2130837721
01-09 14:10:16.582 D/SignalClusterView(504): mobile1: VISIBLE sig=2130837709 act=0 typ=2130837661
01-09 14:10:16.582 D/SignalClusterView(504): mobile2: VISIBLE sig=2130837717 act=0 typ=2130837661
01-09 14:10:16.582 D/SignalClusterView(504): wifi: VISIBLE sig=2130837743 act=2130837721
01-09 14:10:16.582 D/SignalClusterView(504): mobile1: VISIBLE sig=2130837709 act=0 typ=2130837661
01-09 14:10:16.582 D/SignalClusterView(504): mobile2: VISIBLE sig=2130837717 act=0 typ=2130837661
01-09 14:10:16.582 D/SignalClusterView(504): wifi: VISIBLE sig=2130837743 act=2130837721
01-09 14:10:16.582 D/SignalClusterView(504): mobile1: VISIBLE sig=2130837709 act=0 typ=2130837661
01-09 14:10:16.582 D/SignalClusterView(504): mobile2: VISIBLE sig=2130837717 act=0 typ=2130837661
01-09 14:10:16.582 D/StatusBar-NetworkControllerDS(504): changing data overlay icon id to 2130837721
01-09 14:10:17.412 D/lights  (378): write_int /sys/class/leds/button-backlight/brightness = 255
01-09 14:10:17.412 I/InputDispatcher(378): Delivering key to current input target: action: 0x0
01-09 14:10:17.412 I/PowerManagerService(378): Ulight 0x3->0x7|0x0
01-09 14:10:17.412 D/PowerManagerService(378): setLightBrightness : mButtonLight : 77
01-09 14:10:17.412 D/InputReader(378): Input event: value=1
01-09 14:10:17.482 D/InputReader(378): Input event: value=0
01-09 14:10:17.492 I/InputDispatcher(378): Delivering key to current input target: action: 0x1
01-09 14:10:17.492 D/memalloc(20066): /dev/pmem: Unmapping buffer base:0x570fe000 size:13398016 offset:11923456
01-09 14:10:17.492 D/memalloc(20066): /dev/pmem: Unmapping buffer base:0x5667a000 size:8912896 offset:7438336
01-09 14:10:17.492 D/memalloc(20066): /dev/pmem: Unmapping buffer base:0x57dc5000 size:2887680 offset:1413120
01-09 14:10:17.492 D/memalloc(110): /dev/pmem: Freeing buffer base:0x425f2000 size:1474560 offset:11923456 fd:33
01-09 14:10:17.492 D/memalloc(110): /dev/pmem: Freeing buffer base:0x421ab000 size:1474560 offset:7438336 fd:36
01-09 14:10:17.492 D/KeyguardViewMediator(378): setHidden false
01-09 14:10:17.512 D/KeyguardViewMediator(378): setHidden false
01-09 14:10:17.512 W/SurfaceFlinger(110): id=1261 Removed idx=5 Map Size=6
01-09 14:10:17.512 W/SurfaceFlinger(110): id=1261 Removed idx=-2 Map Size=6
01-09 14:10:17.512 W/InputManagerService(378): Window already focused, ignoring focus gain of: com.android.internal.view.IInputMethodClient$Stub$Proxy@410e3cb8
01-09 14:10:17.522 D/KeyguardViewMediator(378): setHidden false
01-09 14:10:17.532 D/memalloc(110): /dev/pmem: Freeing buffer base:0x41bec000 size:1474560 offset:1413120 fd:72
01-09 14:10:17.572 W/SignalStrength(504): getGsmLevel. this.mGsmSignalBar=3, getGsmSignalStrength()== 11
01-09 14:10:17.572 W/SignalStrength(504): getGsmLevel=3
01-09 14:10:17.572 W/SignalStrength(504): getLevel=3 (SignalStrength: 11 255 -120 -160 -120 -1 -1 99 2147483647 -32767 2147483647 -32767 gsm|lte 3)
01-09 14:10:17.572 W/SignalStrength(504): getGsmLevel. this.mGsmSignalBar=4, getGsmSignalStrength()== 26
01-09 14:10:17.572 W/SignalStrength(504): getGsmLevel=4
01-09 14:10:17.572 W/SignalStrength(504): getLevel=4 (SignalStrength: 26 255 -120 -160 -120 -1 -1 99 2147483647 -32767 2147483647 -32767 gsm|lte 4)
01-09 14:10:17.572 D/StatusBar-NetworkControllerDS(504): refreshViews connected={ wifi } level=3|4 combinedSignalIconId=0x7f0200ef/com.android.systemui:drawable/stat_sys_wifi_signal_4 combinedActivityIconId=0x7f0200d8 mAirplaneMode=false mDataActivity1=0 mDataActivity2=0 mPhoneSignalIconId1=0x7f0200cd mPhoneSignalIconId2=0x7f0200d5 mLastPhoneSignalIconId1=0x7f0200cd mLastPhoneSignalIconId2=0x7f0200d5 mDataDirectionIconId1=0x0 mDataDirectionIconId2=0x0 mDataSignalIconId1=0x7f0200cd mDataSignalIconId2=0x7f0200d5 mDataTypeIconId1=0x7f02009d mDataTypeIconId2=0x7f02009d mWifiIconId=0x7f0200ef mRoamingIconId1=0x0 mRoamingIconId2=0x0 mBluetoothTetherIconId=0x10806ce
01-09 14:10:17.582 D/SignalClusterView(504): wifi: VISIBLE sig=2130837743 act=2130837720
01-09 14:10:17.582 D/SignalClusterView(504): mobile1: VISIBLE sig=2130837709 act=0 typ=2130837661
01-09 14:10:17.582 D/SignalClusterView(504): mobile2: VISIBLE sig=2130837717 act=0 typ=2130837661
01-09 14:10:17.582 D/SignalClusterView(504): wifi: VISIBLE sig=2130837743 act=2130837720
01-09 14:10:17.582 D/SignalClusterView(504): mobile1: VISIBLE sig=2130837709 act=0 typ=2130837661
01-09 14:10:17.582 D/SignalClusterView(504): mobile2: VISIBLE sig=2130837717 act=0 typ=2130837661
01-09 14:10:17.582 D/SignalClusterView(504): wifi: VISIBLE sig=2130837743 act=2130837720
01-09 14:10:17.582 D/SignalClusterView(504): mobile1: VISIBLE sig=2130837709 act=0 typ=2130837661
01-09 14:10:17.582 D/SignalClusterView(504): mobile2: VISIBLE sig=2130837717 act=0 typ=2130837661
01-09 14:10:17.582 D/StatusBar-NetworkControllerDS(504): changing data overlay icon id to 2130837720
01-09 14:10:17.652 D/dalvikvm(21796): GC_CONCURRENT freed 3013K, 30% free 15655K/22051K, paused 3ms+24ms
01-09 14:10:17.862 I/NRFW    (1283): profile=wifi
01-09 14:10:17.892 I/NRFW    (1283): serverip=103.235.47.88 localIp=10.0.8.1
01-09 14:10:18.332 I/InputReader(378): Touch event's action is 0x0 (deviceType=0) [pCnt=1, pending(waiting finished signal)=0, s=0.1903 ]
01-09 14:10:18.332 I/InputDispatcher(378): Delivering touch to current input target: action: 0x0
01-09 14:10:18.332 D/lights  (378): write_int /sys/class/leds/button-backlight/brightness = 0
01-09 14:10:18.332 I/PowerManagerService(378): Ulight 0x7->0x3|0x0
01-09 14:10:18.332 D/PowerManagerService(378): setLightBrightness : mButtonLight : 0
01-09 14:10:18.732 D/ConnectivityService(378): reportNetworkCondition(1, 100)
01-09 14:10:18.742 D/ConnectivityService(378): handleInetConditionChange: net=1, condition=100,mActiveDefaultNetwork=1
01-09 14:10:18.742 D/ConnectivityService(378): handleInetConditionChange: starting a change hold
01-09 14:10:18.742 W/AlarmManager(378): FACTORY_ON= 0
01-09 14:10:18.792 V/Babel   (21305): [GcmIntentService] ReceiveServerUpdateService will handle all server updates.
01-09 14:10:19.162 D/plugin  (689): getDefaultSubscription()
01-09 14:10:19.242 D/ConnectivityService(378): handleInetConditionHoldEnd: net=1, condition=100, published condition=100
01-09 14:10:19.242 D/ConnectivityService(378): sendStickyBroadcast: action=android.net.conn.INET_CONDITION_ACTION
01-09 14:10:19.252 W/SignalStrength(504): getGsmLevel. this.mGsmSignalBar=3, getGsmSignalStrength()== 11
01-09 14:10:19.252 W/SignalStrength(504): getGsmLevel=3
01-09 14:10:19.252 W/SignalStrength(504): getLevel=3 (SignalStrength: 11 255 -120 -160 -120 -1 -1 99 2147483647 -32767 2147483647 -32767 gsm|lte 3)
01-09 14:10:19.252 W/SignalStrength(504): getGsmLevel. this.mGsmSignalBar=4, getGsmSignalStrength()== 26
01-09 14:10:19.252 W/SignalStrength(504): getGsmLevel=4
01-09 14:10:19.252 W/SignalStrength(504): getLevel=4 (SignalStrength: 26 255 -120 -160 -120 -1 -1 99 2147483647 -32767 2147483647 -32767 gsm|lte 4)
01-09 14:10:19.252 W/SignalStrength(504): getGsmLevel. this.mGsmSignalBar=3, getGsmSignalStrength()== 11
01-09 14:10:19.252 W/SignalStrength(504): getGsmLevel=3
01-09 14:10:19.252 W/SignalStrength(504): getLevel=3 (SignalStrength: 11 255 -120 -160 -120 -1 -1 99 2147483647 -32767 2147483647 -32767 gsm|lte 3)
01-09 14:10:19.252 W/SignalStrength(504): getGsmLevel. this.mGsmSignalBar=4, getGsmSignalStrength()== 26
01-09 14:10:19.252 W/SignalStrength(504): getGsmLevel=4
01-09 14:10:19.252 D/TWStatusBar-NetworkControllerDS(504): onReceive() - CONNECTIVITY_ACTION, INET_CONDITION_ACTION
01-09 14:10:19.252 D/StatusBar-NetworkControllerDS(504): isDualSIM : SimState = 2, SimState2 = 2
01-09 14:10:19.252 D/StatusBar-NetworkControllerDS(504): isDualSIM : SimState = 2, SimState2 = 2
01-09 14:10:19.252 D/StatusBar-NetworkControllerDS(504): isDualSIM : SimState = 2, SimState2 = 2
01-09 14:10:19.252 D/StatusBar-NetworkControllerDS(504): isDualSIM : SimState = 2, SimState2 = 2
01-09 14:10:19.262 W/SignalStrength(504): getLevel=4 (SignalStrength: 26 255 -120 -160 -120 -1 -1 99 2147483647 -32767 2147483647 -32767 gsm|lte 4)
01-09 14:10:19.262 D/StatusBar-NetworkControllerDS(504): refreshViews connected={ wifi } level=3|4 combinedSignalIconId=0x7f0200ef/com.android.systemui:drawable/stat_sys_wifi_signal_4 combinedActivityIconId=0x7f0200d8 mAirplaneMode=false mDataActivity1=0 mDataActivity2=0 mPhoneSignalIconId1=0x7f0200cd mPhoneSignalIconId2=0x7f0200d5 mLastPhoneSignalIconId1=0x7f0200cd mLastPhoneSignalIconId2=0x7f0200d5 mDataDirectionIconId1=0x0 mDataDirectionIconId2=0x0 mDataSignalIconId1=0x7f0200cd mDataSignalIconId2=0x7f0200d5 mDataTypeIconId1=0x7f02009d mDataTypeIconId2=0x7f02009d mWifiIconId=0x7f0200ef mRoamingIconId1=0x0 mRoamingIconId2=0x0 mBluetoothTetherIconId=0x10806ce
01-09 14:10:19.262 D/SignalClusterView(504): wifi: VISIBLE sig=2130837743 act=2130837720
01-09 14:10:19.262 D/SignalClusterView(504): mobile1: VISIBLE sig=2130837709 act=0 typ=2130837661
01-09 14:10:19.262 D/SignalClusterView(504): mobile2: VISIBLE sig=2130837717 act=0 typ=2130837661
01-09 14:10:19.262 D/SignalClusterView(504): wifi: VISIBLE sig=2130837743 act=2130837720
01-09 14:10:19.262 D/SignalClusterView(504): mobile1: VISIBLE sig=2130837709 act=0 typ=2130837661
01-09 14:10:19.262 D/SignalClusterView(504): mobile2: VISIBLE sig=2130837717 act=0 typ=2130837661
01-09 14:10:19.262 D/SignalClusterView(504): wifi: VISIBLE sig=2130837743 act=2130837720
01-09 14:10:19.262 D/SignalClusterView(504): mobile1: VISIBLE sig=2130837709 act=0 typ=2130837661
01-09 14:10:19.262 D/SignalClusterView(504): mobile2: VISIBLE sig=2130837717 act=0 typ=2130837661
01-09 14:10:19.382 D/plugin  (689): getDefaultSubscription()
01-09 14:10:19.432 I/InputReader(378): Touch event's action is 0x1 (deviceType=0) [pCnt=1, pending(waiting finished signal)=0, s=]
01-09 14:10:19.432 I/InputDispatcher(378): Delivering touch to current input target: action: 0x1
01-09 14:10:19.432 D/STATUSBAR-NotificationService(378): cancelNotification - pkg:com.google.android.talk, id:0, tag:com.google.android.talk1
01-09 14:10:19.452 W/SurfaceFlinger(110): id=1262(9) createSurface 0x2fea0c (1x1),1 flag=0
01-09 14:10:19.462 D/KeyguardViewMediator(378): setHidden false
01-09 14:10:19.482 I/Adreno200-EGLSUB(20066): <ConfigWindowMatch:2218>: Format RGBA_8888.
01-09 14:10:19.482 D/memalloc(110): /dev/pmem: Allocated buffer base:0x41a93000 size:1474560 offset:11923456 fd:33
01-09 14:10:19.492 D/memalloc(20066): /dev/pmem: Mapped buffer base:0x570fe000 size:13398016 offset:11923456 fd:145
01-09 14:10:19.512 D/KeyguardViewMediator(378): setHidden false
01-09 14:10:19.522 D/memalloc(20066): /dev/pmem: Unmapping buffer base:0x570fe000 size:13398016 offset:11923456
01-09 14:10:19.522 D/memalloc(110): /dev/pmem: Freeing buffer base:0x425f2000 size:1474560 offset:11923456 fd:33
01-09 14:10:19.522 I/Adreno200-EGLSUB(20066): <ConfigWindowMatch:2218>: Format RGBA_8888.
01-09 14:10:19.522 D/memalloc(110): /dev/pmem: Allocated buffer base:0x41a93000 size:1474560 offset:11923456 fd:33
01-09 14:10:19.532 D/memalloc(20066): /dev/pmem: Mapped buffer base:0x570fe000 size:13398016 offset:11923456 fd:145
01-09 14:10:19.542 I/InputReader(378): Touch event's action is 0x0 (deviceType=0) [pCnt=1, pending(waiting finished signal)=0, s=0.1904 ]
01-09 14:10:19.542 I/InputDispatcher(378): Delivering touch to current input target: action: 0x0
01-09 14:10:19.552 D/memalloc(110): /dev/pmem: Allocated buffer base:0x41a93000 size:1474560 offset:7438336 fd:36
01-09 14:10:19.562 D/memalloc(20066): /dev/pmem: Mapped buffer base:0x5667a000 size:8912896 offset:7438336 fd:154
01-09 14:10:19.562 D/KeyguardViewMediator(378): setHidden false
01-09 14:10:19.562 I/Adreno200-EGLSUB(110): <CreateImage:1017>: Android Image
01-09 14:10:19.562 I/Adreno200-EGLSUB(110): <GetImageAttributes:1226>: RGBA_8888
01-09 14:10:19.572 D/KeyguardViewMediator(378): setHidden false
01-09 14:10:19.572 V/MediaPlayer(21305): constructor
01-09 14:10:19.582 V/MediaPlayer(21305): setListener
01-09 14:10:19.582 V/MediaPlayer(21305): constructor
01-09 14:10:19.582 V/MediaPlayer(21305): setListener
01-09 14:10:19.582 I/MediaPlayer(21305): path is null
01-09 14:10:19.582 W/SignalStrength(504): getGsmLevel. this.mGsmSignalBar=3, getGsmSignalStrength()== 11
01-09 14:10:19.582 W/SignalStrength(504): getGsmLevel=3
01-09 14:10:19.582 W/SignalStrength(504): getLevel=3 (SignalStrength: 11 255 -120 -160 -120 -1 -1 99 2147483647 -32767 2147483647 -32767 gsm|lte 3)
01-09 14:10:19.582 W/SignalStrength(504): getGsmLevel. this.mGsmSignalBar=4, getGsmSignalStrength()== 26
01-09 14:10:19.582 W/SignalStrength(504): getGsmLevel=4
01-09 14:10:19.582 D/KeyguardViewMediator(378): setHidden false
01-09 14:10:19.592 W/SignalStrength(504): getLevel=4 (SignalStrength: 26 255 -120 -160 -120 -1 -1 99 2147483647 -32767 2147483647 -32767 gsm|lte 4)
01-09 14:10:19.592 D/StatusBar-NetworkControllerDS(504): refreshViews connected={ wifi } level=3|4 combinedSignalIconId=0x7f0200ef/com.android.systemui:drawable/stat_sys_wifi_signal_4 combinedActivityIconId=0x7f0200d9 mAirplaneMode=false mDataActivity1=0 mDataActivity2=0 mPhoneSignalIconId1=0x7f0200cd mPhoneSignalIconId2=0x7f0200d5 mLastPhoneSignalIconId1=0x7f0200cd mLastPhoneSignalIconId2=0x7f0200d5 mDataDirectionIconId1=0x0 mDataDirectionIconId2=0x0 mDataSignalIconId1=0x7f0200cd mDataSignalIconId2=0x7f0200d5 mDataTypeIconId1=0x7f02009d mDataTypeIconId2=0x7f02009d mWifiIconId=0x7f0200ef mRoamingIconId1=0x0 mRoamingIconId2=0x0 mBluetoothTetherIconId=0x10806ce
01-09 14:10:19.592 D/SignalClusterView(504): wifi: VISIBLE sig=2130837743 act=2130837721
01-09 14:10:19.592 D/SignalClusterView(504): mobile1: VISIBLE sig=2130837709 act=0 typ=2130837661
01-09 14:10:19.592 D/SignalClusterView(504): mobile2: VISIBLE sig=2130837717 act=0 typ=2130837661
01-09 14:10:19.592 D/SignalClusterView(504): wifi: VISIBLE sig=2130837743 act=2130837721
01-09 14:10:19.592 D/SignalClusterView(504): mobile1: VISIBLE sig=2130837709 act=0 typ=2130837661
01-09 14:10:19.592 D/SignalClusterView(504): mobile2: VISIBLE sig=2130837717 act=0 typ=2130837661
01-09 14:10:19.592 D/SignalClusterView(504): wifi: VISIBLE sig=2130837743 act=2130837721
01-09 14:10:19.592 D/SignalClusterView(504): mobile1: VISIBLE sig=2130837709 act=0 typ=2130837661
01-09 14:10:19.592 D/SignalClusterView(504): mobile2: VISIBLE sig=2130837717 act=0 typ=2130837661
01-09 14:10:19.592 D/StatusBar-NetworkControllerDS(504): changing data overlay icon id to 2130837721
01-09 14:10:19.612 V/MediaPlayer(21305): setDataSource(278, 13512616, 30056)
01-09 14:10:19.612 V/MediaPlayerService(113): Client(825) constructor
01-09 14:10:19.612 V/MediaPlayerService(113): Create new client(825) from pid 21305, uid 10089, 
01-09 14:10:19.622 V/MediaPlayerService(113): setDataSource fd=36, offset=13512616, length=30056
01-09 14:10:19.622 V/MediaPlayerService(113): st_dev  = 45849
01-09 14:10:19.622 V/MediaPlayerService(113): st_mode = 33188
01-09 14:10:19.622 V/MediaPlayerService(113): st_uid  = 1000
01-09 14:10:19.622 V/MediaPlayerService(113): st_gid  = 1000
01-09 14:10:19.622 V/MediaPlayerService(113): st_size = 25944922
01-09 14:10:19.622 V/MediaPlayerService(113): player type = 3
01-09 14:10:19.622 V/MediaPlayerService(113):  create StagefrightPlayer
01-09 14:10:19.632 V/AwesomePlayer(113): setDefault
01-09 14:10:19.632 V/AwesomePlayer(113): constructor
01-09 14:10:19.642 V/AwesomePlayer(113): setDefault
01-09 14:10:19.642 I/AwesomePlayer(113): reset
01-09 14:10:19.642 V/AwesomePlayer(113): reset_l() cancel player events
01-09 14:10:19.642 V/AwesomePlayer(113): cancelPlayerEvents (keepNotifications=0)
01-09 14:10:19.642 V/AwesomePlayer(113): mAudioTrackVector clear
01-09 14:10:19.642 V/AwesomePlayer(113): mAudioPlayer successfully deleted
01-09 14:10:19.642 V/AwesomePlayer(113): setListener
01-09 14:10:19.642 V/AwesomePlayer(113): AwesomePlayer running on behalf of uid 10089
01-09 14:10:19.642 V/AudioSink(113): AudioOutput(839)
01-09 14:10:19.642 V/AwesomePlayer(113): setAudioSink
01-09 14:10:19.642 V/AwesomePlayer(113): setDataSource fd
01-09 14:10:19.642 V/AwesomePlayer(113): reset_l() cancel player events
01-09 14:10:19.642 V/AwesomePlayer(113): cancelPlayerEvents (keepNotifications=0)
01-09 14:10:19.642 V/AwesomePlayer(113): mAudioTrackVector clear
01-09 14:10:19.642 V/AwesomePlayer(113): mAudioPlayer successfully deleted
01-09 14:10:19.642 V/MediaExtractor(113): Autodetected media content as 'application/ogg' with confidence 0.20
01-09 14:10:19.662 V/AwesomePlayer(113): track of type 'audio/vorbis' does not publish bitrate
01-09 14:10:19.662 V/AwesomePlayer(113): mBitrate = -1 bits/sec
01-09 14:10:19.662 V/AwesomePlayer(113): current audio track (0)
01-09 14:10:19.662 V/AwesomePlayer(113): setAudioSource
01-09 14:10:19.662 V/AwesomePlayer(113): current audio track (0) is added to vector[0]
01-09 14:10:19.662 V/MediaPlayer(21305): MediaPlayer::setAudioStreamType
01-09 14:10:19.662 V/MediaPlayer(21305): setVideoSurfaceTexture
01-09 14:10:19.662 V/MediaPlayerService(113): [825] setVideoSurfaceTexture(0x0)
01-09 14:10:19.662 V/MediaPlayer(21305): prepare
01-09 14:10:19.662 V/MediaPlayerService(113): [825] setAudioStreamType(2)
01-09 14:10:19.662 V/MediaPlayerService(113): [825] prepareAsync
01-09 14:10:19.662 V/AwesomePlayer(113): prepareAsync
01-09 14:10:19.662 V/AwesomePlayer(113): onPrepareAsyncEvent
01-09 14:10:19.662 V/AwesomePlayer(113): initAudioDecoder
01-09 14:10:19.662 W/OMXCodec(113): OMXCodec::Create matchComponentName ((null)), flags (0x0), createEncoder (0), mime (audio/vorbis)
01-09 14:10:19.662 W/OMXCodec(113): Attempting to allocate OMX node 'OMX.google.vorbis.decoder'
01-09 14:10:19.672 E/OMXCodec(113): Successfully allocated OMX node 'OMX.google.vorbis.decoder'
01-09 14:10:19.672 D/OMXCodec(113): configureCodec protected=0
01-09 14:10:19.672 V/AwesomePlayer(113): finishAsyncPrepare_l
01-09 14:10:19.672 V/AwesomePlayer(113): notifyListner_l() msg (5-MEDIA_SET_VIDEO_SIZE), ext1 (0), ext2 (0)
01-09 14:10:19.672 V/MediaPlayerService(113): [825] notify (0x145cec0, 5, 0, 0)
01-09 14:10:19.672 V/AwesomePlayer(113): notifyListner_l() msg (1-MEDIA_PREPARED), ext1 (0), ext2 (0)
01-09 14:10:19.672 V/MediaPlayerService(113): [825] notify (0x145cec0, 1, 0, 0)
01-09 14:10:19.672 V/MediaPlayer(21305): message received msg=5, ext1=0, ext2=0
01-09 14:10:19.672 V/MediaPlayer(21305): New video size 0 x 0
01-09 14:10:19.672 V/MediaPlayer(21305): callback application
01-09 14:10:19.672 V/MediaPlayer(21305): back from callback
01-09 14:10:19.672 V/MediaPlayer(21305): message received msg=1, ext1=0, ext2=0
01-09 14:10:19.672 V/MediaPlayer(21305): prepared
01-09 14:10:19.672 V/MediaPlayer(21305): signal application thread
01-09 14:10:19.672 V/MediaPlayer(21305): callback application
01-09 14:10:19.672 V/MediaPlayer(21305): back from callback
01-09 14:10:19.672 V/MediaPlayer(21305): prepare complete - status=0
01-09 14:10:19.672 V/MediaPlayer(21305): reset
01-09 14:10:19.672 I/MediaPlayer(21305): path is null
01-09 14:10:19.672 V/MediaPlayer(21305): setDataSource(278, 13512616, 30056)
01-09 14:10:19.672 V/MediaPlayerService(113): Client(826) constructor
01-09 14:10:19.672 V/MediaPlayerService(113): Create new client(826) from pid 21305, uid 10089, 
01-09 14:10:19.672 V/MediaPlayerService(113): setDataSource fd=55, offset=13512616, length=30056
01-09 14:10:19.672 V/MediaPlayerService(113): st_dev  = 45849
01-09 14:10:19.672 V/MediaPlayerService(113): st_mode = 33188
01-09 14:10:19.672 V/MediaPlayerService(113): st_uid  = 1000
01-09 14:10:19.672 V/MediaPlayerService(113): st_gid  = 1000
01-09 14:10:19.672 V/MediaPlayerService(113): st_size = 25944922
01-09 14:10:19.672 V/MediaPlayerService(113): player type = 3
01-09 14:10:19.672 V/MediaPlayerService(113):  create StagefrightPlayer
01-09 14:10:19.672 V/AwesomePlayer(113): setDefault
01-09 14:10:19.672 V/AwesomePlayer(113): constructor
01-09 14:10:19.672 V/AwesomePlayer(113): setDefault
01-09 14:10:19.672 I/AwesomePlayer(113): reset
01-09 14:10:19.672 V/AwesomePlayer(113): reset_l() cancel player events
01-09 14:10:19.672 V/AwesomePlayer(113): cancelPlayerEvents (keepNotifications=0)
01-09 14:10:19.672 V/AwesomePlayer(113): mAudioTrackVector clear
01-09 14:10:19.672 V/AwesomePlayer(113): mAudioPlayer successfully deleted
01-09 14:10:19.672 V/AwesomePlayer(113): setListener
01-09 14:10:19.672 V/AwesomePlayer(113): AwesomePlayer running on behalf of uid 10089
01-09 14:10:19.672 V/AudioSink(113): AudioOutput(838)
01-09 14:10:19.672 V/AwesomePlayer(113): setAudioSink
01-09 14:10:19.672 V/AwesomePlayer(113): setDataSource fd
01-09 14:10:19.672 V/AwesomePlayer(113): reset_l() cancel player events
01-09 14:10:19.672 V/AwesomePlayer(113): cancelPlayerEvents (keepNotifications=0)
01-09 14:10:19.672 V/AwesomePlayer(113): mAudioTrackVector clear
01-09 14:10:19.672 V/AwesomePlayer(113): mAudioPlayer successfully deleted
01-09 14:10:19.672 V/MediaExtractor(113): Autodetected media content as 'application/ogg' with confidence 0.20
01-09 14:10:19.682 V/AwesomePlayer(113): track of type 'audio/vorbis' does not publish bitrate
01-09 14:10:19.682 V/AwesomePlayer(113): mBitrate = -1 bits/sec
01-09 14:10:19.682 V/AwesomePlayer(113): current audio track (0)
01-09 14:10:19.682 V/AwesomePlayer(113): setAudioSource
01-09 14:10:19.682 V/AwesomePlayer(113): current audio track (0) is added to vector[0]
01-09 14:10:19.682 V/MediaPlayer(21305): setListener
01-09 14:10:19.682 V/MediaPlayer(21305): disconnect
01-09 14:10:19.682 V/MediaPlayerService(113): disconnect(826) from pid 21305
01-09 14:10:19.682 I/AwesomePlayer(113): reset
01-09 14:10:19.682 V/AwesomePlayer(113): reset_l() cancel player events
01-09 14:10:19.682 V/AwesomePlayer(113): cancelPlayerEvents (keepNotifications=0)
01-09 14:10:19.682 V/AwesomePlayer(113): mAudioTrackVector clear
01-09 14:10:19.682 V/AwesomePlayer(113): mAudioPlayer successfully deleted
01-09 14:10:19.682 I/AwesomePlayer(113): reset
01-09 14:10:19.682 V/AwesomePlayer(113): reset_l() cancel player events
01-09 14:10:19.682 V/AwesomePlayer(113): cancelPlayerEvents (keepNotifications=0)
01-09 14:10:19.682 V/AwesomePlayer(113): mAudioTrackVector clear
01-09 14:10:19.682 V/AwesomePlayer(113): mAudioPlayer successfully deleted
01-09 14:10:19.682 V/AwesomePlayer(113): destructor
01-09 14:10:19.682 I/AwesomePlayer(113): reset
01-09 14:10:19.682 V/AwesomePlayer(113): reset_l() cancel player events
01-09 14:10:19.682 V/AwesomePlayer(113): cancelPlayerEvents (keepNotifications=0)
01-09 14:10:19.682 V/AwesomePlayer(113): mAudioTrackVector clear
01-09 14:10:19.682 V/AwesomePlayer(113): mAudioPlayer successfully deleted
01-09 14:10:19.682 V/AwesomePlayer(113): ~AwesomePlayer()
01-09 14:10:19.682 V/MediaPlayer(21305): destructor
01-09 14:10:19.682 V/MediaPlayerService(113): Client(826) destructor pid = 21305
01-09 14:10:19.682 V/AudioSink(113): close
01-09 14:10:19.682 V/MediaPlayerService(113): disconnect(826) from pid 21305
01-09 14:10:19.682 V/MediaPlayer(21305): disconnect
01-09 14:10:19.742 D/ApplicationPolicy(378): isStatusBarNotificationAllowed: packageName = com.google.android.talk
01-09 14:10:19.742 D/STATUSBAR-NotificationService(378): Noti Alert - mSystemReady:true, AlertEnabled:true
01-09 14:10:19.752 D/AudioService(378): getStreamVolume(5)
01-09 14:10:19.752 D/STATUSBAR-NotificationService(378): Noti Alert - mSound.play :android.resource://com.google.android.talk/raw/2131230733
01-09 14:10:19.752 D/STATUSBAR-NotificationService(378): updateLightsLocked() : Turn off notification light
01-09 14:10:19.762 V/MediaPlayer(378): constructor
01-09 14:10:19.762 V/MediaPlayer(378): setListener
01-09 14:10:19.762 V/MediaPlayer(378): MediaPlayer::setAudioStreamType
01-09 14:10:19.762 I/MediaPlayer(378): path is null
01-09 14:10:19.762 D/STATUSBAR-NotificationPlayer(378): run()
01-09 14:10:19.802 V/MediaPlayer(378): setDataSource(351, 13512616, 30056)
01-09 14:10:19.802 V/MediaPlayerService(113): Client(827) constructor
01-09 14:10:19.802 V/MediaPlayerService(113): Create new client(827) from pid 378, uid 1000, 
01-09 14:10:19.802 V/MediaPlayerService(113): setDataSource fd=55, offset=13512616, length=30056
01-09 14:10:19.802 V/MediaPlayerService(113): st_dev  = 45849
01-09 14:10:19.802 V/MediaPlayerService(113): st_mode = 33188
01-09 14:10:19.802 V/MediaPlayerService(113): st_uid  = 1000
01-09 14:10:19.802 V/MediaPlayerService(113): st_gid  = 1000
01-09 14:10:19.802 V/MediaPlayerService(113): st_size = 25944922
01-09 14:10:19.802 V/MediaPlayerService(113): player type = 3
01-09 14:10:19.802 V/MediaPlayerService(113):  create StagefrightPlayer
01-09 14:10:19.802 V/AwesomePlayer(113): setDefault
01-09 14:10:19.802 V/AwesomePlayer(113): constructor
01-09 14:10:19.802 V/AwesomePlayer(113): setDefault
01-09 14:10:19.802 I/AwesomePlayer(113): reset
01-09 14:10:19.802 V/AwesomePlayer(113): reset_l() cancel player events
01-09 14:10:19.802 V/AwesomePlayer(113): cancelPlayerEvents (keepNotifications=0)
01-09 14:10:19.802 V/AwesomePlayer(113): mAudioTrackVector clear
01-09 14:10:19.802 V/AwesomePlayer(113): mAudioPlayer successfully deleted
01-09 14:10:19.802 V/AwesomePlayer(113): setListener
01-09 14:10:19.802 V/AwesomePlayer(113): AwesomePlayer running on behalf of uid 1000
01-09 14:10:19.802 V/AudioSink(113): AudioOutput(840)
01-09 14:10:19.802 V/AwesomePlayer(113): setAudioSink
01-09 14:10:19.802 V/AwesomePlayer(113): setDataSource fd
01-09 14:10:19.802 V/AwesomePlayer(113): reset_l() cancel player events
01-09 14:10:19.802 V/AwesomePlayer(113): cancelPlayerEvents (keepNotifications=0)
01-09 14:10:19.802 V/AwesomePlayer(113): mAudioTrackVector clear
01-09 14:10:19.802 V/AwesomePlayer(113): mAudioPlayer successfully deleted
01-09 14:10:19.802 V/MediaExtractor(113): Autodetected media content as 'application/ogg' with confidence 0.20
01-09 14:10:19.802 V/AwesomePlayer(113): track of type 'audio/vorbis' does not publish bitrate
01-09 14:10:19.802 V/AwesomePlayer(113): mBitrate = -1 bits/sec
01-09 14:10:19.802 V/AwesomePlayer(113): current audio track (0)
01-09 14:10:19.812 V/AwesomePlayer(113): setAudioSource
01-09 14:10:19.812 V/AwesomePlayer(113): current audio track (0) is added to vector[0]
01-09 14:10:19.812 V/MediaPlayer(378): MediaPlayer::setLooping
01-09 14:10:19.812 V/MediaPlayerService(113): [827] setLooping(0)
01-09 14:10:19.812 V/AwesomePlayer(113): setLooping (0)
01-09 14:10:19.812 V/MediaPlayer(378): setVideoSurfaceTexture
