01-09 14:07:52.952 W/SignalStrength(504): getLevel=4 (SignalStrength: 26 255 -120 -160 -120 -1 -1 99 2147483647 -32767 2147483647 -32767 gsm|lte 4)
01-09 14:07:52.952 D/StatusBar-NetworkControllerDS(504): refreshViews connected={ wifi } level=3|4 combinedSignalIconId=0x7f0200ef/com.android.systemui:drawable/stat_sys_wifi_signal_4 combinedActivityIconId=0x7f0200d8 mAirplaneMode=false mDataActivity1=0 mDataActivity2=0 mPhoneSignalIconId1=0x7f0200cd mPhoneSignalIconId2=0x7f0200d5 mLastPhoneSignalIconId1=0x7f0200cd mLastPhoneSignalIconId2=0x7f0200d5 mDataDirectionIconId1=0x0 mDataDirectionIconId2=0x0 mDataSignalIconId1=0x7f0200cd mDataSignalIconId2=0x7f0200d5 mDataTypeIconId1=0x7f02009d mDataTypeIconId2=0x7f02009d mWifiIconId=0x7f0200ef mRoamingIconId1=0x0 mRoamingIconId2=0x0 mBluetoothTetherIconId=0x10806ce
01-09 14:07:52.952 D/SignalClusterView(504): wifi: VISIBLE sig=2130837743 act=2130837720
01-09 14:07:52.952 D/SignalClusterView(504): mobile1: VISIBLE sig=2130837709 act=0 typ=2130837661
01-09 14:07:52.952 D/SignalClusterView(504): mobile2: VISIBLE sig=2130837717 act=0 typ=2130837661
01-09 14:07:52.952 D/SignalClusterView(504): wifi: VISIBLE sig=2130837743 act=2130837720
01-09 14:07:52.952 D/SignalClusterView(504): mobile1: VISIBLE sig=2130837709 act=0 typ=2130837661
01-09 14:07:52.952 D/SignalClusterView(504): mobile2: VISIBLE sig=2130837717 act=0 typ=2130837661
01-09 14:07:52.952 D/SignalClusterView(504): wifi: VISIBLE sig=2130837743 act=2130837720
01-09 14:07:52.952 D/SignalClusterView(504): mobile1: VISIBLE sig=2130837709 act=0 typ=2130837661
01-09 14:07:52.952 D/SignalClusterView(504): mobile2: VISIBLE sig=2130837717 act=0 typ=2130837661
01-09 14:07:52.952 D/StatusBar-NetworkControllerDS(504): changing data overlay icon id to 2130837720
01-09 14:07:53.472 I/NRFW    (1283): profile=wifi
01-09 14:07:53.492 I/NRFW    (1283): serverip=180.76.3.90 localIp=10.0.8.1
01-09 14:07:54.122 D/dalvikvm(111): GC_EXPLICIT freed 42K, 11% free 10251K/11491K, paused 2ms+6ms
01-09 14:07:54.162 I/ActivityThread(21818): Pub tasks: com.android.exchange.provider.TasksProvider
01-09 14:07:54.162 D/dalvikvm(111): GC_EXPLICIT freed <1K, 11% free 10251K/11491K, paused 7ms+4ms
01-09 14:07:54.162 D/OpenGLRenderer(784): Flushing caches (mode 2)
01-09 14:07:54.172 I/ActivityThread(21818): Pub com.android.exchange.directory.provider: com.android.exchange.provider.ExchangeDirectoryProvider
01-09 14:07:54.212 D/dalvikvm(111): GC_EXPLICIT freed <1K, 11% free 10251K/11491K, paused 3ms+4ms
01-09 14:07:54.222 D/OpenGLRenderer(20886): Flushing caches (mode 2)
01-09 14:07:54.962 W/SignalStrength(504): getGsmLevel. this.mGsmSignalBar=3, getGsmSignalStrength()== 11
01-09 14:07:54.962 W/SignalStrength(504): getGsmLevel=3
01-09 14:07:54.962 W/SignalStrength(504): getLevel=3 (SignalStrength: 11 255 -120 -160 -120 -1 -1 99 2147483647 -32767 2147483647 -32767 gsm|lte 3)
01-09 14:07:54.962 W/SignalStrength(504): getGsmLevel. this.mGsmSignalBar=4, getGsmSignalStrength()== 26
01-09 14:07:54.962 W/SignalStrength(504): getGsmLevel=4
01-09 14:07:54.962 W/SignalStrength(504): getLevel=4 (SignalStrength: 26 255 -120 -160 -120 -1 -1 99 2147483647 -32767 2147483647 -32767 gsm|lte 4)
01-09 14:07:54.962 D/StatusBar-NetworkControllerDS(504): refreshViews connected={ wifi } level=3|4 combinedSignalIconId=0x7f0200ef/com.android.systemui:drawable/stat_sys_wifi_signal_4 combinedActivityIconId=0x7f0200d9 mAirplaneMode=false mDataActivity1=0 mDataActivity2=0 mPhoneSignalIconId1=0x7f0200cd mPhoneSignalIconId2=0x7f0200d5 mLastPhoneSignalIconId1=0x7f0200cd mLastPhoneSignalIconId2=0x7f0200d5 mDataDirectionIconId1=0x0 mDataDirectionIconId2=0x0 mDataSignalIconId1=0x7f0200cd mDataSignalIconId2=0x7f0200d5 mDataTypeIconId1=0x7f02009d mDataTypeIconId2=0x7f02009d mWifiIconId=0x7f0200ef mRoamingIconId1=0x0 mRoamingIconId2=0x0 mBluetoothTetherIconId=0x10806ce
01-09 14:07:54.962 D/SignalClusterView(504): wifi: VISIBLE sig=2130837743 act=2130837721
01-09 14:07:54.962 D/SignalClusterView(504): mobile1: VISIBLE sig=2130837709 act=0 typ=2130837661
01-09 14:07:54.962 D/SignalClusterView(504): mobile2: VISIBLE sig=2130837717 act=0 typ=2130837661
01-09 14:07:54.962 D/SignalClusterView(504): wifi: VISIBLE sig=2130837743 act=2130837721
01-09 14:07:54.962 D/SignalClusterView(504): mobile1: VISIBLE sig=2130837709 act=0 typ=2130837661
01-09 14:07:54.962 D/SignalClusterView(504): mobile2: VISIBLE sig=2130837717 act=0 typ=2130837661
01-09 14:07:54.962 D/SignalClusterView(504): wifi: VISIBLE sig=2130837743 act=2130837721
01-09 14:07:54.962 D/SignalClusterView(504): mobile1: VISIBLE sig=2130837709 act=0 typ=2130837661
01-09 14:07:54.962 D/SignalClusterView(504): mobile2: VISIBLE sig=2130837717 act=0 typ=2130837661
01-09 14:07:54.962 D/StatusBar-NetworkControllerDS(504): changing data overlay icon id to 2130837721
01-09 14:07:55.962 W/SignalStrength(504): getGsmLevel. this.mGsmSignalBar=3, getGsmSignalStrength()== 11
01-09 14:07:55.962 W/SignalStrength(504): getGsmLevel=3
01-09 14:07:55.962 W/SignalStrength(504): getLevel=3 (SignalStrength: 11 255 -120 -160 -120 -1 -1 99 2147483647 -32767 2147483647 -32767 gsm|lte 3)
01-09 14:07:55.962 W/SignalStrength(504): getGsmLevel. this.mGsmSignalBar=4, getGsmSignalStrength()== 26
01-09 14:07:55.962 W/SignalStrength(504): getGsmLevel=4
01-09 14:07:55.962 W/SignalStrength(504): getLevel=4 (SignalStrength: 26 255 -120 -160 -120 -1 -1 99 2147483647 -32767 2147483647 -32767 gsm|lte 4)
01-09 14:07:55.962 D/StatusBar-NetworkControllerDS(504): refreshViews connected={ wifi } level=3|4 combinedSignalIconId=0x7f0200ef/com.android.systemui:drawable/stat_sys_wifi_signal_4 combinedActivityIconId=0x7f0200d8 mAirplaneMode=false mDataActivity1=0 mDataActivity2=0 mPhoneSignalIconId1=0x7f0200cd mPhoneSignalIconId2=0x7f0200d5 mLastPhoneSignalIconId1=0x7f0200cd mLastPhoneSignalIconId2=0x7f0200d5 mDataDirectionIconId1=0x0 mDataDirectionIconId2=0x0 mDataSignalIconId1=0x7f0200cd mDataSignalIconId2=0x7f0200d5 mDataTypeIconId1=0x7f02009d mDataTypeIconId2=0x7f02009d mWifiIconId=0x7f0200ef mRoamingIconId1=0x0 mRoamingIconId2=0x0 mBluetoothTetherIconId=0x10806ce
01-09 14:07:55.962 D/SignalClusterView(504): wifi: VISIBLE sig=2130837743 act=2130837720
01-09 14:07:55.962 D/SignalClusterView(504): mobile1: VISIBLE sig=2130837709 act=0 typ=2130837661
01-09 14:07:55.962 D/SignalClusterView(504): mobile2: VISIBLE sig=2130837717 act=0 typ=2130837661
01-09 14:07:55.962 D/SignalClusterView(504): wifi: VISIBLE sig=2130837743 act=2130837720
01-09 14:07:55.962 D/SignalClusterView(504): mobile1: VISIBLE sig=2130837709 act=0 typ=2130837661
01-09 14:07:55.962 D/SignalClusterView(504): mobile2: VISIBLE sig=2130837717 act=0 typ=2130837661
01-09 14:07:55.962 D/SignalClusterView(504): wifi: VISIBLE sig=2130837743 act=2130837720
01-09 14:07:55.962 D/SignalClusterView(504): mobile1: VISIBLE sig=2130837709 act=0 typ=2130837661
01-09 14:07:55.962 D/SignalClusterView(504): mobile2: VISIBLE sig=2130837717 act=0 typ=2130837661
01-09 14:07:55.962 D/StatusBar-NetworkControllerDS(504): changing data overlay icon id to 2130837720
01-09 14:07:57.962 W/SignalStrength(504): getGsmLevel. this.mGsmSignalBar=3, getGsmSignalStrength()== 11
01-09 14:07:57.962 W/SignalStrength(504): getGsmLevel=3
01-09 14:07:57.962 W/SignalStrength(504): getLevel=3 (SignalStrength: 11 255 -120 -160 -120 -1 -1 99 2147483647 -32767 2147483647 -32767 gsm|lte 3)
01-09 14:07:57.962 W/SignalStrength(504): getGsmLevel. this.mGsmSignalBar=4, getGsmSignalStrength()== 26
01-09 14:07:57.962 W/SignalStrength(504): getGsmLevel=4
01-09 14:07:57.962 W/SignalStrength(504): getLevel=4 (SignalStrength: 26 255 -120 -160 -120 -1 -1 99 2147483647 -32767 2147483647 -32767 gsm|lte 4)
01-09 14:07:57.962 D/StatusBar-NetworkControllerDS(504): refreshViews connected={ wifi } level=3|4 combinedSignalIconId=0x7f0200ef/com.android.systemui:drawable/stat_sys_wifi_signal_4 combinedActivityIconId=0x7f0200d9 mAirplaneMode=false mDataActivity1=0 mDataActivity2=0 mPhoneSignalIconId1=0x7f0200cd mPhoneSignalIconId2=0x7f0200d5 mLastPhoneSignalIconId1=0x7f0200cd mLastPhoneSignalIconId2=0x7f0200d5 mDataDirectionIconId1=0x0 mDataDirectionIconId2=0x0 mDataSignalIconId1=0x7f0200cd mDataSignalIconId2=0x7f0200d5 mDataTypeIconId1=0x7f02009d mDataTypeIconId2=0x7f02009d mWifiIconId=0x7f0200ef mRoamingIconId1=0x0 mRoamingIconId2=0x0 mBluetoothTetherIconId=0x10806ce
01-09 14:07:57.962 D/SignalClusterView(504): wifi: VISIBLE sig=2130837743 act=2130837721
01-09 14:07:57.962 D/SignalClusterView(504): mobile1: VISIBLE sig=2130837709 act=0 typ=2130837661
01-09 14:07:57.962 D/SignalClusterView(504): mobile2: VISIBLE sig=2130837717 act=0 typ=2130837661
01-09 14:07:57.962 D/SignalClusterView(504): wifi: VISIBLE sig=2130837743 act=2130837721
01-09 14:07:57.962 D/SignalClusterView(504): mobile1: VISIBLE sig=2130837709 act=0 typ=2130837661
01-09 14:07:57.962 D/SignalClusterView(504): mobile2: VISIBLE sig=2130837717 act=0 typ=2130837661
01-09 14:07:57.962 D/SignalClusterView(504): wifi: VISIBLE sig=2130837743 act=2130837721
01-09 14:07:57.962 D/SignalClusterView(504): mobile1: VISIBLE sig=2130837709 act=0 typ=2130837661
01-09 14:07:57.962 D/SignalClusterView(504): mobile2: VISIBLE sig=2130837717 act=0 typ=2130837661
01-09 14:07:57.962 D/StatusBar-NetworkControllerDS(504): changing data overlay icon id to 2130837721
01-09 14:07:58.972 W/SignalStrength(504): getGsmLevel. this.mGsmSignalBar=3, getGsmSignalStrength()== 11
01-09 14:07:58.972 W/SignalStrength(504): getGsmLevel=3
01-09 14:07:58.972 W/SignalStrength(504): getLevel=3 (SignalStrength: 11 255 -120 -160 -120 -1 -1 99 2147483647 -32767 2147483647 -32767 gsm|lte 3)
01-09 14:07:58.972 W/SignalStrength(504): getGsmLevel. this.mGsmSignalBar=4, getGsmSignalStrength()== 26
01-09 14:07:58.972 W/SignalStrength(504): getGsmLevel=4
01-09 14:07:58.972 W/SignalStrength(504): getLevel=4 (SignalStrength: 26 255 -120 -160 -120 -1 -1 99 2147483647 -32767 2147483647 -32767 gsm|lte 4)
01-09 14:07:58.972 D/StatusBar-NetworkControllerDS(504): refreshViews connected={ wifi } level=3|4 combinedSignalIconId=0x7f0200ef/com.android.systemui:drawable/stat_sys_wifi_signal_4 combinedActivityIconId=0x7f0200d8 mAirplaneMode=false mDataActivity1=0 mDataActivity2=0 mPhoneSignalIconId1=0x7f0200cd mPhoneSignalIconId2=0x7f0200d5 mLastPhoneSignalIconId1=0x7f0200cd mLastPhoneSignalIconId2=0x7f0200d5 mDataDirectionIconId1=0x0 mDataDirectionIconId2=0x0 mDataSignalIconId1=0x7f0200cd mDataSignalIconId2=0x7f0200d5 mDataTypeIconId1=0x7f02009d mDataTypeIconId2=0x7f02009d mWifiIconId=0x7f0200ef mRoamingIconId1=0x0 mRoamingIconId2=0x0 mBluetoothTetherIconId=0x10806ce
01-09 14:07:58.972 D/SignalClusterView(504): wifi: VISIBLE sig=2130837743 act=2130837720
01-09 14:07:58.972 D/SignalClusterView(504): mobile1: VISIBLE sig=2130837709 act=0 typ=2130837661
01-09 14:07:58.972 D/SignalClusterView(504): mobile2: VISIBLE sig=2130837717 act=0 typ=2130837661
01-09 14:07:58.972 D/SignalClusterView(504): wifi: VISIBLE sig=2130837743 act=2130837720
01-09 14:07:58.972 D/SignalClusterView(504): mobile1: VISIBLE sig=2130837709 act=0 typ=2130837661
01-09 14:07:58.972 D/SignalClusterView(504): mobile2: VISIBLE sig=2130837717 act=0 typ=2130837661
01-09 14:07:58.972 D/SignalClusterView(504): wifi: VISIBLE sig=2130837743 act=2130837720
01-09 14:07:58.972 D/SignalClusterView(504): mobile1: VISIBLE sig=2130837709 act=0 typ=2130837661
01-09 14:07:58.972 D/SignalClusterView(504): mobile2: VISIBLE sig=2130837717 act=0 typ=2130837661
01-09 14:07:58.972 D/StatusBar-NetworkControllerDS(504): changing data overlay icon id to 2130837720
01-09 14:07:59.202 I/NRFW    (1283): profile=wifi
01-09 14:07:59.252 I/NRFW    (1283): serverip=103.235.47.88 localIp=10.0.8.1
01-09 14:07:59.532 I/NRFW    (1283): serverip=180.76.3.90 localIp=10.0.8.1
01-09 14:07:59.932 D/BatteryService(378): update start
01-09 14:07:59.932 D/BatteryService(378): level:45 scale:100 status:3 health:2 present:true voltage: 3770 temperature: 230 technology: Li-ion AC powered:false USB powered:false icon:17303167 invalid charger:0
01-09 14:07:59.952 D/KeyguardUpdateMonitor(378): received broadcast android.intent.action.BATTERY_CHANGED
01-09 14:07:59.952 D/KeyguardUpdateMonitor(378): handleBatteryUpdate
01-09 14:07:59.952 D/ThermistorObserver(378): mBatteryBRForAMOLED : onReceive() : newTemperature : 230
01-09 14:07:59.952 V/UiModeManager(378): updateLocked, mLastBroadcastState =0 , oldAction = null
01-09 14:07:59.952 D/STATUSBAR-BatteryController(504): onReceive() - ACTION_BATTERY_CHANGED
01-09 14:07:59.952 D/STATUSBAR-BatteryController(504): onReceive() - level:45
01-09 14:07:59.952 D/STATUSBAR-BatteryController(504): onReceive() - plugged:0
01-09 14:07:59.952 D/STATUSBAR-BatteryController(504): onReceive() - BATTERY_STATUS_DISCHARGING: stat_sys_battery
01-09 14:07:59.952 D/STATUSBAR-PhoneStatusBar(504): ACTION_BATTERY_CHANGED
01-09 14:07:59.952 D/STATUSBAR-PhoneStatusBar(504): NORMAL_BATTERY
01-09 14:07:59.952 D/PowerUI (504): getBatteryOnline : battery online file not found
01-09 14:07:59.982 V/AlarmManager(378): waitForAlarm result :8
01-09 14:07:59.992 E/AlarmManagerService(378): android_server_AlarmManagerService_set to type=3, 239514.829000000
01-09 14:07:59.992 D/KeyguardUpdateMonitor(378): received broadcast android.intent.action.TIME_TICK
01-09 14:07:59.992 D/KeyguardUpdateMonitor(378): handleTimeUpdate
01-09 14:07:59.992 V/AlarmManager(378): ClockReceiver onReceive() ACTION_TIME_TICK
01-09 14:07:59.992 W/AlarmManager(378): FACTORY_ON= 0
01-09 14:07:59.992 D/STATUSBAR-Clock(504): onReceive() - ACTION_TIME_TICK
01-09 14:08:00.972 W/SignalStrength(504): getGsmLevel. this.mGsmSignalBar=3, getGsmSignalStrength()== 11
01-09 14:08:00.972 W/SignalStrength(504): getGsmLevel=3
01-09 14:08:00.972 W/SignalStrength(504): getLevel=3 (SignalStrength: 11 255 -120 -160 -120 -1 -1 99 2147483647 -32767 2147483647 -32767 gsm|lte 3)
01-09 14:08:00.972 W/SignalStrength(504): getGsmLevel. this.mGsmSignalBar=4, getGsmSignalStrength()== 26
01-09 14:08:00.972 W/SignalStrength(504): getGsmLevel=4
01-09 14:08:00.972 W/SignalStrength(504): getLevel=4 (SignalStrength: 26 255 -120 -160 -120 -1 -1 99 2147483647 -32767 2147483647 -32767 gsm|lte 4)
01-09 14:08:00.972 D/StatusBar-NetworkControllerDS(504): refreshViews connected={ wifi } level=3|4 combinedSignalIconId=0x7f0200ef/com.android.systemui:drawable/stat_sys_wifi_signal_4 combinedActivityIconId=0x7f0200d9 mAirplaneMode=false mDataActivity1=0 mDataActivity2=0 mPhoneSignalIconId1=0x7f0200cd mPhoneSignalIconId2=0x7f0200d5 mLastPhoneSignalIconId1=0x7f0200cd mLastPhoneSignalIconId2=0x7f0200d5 mDataDirectionIconId1=0x0 mDataDirectionIconId2=0x0 mDataSignalIconId1=0x7f0200cd mDataSignalIconId2=0x7f0200d5 mDataTypeIconId1=0x7f02009d mDataTypeIconId2=0x7f02009d mWifiIconId=0x7f0200ef mRoamingIconId1=0x0 mRoamingIconId2=0x0 mBluetoothTetherIconId=0x10806ce
01-09 14:08:00.972 D/SignalClusterView(504): wifi: VISIBLE sig=2130837743 act=2130837721
01-09 14:08:00.972 D/SignalClusterView(504): mobile1: VISIBLE sig=2130837709 act=0 typ=2130837661
01-09 14:08:00.972 D/SignalClusterView(504): mobile2: VISIBLE sig=2130837717 act=0 typ=2130837661
01-09 14:08:00.972 D/SignalClusterView(504): wifi: VISIBLE sig=2130837743 act=2130837721
01-09 14:08:00.972 D/SignalClusterView(504): mobile1: VISIBLE sig=2130837709 act=0 typ=2130837661
01-09 14:08:00.972 D/SignalClusterView(504): mobile2: VISIBLE sig=2130837717 act=0 typ=2130837661
01-09 14:08:00.972 D/SignalClusterView(504): wifi: VISIBLE sig=2130837743 act=2130837721
01-09 14:08:00.972 D/SignalClusterView(504): mobile1: VISIBLE sig=2130837709 act=0 typ=2130837661
01-09 14:08:00.972 D/SignalClusterView(504): mobile2: VISIBLE sig=2130837717 act=0 typ=2130837661
01-09 14:08:00.972 D/StatusBar-NetworkControllerDS(504): changing data overlay icon id to 2130837721
01-09 14:08:01.982 W/SignalStrength(504): getGsmLevel. this.mGsmSignalBar=3, getGsmSignalStrength()== 11
01-09 14:08:01.982 W/SignalStrength(504): getGsmLevel=3
01-09 14:08:01.982 W/SignalStrength(504): getLevel=3 (SignalStrength: 11 255 -120 -160 -120 -1 -1 99 2147483647 -32767 2147483647 -32767 gsm|lte 3)
01-09 14:08:01.982 W/SignalStrength(504): getGsmLevel. this.mGsmSignalBar=4, getGsmSignalStrength()== 26
01-09 14:08:01.982 W/SignalStrength(504): getGsmLevel=4
01-09 14:08:01.982 W/SignalStrength(504): getLevel=4 (SignalStrength: 26 255 -120 -160 -120 -1 -1 99 2147483647 -32767 2147483647 -32767 gsm|lte 4)
01-09 14:08:01.982 D/StatusBar-NetworkControllerDS(504): refreshViews connected={ wifi } level=3|4 combinedSignalIconId=0x7f0200ef/com.android.systemui:drawable/stat_sys_wifi_signal_4 combinedActivityIconId=0x7f0200d8 mAirplaneMode=false mDataActivity1=0 mDataActivity2=0 mPhoneSignalIconId1=0x7f0200cd mPhoneSignalIconId2=0x7f0200d5 mLastPhoneSignalIconId1=0x7f0200cd mLastPhoneSignalIconId2=0x7f0200d5 mDataDirectionIconId1=0x0 mDataDirectionIconId2=0x0 mDataSignalIconId1=0x7f0200cd mDataSignalIconId2=0x7f0200d5 mDataTypeIconId1=0x7f02009d mDataTypeIconId2=0x7f02009d mWifiIconId=0x7f0200ef mRoamingIconId1=0x0 mRoamingIconId2=0x0 mBluetoothTetherIconId=0x10806ce
01-09 14:08:01.982 D/SignalClusterView(504): wifi: VISIBLE sig=2130837743 act=2130837720
01-09 14:08:01.982 D/SignalClusterView(504): mobile1: VISIBLE sig=2130837709 act=0 typ=2130837661
01-09 14:08:01.982 D/SignalClusterView(504): mobile2: VISIBLE sig=2130837717 act=0 typ=2130837661
01-09 14:08:01.982 D/SignalClusterView(504): wifi: VISIBLE sig=2130837743 act=2130837720
01-09 14:08:01.982 D/SignalClusterView(504): mobile1: VISIBLE sig=2130837709 act=0 typ=2130837661
01-09 14:08:01.982 D/SignalClusterView(504): mobile2: VISIBLE sig=2130837717 act=0 typ=2130837661
01-09 14:08:01.982 D/SignalClusterView(504): wifi: VISIBLE sig=2130837743 act=2130837720
01-09 14:08:01.982 D/SignalClusterView(504): mobile1: VISIBLE sig=2130837709 act=0 typ=2130837661
01-09 14:08:01.982 D/SignalClusterView(504): mobile2: VISIBLE sig=2130837717 act=0 typ=2130837661
01-09 14:08:01.982 D/StatusBar-NetworkControllerDS(504): changing data overlay icon id to 2130837720
01-09 14:08:02.262 D/dalvikvm(21796): GC_CONCURRENT freed 3858K, 27% free 14657K/19811K, paused 2ms+19ms
01-09 14:08:02.272 I/NRFW    (1283): profile=wifi
01-09 14:08:02.312 I/NRFW    (1283): serverip=103.235.47.88 localIp=10.0.8.1
01-09 14:08:03.992 W/SignalStrength(504): getGsmLevel. this.mGsmSignalBar=3, getGsmSignalStrength()== 11
01-09 14:08:03.992 W/SignalStrength(504): getGsmLevel=3
01-09 14:08:03.992 W/SignalStrength(504): getLevel=3 (SignalStrength: 11 255 -120 -160 -120 -1 -1 99 2147483647 -32767 2147483647 -32767 gsm|lte 3)
01-09 14:08:03.992 W/SignalStrength(504): getGsmLevel. this.mGsmSignalBar=4, getGsmSignalStrength()== 26
01-09 14:08:03.992 W/SignalStrength(504): getGsmLevel=4
01-09 14:08:03.992 W/SignalStrength(504): getLevel=4 (SignalStrength: 26 255 -120 -160 -120 -1 -1 99 2147483647 -32767 2147483647 -32767 gsm|lte 4)
01-09 14:08:03.992 D/StatusBar-NetworkControllerDS(504): refreshViews connected={ wifi } level=3|4 combinedSignalIconId=0x7f0200ef/com.android.systemui:drawable/stat_sys_wifi_signal_4 combinedActivityIconId=0x7f0200d9 mAirplaneMode=false mDataActivity1=0 mDataActivity2=0 mPhoneSignalIconId1=0x7f0200cd mPhoneSignalIconId2=0x7f0200d5 mLastPhoneSignalIconId1=0x7f0200cd mLastPhoneSignalIconId2=0x7f0200d5 mDataDirectionIconId1=0x0 mDataDirectionIconId2=0x0 mDataSignalIconId1=0x7f0200cd mDataSignalIconId2=0x7f0200d5 mDataTypeIconId1=0x7f02009d mDataTypeIconId2=0x7f02009d mWifiIconId=0x7f0200ef mRoamingIconId1=0x0 mRoamingIconId2=0x0 mBluetoothTetherIconId=0x10806ce
01-09 14:08:03.992 D/SignalClusterView(504): wifi: VISIBLE sig=2130837743 act=2130837721
01-09 14:08:03.992 D/SignalClusterView(504): mobile1: VISIBLE sig=2130837709 act=0 typ=2130837661
01-09 14:08:03.992 D/SignalClusterView(504): mobile2: VISIBLE sig=2130837717 act=0 typ=2130837661
01-09 14:08:03.992 D/SignalClusterView(504): wifi: VISIBLE sig=2130837743 act=2130837721
01-09 14:08:03.992 D/SignalClusterView(504): mobile1: VISIBLE sig=2130837709 act=0 typ=2130837661
01-09 14:08:03.992 D/SignalClusterView(504): mobile2: VISIBLE sig=2130837717 act=0 typ=2130837661
01-09 14:08:03.992 D/SignalClusterView(504): wifi: VISIBLE sig=2130837743 act=2130837721
01-09 14:08:03.992 D/SignalClusterView(504): mobile1: VISIBLE sig=2130837709 act=0 typ=2130837661
01-09 14:08:03.992 D/SignalClusterView(504): mobile2: VISIBLE sig=2130837717 act=0 typ=2130837661
01-09 14:08:03.992 D/StatusBar-NetworkControllerDS(504): changing data overlay icon id to 2130837721
01-09 14:08:04.232 I/dalvikvm(21830): Could not find method android.content.Context.createDeviceProtectedStorageContext, referenced from method com.google.android.tts.service.PattsJniLoader.loadJni
01-09 14:08:04.232 W/dalvikvm(21830): VFY: unable to resolve virtual method 180: Landroid/content/Context;.createDeviceProtectedStorageContext ()Landroid/content/Context;
01-09 14:08:04.232 D/dalvikvm(21830): VFY: replacing opcode 0x6e at 0x0006
01-09 14:08:04.362 I/dalvikvm(21830): Could not find method android.app.Notification$Builder.setPriority, referenced from method com.google.android.gms.common.GooglePlayServicesUtil.zza
01-09 14:08:04.362 W/dalvikvm(21830): VFY: unable to resolve virtual method 135: Landroid/app/Notification$Builder;.setPriority (I)Landroid/app/Notification$Builder;
01-09 14:08:04.362 D/dalvikvm(21830): VFY: replacing opcode 0x6e at 0x003a
01-09 14:08:04.362 I/dalvikvm(21830): Could not find method android.app.Notification$Builder.setLocalOnly, referenced from method com.google.android.gms.common.GooglePlayServicesUtil.zza
01-09 14:08:04.362 W/dalvikvm(21830): VFY: unable to resolve virtual method 134: Landroid/app/Notification$Builder;.setLocalOnly (Z)Landroid/app/Notification$Builder;
01-09 14:08:04.362 D/dalvikvm(21830): VFY: replacing opcode 0x6e at 0x00c2
01-09 14:08:04.362 E/dalvikvm(21830): Could not find class 'android.app.Notification$BigTextStyle', referenced from method com.google.android.gms.common.GooglePlayServicesUtil.zza
01-09 14:08:04.362 W/dalvikvm(21830): VFY: unable to resolve new-instance 36 (Landroid/app/Notification$BigTextStyle;) in Lcom/google/android/gms/common/GooglePlayServicesUtil;
01-09 14:08:04.362 D/dalvikvm(21830): VFY: replacing opcode 0x22 at 0x00cb
01-09 14:08:04.372 D/dalvikvm(21830): DexOpt: couldn't find field Landroid/app/Notification;.extras
01-09 14:08:04.372 W/dalvikvm(21830): VFY: unable to resolve instance field 21
01-09 14:08:04.372 D/dalvikvm(21830): VFY: replacing opcode 0x54 at 0x00e1
01-09 14:08:04.372 E/dalvikvm(21830): Could not find class 'android.app.AppOpsManager', referenced from method com.google.android.gms.common.GooglePlayServicesUtil.zza
01-09 14:08:04.372 W/dalvikvm(21830): VFY: unable to resolve check-cast 23 (Landroid/app/AppOpsManager;) in Lcom/google/android/gms/common/GooglePlayServicesUtil;
01-09 14:08:04.372 D/dalvikvm(21830): VFY: replacing opcode 0x1f at 0x000e
01-09 14:08:04.372 I/dalvikvm(21830): Could not find method android.content.pm.PackageManager.getPackageInstaller, referenced from method com.google.android.gms.common.GooglePlayServicesUtil.zzi
01-09 14:08:04.372 W/dalvikvm(21830): VFY: unable to resolve virtual method 283: Landroid/content/pm/PackageManager;.getPackageInstaller ()Landroid/content/pm/PackageInstaller;
01-09 14:08:04.372 D/dalvikvm(21830): VFY: replacing opcode 0x6e at 0x000b
01-09 14:08:04.372 D/dalvikvm(21830): DexOpt: unable to opt direct call 0x007c at 0x44 in Lcom/google/android/gms/common/GooglePlayServicesUtil;.zza
01-09 14:08:04.372 D/dalvikvm(21830): DexOpt: unable to opt direct call 0x007c at 0xcd in Lcom/google/android/gms/common/GooglePlayServicesUtil;.zza
01-09 14:08:04.392 I/GAv4    (21830): Google Analytics 7.8.95 is starting up. To enable debug logging on a device run:
01-09 14:08:04.392 I/GAv4    (21830):   adb shell setprop log.tag.GAv4 DEBUG
01-09 14:08:04.392 I/GAv4    (21830):   adb logcat -s GAv4
01-09 14:08:04.422 W/GAv4    (21830): AnalyticsReceiver is not registered or is disabled. Register the receiver for reliable dispatching on non-Google Play devices. See http://goo.gl/8Rd3yj for instructions.
01-09 14:08:04.442 W/GAv4    (21830): CampaignTrackingReceiver is not registered, not exported or is disabled. Installation campaign tracking is not possible. See http://goo.gl/8Rd3yj for instructions.
01-09 14:08:04.572 I/dalvikvm(21830): Could not find method android.app.DownloadManager$Request.setAllowedOverMetered, referenced from method com.google.android.tts.local.voicepack.lorry.LorryVoiceDataDownloader.buildDownloadRequest
01-09 14:08:04.572 W/dalvikvm(21830): VFY: unable to resolve virtual method 88: Landroid/app/DownloadManager$Request;.setAllowedOverMetered (Z)Landroid/app/DownloadManager$Request;
01-09 14:08:04.572 D/dalvikvm(21830): VFY: replacing opcode 0x6e at 0x0024
01-09 14:08:04.592 I/dalvikvm(21830): Could not find method android.content.Context.createDeviceProtectedStorageContext, referenced from method com.google.android.tts.local.voicepack.VoiceDataManager.<init>
01-09 14:08:04.592 W/dalvikvm(21830): VFY: unable to resolve virtual method 180: Landroid/content/Context;.createDeviceProtectedStorageContext ()Landroid/content/Context;
01-09 14:08:04.592 D/dalvikvm(21830): VFY: replacing opcode 0x6e at 0x0025
01-09 14:08:04.622 I/dalvikvm(21830): Could not find method android.speech.tts.SynthesisCallback.error, referenced from method com.google.android.tts.util.CompatHelper.callbackError
01-09 14:08:04.622 W/dalvikvm(21830): VFY: unable to resolve interface method 877: Landroid/speech/tts/SynthesisCallback;.error (I)V
01-09 14:08:04.622 D/dalvikvm(21830): VFY: replacing opcode 0x72 at 0x0006
01-09 14:08:04.632 W/GAv4    (21830): AnalyticsService not registered in the app manifest. Hits might not be delivered reliably. See http://goo.gl/8Rd3yj for instructions.
01-09 14:08:04.982 W/SignalStrength(504): getGsmLevel. this.mGsmSignalBar=3, getGsmSignalStrength()== 11
01-09 14:08:04.982 W/SignalStrength(504): getGsmLevel=3
01-09 14:08:04.982 W/SignalStrength(504): getLevel=3 (SignalStrength: 11 255 -120 -160 -120 -1 -1 99 2147483647 -32767 2147483647 -32767 gsm|lte 3)
01-09 14:08:04.982 W/SignalStrength(504): getGsmLevel. this.mGsmSignalBar=4, getGsmSignalStrength()== 26
01-09 14:08:04.982 W/SignalStrength(504): getGsmLevel=4
01-09 14:08:04.982 W/SignalStrength(504): getLevel=4 (SignalStrength: 26 255 -120 -160 -120 -1 -1 99 2147483647 -32767 2147483647 -32767 gsm|lte 4)
01-09 14:08:04.982 D/StatusBar-NetworkControllerDS(504): refreshViews connected={ wifi } level=3|4 combinedSignalIconId=0x7f0200ef/com.android.systemui:drawable/stat_sys_wifi_signal_4 combinedActivityIconId=0x7f0200d8 mAirplaneMode=false mDataActivity1=0 mDataActivity2=0 mPhoneSignalIconId1=0x7f0200cd mPhoneSignalIconId2=0x7f0200d5 mLastPhoneSignalIconId1=0x7f0200cd mLastPhoneSignalIconId2=0x7f0200d5 mDataDirectionIconId1=0x0 mDataDirectionIconId2=0x0 mDataSignalIconId1=0x7f0200cd mDataSignalIconId2=0x7f0200d5 mDataTypeIconId1=0x7f02009d mDataTypeIconId2=0x7f02009d mWifiIconId=0x7f0200ef mRoamingIconId1=0x0 mRoamingIconId2=0x0 mBluetoothTetherIconId=0x10806ce
01-09 14:08:04.992 D/SignalClusterView(504): wifi: VISIBLE sig=2130837743 act=2130837720
01-09 14:08:04.992 D/SignalClusterView(504): mobile1: VISIBLE sig=2130837709 act=0 typ=2130837661
01-09 14:08:04.992 D/SignalClusterView(504): mobile2: VISIBLE sig=2130837717 act=0 typ=2130837661
01-09 14:08:04.992 D/SignalClusterView(504): wifi: VISIBLE sig=2130837743 act=2130837720
01-09 14:08:04.992 D/SignalClusterView(504): mobile1: VISIBLE sig=2130837709 act=0 typ=2130837661
01-09 14:08:04.992 D/SignalClusterView(504): mobile2: VISIBLE sig=2130837717 act=0 typ=2130837661
01-09 14:08:04.992 D/SignalClusterView(504): wifi: VISIBLE sig=2130837743 act=2130837720
01-09 14:08:04.992 D/SignalClusterView(504): mobile1: VISIBLE sig=2130837709 act=0 typ=2130837661
01-09 14:08:04.992 D/SignalClusterView(504): mobile2: VISIBLE sig=2130837717 act=0 typ=2130837661
01-09 14:08:04.992 D/StatusBar-NetworkControllerDS(504): changing data overlay icon id to 2130837720
01-09 14:08:05.132 I/NRFW    (1283): profile=wifi
01-09 14:08:05.992 W/SignalStrength(504): getGsmLevel. this.mGsmSignalBar=3, getGsmSignalStrength()== 11
01-09 14:08:05.992 W/SignalStrength(504): getGsmLevel=3
01-09 14:08:05.992 W/SignalStrength(504): getLevel=3 (SignalStrength: 11 255 -120 -160 -120 -1 -1 99 2147483647 -32767 2147483647 -32767 gsm|lte 3)
01-09 14:08:05.992 W/SignalStrength(504): getGsmLevel. this.mGsmSignalBar=4, getGsmSignalStrength()== 26
01-09 14:08:05.992 W/SignalStrength(504): getGsmLevel=4
01-09 14:08:05.992 W/SignalStrength(504): getLevel=4 (SignalStrength: 26 255 -120 -160 -120 -1 -1 99 2147483647 -32767 2147483647 -32767 gsm|lte 4)
01-09 14:08:05.992 D/StatusBar-NetworkControllerDS(504): refreshViews connected={ wifi } level=3|4 combinedSignalIconId=0x7f0200ef/com.android.systemui:drawable/stat_sys_wifi_signal_4 combinedActivityIconId=0x7f0200d9 mAirplaneMode=false mDataActivity1=0 mDataActivity2=0 mPhoneSignalIconId1=0x7f0200cd mPhoneSignalIconId2=0x7f0200d5 mLastPhoneSignalIconId1=0x7f0200cd mLastPhoneSignalIconId2=0x7f0200d5 mDataDirectionIconId1=0x0 mDataDirectionIconId2=0x0 mDataSignalIconId1=0x7f0200cd mDataSignalIconId2=0x7f0200d5 mDataTypeIconId1=0x7f02009d mDataTypeIconId2=0x7f02009d mWifiIconId=0x7f0200ef mRoamingIconId1=0x0 mRoamingIconId2=0x0 mBluetoothTetherIconId=0x10806ce
01-09 14:08:05.992 D/SignalClusterView(504): wifi: VISIBLE sig=2130837743 act=2130837721
01-09 14:08:05.992 D/SignalClusterView(504): mobile1: VISIBLE sig=2130837709 act=0 typ=2130837661
01-09 14:08:05.992 D/SignalClusterView(504): mobile2: VISIBLE sig=2130837717 act=0 typ=2130837661
01-09 14:08:05.992 D/SignalClusterView(504): wifi: VISIBLE sig=2130837743 act=2130837721
01-09 14:08:05.992 D/SignalClusterView(504): mobile1: VISIBLE sig=2130837709 act=0 typ=2130837661
01-09 14:08:05.992 D/SignalClusterView(504): mobile2: VISIBLE sig=2130837717 act=0 typ=2130837661
01-09 14:08:05.992 D/SignalClusterView(504): wifi: VISIBLE sig=2130837743 act=2130837721
01-09 14:08:05.992 D/SignalClusterView(504): mobile1: VISIBLE sig=2130837709 act=0 typ=2130837661
01-09 14:08:05.992 D/SignalClusterView(504): mobile2: VISIBLE sig=2130837717 act=0 typ=2130837661
01-09 14:08:05.992 D/StatusBar-NetworkControllerDS(504): changing data overlay icon id to 2130837721
01-09 14:08:06.382 D/dalvikvm(21830): GC_CONCURRENT freed 6033K, 38% free 11616K/18723K, paused 2ms+3ms
01-09 14:08:06.782 I/IntegrityChecker(21830): Checking integrity of voice: de-de-x-nfh, revision: 24
01-09 14:08:06.782 W/IntegrityChecker(21830): No checksums for voice: de-de-x-nfh, revision: 24
01-09 14:08:06.972 E/dalvikvm(21830): Could not find class 'android.speech.tts.Voice', referenced from method com.google.android.tts.service.GoogleTTSService.onGetVoices
01-09 14:08:06.972 W/dalvikvm(21830): VFY: unable to resolve new-instance 241 (Landroid/speech/tts/Voice;) in Lcom/google/android/tts/service/GoogleTTSService;
01-09 14:08:06.972 D/dalvikvm(21830): VFY: replacing opcode 0x22 at 0x0026
01-09 14:08:06.972 I/dalvikvm(21830): Could not find method android.speech.tts.SynthesisRequest.getCallerUid, referenced from method com.google.android.tts.service.GoogleTTSService.onSynthesizeText
01-09 14:08:06.972 W/dalvikvm(21830): VFY: unable to resolve virtual method 881: Landroid/speech/tts/SynthesisRequest;.getCallerUid ()I
01-09 14:08:06.972 D/dalvikvm(21830): VFY: replacing opcode 0x6e at 0x0015
01-09 14:08:06.972 D/dalvikvm(21830): DexOpt: unable to opt direct call 0x0389 at 0x44 in Lcom/google/android/tts/service/GoogleTTSService;.onGetVoices
01-09 14:08:06.972 I/GoogleTTSService(21830): Creating Google TTS service, version 3.10.9
01-09 14:08:06.972 I/dalvikvm(21830): Could not find method android.app.ActivityManager.isLowRamDevice, referenced from method com.google.android.tts.util.DeviceUtil.isLowRamDevice
01-09 14:08:06.972 W/dalvikvm(21830): VFY: unable to resolve virtual method 36: Landroid/app/ActivityManager;.isLowRamDevice ()Z
01-09 14:08:06.972 D/dalvikvm(21830): VFY: replacing opcode 0x6e at 0x000e
01-09 14:08:07.042 D/dalvikvm(21830): GC_CONCURRENT freed 2566K, 36% free 12166K/18723K, paused 1ms+3ms
01-09 14:08:07.052 I/PattsJniLoader(21830): Loading library tts_android
01-09 14:08:07.052 D/dalvikvm(21830): Trying to load lib /data/data/com.google.android.tts/lib/libtts_android.so 0x410dbd40
01-09 14:08:07.162 D/dalvikvm(21830): Added shared lib /data/data/com.google.android.tts/lib/libtts_android.so 0x410dbd40
01-09 14:08:07.162 D/dalvikvm(21830): No JNI_OnLoad found in /data/data/com.google.android.tts/lib/libtts_android.so 0x410dbd40, skipping init
01-09 14:08:07.262 E/NetworkSynthesizer(21830): Network synthesizer has multiple voices for a single locale
01-09 14:08:07.292 E/NetworkSynthesizer(21830): Network synthesizer has multiple voices for a single locale
01-09 14:08:07.292 E/NetworkSynthesizer(21830): Network synthesizer has multiple voices for a single locale
01-09 14:08:07.322 I/dalvikvm(21830): Could not find method android.speech.tts.SynthesisRequest.getCallerUid, referenced from method com.google.android.tts.common.GoogleTTSRequest.getCallerUid
01-09 14:08:07.322 W/dalvikvm(21830): VFY: unable to resolve virtual method 881: Landroid/speech/tts/SynthesisRequest;.getCallerUid ()I
01-09 14:08:07.322 D/dalvikvm(21830): VFY: replacing opcode 0x6e at 0x000a
01-09 14:08:07.322 I/dalvikvm(21830): Could not find method android.speech.tts.SynthesisRequest.getCharSequenceText, referenced from method com.google.android.tts.common.GoogleTTSRequest.getText
01-09 14:08:07.322 W/dalvikvm(21830): VFY: unable to resolve virtual method 882: Landroid/speech/tts/SynthesisRequest;.getCharSequenceText ()Ljava/lang/CharSequence;
01-09 14:08:07.322 D/dalvikvm(21830): VFY: replacing opcode 0x6e at 0x0008
01-09 14:08:07.322 I/dalvikvm(21830): Could not find method android.speech.tts.SynthesisRequest.getVoiceName, referenced from method com.google.android.tts.common.GoogleTTSRequest.getVoiceName
01-09 14:08:07.322 W/dalvikvm(21830): VFY: unable to resolve virtual method 889: Landroid/speech/tts/SynthesisRequest;.getVoiceName ()Ljava/lang/String;
01-09 14:08:07.322 D/dalvikvm(21830): VFY: replacing opcode 0x6e at 0x0014
01-09 14:08:07.812 I/ControllerSynthesizer(21830): Initializing de-de-x-nfh with type 1
01-09 14:08:07.992 W/SignalStrength(504): getGsmLevel. this.mGsmSignalBar=3, getGsmSignalStrength()== 11
01-09 14:08:07.992 W/SignalStrength(504): getGsmLevel=3
01-09 14:08:07.992 W/SignalStrength(504): getLevel=3 (SignalStrength: 11 255 -120 -160 -120 -1 -1 99 2147483647 -32767 2147483647 -32767 gsm|lte 3)
01-09 14:08:07.992 W/SignalStrength(504): getGsmLevel. this.mGsmSignalBar=4, getGsmSignalStrength()== 26
01-09 14:08:07.992 W/SignalStrength(504): getGsmLevel=4
01-09 14:08:07.992 W/SignalStrength(504): getLevel=4 (SignalStrength: 26 255 -120 -160 -120 -1 -1 99 2147483647 -32767 2147483647 -32767 gsm|lte 4)
01-09 14:08:07.992 D/StatusBar-NetworkControllerDS(504): refreshViews connected={ wifi } level=3|4 combinedSignalIconId=0x7f0200ef/com.android.systemui:drawable/stat_sys_wifi_signal_4 combinedActivityIconId=0x7f0200d8 mAirplaneMode=false mDataActivity1=0 mDataActivity2=0 mPhoneSignalIconId1=0x7f0200cd mPhoneSignalIconId2=0x7f0200d5 mLastPhoneSignalIconId1=0x7f0200cd mLastPhoneSignalIconId2=0x7f0200d5 mDataDirectionIconId1=0x0 mDataDirectionIconId2=0x0 mDataSignalIconId1=0x7f0200cd mDataSignalIconId2=0x7f0200d5 mDataTypeIconId1=0x7f02009d mDataTypeIconId2=0x7f02009d mWifiIconId=0x7f0200ef mRoamingIconId1=0x0 mRoamingIconId2=0x0 mBluetoothTetherIconId=0x10806ce
01-09 14:08:07.992 D/SignalClusterView(504): wifi: VISIBLE sig=2130837743 act=2130837720
01-09 14:08:07.992 D/SignalClusterView(504): mobile1: VISIBLE sig=2130837709 act=0 typ=2130837661
01-09 14:08:07.992 D/SignalClusterView(504): mobile2: VISIBLE sig=2130837717 act=0 typ=2130837661
01-09 14:08:07.992 D/SignalClusterView(504): wifi: VISIBLE sig=2130837743 act=2130837720
01-09 14:08:07.992 D/SignalClusterView(504): mobile1: VISIBLE sig=2130837709 act=0 typ=2130837661
01-09 14:08:07.992 D/SignalClusterView(504): mobile2: VISIBLE sig=2130837717 act=0 typ=2130837661
01-09 14:08:07.992 D/SignalClusterView(504): wifi: VISIBLE sig=2130837743 act=2130837720
01-09 14:08:08.002 D/SignalClusterView(504): mobile1: VISIBLE sig=2130837709 act=0 typ=2130837661
01-09 14:08:08.002 D/SignalClusterView(504): mobile2: VISIBLE sig=2130837717 act=0 typ=2130837661
01-09 14:08:08.002 D/StatusBar-NetworkControllerDS(504): changing data overlay icon id to 2130837720
01-09 14:08:08.282 I/NRFW    (1283): profile=wifi
01-09 14:08:08.312 I/NRFW    (1283): serverip=103.235.47.88 localIp=10.0.8.1
01-09 14:08:08.322 I/DNS     (1283): 103.235.47.88 h_errno=1
01-09 14:08:08.342 I/DNS     (1283): 149.154.167.51 h_errno=1
01-09 14:08:09.072 D/lights  (378): write_int /sys/class/leds/lcd-backlight/brightness = 72
01-09 14:08:09.072 V/PowerManagerService(378): Top Most Needs Intelligent Sleep: true
01-09 14:08:09.072 W/PowerManagerService(378): Timer 0x3->0x1|0x0
01-09 14:08:09.072 I/PowerManagerService(378): Ulight 0x3->0x1|0x0
01-09 14:08:09.082 D/lights  (378): write_int /sys/class/leds/lcd-backlight/brightness = 68
01-09 14:08:09.102 D/lights  (378): write_int /sys/class/leds/lcd-backlight/brightness = 63
01-09 14:08:09.122 D/lights  (378): write_int /sys/class/leds/lcd-backlight/brightness = 59
01-09 14:08:09.132 D/lights  (378): write_int /sys/class/leds/lcd-backlight/brightness = 55
01-09 14:08:09.152 D/lights  (378): write_int /sys/class/leds/lcd-backlight/brightness = 50
01-09 14:08:09.162 D/lights  (378): write_int /sys/class/leds/lcd-backlight/brightness = 46
01-09 14:08:09.182 D/lights  (378): write_int /sys/class/leds/lcd-backlight/brightness = 41
01-09 14:08:09.202 D/lights  (378): write_int /sys/class/leds/lcd-backlight/brightness = 37
01-09 14:08:09.212 D/lights  (378): write_int /sys/class/leds/lcd-backlight/brightness = 33
01-09 14:08:09.232 D/lights  (378): write_int /sys/class/leds/lcd-backlight/brightness = 28
01-09 14:08:09.242 D/lights  (378): write_int /sys/class/leds/lcd-backlight/brightness = 24
01-09 14:08:09.262 D/lights  (378): write_int /sys/class/leds/lcd-backlight/brightness = 20
01-09 14:08:09.262 I/PowerManagerService(378): Light Animator Finished curIntValue=20
01-09 14:08:10.002 W/SignalStrength(504): getGsmLevel. this.mGsmSignalBar=3, getGsmSignalStrength()== 11
01-09 14:08:10.002 W/SignalStrength(504): getGsmLevel=3
01-09 14:08:10.002 W/SignalStrength(504): getLevel=3 (SignalStrength: 11 255 -120 -160 -120 -1 -1 99 2147483647 -32767 2147483647 -32767 gsm|lte 3)
01-09 14:08:10.002 W/SignalStrength(504): getGsmLevel. this.mGsmSignalBar=4, getGsmSignalStrength()== 26
01-09 14:08:10.002 W/SignalStrength(504): getGsmLevel=4
01-09 14:08:10.002 W/SignalStrength(504): getLevel=4 (SignalStrength: 26 255 -120 -160 -120 -1 -1 99 2147483647 -32767 2147483647 -32767 gsm|lte 4)
01-09 14:08:10.002 D/StatusBar-NetworkControllerDS(504): refreshViews connected={ wifi } level=3|4 combinedSignalIconId=0x7f0200ef/com.android.systemui:drawable/stat_sys_wifi_signal_4 combinedActivityIconId=0x7f0200d9 mAirplaneMode=false mDataActivity1=0 mDataActivity2=0 mPhoneSignalIconId1=0x7f0200cd mPhoneSignalIconId2=0x7f0200d5 mLastPhoneSignalIconId1=0x7f0200cd mLastPhoneSignalIconId2=0x7f0200d5 mDataDirectionIconId1=0x0 mDataDirectionIconId2=0x0 mDataSignalIconId1=0x7f0200cd mDataSignalIconId2=0x7f0200d5 mDataTypeIconId1=0x7f02009d mDataTypeIconId2=0x7f02009d mWifiIconId=0x7f0200ef mRoamingIconId1=0x0 mRoamingIconId2=0x0 mBluetoothTetherIconId=0x10806ce
01-09 14:08:10.002 D/SignalClusterView(504): wifi: VISIBLE sig=2130837743 act=2130837721
01-09 14:08:10.002 D/SignalClusterView(504): mobile1: VISIBLE sig=2130837709 act=0 typ=2130837661
01-09 14:08:10.002 D/SignalClusterView(504): mobile2: VISIBLE sig=2130837717 act=0 typ=2130837661
01-09 14:08:10.002 D/SignalClusterView(504): wifi: VISIBLE sig=2130837743 act=2130837721
01-09 14:08:10.002 D/SignalClusterView(504): mobile1: VISIBLE sig=2130837709 act=0 typ=2130837661
01-09 14:08:10.002 D/SignalClusterView(504): mobile2: VISIBLE sig=2130837717 act=0 typ=2130837661
01-09 14:08:10.002 D/SignalClusterView(504): wifi: VISIBLE sig=2130837743 act=2130837721
01-09 14:08:10.002 D/SignalClusterView(504): mobile1: VISIBLE sig=2130837709 act=0 typ=2130837661
01-09 14:08:10.002 D/SignalClusterView(504): mobile2: VISIBLE sig=2130837717 act=0 typ=2130837661
01-09 14:08:10.002 D/StatusBar-NetworkControllerDS(504): changing data overlay icon id to 2130837721
01-09 14:08:10.142 D/Tethering(378): interfaceLinkStateChanged wlan0, true
01-09 14:08:10.142 D/Tethering(378): interfaceStatusChanged wlan0, true
01-09 14:08:11.002 W/SignalStrength(504): getGsmLevel. this.mGsmSignalBar=3, getGsmSignalStrength()== 11
01-09 14:08:11.002 W/SignalStrength(504): getGsmLevel=3
01-09 14:08:11.002 W/SignalStrength(504): getLevel=3 (SignalStrength: 11 255 -120 -160 -120 -1 -1 99 2147483647 -32767 2147483647 -32767 gsm|lte 3)
01-09 14:08:11.002 W/SignalStrength(504): getGsmLevel. this.mGsmSignalBar=4, getGsmSignalStrength()== 26
01-09 14:08:11.002 W/SignalStrength(504): getGsmLevel=4
01-09 14:08:11.002 W/SignalStrength(504): getLevel=4 (SignalStrength: 26 255 -120 -160 -120 -1 -1 99 2147483647 -32767 2147483647 -32767 gsm|lte 4)
01-09 14:08:11.002 D/StatusBar-NetworkControllerDS(504): refreshViews connected={ wifi } level=3|4 combinedSignalIconId=0x7f0200ef/com.android.systemui:drawable/stat_sys_wifi_signal_4 combinedActivityIconId=0x7f0200d8 mAirplaneMode=false mDataActivity1=0 mDataActivity2=0 mPhoneSignalIconId1=0x7f0200cd mPhoneSignalIconId2=0x7f0200d5 mLastPhoneSignalIconId1=0x7f0200cd mLastPhoneSignalIconId2=0x7f0200d5 mDataDirectionIconId1=0x0 mDataDirectionIconId2=0x0 mDataSignalIconId1=0x7f0200cd mDataSignalIconId2=0x7f0200d5 mDataTypeIconId1=0x7f02009d mDataTypeIconId2=0x7f02009d mWifiIconId=0x7f0200ef mRoamingIconId1=0x0 mRoamingIconId2=0x0 mBluetoothTetherIconId=0x10806ce
01-09 14:08:11.002 D/SignalClusterView(504): wifi: VISIBLE sig=2130837743 act=2130837720
01-09 14:08:11.002 D/SignalClusterView(504): mobile1: VISIBLE sig=2130837709 act=0 typ=2130837661
01-09 14:08:11.002 D/SignalClusterView(504): mobile2: VISIBLE sig=2130837717 act=0 typ=2130837661
01-09 14:08:11.002 D/SignalClusterView(504): wifi: VISIBLE sig=2130837743 act=2130837720
01-09 14:08:11.002 D/SignalClusterView(504): mobile1: VISIBLE sig=2130837709 act=0 typ=2130837661
01-09 14:08:11.002 D/SignalClusterView(504): mobile2: VISIBLE sig=2130837717 act=0 typ=2130837661
01-09 14:08:11.002 D/SignalClusterView(504): wifi: VISIBLE sig=2130837743 act=2130837720
01-09 14:08:11.002 D/SignalClusterView(504): mobile1: VISIBLE sig=2130837709 act=0 typ=2130837661
01-09 14:08:11.002 D/SignalClusterView(504): mobile2: VISIBLE sig=2130837717 act=0 typ=2130837661
01-09 14:08:11.002 D/StatusBar-NetworkControllerDS(504): changing data overlay icon id to 2130837720
01-09 14:08:11.092 I/InputReader(378): Touch event's action is 0x0 (deviceType=0) [pCnt=1, pending(waiting finished signal)=0, s=0.1863 ]
01-09 14:08:11.092 I/InputDispatcher(378): Delivering touch to current input target: action: 0x0
01-09 14:08:11.092 D/PowerManagerService(378): reactivateScreenLocksLocked mProxIgnoredBecauseScreenTurnedOff=false
01-09 14:08:11.092 I/PowerManagerService(378): Ulight 0x1->0x7|0x0
01-09 14:08:11.102 D/lights  (378): write_int /sys/class/leds/button-backlight/brightness = 255
01-09 14:08:11.102 D/lights  (378): write_int /sys/class/leds/lcd-backlight/brightness = 24
01-09 14:08:11.102 D/PowerManagerService(378): setLightBrightness : mButtonLight : 77
01-09 14:08:11.112 D/lights  (378): write_int /sys/class/leds/lcd-backlight/brightness = 29
01-09 14:08:11.132 D/lights  (378): write_int /sys/class/leds/lcd-backlight/brightness = 34
01-09 14:08:11.152 D/lights  (378): write_int /sys/class/leds/lcd-backlight/brightness = 39
01-09 14:08:11.162 D/lights  (378): write_int /sys/class/leds/lcd-backlight/brightness = 43
01-09 14:08:11.182 D/lights  (378): write_int /sys/class/leds/lcd-backlight/brightness = 48
01-09 14:08:11.192 D/lights  (378): write_int /sys/class/leds/lcd-backlight/brightness = 53
01-09 14:08:11.202 I/InputReader(378): Touch event's action is 0x1 (deviceType=0) [pCnt=1, pending(waiting finished signal)=1, s=]
01-09 14:08:11.212 D/lights  (378): write_int /sys/class/leds/lcd-backlight/brightness = 58
01-09 14:08:11.232 D/lights  (378): write_int /sys/class/leds/lcd-backlight/brightness = 62
01-09 14:08:11.242 D/lights  (378): write_int /sys/class/leds/lcd-backlight/brightness = 67
01-09 14:08:11.252 I/InputDispatcher(378): Delivering touch to current input target: action: 0x1
01-09 14:08:11.262 D/lights  (378): write_int /sys/class/leds/lcd-backlight/brightness = 72
01-09 14:08:11.272 D/lights  (378): write_int /sys/class/leds/lcd-backlight/brightness = 77
01-09 14:08:11.272 I/PowerManagerService(378): Light Animator Finished curIntValue=77
01-09 14:08:12.592 D/lights  (378): write_int /sys/class/leds/button-backlight/brightness = 0
01-09 14:08:12.592 V/PowerManagerService(378): Top Most Needs Intelligent Sleep: true
01-09 14:08:12.592 W/PowerManagerService(378): Timer 0x7->0x3|0x0
01-09 14:08:12.592 I/PowerManagerService(378): Ulight 0x7->0x3|0x0
01-09 14:08:12.592 D/PowerManagerService(378): setLightBrightness : mButtonLight : 0
01-09 14:08:13.012 W/SignalStrength(504): getGsmLevel. this.mGsmSignalBar=3, getGsmSignalStrength()== 11
01-09 14:08:13.012 W/SignalStrength(504): getGsmLevel=3
01-09 14:08:13.012 W/SignalStrength(504): getLevel=3 (SignalStrength: 11 255 -120 -160 -120 -1 -1 99 2147483647 -32767 2147483647 -32767 gsm|lte 3)
01-09 14:08:13.012 W/SignalStrength(504): getGsmLevel. this.mGsmSignalBar=4, getGsmSignalStrength()== 26
01-09 14:08:13.012 W/SignalStrength(504): getGsmLevel=4
01-09 14:08:13.012 W/SignalStrength(504): getLevel=4 (SignalStrength: 26 255 -120 -160 -120 -1 -1 99 2147483647 -32767 2147483647 -32767 gsm|lte 4)
01-09 14:08:13.012 D/StatusBar-NetworkControllerDS(504): refreshViews connected={ wifi } level=3|4 combinedSignalIconId=0x7f0200ef/com.android.systemui:drawable/stat_sys_wifi_signal_4 combinedActivityIconId=0x7f0200d9 mAirplaneMode=false mDataActivity1=0 mDataActivity2=0 mPhoneSignalIconId1=0x7f0200cd mPhoneSignalIconId2=0x7f0200d5 mLastPhoneSignalIconId1=0x7f0200cd mLastPhoneSignalIconId2=0x7f0200d5 mDataDirectionIconId1=0x0 mDataDirectionIconId2=0x0 mDataSignalIconId1=0x7f0200cd mDataSignalIconId2=0x7f0200d5 mDataTypeIconId1=0x7f02009d mDataTypeIconId2=0x7f02009d mWifiIconId=0x7f0200ef mRoamingIconId1=0x0 mRoamingIconId2=0x0 mBluetoothTetherIconId=0x10806ce
01-09 14:08:13.012 D/SignalClusterView(504): wifi: VISIBLE sig=2130837743 act=2130837721
01-09 14:08:13.012 D/SignalClusterView(504): mobile1: VISIBLE sig=2130837709 act=0 typ=2130837661
01-09 14:08:13.012 D/SignalClusterView(504): mobile2: VISIBLE sig=2130837717 act=0 typ=2130837661
01-09 14:08:13.012 D/SignalClusterView(504): wifi: VISIBLE sig=2130837743 act=2130837721
01-09 14:08:13.012 D/SignalClusterView(504): mobile1: VISIBLE sig=2130837709 act=0 typ=2130837661
01-09 14:08:13.012 D/SignalClusterView(504): mobile2: VISIBLE sig=2130837717 act=0 typ=2130837661
01-09 14:08:13.012 D/SignalClusterView(504): wifi: VISIBLE sig=2130837743 act=2130837721
01-09 14:08:13.012 D/SignalClusterView(504): mobile1: VISIBLE sig=2130837709 act=0 typ=2130837661
01-09 14:08:13.012 D/SignalClusterView(504): mobile2: VISIBLE sig=2130837717 act=0 typ=2130837661
01-09 14:08:13.012 D/StatusBar-NetworkControllerDS(504): changing data overlay icon id to 2130837721
01-09 14:08:13.172 D/dalvikvm(21796): GC_CONCURRENT freed 4005K, 26% free 14708K/19875K, paused 1ms+29ms
01-09 14:08:13.862 E/native  (21830): memory_file_resource_impl.h:107 Attempt to seek beyond buffer end (by 3 bytes)!
01-09 14:08:14.012 W/SignalStrength(504): getGsmLevel. this.mGsmSignalBar=3, getGsmSignalStrength()== 11
01-09 14:08:14.012 W/SignalStrength(504): getGsmLevel=3
01-09 14:08:14.012 W/SignalStrength(504): getLevel=3 (SignalStrength: 11 255 -120 -160 -120 -1 -1 99 2147483647 -32767 2147483647 -32767 gsm|lte 3)
01-09 14:08:14.012 W/SignalStrength(504): getGsmLevel. this.mGsmSignalBar=4, getGsmSignalStrength()== 26
01-09 14:08:14.012 W/SignalStrength(504): getGsmLevel=4
01-09 14:08:14.012 W/SignalStrength(504): getLevel=4 (SignalStrength: 26 255 -120 -160 -120 -1 -1 99 2147483647 -32767 2147483647 -32767 gsm|lte 4)
01-09 14:08:14.012 D/StatusBar-NetworkControllerDS(504): refreshViews connected={ wifi } level=3|4 combinedSignalIconId=0x7f0200ef/com.android.systemui:drawable/stat_sys_wifi_signal_4 combinedActivityIconId=0x7f0200d8 mAirplaneMode=false mDataActivity1=0 mDataActivity2=0 mPhoneSignalIconId1=0x7f0200cd mPhoneSignalIconId2=0x7f0200d5 mLastPhoneSignalIconId1=0x7f0200cd mLastPhoneSignalIconId2=0x7f0200d5 mDataDirectionIconId1=0x0 mDataDirectionIconId2=0x0 mDataSignalIconId1=0x7f0200cd mDataSignalIconId2=0x7f0200d5 mDataTypeIconId1=0x7f02009d mDataTypeIconId2=0x7f02009d mWifiIconId=0x7f0200ef mRoamingIconId1=0x0 mRoamingIconId2=0x0 mBluetoothTetherIconId=0x10806ce
01-09 14:08:14.012 D/SignalClusterView(504): wifi: VISIBLE sig=2130837743 act=2130837720
01-09 14:08:14.012 D/SignalClusterView(504): mobile1: VISIBLE sig=2130837709 act=0 typ=2130837661
01-09 14:08:14.012 D/SignalClusterView(504): mobile2: VISIBLE sig=2130837717 act=0 typ=2130837661
01-09 14:08:14.012 D/SignalClusterView(504): wifi: VISIBLE sig=2130837743 act=2130837720
01-09 14:08:14.012 D/SignalClusterView(504): mobile1: VISIBLE sig=2130837709 act=0 typ=2130837661
01-09 14:08:14.012 D/SignalClusterView(504): mobile2: VISIBLE sig=2130837717 act=0 typ=2130837661
01-09 14:08:14.012 D/SignalClusterView(504): wifi: VISIBLE sig=2130837743 act=2130837720
01-09 14:08:14.012 D/SignalClusterView(504): mobile1: VISIBLE sig=2130837709 act=0 typ=2130837661
01-09 14:08:14.012 D/SignalClusterView(504): mobile2: VISIBLE sig=2130837717 act=0 typ=2130837661
