01-09 14:05:45.632 D/SignalClusterView(504): mobile2: VISIBLE sig=2130837717 act=0 typ=2130837661
01-09 14:05:45.632 D/StatusBar-NetworkControllerDS(504): changing data overlay icon id to 2130837721
01-09 14:05:46.632 W/SignalStrength(504): getGsmLevel. this.mGsmSignalBar=4, getGsmSignalStrength()== 12
01-09 14:05:46.632 W/SignalStrength(504): getGsmLevel=4
01-09 14:05:46.632 W/SignalStrength(504): getLevel=4 (SignalStrength: 12 255 -120 -160 -120 -1 -1 99 2147483647 -32767 2147483647 -32767 gsm|lte 4)
01-09 14:05:46.632 W/SignalStrength(504): getGsmLevel. this.mGsmSignalBar=4, getGsmSignalStrength()== 26
01-09 14:05:46.632 W/SignalStrength(504): getGsmLevel=4
01-09 14:05:46.632 W/SignalStrength(504): getLevel=4 (SignalStrength: 26 255 -120 -160 -120 -1 -1 99 2147483647 -32767 2147483647 -32767 gsm|lte 4)
01-09 14:05:46.632 D/StatusBar-NetworkControllerDS(504): refreshViews connected={ wifi } level=4|4 combinedSignalIconId=0x7f0200ef/com.android.systemui:drawable/stat_sys_wifi_signal_4 combinedActivityIconId=0x7f0200d8 mAirplaneMode=false mDataActivity1=0 mDataActivity2=0 mPhoneSignalIconId1=0x7f0200cf mPhoneSignalIconId2=0x7f0200d5 mLastPhoneSignalIconId1=0x7f0200cf mLastPhoneSignalIconId2=0x7f0200d5 mDataDirectionIconId1=0x0 mDataDirectionIconId2=0x0 mDataSignalIconId1=0x7f0200cf mDataSignalIconId2=0x7f0200d5 mDataTypeIconId1=0x7f02009d mDataTypeIconId2=0x7f02009d mWifiIconId=0x7f0200ef mRoamingIconId1=0x0 mRoamingIconId2=0x0 mBluetoothTetherIconId=0x10806ce
01-09 14:05:46.632 D/SignalClusterView(504): wifi: VISIBLE sig=2130837743 act=2130837720
01-09 14:05:46.632 D/SignalClusterView(504): mobile1: VISIBLE sig=2130837711 act=0 typ=2130837661
01-09 14:05:46.632 D/SignalClusterView(504): mobile2: VISIBLE sig=2130837717 act=0 typ=2130837661
01-09 14:05:46.632 D/SignalClusterView(504): wifi: VISIBLE sig=2130837743 act=2130837720
01-09 14:05:46.632 D/SignalClusterView(504): mobile1: VISIBLE sig=2130837711 act=0 typ=2130837661
01-09 14:05:46.632 D/SignalClusterView(504): mobile2: VISIBLE sig=2130837717 act=0 typ=2130837661
01-09 14:05:46.632 D/SignalClusterView(504): wifi: VISIBLE sig=2130837743 act=2130837720
01-09 14:05:46.632 D/SignalClusterView(504): mobile1: VISIBLE sig=2130837711 act=0 typ=2130837661
01-09 14:05:46.632 D/SignalClusterView(504): mobile2: VISIBLE sig=2130837717 act=0 typ=2130837661
01-09 14:05:46.632 D/StatusBar-NetworkControllerDS(504): changing data overlay icon id to 2130837720
01-09 14:05:46.732 I/NRFW    (1283): profile=wifi
01-09 14:05:46.742 I/NRFW    (1283): serverip=103.235.47.88 localIp=10.0.8.1
01-09 14:05:47.722 D/ConnectivityService(378): reportNetworkCondition(1, 100)
01-09 14:05:47.722 D/ConnectivityService(378): handleInetConditionChange: net=1, condition=100,mActiveDefaultNetwork=1
01-09 14:05:47.722 D/ConnectivityService(378): handleInetConditionChange: starting a change hold
01-09 14:05:47.722 W/AlarmManager(378): FACTORY_ON= 0
01-09 14:05:47.762 V/Babel   (21305): [GcmIntentService] ReceiveServerUpdateService will handle all server updates.
01-09 14:05:48.232 W/SignalStrength(504): getGsmLevel. this.mGsmSignalBar=4, getGsmSignalStrength()== 12
01-09 14:05:48.232 W/SignalStrength(504): getGsmLevel=4
01-09 14:05:48.232 W/SignalStrength(504): getLevel=4 (SignalStrength: 12 255 -120 -160 -120 -1 -1 99 2147483647 -32767 2147483647 -32767 gsm|lte 4)
01-09 14:05:48.232 W/SignalStrength(504): getGsmLevel. this.mGsmSignalBar=4, getGsmSignalStrength()== 26
01-09 14:05:48.232 W/SignalStrength(504): getGsmLevel=4
01-09 14:05:48.232 W/SignalStrength(504): getLevel=4 (SignalStrength: 26 255 -120 -160 -120 -1 -1 99 2147483647 -32767 2147483647 -32767 gsm|lte 4)
01-09 14:05:48.232 W/SignalStrength(504): getGsmLevel. this.mGsmSignalBar=4, getGsmSignalStrength()== 12
01-09 14:05:48.232 W/SignalStrength(504): getGsmLevel=4
01-09 14:05:48.232 W/SignalStrength(504): getLevel=4 (SignalStrength: 12 255 -120 -160 -120 -1 -1 99 2147483647 -32767 2147483647 -32767 gsm|lte 4)
01-09 14:05:48.232 W/SignalStrength(504): getGsmLevel. this.mGsmSignalBar=4, getGsmSignalStrength()== 26
01-09 14:05:48.232 W/SignalStrength(504): getGsmLevel=4
01-09 14:05:48.232 W/SignalStrength(504): getLevel=4 (SignalStrength: 26 255 -120 -160 -120 -1 -1 99 2147483647 -32767 2147483647 -32767 gsm|lte 4)
01-09 14:05:48.232 D/ConnectivityService(378): handleInetConditionHoldEnd: net=1, condition=100, published condition=100
01-09 14:05:48.232 D/ConnectivityService(378): sendStickyBroadcast: action=android.net.conn.INET_CONDITION_ACTION
01-09 14:05:48.232 D/TWStatusBar-NetworkControllerDS(504): onReceive() - CONNECTIVITY_ACTION, INET_CONDITION_ACTION
01-09 14:05:48.232 D/StatusBar-NetworkControllerDS(504): isDualSIM : SimState = 2, SimState2 = 2
01-09 14:05:48.232 D/StatusBar-NetworkControllerDS(504): isDualSIM : SimState = 2, SimState2 = 2
01-09 14:05:48.232 D/StatusBar-NetworkControllerDS(504): isDualSIM : SimState = 2, SimState2 = 2
01-09 14:05:48.232 D/StatusBar-NetworkControllerDS(504): isDualSIM : SimState = 2, SimState2 = 2
01-09 14:05:48.232 D/StatusBar-NetworkControllerDS(504): refreshViews connected={ wifi } level=4|4 combinedSignalIconId=0x7f0200ef/com.android.systemui:drawable/stat_sys_wifi_signal_4 combinedActivityIconId=0x7f0200d8 mAirplaneMode=false mDataActivity1=0 mDataActivity2=0 mPhoneSignalIconId1=0x7f0200cf mPhoneSignalIconId2=0x7f0200d5 mLastPhoneSignalIconId1=0x7f0200cf mLastPhoneSignalIconId2=0x7f0200d5 mDataDirectionIconId1=0x0 mDataDirectionIconId2=0x0 mDataSignalIconId1=0x7f0200cf mDataSignalIconId2=0x7f0200d5 mDataTypeIconId1=0x7f02009d mDataTypeIconId2=0x7f02009d mWifiIconId=0x7f0200ef mRoamingIconId1=0x0 mRoamingIconId2=0x0 mBluetoothTetherIconId=0x10806ce
01-09 14:05:48.232 D/SignalClusterView(504): wifi: VISIBLE sig=2130837743 act=2130837720
01-09 14:05:48.232 D/SignalClusterView(504): mobile1: VISIBLE sig=2130837711 act=0 typ=2130837661
01-09 14:05:48.232 D/SignalClusterView(504): mobile2: VISIBLE sig=2130837717 act=0 typ=2130837661
01-09 14:05:48.232 D/SignalClusterView(504): wifi: VISIBLE sig=2130837743 act=2130837720
01-09 14:05:48.232 D/SignalClusterView(504): mobile1: VISIBLE sig=2130837711 act=0 typ=2130837661
01-09 14:05:48.232 D/SignalClusterView(504): mobile2: VISIBLE sig=2130837717 act=0 typ=2130837661
01-09 14:05:48.232 D/SignalClusterView(504): wifi: VISIBLE sig=2130837743 act=2130837720
01-09 14:05:48.232 D/SignalClusterView(504): mobile1: VISIBLE sig=2130837711 act=0 typ=2130837661
01-09 14:05:48.232 D/SignalClusterView(504): mobile2: VISIBLE sig=2130837717 act=0 typ=2130837661
01-09 14:05:48.632 W/SignalStrength(504): getGsmLevel. this.mGsmSignalBar=4, getGsmSignalStrength()== 12
01-09 14:05:48.632 W/SignalStrength(504): getGsmLevel=4
01-09 14:05:48.632 W/SignalStrength(504): getLevel=4 (SignalStrength: 12 255 -120 -160 -120 -1 -1 99 2147483647 -32767 2147483647 -32767 gsm|lte 4)
01-09 14:05:48.632 W/SignalStrength(504): getGsmLevel. this.mGsmSignalBar=4, getGsmSignalStrength()== 26
01-09 14:05:48.632 W/SignalStrength(504): getGsmLevel=4
01-09 14:05:48.632 W/SignalStrength(504): getLevel=4 (SignalStrength: 26 255 -120 -160 -120 -1 -1 99 2147483647 -32767 2147483647 -32767 gsm|lte 4)
01-09 14:05:48.632 D/StatusBar-NetworkControllerDS(504): refreshViews connected={ wifi } level=4|4 combinedSignalIconId=0x7f0200ef/com.android.systemui:drawable/stat_sys_wifi_signal_4 combinedActivityIconId=0x7f0200d9 mAirplaneMode=false mDataActivity1=0 mDataActivity2=0 mPhoneSignalIconId1=0x7f0200cf mPhoneSignalIconId2=0x7f0200d5 mLastPhoneSignalIconId1=0x7f0200cf mLastPhoneSignalIconId2=0x7f0200d5 mDataDirectionIconId1=0x0 mDataDirectionIconId2=0x0 mDataSignalIconId1=0x7f0200cf mDataSignalIconId2=0x7f0200d5 mDataTypeIconId1=0x7f02009d mDataTypeIconId2=0x7f02009d mWifiIconId=0x7f0200ef mRoamingIconId1=0x0 mRoamingIconId2=0x0 mBluetoothTetherIconId=0x10806ce
01-09 14:05:48.632 D/SignalClusterView(504): wifi: VISIBLE sig=2130837743 act=2130837721
01-09 14:05:48.632 D/SignalClusterView(504): mobile1: VISIBLE sig=2130837711 act=0 typ=2130837661
01-09 14:05:48.632 D/SignalClusterView(504): mobile2: VISIBLE sig=2130837717 act=0 typ=2130837661
01-09 14:05:48.632 D/SignalClusterView(504): wifi: VISIBLE sig=2130837743 act=2130837721
01-09 14:05:48.632 D/SignalClusterView(504): mobile1: VISIBLE sig=2130837711 act=0 typ=2130837661
01-09 14:05:48.632 D/SignalClusterView(504): mobile2: VISIBLE sig=2130837717 act=0 typ=2130837661
01-09 14:05:48.632 D/SignalClusterView(504): wifi: VISIBLE sig=2130837743 act=2130837721
01-09 14:05:48.632 D/SignalClusterView(504): mobile1: VISIBLE sig=2130837711 act=0 typ=2130837661
01-09 14:05:48.632 D/SignalClusterView(504): mobile2: VISIBLE sig=2130837717 act=0 typ=2130837661
01-09 14:05:48.632 D/StatusBar-NetworkControllerDS(504): changing data overlay icon id to 2130837721
01-09 14:05:49.642 W/SignalStrength(504): getGsmLevel. this.mGsmSignalBar=4, getGsmSignalStrength()== 12
01-09 14:05:49.642 W/SignalStrength(504): getGsmLevel=4
01-09 14:05:49.642 W/SignalStrength(504): getLevel=4 (SignalStrength: 12 255 -120 -160 -120 -1 -1 99 2147483647 -32767 2147483647 -32767 gsm|lte 4)
01-09 14:05:49.642 W/SignalStrength(504): getGsmLevel. this.mGsmSignalBar=4, getGsmSignalStrength()== 26
01-09 14:05:49.642 W/SignalStrength(504): getGsmLevel=4
01-09 14:05:49.642 W/SignalStrength(504): getLevel=4 (SignalStrength: 26 255 -120 -160 -120 -1 -1 99 2147483647 -32767 2147483647 -32767 gsm|lte 4)
01-09 14:05:49.642 D/StatusBar-NetworkControllerDS(504): refreshViews connected={ wifi } level=4|4 combinedSignalIconId=0x7f0200ef/com.android.systemui:drawable/stat_sys_wifi_signal_4 combinedActivityIconId=0x7f0200d8 mAirplaneMode=false mDataActivity1=0 mDataActivity2=0 mPhoneSignalIconId1=0x7f0200cf mPhoneSignalIconId2=0x7f0200d5 mLastPhoneSignalIconId1=0x7f0200cf mLastPhoneSignalIconId2=0x7f0200d5 mDataDirectionIconId1=0x0 mDataDirectionIconId2=0x0 mDataSignalIconId1=0x7f0200cf mDataSignalIconId2=0x7f0200d5 mDataTypeIconId1=0x7f02009d mDataTypeIconId2=0x7f02009d mWifiIconId=0x7f0200ef mRoamingIconId1=0x0 mRoamingIconId2=0x0 mBluetoothTetherIconId=0x10806ce
01-09 14:05:49.642 D/SignalClusterView(504): wifi: VISIBLE sig=2130837743 act=2130837720
01-09 14:05:49.642 D/SignalClusterView(504): mobile1: VISIBLE sig=2130837711 act=0 typ=2130837661
01-09 14:05:49.642 D/SignalClusterView(504): mobile2: VISIBLE sig=2130837717 act=0 typ=2130837661
01-09 14:05:49.642 D/SignalClusterView(504): wifi: VISIBLE sig=2130837743 act=2130837720
01-09 14:05:49.642 D/SignalClusterView(504): mobile1: VISIBLE sig=2130837711 act=0 typ=2130837661
01-09 14:05:49.642 D/SignalClusterView(504): mobile2: VISIBLE sig=2130837717 act=0 typ=2130837661
01-09 14:05:49.642 D/SignalClusterView(504): wifi: VISIBLE sig=2130837743 act=2130837720
01-09 14:05:49.642 D/SignalClusterView(504): mobile1: VISIBLE sig=2130837711 act=0 typ=2130837661
01-09 14:05:49.642 D/SignalClusterView(504): mobile2: VISIBLE sig=2130837717 act=0 typ=2130837661
01-09 14:05:49.642 D/StatusBar-NetworkControllerDS(504): changing data overlay icon id to 2130837720
01-09 14:05:51.642 D/SignalClusterView(504): mobile1: VISIBLE sig=2130837711 act=0 typ=2130837661
01-09 14:05:51.642 D/SignalClusterView(504): mobile2: VISIBLE sig=2130837717 act=0 typ=2130837661
01-09 14:05:51.642 D/StatusBar-NetworkControllerDS(504): changing data overlay icon id to 2130837721
01-09 14:05:51.642 W/SignalStrength(504): getGsmLevel. this.mGsmSignalBar=4, getGsmSignalStrength()== 12
01-09 14:05:51.642 W/SignalStrength(504): getGsmLevel=4
01-09 14:05:51.642 W/SignalStrength(504): getLevel=4 (SignalStrength: 12 255 -120 -160 -120 -1 -1 99 2147483647 -32767 2147483647 -32767 gsm|lte 4)
01-09 14:05:51.642 W/SignalStrength(504): getGsmLevel. this.mGsmSignalBar=4, getGsmSignalStrength()== 26
01-09 14:05:51.642 W/SignalStrength(504): getGsmLevel=4
01-09 14:05:51.642 W/SignalStrength(504): getLevel=4 (SignalStrength: 26 255 -120 -160 -120 -1 -1 99 2147483647 -32767 2147483647 -32767 gsm|lte 4)
01-09 14:05:51.642 D/StatusBar-NetworkControllerDS(504): refreshViews connected={ wifi } level=4|4 combinedSignalIconId=0x7f0200ef/com.android.systemui:drawable/stat_sys_wifi_signal_4 combinedActivityIconId=0x7f0200d9 mAirplaneMode=false mDataActivity1=0 mDataActivity2=0 mPhoneSignalIconId1=0x7f0200cf mPhoneSignalIconId2=0x7f0200d5 mLastPhoneSignalIconId1=0x7f0200cf mLastPhoneSignalIconId2=0x7f0200d5 mDataDirectionIconId1=0x0 mDataDirectionIconId2=0x0 mDataSignalIconId1=0x7f0200cf mDataSignalIconId2=0x7f0200d5 mDataTypeIconId1=0x7f02009d mDataTypeIconId2=0x7f02009d mWifiIconId=0x7f0200ef mRoamingIconId1=0x0 mRoamingIconId2=0x0 mBluetoothTetherIconId=0x10806ce
01-09 14:05:51.642 D/SignalClusterView(504): wifi: VISIBLE sig=2130837743 act=2130837721
01-09 14:05:51.642 D/SignalClusterView(504): mobile1: VISIBLE sig=2130837711 act=0 typ=2130837661
01-09 14:05:51.642 D/SignalClusterView(504): mobile2: VISIBLE sig=2130837717 act=0 typ=2130837661
01-09 14:05:51.642 D/SignalClusterView(504): wifi: VISIBLE sig=2130837743 act=2130837721
01-09 14:05:51.642 D/SignalClusterView(504): mobile1: VISIBLE sig=2130837711 act=0 typ=2130837661
01-09 14:05:51.642 D/SignalClusterView(504): mobile2: VISIBLE sig=2130837717 act=0 typ=2130837661
01-09 14:05:51.642 D/SignalClusterView(504): wifi: VISIBLE sig=2130837743 act=2130837721
01-09 14:05:52.642 W/SignalStrength(504): getGsmLevel. this.mGsmSignalBar=4, getGsmSignalStrength()== 12
01-09 14:05:52.642 W/SignalStrength(504): getGsmLevel=4
01-09 14:05:52.642 W/SignalStrength(504): getLevel=4 (SignalStrength: 12 255 -120 -160 -120 -1 -1 99 2147483647 -32767 2147483647 -32767 gsm|lte 4)
01-09 14:05:52.642 W/SignalStrength(504): getGsmLevel. this.mGsmSignalBar=4, getGsmSignalStrength()== 26
01-09 14:05:52.642 W/SignalStrength(504): getGsmLevel=4
01-09 14:05:52.642 W/SignalStrength(504): getLevel=4 (SignalStrength: 26 255 -120 -160 -120 -1 -1 99 2147483647 -32767 2147483647 -32767 gsm|lte 4)
01-09 14:05:52.642 I/NRFW    (1283): profile=wifi
01-09 14:05:52.642 D/StatusBar-NetworkControllerDS(504): refreshViews connected={ wifi } level=4|4 combinedSignalIconId=0x7f0200ef/com.android.systemui:drawable/stat_sys_wifi_signal_4 combinedActivityIconId=0x7f0200d8 mAirplaneMode=false mDataActivity1=0 mDataActivity2=0 mPhoneSignalIconId1=0x7f0200cf mPhoneSignalIconId2=0x7f0200d5 mLastPhoneSignalIconId1=0x7f0200cf mLastPhoneSignalIconId2=0x7f0200d5 mDataDirectionIconId1=0x0 mDataDirectionIconId2=0x0 mDataSignalIconId1=0x7f0200cf mDataSignalIconId2=0x7f0200d5 mDataTypeIconId1=0x7f02009d mDataTypeIconId2=0x7f02009d mWifiIconId=0x7f0200ef mRoamingIconId1=0x0 mRoamingIconId2=0x0 mBluetoothTetherIconId=0x10806ce
01-09 14:05:52.642 D/SignalClusterView(504): wifi: VISIBLE sig=2130837743 act=2130837720
01-09 14:05:52.642 D/SignalClusterView(504): mobile1: VISIBLE sig=2130837711 act=0 typ=2130837661
01-09 14:05:52.642 D/SignalClusterView(504): mobile2: VISIBLE sig=2130837717 act=0 typ=2130837661
01-09 14:05:52.642 D/SignalClusterView(504): wifi: VISIBLE sig=2130837743 act=2130837720
01-09 14:05:52.642 D/SignalClusterView(504): mobile1: VISIBLE sig=2130837711 act=0 typ=2130837661
01-09 14:05:52.642 D/SignalClusterView(504): mobile2: VISIBLE sig=2130837717 act=0 typ=2130837661
01-09 14:05:52.642 D/SignalClusterView(504): wifi: VISIBLE sig=2130837743 act=2130837720
01-09 14:05:52.642 D/SignalClusterView(504): mobile1: VISIBLE sig=2130837711 act=0 typ=2130837661
01-09 14:05:52.642 D/SignalClusterView(504): mobile2: VISIBLE sig=2130837717 act=0 typ=2130837661
01-09 14:05:52.642 D/StatusBar-NetworkControllerDS(504): changing data overlay icon id to 2130837720
01-09 14:05:52.692 D/ConnectivityService(378): reportNetworkCondition(1, 100)
01-09 14:05:52.692 D/ConnectivityService(378): handleInetConditionChange: net=1, condition=100,mActiveDefaultNetwork=1
01-09 14:05:52.692 D/ConnectivityService(378): handleInetConditionChange: starting a change hold
01-09 14:05:52.692 W/AlarmManager(378): FACTORY_ON= 0
01-09 14:05:52.752 I/NRFW    (1283): serverip=103.235.47.88 localIp=10.0.8.1
01-09 14:05:52.762 I/DNS     (1283): 103.235.47.88 h_errno=1
01-09 14:05:52.782 V/Babel   (21305): [GcmIntentService] ReceiveServerUpdateService will handle all server updates.
01-09 14:05:52.802 I/DNS     (1283): 149.154.167.51 h_errno=1
01-09 14:05:53.202 D/ConnectivityService(378): handleInetConditionHoldEnd: net=1, condition=100, published condition=100
01-09 14:05:53.202 D/ConnectivityService(378): sendStickyBroadcast: action=android.net.conn.INET_CONDITION_ACTION
01-09 14:05:53.202 W/SignalStrength(504): getGsmLevel. this.mGsmSignalBar=4, getGsmSignalStrength()== 12
01-09 14:05:53.202 W/SignalStrength(504): getGsmLevel=4
01-09 14:05:53.202 W/SignalStrength(504): getLevel=4 (SignalStrength: 12 255 -120 -160 -120 -1 -1 99 2147483647 -32767 2147483647 -32767 gsm|lte 4)
01-09 14:05:53.202 W/SignalStrength(504): getGsmLevel. this.mGsmSignalBar=4, getGsmSignalStrength()== 26
01-09 14:05:53.202 W/SignalStrength(504): getGsmLevel=4
01-09 14:05:53.202 W/SignalStrength(504): getLevel=4 (SignalStrength: 26 255 -120 -160 -120 -1 -1 99 2147483647 -32767 2147483647 -32767 gsm|lte 4)
01-09 14:05:53.202 W/SignalStrength(504): getGsmLevel. this.mGsmSignalBar=4, getGsmSignalStrength()== 12
01-09 14:05:53.202 W/SignalStrength(504): getGsmLevel=4
01-09 14:05:53.202 W/SignalStrength(504): getLevel=4 (SignalStrength: 12 255 -120 -160 -120 -1 -1 99 2147483647 -32767 2147483647 -32767 gsm|lte 4)
01-09 14:05:53.202 W/SignalStrength(504): getGsmLevel. this.mGsmSignalBar=4, getGsmSignalStrength()== 26
01-09 14:05:53.202 W/SignalStrength(504): getGsmLevel=4
01-09 14:05:53.202 W/SignalStrength(504): getLevel=4 (SignalStrength: 26 255 -120 -160 -120 -1 -1 99 2147483647 -32767 2147483647 -32767 gsm|lte 4)
01-09 14:05:53.202 D/TWStatusBar-NetworkControllerDS(504): onReceive() - CONNECTIVITY_ACTION, INET_CONDITION_ACTION
01-09 14:05:53.202 D/StatusBar-NetworkControllerDS(504): isDualSIM : SimState = 2, SimState2 = 2
01-09 14:05:53.202 D/StatusBar-NetworkControllerDS(504): isDualSIM : SimState = 2, SimState2 = 2
01-09 14:05:53.202 D/StatusBar-NetworkControllerDS(504): isDualSIM : SimState = 2, SimState2 = 2
01-09 14:05:53.202 D/StatusBar-NetworkControllerDS(504): isDualSIM : SimState = 2, SimState2 = 2
01-09 14:05:53.202 D/StatusBar-NetworkControllerDS(504): refreshViews connected={ wifi } level=4|4 combinedSignalIconId=0x7f0200ef/com.android.systemui:drawable/stat_sys_wifi_signal_4 combinedActivityIconId=0x7f0200d8 mAirplaneMode=false mDataActivity1=0 mDataActivity2=0 mPhoneSignalIconId1=0x7f0200cf mPhoneSignalIconId2=0x7f0200d5 mLastPhoneSignalIconId1=0x7f0200cf mLastPhoneSignalIconId2=0x7f0200d5 mDataDirectionIconId1=0x0 mDataDirectionIconId2=0x0 mDataSignalIconId1=0x7f0200cf mDataSignalIconId2=0x7f0200d5 mDataTypeIconId1=0x7f02009d mDataTypeIconId2=0x7f02009d mWifiIconId=0x7f0200ef mRoamingIconId1=0x0 mRoamingIconId2=0x0 mBluetoothTetherIconId=0x10806ce
01-09 14:05:53.202 D/SignalClusterView(504): wifi: VISIBLE sig=2130837743 act=2130837720
01-09 14:05:53.202 D/SignalClusterView(504): mobile1: VISIBLE sig=2130837711 act=0 typ=2130837661
01-09 14:05:53.202 D/SignalClusterView(504): mobile2: VISIBLE sig=2130837717 act=0 typ=2130837661
01-09 14:05:53.202 D/SignalClusterView(504): wifi: VISIBLE sig=2130837743 act=2130837720
01-09 14:05:53.202 D/SignalClusterView(504): mobile1: VISIBLE sig=2130837711 act=0 typ=2130837661
01-09 14:05:53.212 D/SignalClusterView(504): mobile2: VISIBLE sig=2130837717 act=0 typ=2130837661
01-09 14:05:53.212 D/SignalClusterView(504): wifi: VISIBLE sig=2130837743 act=2130837720
01-09 14:05:53.212 D/SignalClusterView(504): mobile1: VISIBLE sig=2130837711 act=0 typ=2130837661
01-09 14:05:53.212 D/SignalClusterView(504): mobile2: VISIBLE sig=2130837717 act=0 typ=2130837661
01-09 14:05:53.642 W/SignalStrength(504): getGsmLevel. this.mGsmSignalBar=4, getGsmSignalStrength()== 12
01-09 14:05:53.642 W/SignalStrength(504): getGsmLevel=4
01-09 14:05:53.642 W/SignalStrength(504): getLevel=4 (SignalStrength: 12 255 -120 -160 -120 -1 -1 99 2147483647 -32767 2147483647 -32767 gsm|lte 4)
01-09 14:05:53.642 W/SignalStrength(504): getGsmLevel. this.mGsmSignalBar=4, getGsmSignalStrength()== 26
01-09 14:05:53.642 W/SignalStrength(504): getGsmLevel=4
01-09 14:05:53.642 W/SignalStrength(504): getLevel=4 (SignalStrength: 26 255 -120 -160 -120 -1 -1 99 2147483647 -32767 2147483647 -32767 gsm|lte 4)
01-09 14:05:53.642 D/StatusBar-NetworkControllerDS(504): refreshViews connected={ wifi } level=4|4 combinedSignalIconId=0x7f0200ef/com.android.systemui:drawable/stat_sys_wifi_signal_4 combinedActivityIconId=0x7f0200d9 mAirplaneMode=false mDataActivity1=0 mDataActivity2=0 mPhoneSignalIconId1=0x7f0200cf mPhoneSignalIconId2=0x7f0200d5 mLastPhoneSignalIconId1=0x7f0200cf mLastPhoneSignalIconId2=0x7f0200d5 mDataDirectionIconId1=0x0 mDataDirectionIconId2=0x0 mDataSignalIconId1=0x7f0200cf mDataSignalIconId2=0x7f0200d5 mDataTypeIconId1=0x7f02009d mDataTypeIconId2=0x7f02009d mWifiIconId=0x7f0200ef mRoamingIconId1=0x0 mRoamingIconId2=0x0 mBluetoothTetherIconId=0x10806ce
01-09 14:05:53.642 D/SignalClusterView(504): wifi: VISIBLE sig=2130837743 act=2130837721
01-09 14:05:53.642 D/SignalClusterView(504): mobile1: VISIBLE sig=2130837711 act=0 typ=2130837661
01-09 14:05:53.642 D/SignalClusterView(504): mobile2: VISIBLE sig=2130837717 act=0 typ=2130837661
01-09 14:05:53.642 D/SignalClusterView(504): wifi: VISIBLE sig=2130837743 act=2130837721
01-09 14:05:53.642 D/SignalClusterView(504): mobile1: VISIBLE sig=2130837711 act=0 typ=2130837661
01-09 14:05:53.642 D/SignalClusterView(504): mobile2: VISIBLE sig=2130837717 act=0 typ=2130837661
01-09 14:05:53.642 D/SignalClusterView(504): wifi: VISIBLE sig=2130837743 act=2130837721
01-09 14:05:53.642 D/SignalClusterView(504): mobile1: VISIBLE sig=2130837711 act=0 typ=2130837661
01-09 14:05:53.652 D/SignalClusterView(504): mobile2: VISIBLE sig=2130837717 act=0 typ=2130837661
01-09 14:05:53.652 D/StatusBar-NetworkControllerDS(504): changing data overlay icon id to 2130837721
01-09 14:05:55.642 W/SignalStrength(504): getGsmLevel. this.mGsmSignalBar=4, getGsmSignalStrength()== 12
01-09 14:05:55.642 W/SignalStrength(504): getGsmLevel=4
01-09 14:05:55.642 W/SignalStrength(504): getLevel=4 (SignalStrength: 12 255 -120 -160 -120 -1 -1 99 2147483647 -32767 2147483647 -32767 gsm|lte 4)
01-09 14:05:55.642 W/SignalStrength(504): getGsmLevel. this.mGsmSignalBar=4, getGsmSignalStrength()== 26
01-09 14:05:55.642 W/SignalStrength(504): getGsmLevel=4
01-09 14:05:55.642 W/SignalStrength(504): getLevel=4 (SignalStrength: 26 255 -120 -160 -120 -1 -1 99 2147483647 -32767 2147483647 -32767 gsm|lte 4)
01-09 14:05:55.642 D/StatusBar-NetworkControllerDS(504): refreshViews connected={ wifi } level=4|4 combinedSignalIconId=0x7f0200ef/com.android.systemui:drawable/stat_sys_wifi_signal_4 combinedActivityIconId=0x7f0200d8 mAirplaneMode=false mDataActivity1=0 mDataActivity2=0 mPhoneSignalIconId1=0x7f0200cf mPhoneSignalIconId2=0x7f0200d5 mLastPhoneSignalIconId1=0x7f0200cf mLastPhoneSignalIconId2=0x7f0200d5 mDataDirectionIconId1=0x0 mDataDirectionIconId2=0x0 mDataSignalIconId1=0x7f0200cf mDataSignalIconId2=0x7f0200d5 mDataTypeIconId1=0x7f02009d mDataTypeIconId2=0x7f02009d mWifiIconId=0x7f0200ef mRoamingIconId1=0x0 mRoamingIconId2=0x0 mBluetoothTetherIconId=0x10806ce
01-09 14:05:55.642 D/SignalClusterView(504): wifi: VISIBLE sig=2130837743 act=2130837720
01-09 14:05:55.642 D/SignalClusterView(504): mobile1: VISIBLE sig=2130837711 act=0 typ=2130837661
01-09 14:05:55.642 D/SignalClusterView(504): mobile2: VISIBLE sig=2130837717 act=0 typ=2130837661
01-09 14:05:55.642 D/SignalClusterView(504): wifi: VISIBLE sig=2130837743 act=2130837720
01-09 14:05:55.642 D/SignalClusterView(504): mobile1: VISIBLE sig=2130837711 act=0 typ=2130837661
01-09 14:05:55.642 D/SignalClusterView(504): mobile2: VISIBLE sig=2130837717 act=0 typ=2130837661
01-09 14:05:55.642 D/SignalClusterView(504): wifi: VISIBLE sig=2130837743 act=2130837720
01-09 14:05:55.642 D/SignalClusterView(504): mobile1: VISIBLE sig=2130837711 act=0 typ=2130837661
01-09 14:05:55.642 D/SignalClusterView(504): mobile2: VISIBLE sig=2130837717 act=0 typ=2130837661
01-09 14:05:55.642 D/StatusBar-NetworkControllerDS(504): changing data overlay icon id to 2130837720
01-09 14:05:57.572 I/NRFW    (1283): profile=wifi
01-09 14:05:57.612 D/ConnectivityService(378): reportNetworkCondition(1, 100)
01-09 14:05:57.612 D/ConnectivityService(378): handleInetConditionChange: net=1, condition=100,mActiveDefaultNetwork=1
01-09 14:05:57.612 D/ConnectivityService(378): handleInetConditionChange: starting a change hold
01-09 14:05:57.612 W/AlarmManager(378): FACTORY_ON= 0
01-09 14:05:57.652 W/SignalStrength(504): getGsmLevel. this.mGsmSignalBar=4, getGsmSignalStrength()== 12
01-09 14:05:57.652 W/SignalStrength(504): getGsmLevel=4
01-09 14:05:57.652 W/SignalStrength(504): getLevel=4 (SignalStrength: 12 255 -120 -160 -120 -1 -1 99 2147483647 -32767 2147483647 -32767 gsm|lte 4)
01-09 14:05:57.652 W/SignalStrength(504): getGsmLevel. this.mGsmSignalBar=4, getGsmSignalStrength()== 26
01-09 14:05:57.652 W/SignalStrength(504): getGsmLevel=4
01-09 14:05:57.652 W/SignalStrength(504): getLevel=4 (SignalStrength: 26 255 -120 -160 -120 -1 -1 99 2147483647 -32767 2147483647 -32767 gsm|lte 4)
01-09 14:05:57.652 D/StatusBar-NetworkControllerDS(504): refreshViews connected={ wifi } level=4|4 combinedSignalIconId=0x7f0200ef/com.android.systemui:drawable/stat_sys_wifi_signal_4 combinedActivityIconId=0x7f0200d9 mAirplaneMode=false mDataActivity1=0 mDataActivity2=0 mPhoneSignalIconId1=0x7f0200cf mPhoneSignalIconId2=0x7f0200d5 mLastPhoneSignalIconId1=0x7f0200cf mLastPhoneSignalIconId2=0x7f0200d5 mDataDirectionIconId1=0x0 mDataDirectionIconId2=0x0 mDataSignalIconId1=0x7f0200cf mDataSignalIconId2=0x7f0200d5 mDataTypeIconId1=0x7f02009d mDataTypeIconId2=0x7f02009d mWifiIconId=0x7f0200ef mRoamingIconId1=0x0 mRoamingIconId2=0x0 mBluetoothTetherIconId=0x10806ce
01-09 14:05:57.652 D/SignalClusterView(504): wifi: VISIBLE sig=2130837743 act=2130837721
01-09 14:05:57.652 D/SignalClusterView(504): mobile1: VISIBLE sig=2130837711 act=0 typ=2130837661
01-09 14:05:57.652 D/SignalClusterView(504): mobile2: VISIBLE sig=2130837717 act=0 typ=2130837661
01-09 14:05:57.652 D/SignalClusterView(504): wifi: VISIBLE sig=2130837743 act=2130837721
01-09 14:05:57.652 D/SignalClusterView(504): mobile1: VISIBLE sig=2130837711 act=0 typ=2130837661
01-09 14:05:57.652 D/SignalClusterView(504): mobile2: VISIBLE sig=2130837717 act=0 typ=2130837661
01-09 14:05:57.652 D/SignalClusterView(504): wifi: VISIBLE sig=2130837743 act=2130837721
01-09 14:05:57.652 D/SignalClusterView(504): mobile1: VISIBLE sig=2130837711 act=0 typ=2130837661
01-09 14:05:57.652 D/SignalClusterView(504): mobile2: VISIBLE sig=2130837717 act=0 typ=2130837661
01-09 14:05:57.652 D/StatusBar-NetworkControllerDS(504): changing data overlay icon id to 2130837721
01-09 14:05:57.662 V/Babel   (21305): [GcmIntentService] ReceiveServerUpdateService will handle all server updates.
01-09 14:05:58.122 W/SignalStrength(504): getGsmLevel. this.mGsmSignalBar=4, getGsmSignalStrength()== 12
01-09 14:05:58.122 W/SignalStrength(504): getGsmLevel=4
01-09 14:05:58.122 W/SignalStrength(504): getLevel=4 (SignalStrength: 12 255 -120 -160 -120 -1 -1 99 2147483647 -32767 2147483647 -32767 gsm|lte 4)
01-09 14:05:58.122 W/SignalStrength(504): getGsmLevel. this.mGsmSignalBar=4, getGsmSignalStrength()== 26
01-09 14:05:58.122 W/SignalStrength(504): getGsmLevel=4
01-09 14:05:58.122 W/SignalStrength(504): getLevel=4 (SignalStrength: 26 255 -120 -160 -120 -1 -1 99 2147483647 -32767 2147483647 -32767 gsm|lte 4)
01-09 14:05:58.122 W/SignalStrength(504): getGsmLevel. this.mGsmSignalBar=4, getGsmSignalStrength()== 12
01-09 14:05:58.122 W/SignalStrength(504): getGsmLevel=4
01-09 14:05:58.122 W/SignalStrength(504): getLevel=4 (SignalStrength: 12 255 -120 -160 -120 -1 -1 99 2147483647 -32767 2147483647 -32767 gsm|lte 4)
01-09 14:05:58.122 W/SignalStrength(504): getGsmLevel. this.mGsmSignalBar=4, getGsmSignalStrength()== 26
01-09 14:05:58.122 W/SignalStrength(504): getGsmLevel=4
01-09 14:05:58.122 W/SignalStrength(504): getLevel=4 (SignalStrength: 26 255 -120 -160 -120 -1 -1 99 2147483647 -32767 2147483647 -32767 gsm|lte 4)
01-09 14:05:58.122 D/TWStatusBar-NetworkControllerDS(504): onReceive() - CONNECTIVITY_ACTION, INET_CONDITION_ACTION
01-09 14:05:58.122 D/StatusBar-NetworkControllerDS(504): isDualSIM : SimState = 2, SimState2 = 2
01-09 14:05:58.122 D/StatusBar-NetworkControllerDS(504): isDualSIM : SimState = 2, SimState2 = 2
01-09 14:05:58.122 D/StatusBar-NetworkControllerDS(504): isDualSIM : SimState = 2, SimState2 = 2
01-09 14:05:58.122 D/StatusBar-NetworkControllerDS(504): isDualSIM : SimState = 2, SimState2 = 2
01-09 14:05:58.122 D/StatusBar-NetworkControllerDS(504): refreshViews connected={ wifi } level=4|4 combinedSignalIconId=0x7f0200ef/com.android.systemui:drawable/stat_sys_wifi_signal_4 combinedActivityIconId=0x7f0200d9 mAirplaneMode=false mDataActivity1=0 mDataActivity2=0 mPhoneSignalIconId1=0x7f0200cf mPhoneSignalIconId2=0x7f0200d5 mLastPhoneSignalIconId1=0x7f0200cf mLastPhoneSignalIconId2=0x7f0200d5 mDataDirectionIconId1=0x0 mDataDirectionIconId2=0x0 mDataSignalIconId1=0x7f0200cf mDataSignalIconId2=0x7f0200d5 mDataTypeIconId1=0x7f02009d mDataTypeIconId2=0x7f02009d mWifiIconId=0x7f0200ef mRoamingIconId1=0x0 mRoamingIconId2=0x0 mBluetoothTetherIconId=0x10806ce
01-09 14:05:58.122 D/ConnectivityService(378): handleInetConditionHoldEnd: net=1, condition=100, published condition=100
01-09 14:05:58.122 D/ConnectivityService(378): sendStickyBroadcast: action=android.net.conn.INET_CONDITION_ACTION
01-09 14:05:58.132 D/SignalClusterView(504): wifi: VISIBLE sig=2130837743 act=2130837721
01-09 14:05:58.132 D/SignalClusterView(504): mobile1: VISIBLE sig=2130837711 act=0 typ=2130837661
01-09 14:05:58.132 D/SignalClusterView(504): mobile2: VISIBLE sig=2130837717 act=0 typ=2130837661
01-09 14:05:58.132 D/SignalClusterView(504): wifi: VISIBLE sig=2130837743 act=2130837721
01-09 14:05:58.132 D/SignalClusterView(504): mobile1: VISIBLE sig=2130837711 act=0 typ=2130837661
01-09 14:05:58.132 D/SignalClusterView(504): mobile2: VISIBLE sig=2130837717 act=0 typ=2130837661
01-09 14:05:58.132 D/SignalClusterView(504): wifi: VISIBLE sig=2130837743 act=2130837721
01-09 14:05:58.132 D/SignalClusterView(504): mobile1: VISIBLE sig=2130837711 act=0 typ=2130837661
01-09 14:05:58.132 D/SignalClusterView(504): mobile2: VISIBLE sig=2130837717 act=0 typ=2130837661
01-09 14:05:58.652 W/SignalStrength(504): getGsmLevel. this.mGsmSignalBar=4, getGsmSignalStrength()== 12
01-09 14:05:58.652 W/SignalStrength(504): getGsmLevel=4
01-09 14:05:58.652 W/SignalStrength(504): getLevel=4 (SignalStrength: 12 255 -120 -160 -120 -1 -1 99 2147483647 -32767 2147483647 -32767 gsm|lte 4)
01-09 14:05:58.652 W/SignalStrength(504): getGsmLevel. this.mGsmSignalBar=4, getGsmSignalStrength()== 26
01-09 14:05:58.652 W/SignalStrength(504): getGsmLevel=4
01-09 14:05:58.652 W/SignalStrength(504): getLevel=4 (SignalStrength: 26 255 -120 -160 -120 -1 -1 99 2147483647 -32767 2147483647 -32767 gsm|lte 4)
01-09 14:05:58.652 D/StatusBar-NetworkControllerDS(504): refreshViews connected={ wifi } level=4|4 combinedSignalIconId=0x7f0200ef/com.android.systemui:drawable/stat_sys_wifi_signal_4 combinedActivityIconId=0x7f0200d8 mAirplaneMode=false mDataActivity1=0 mDataActivity2=0 mPhoneSignalIconId1=0x7f0200cf mPhoneSignalIconId2=0x7f0200d5 mLastPhoneSignalIconId1=0x7f0200cf mLastPhoneSignalIconId2=0x7f0200d5 mDataDirectionIconId1=0x0 mDataDirectionIconId2=0x0 mDataSignalIconId1=0x7f0200cf mDataSignalIconId2=0x7f0200d5 mDataTypeIconId1=0x7f02009d mDataTypeIconId2=0x7f02009d mWifiIconId=0x7f0200ef mRoamingIconId1=0x0 mRoamingIconId2=0x0 mBluetoothTetherIconId=0x10806ce
01-09 14:05:58.652 D/SignalClusterView(504): wifi: VISIBLE sig=2130837743 act=2130837720
01-09 14:05:58.652 D/SignalClusterView(504): mobile1: VISIBLE sig=2130837711 act=0 typ=2130837661
01-09 14:05:58.652 D/SignalClusterView(504): mobile2: VISIBLE sig=2130837717 act=0 typ=2130837661
01-09 14:05:58.652 D/SignalClusterView(504): wifi: VISIBLE sig=2130837743 act=2130837720
01-09 14:05:58.652 D/SignalClusterView(504): mobile1: VISIBLE sig=2130837711 act=0 typ=2130837661
01-09 14:05:58.662 D/SignalClusterView(504): mobile2: VISIBLE sig=2130837717 act=0 typ=2130837661
01-09 14:05:58.662 D/SignalClusterView(504): wifi: VISIBLE sig=2130837743 act=2130837720
01-09 14:05:58.662 D/SignalClusterView(504): mobile1: VISIBLE sig=2130837711 act=0 typ=2130837661
01-09 14:05:58.662 D/SignalClusterView(504): mobile2: VISIBLE sig=2130837717 act=0 typ=2130837661
01-09 14:05:58.662 D/StatusBar-NetworkControllerDS(504): changing data overlay icon id to 2130837720
01-09 14:05:59.672 D/BatteryService(378): update start
01-09 14:05:59.682 D/BatteryService(378): level:45 scale:100 status:3 health:2 present:true voltage: 3766 temperature: 240 technology: Li-ion AC powered:false USB powered:false icon:17303167 invalid charger:0
01-09 14:05:59.692 D/KeyguardUpdateMonitor(378): received broadcast android.intent.action.BATTERY_CHANGED
01-09 14:05:59.692 D/KeyguardUpdateMonitor(378): handleBatteryUpdate
01-09 14:05:59.692 D/ThermistorObserver(378): mBatteryBRForAMOLED : onReceive() : newTemperature : 240
01-09 14:05:59.692 V/UiModeManager(378): updateLocked, mLastBroadcastState =0 , oldAction = null
01-09 14:05:59.692 D/STATUSBAR-BatteryController(504): onReceive() - ACTION_BATTERY_CHANGED
01-09 14:05:59.692 D/STATUSBAR-BatteryController(504): onReceive() - level:45
01-09 14:05:59.692 D/STATUSBAR-BatteryController(504): onReceive() - plugged:0
01-09 14:05:59.692 D/STATUSBAR-BatteryController(504): onReceive() - BATTERY_STATUS_DISCHARGING: stat_sys_battery
01-09 14:05:59.692 D/STATUSBAR-PhoneStatusBar(504): ACTION_BATTERY_CHANGED
01-09 14:05:59.692 D/STATUSBAR-PhoneStatusBar(504): NORMAL_BATTERY
01-09 14:05:59.692 D/PowerUI (504): getBatteryOnline : battery online file not found
01-09 14:05:59.992 E/AlarmManagerService(378): android_server_AlarmManagerService_set to type=3, 239394.814000000
01-09 14:05:59.992 D/KeyguardUpdateMonitor(378): received broadcast android.intent.action.TIME_TICK
01-09 14:05:59.992 D/KeyguardUpdateMonitor(378): handleTimeUpdate
01-09 14:05:59.992 V/AlarmManager(378): waitForAlarm result :8
01-09 14:05:59.992 V/AlarmManager(378): ClockReceiver onReceive() ACTION_TIME_TICK
01-09 14:05:59.992 W/AlarmManager(378): FACTORY_ON= 0
01-09 14:05:59.992 D/STATUSBAR-Clock(504): onReceive() - ACTION_TIME_TICK
01-09 14:06:00.672 W/SignalStrength(504): getGsmLevel. this.mGsmSignalBar=4, getGsmSignalStrength()== 12
01-09 14:06:00.672 W/SignalStrength(504): getGsmLevel=4
01-09 14:06:00.672 W/SignalStrength(504): getLevel=4 (SignalStrength: 12 255 -120 -160 -120 -1 -1 99 2147483647 -32767 2147483647 -32767 gsm|lte 4)
01-09 14:06:00.672 W/SignalStrength(504): getGsmLevel. this.mGsmSignalBar=4, getGsmSignalStrength()== 26
01-09 14:06:00.672 W/SignalStrength(504): getGsmLevel=4
01-09 14:06:00.672 W/SignalStrength(504): getLevel=4 (SignalStrength: 26 255 -120 -160 -120 -1 -1 99 2147483647 -32767 2147483647 -32767 gsm|lte 4)
01-09 14:06:00.672 D/StatusBar-NetworkControllerDS(504): refreshViews connected={ wifi } level=4|4 combinedSignalIconId=0x7f0200ef/com.android.systemui:drawable/stat_sys_wifi_signal_4 combinedActivityIconId=0x7f0200d9 mAirplaneMode=false mDataActivity1=0 mDataActivity2=0 mPhoneSignalIconId1=0x7f0200cf mPhoneSignalIconId2=0x7f0200d5 mLastPhoneSignalIconId1=0x7f0200cf mLastPhoneSignalIconId2=0x7f0200d5 mDataDirectionIconId1=0x0 mDataDirectionIconId2=0x0 mDataSignalIconId1=0x7f0200cf mDataSignalIconId2=0x7f0200d5 mDataTypeIconId1=0x7f02009d mDataTypeIconId2=0x7f02009d mWifiIconId=0x7f0200ef mRoamingIconId1=0x0 mRoamingIconId2=0x0 mBluetoothTetherIconId=0x10806ce
01-09 14:06:00.672 D/SignalClusterView(504): wifi: VISIBLE sig=2130837743 act=2130837721
01-09 14:06:00.672 D/SignalClusterView(504): mobile1: VISIBLE sig=2130837711 act=0 typ=2130837661
01-09 14:06:00.672 D/SignalClusterView(504): mobile2: VISIBLE sig=2130837717 act=0 typ=2130837661
01-09 14:06:00.672 D/SignalClusterView(504): wifi: VISIBLE sig=2130837743 act=2130837721
01-09 14:06:00.672 D/SignalClusterView(504): mobile1: VISIBLE sig=2130837711 act=0 typ=2130837661
01-09 14:06:00.672 D/SignalClusterView(504): mobile2: VISIBLE sig=2130837717 act=0 typ=2130837661
01-09 14:06:00.672 D/SignalClusterView(504): wifi: VISIBLE sig=2130837743 act=2130837721
01-09 14:06:00.672 D/SignalClusterView(504): mobile1: VISIBLE sig=2130837711 act=0 typ=2130837661
01-09 14:06:00.672 D/SignalClusterView(504): mobile2: VISIBLE sig=2130837717 act=0 typ=2130837661
01-09 14:06:00.672 D/StatusBar-NetworkControllerDS(504): changing data overlay icon id to 2130837721
01-09 14:06:01.672 W/SignalStrength(504): getGsmLevel. this.mGsmSignalBar=4, getGsmSignalStrength()== 12
01-09 14:06:01.672 W/SignalStrength(504): getGsmLevel=4
01-09 14:06:01.672 W/SignalStrength(504): getLevel=4 (SignalStrength: 12 255 -120 -160 -120 -1 -1 99 2147483647 -32767 2147483647 -32767 gsm|lte 4)
01-09 14:06:01.672 W/SignalStrength(504): getGsmLevel. this.mGsmSignalBar=4, getGsmSignalStrength()== 26
01-09 14:06:01.672 W/SignalStrength(504): getGsmLevel=4
01-09 14:06:01.672 W/SignalStrength(504): getLevel=4 (SignalStrength: 26 255 -120 -160 -120 -1 -1 99 2147483647 -32767 2147483647 -32767 gsm|lte 4)
01-09 14:06:01.672 D/StatusBar-NetworkControllerDS(504): refreshViews connected={ wifi } level=4|4 combinedSignalIconId=0x7f0200ef/com.android.systemui:drawable/stat_sys_wifi_signal_4 combinedActivityIconId=0x7f0200d8 mAirplaneMode=false mDataActivity1=0 mDataActivity2=0 mPhoneSignalIconId1=0x7f0200cf mPhoneSignalIconId2=0x7f0200d5 mLastPhoneSignalIconId1=0x7f0200cf mLastPhoneSignalIconId2=0x7f0200d5 mDataDirectionIconId1=0x0 mDataDirectionIconId2=0x0 mDataSignalIconId1=0x7f0200cf mDataSignalIconId2=0x7f0200d5 mDataTypeIconId1=0x7f02009d mDataTypeIconId2=0x7f02009d mWifiIconId=0x7f0200ef mRoamingIconId1=0x0 mRoamingIconId2=0x0 mBluetoothTetherIconId=0x10806ce
01-09 14:06:01.672 D/SignalClusterView(504): wifi: VISIBLE sig=2130837743 act=2130837720
01-09 14:06:01.672 D/SignalClusterView(504): mobile1: VISIBLE sig=2130837711 act=0 typ=2130837661
01-09 14:06:01.672 D/SignalClusterView(504): mobile2: VISIBLE sig=2130837717 act=0 typ=2130837661
01-09 14:06:01.672 D/SignalClusterView(504): wifi: VISIBLE sig=2130837743 act=2130837720
01-09 14:06:01.672 D/SignalClusterView(504): mobile1: VISIBLE sig=2130837711 act=0 typ=2130837661
01-09 14:06:01.672 D/SignalClusterView(504): mobile2: VISIBLE sig=2130837717 act=0 typ=2130837661
01-09 14:06:01.672 D/SignalClusterView(504): wifi: VISIBLE sig=2130837743 act=2130837720
01-09 14:06:01.672 D/SignalClusterView(504): mobile1: VISIBLE sig=2130837711 act=0 typ=2130837661
01-09 14:06:01.672 D/SignalClusterView(504): mobile2: VISIBLE sig=2130837717 act=0 typ=2130837661
01-09 14:06:01.672 D/StatusBar-NetworkControllerDS(504): changing data overlay icon id to 2130837720
01-09 14:06:02.582 I/NRFW    (1283): profile=wifi
01-09 14:06:02.642 D/ConnectivityService(378): reportNetworkCondition(1, 100)
01-09 14:06:02.642 D/ConnectivityService(378): handleInetConditionChange: net=1, condition=100,mActiveDefaultNetwork=1
01-09 14:06:02.642 D/ConnectivityService(378): handleInetConditionChange: starting a change hold
01-09 14:06:02.652 W/AlarmManager(378): FACTORY_ON= 0
01-09 14:06:02.682 W/SignalStrength(504): getGsmLevel. this.mGsmSignalBar=4, getGsmSignalStrength()== 12
01-09 14:06:02.682 W/SignalStrength(504): getGsmLevel=4
01-09 14:06:02.682 W/SignalStrength(504): getLevel=4 (SignalStrength: 12 255 -120 -160 -120 -1 -1 99 2147483647 -32767 2147483647 -32767 gsm|lte 4)
01-09 14:06:02.682 W/SignalStrength(504): getGsmLevel. this.mGsmSignalBar=4, getGsmSignalStrength()== 26
01-09 14:06:02.682 W/SignalStrength(504): getGsmLevel=4
01-09 14:06:02.682 W/SignalStrength(504): getLevel=4 (SignalStrength: 26 255 -120 -160 -120 -1 -1 99 2147483647 -32767 2147483647 -32767 gsm|lte 4)
01-09 14:06:02.682 D/StatusBar-NetworkControllerDS(504): refreshViews connected={ wifi } level=4|4 combinedSignalIconId=0x7f0200ef/com.android.systemui:drawable/stat_sys_wifi_signal_4 combinedActivityIconId=0x7f0200d9 mAirplaneMode=false mDataActivity1=0 mDataActivity2=0 mPhoneSignalIconId1=0x7f0200cf mPhoneSignalIconId2=0x7f0200d5 mLastPhoneSignalIconId1=0x7f0200cf mLastPhoneSignalIconId2=0x7f0200d5 mDataDirectionIconId1=0x0 mDataDirectionIconId2=0x0 mDataSignalIconId1=0x7f0200cf mDataSignalIconId2=0x7f0200d5 mDataTypeIconId1=0x7f02009d mDataTypeIconId2=0x7f02009d mWifiIconId=0x7f0200ef mRoamingIconId1=0x0 mRoamingIconId2=0x0 mBluetoothTetherIconId=0x10806ce
01-09 14:06:02.682 D/SignalClusterView(504): wifi: VISIBLE sig=2130837743 act=2130837721
01-09 14:06:02.682 D/SignalClusterView(504): mobile1: VISIBLE sig=2130837711 act=0 typ=2130837661
01-09 14:06:02.682 D/SignalClusterView(504): mobile2: VISIBLE sig=2130837717 act=0 typ=2130837661
01-09 14:06:02.682 D/SignalClusterView(504): wifi: VISIBLE sig=2130837743 act=2130837721
01-09 14:06:02.682 D/SignalClusterView(504): mobile1: VISIBLE sig=2130837711 act=0 typ=2130837661
01-09 14:06:02.682 D/SignalClusterView(504): mobile2: VISIBLE sig=2130837717 act=0 typ=2130837661
01-09 14:06:02.682 D/SignalClusterView(504): wifi: VISIBLE sig=2130837743 act=2130837721
01-09 14:06:02.682 D/SignalClusterView(504): mobile1: VISIBLE sig=2130837711 act=0 typ=2130837661
01-09 14:06:02.682 D/SignalClusterView(504): mobile2: VISIBLE sig=2130837717 act=0 typ=2130837661
01-09 14:06:02.682 D/StatusBar-NetworkControllerDS(504): changing data overlay icon id to 2130837721
01-09 14:06:02.902 D/dalvikvm(378): GC_EXPLICIT freed 2662K, 45% free 16692K/29859K, paused 17ms+18ms
01-09 14:06:02.942 V/Babel   (21305): [GcmIntentService] ReceiveServerUpdateService will handle all server updates.
01-09 14:06:03.152 W/SignalStrength(504): getGsmLevel. this.mGsmSignalBar=4, getGsmSignalStrength()== 12
01-09 14:06:03.152 W/SignalStrength(504): getGsmLevel=4
01-09 14:06:03.152 W/SignalStrength(504): getLevel=4 (SignalStrength: 12 255 -120 -160 -120 -1 -1 99 2147483647 -32767 2147483647 -32767 gsm|lte 4)
01-09 14:06:03.152 W/SignalStrength(504): getGsmLevel. this.mGsmSignalBar=4, getGsmSignalStrength()== 26
01-09 14:06:03.152 W/SignalStrength(504): getGsmLevel=4
01-09 14:06:03.152 W/SignalStrength(504): getLevel=4 (SignalStrength: 26 255 -120 -160 -120 -1 -1 99 2147483647 -32767 2147483647 -32767 gsm|lte 4)
01-09 14:06:03.152 W/SignalStrength(504): getGsmLevel. this.mGsmSignalBar=4, getGsmSignalStrength()== 12
01-09 14:06:03.152 W/SignalStrength(504): getGsmLevel=4
01-09 14:06:03.152 W/SignalStrength(504): getLevel=4 (SignalStrength: 12 255 -120 -160 -120 -1 -1 99 2147483647 -32767 2147483647 -32767 gsm|lte 4)
01-09 14:06:03.152 W/SignalStrength(504): getGsmLevel. this.mGsmSignalBar=4, getGsmSignalStrength()== 26
01-09 14:06:03.152 W/SignalStrength(504): getGsmLevel=4
01-09 14:06:03.152 W/SignalStrength(504): getLevel=4 (SignalStrength: 26 255 -120 -160 -120 -1 -1 99 2147483647 -32767 2147483647 -32767 gsm|lte 4)
01-09 14:06:03.152 D/ConnectivityService(378): handleInetConditionHoldEnd: net=1, condition=100, published condition=100
01-09 14:06:03.152 D/ConnectivityService(378): sendStickyBroadcast: action=android.net.conn.INET_CONDITION_ACTION
01-09 14:06:03.152 D/TWStatusBar-NetworkControllerDS(504): onReceive() - CONNECTIVITY_ACTION, INET_CONDITION_ACTION
01-09 14:06:03.152 D/StatusBar-NetworkControllerDS(504): isDualSIM : SimState = 2, SimState2 = 2
01-09 14:06:03.152 D/StatusBar-NetworkControllerDS(504): isDualSIM : SimState = 2, SimState2 = 2
01-09 14:06:03.152 D/StatusBar-NetworkControllerDS(504): isDualSIM : SimState = 2, SimState2 = 2
01-09 14:06:03.152 D/StatusBar-NetworkControllerDS(504): isDualSIM : SimState = 2, SimState2 = 2
01-09 14:06:03.152 D/StatusBar-NetworkControllerDS(504): refreshViews connected={ wifi } level=4|4 combinedSignalIconId=0x7f0200ef/com.android.systemui:drawable/stat_sys_wifi_signal_4 combinedActivityIconId=0x7f0200d9 mAirplaneMode=false mDataActivity1=0 mDataActivity2=0 mPhoneSignalIconId1=0x7f0200cf mPhoneSignalIconId2=0x7f0200d5 mLastPhoneSignalIconId1=0x7f0200cf mLastPhoneSignalIconId2=0x7f0200d5 mDataDirectionIconId1=0x0 mDataDirectionIconId2=0x0 mDataSignalIconId1=0x7f0200cf mDataSignalIconId2=0x7f0200d5 mDataTypeIconId1=0x7f02009d mDataTypeIconId2=0x7f02009d mWifiIconId=0x7f0200ef mRoamingIconId1=0x0 mRoamingIconId2=0x0 mBluetoothTetherIconId=0x10806ce
01-09 14:06:03.152 D/SignalClusterView(504): wifi: VISIBLE sig=2130837743 act=2130837721
01-09 14:06:03.152 D/SignalClusterView(504): mobile1: VISIBLE sig=2130837711 act=0 typ=2130837661
01-09 14:06:03.152 D/SignalClusterView(504): mobile2: VISIBLE sig=2130837717 act=0 typ=2130837661
01-09 14:06:03.152 D/SignalClusterView(504): wifi: VISIBLE sig=2130837743 act=2130837721
01-09 14:06:03.152 D/SignalClusterView(504): mobile1: VISIBLE sig=2130837711 act=0 typ=2130837661
01-09 14:06:03.152 D/SignalClusterView(504): mobile2: VISIBLE sig=2130837717 act=0 typ=2130837661
01-09 14:06:03.152 D/SignalClusterView(504): wifi: VISIBLE sig=2130837743 act=2130837721
01-09 14:06:03.152 D/SignalClusterView(504): mobile1: VISIBLE sig=2130837711 act=0 typ=2130837661
01-09 14:06:03.152 D/SignalClusterView(504): mobile2: VISIBLE sig=2130837717 act=0 typ=2130837661
01-09 14:06:04.692 W/SignalStrength(504): getGsmLevel. this.mGsmSignalBar=4, getGsmSignalStrength()== 12
01-09 14:06:04.692 W/SignalStrength(504): getGsmLevel=4
01-09 14:06:04.692 W/SignalStrength(504): getLevel=4 (SignalStrength: 12 255 -120 -160 -120 -1 -1 99 2147483647 -32767 2147483647 -32767 gsm|lte 4)
01-09 14:06:04.692 W/SignalStrength(504): getGsmLevel. this.mGsmSignalBar=4, getGsmSignalStrength()== 26
01-09 14:06:04.692 W/SignalStrength(504): getGsmLevel=4
01-09 14:06:04.692 W/SignalStrength(504): getLevel=4 (SignalStrength: 26 255 -120 -160 -120 -1 -1 99 2147483647 -32767 2147483647 -32767 gsm|lte 4)
01-09 14:06:04.692 D/StatusBar-NetworkControllerDS(504): refreshViews connected={ wifi } level=4|4 combinedSignalIconId=0x7f0200ef/com.android.systemui:drawable/stat_sys_wifi_signal_4 combinedActivityIconId=0x7f0200d8 mAirplaneMode=false mDataActivity1=0 mDataActivity2=0 mPhoneSignalIconId1=0x7f0200cf mPhoneSignalIconId2=0x7f0200d5 mLastPhoneSignalIconId1=0x7f0200cf mLastPhoneSignalIconId2=0x7f0200d5 mDataDirectionIconId1=0x0 mDataDirectionIconId2=0x0 mDataSignalIconId1=0x7f0200cf mDataSignalIconId2=0x7f0200d5 mDataTypeIconId1=0x7f02009d mDataTypeIconId2=0x7f02009d mWifiIconId=0x7f0200ef mRoamingIconId1=0x0 mRoamingIconId2=0x0 mBluetoothTetherIconId=0x10806ce
01-09 14:06:04.692 D/SignalClusterView(504): wifi: VISIBLE sig=2130837743 act=2130837720
01-09 14:06:04.692 D/SignalClusterView(504): mobile1: VISIBLE sig=2130837711 act=0 typ=2130837661
01-09 14:06:04.692 D/SignalClusterView(504): mobile2: VISIBLE sig=2130837717 act=0 typ=2130837661
01-09 14:06:04.692 D/SignalClusterView(504): wifi: VISIBLE sig=2130837743 act=2130837720
01-09 14:06:04.692 D/SignalClusterView(504): mobile1: VISIBLE sig=2130837711 act=0 typ=2130837661
01-09 14:06:04.692 D/SignalClusterView(504): mobile2: VISIBLE sig=2130837717 act=0 typ=2130837661
01-09 14:06:04.692 D/SignalClusterView(504): wifi: VISIBLE sig=2130837743 act=2130837720
01-09 14:06:04.692 D/SignalClusterView(504): mobile1: VISIBLE sig=2130837711 act=0 typ=2130837661
01-09 14:06:04.692 D/SignalClusterView(504): mobile2: VISIBLE sig=2130837717 act=0 typ=2130837661
01-09 14:06:04.692 D/StatusBar-NetworkControllerDS(504): changing data overlay icon id to 2130837720
01-09 14:06:06.692 W/SignalStrength(504): getGsmLevel. this.mGsmSignalBar=4, getGsmSignalStrength()== 12
01-09 14:06:06.692 W/SignalStrength(504): getGsmLevel=4
01-09 14:06:06.692 W/SignalStrength(504): getLevel=4 (SignalStrength: 12 255 -120 -160 -120 -1 -1 99 2147483647 -32767 2147483647 -32767 gsm|lte 4)
01-09 14:06:06.692 W/SignalStrength(504): getGsmLevel. this.mGsmSignalBar=4, getGsmSignalStrength()== 26
01-09 14:06:06.692 W/SignalStrength(504): getGsmLevel=4
01-09 14:06:06.692 W/SignalStrength(504): getLevel=4 (SignalStrength: 26 255 -120 -160 -120 -1 -1 99 2147483647 -32767 2147483647 -32767 gsm|lte 4)
01-09 14:06:06.692 D/StatusBar-NetworkControllerDS(504): refreshViews connected={ wifi } level=4|4 combinedSignalIconId=0x7f0200ef/com.android.systemui:drawable/stat_sys_wifi_signal_4 combinedActivityIconId=0x7f0200d9 mAirplaneMode=false mDataActivity1=0 mDataActivity2=0 mPhoneSignalIconId1=0x7f0200cf mPhoneSignalIconId2=0x7f0200d5 mLastPhoneSignalIconId1=0x7f0200cf mLastPhoneSignalIconId2=0x7f0200d5 mDataDirectionIconId1=0x0 mDataDirectionIconId2=0x0 mDataSignalIconId1=0x7f0200cf mDataSignalIconId2=0x7f0200d5 mDataTypeIconId1=0x7f02009d mDataTypeIconId2=0x7f02009d mWifiIconId=0x7f0200ef mRoamingIconId1=0x0 mRoamingIconId2=0x0 mBluetoothTetherIconId=0x10806ce
01-09 14:06:06.692 D/SignalClusterView(504): wifi: VISIBLE sig=2130837743 act=2130837721
01-09 14:06:06.692 D/SignalClusterView(504): mobile1: VISIBLE sig=2130837711 act=0 typ=2130837661
01-09 14:06:06.692 D/SignalClusterView(504): mobile2: VISIBLE sig=2130837717 act=0 typ=2130837661
01-09 14:06:06.692 D/SignalClusterView(504): wifi: VISIBLE sig=2130837743 act=2130837721
01-09 14:06:06.692 D/SignalClusterView(504): mobile1: VISIBLE sig=2130837711 act=0 typ=2130837661
01-09 14:06:06.692 D/SignalClusterView(504): mobile2: VISIBLE sig=2130837717 act=0 typ=2130837661
01-09 14:06:06.692 D/SignalClusterView(504): wifi: VISIBLE sig=2130837743 act=2130837721
01-09 14:06:06.692 D/SignalClusterView(504): mobile1: VISIBLE sig=2130837711 act=0 typ=2130837661
01-09 14:06:06.692 D/SignalClusterView(504): mobile2: VISIBLE sig=2130837717 act=0 typ=2130837661
01-09 14:06:06.692 D/StatusBar-NetworkControllerDS(504): changing data overlay icon id to 2130837721
01-09 14:06:06.802 I/NRFW    (1283): profile=wifi
01-09 14:06:06.822 I/NRFW    (1283): serverip=103.235.47.88 localIp=10.0.8.1
