01-09 14:06:07.622 D/ConnectivityService(378): reportNetworkCondition(1, 100)
01-09 14:06:07.622 D/ConnectivityService(378): handleInetConditionChange: net=1, condition=100,mActiveDefaultNetwork=1
01-09 14:06:07.622 D/ConnectivityService(378): handleInetConditionChange: starting a change hold
01-09 14:06:07.622 W/AlarmManager(378): FACTORY_ON= 0
01-09 14:06:07.662 V/Babel   (21305): [GcmIntentService] ReceiveServerUpdateService will handle all server updates.
01-09 14:06:08.122 W/SignalStrength(504): getGsmLevel. this.mGsmSignalBar=4, getGsmSignalStrength()== 12
01-09 14:06:08.122 W/SignalStrength(504): getGsmLevel=4
01-09 14:06:08.122 W/SignalStrength(504): getLevel=4 (SignalStrength: 12 255 -120 -160 -120 -1 -1 99 2147483647 -32767 2147483647 -32767 gsm|lte 4)
01-09 14:06:08.122 W/SignalStrength(504): getGsmLevel. this.mGsmSignalBar=4, getGsmSignalStrength()== 26
01-09 14:06:08.122 W/SignalStrength(504): getGsmLevel=4
01-09 14:06:08.122 W/SignalStrength(504): getLevel=4 (SignalStrength: 26 255 -120 -160 -120 -1 -1 99 2147483647 -32767 2147483647 -32767 gsm|lte 4)
01-09 14:06:08.122 D/ConnectivityService(378): handleInetConditionHoldEnd: net=1, condition=100, published condition=100
01-09 14:06:08.122 D/ConnectivityService(378): sendStickyBroadcast: action=android.net.conn.INET_CONDITION_ACTION
01-09 14:06:08.122 D/TWStatusBar-NetworkControllerDS(504): onReceive() - CONNECTIVITY_ACTION, INET_CONDITION_ACTION
01-09 14:06:08.122 D/StatusBar-NetworkControllerDS(504): isDualSIM : SimState = 2, SimState2 = 2
01-09 14:06:08.122 D/StatusBar-NetworkControllerDS(504): isDualSIM : SimState = 2, SimState2 = 2
01-09 14:06:08.122 D/StatusBar-NetworkControllerDS(504): isDualSIM : SimState = 2, SimState2 = 2
01-09 14:06:08.122 D/StatusBar-NetworkControllerDS(504): isDualSIM : SimState = 2, SimState2 = 2
01-09 14:06:08.132 W/SignalStrength(504): getGsmLevel. this.mGsmSignalBar=4, getGsmSignalStrength()== 12
01-09 14:06:08.132 W/SignalStrength(504): getGsmLevel=4
01-09 14:06:08.132 W/SignalStrength(504): getLevel=4 (SignalStrength: 12 255 -120 -160 -120 -1 -1 99 2147483647 -32767 2147483647 -32767 gsm|lte 4)
01-09 14:06:08.132 W/SignalStrength(504): getGsmLevel. this.mGsmSignalBar=4, getGsmSignalStrength()== 26
01-09 14:06:08.132 W/SignalStrength(504): getGsmLevel=4
01-09 14:06:08.132 W/SignalStrength(504): getLevel=4 (SignalStrength: 26 255 -120 -160 -120 -1 -1 99 2147483647 -32767 2147483647 -32767 gsm|lte 4)
01-09 14:06:08.132 D/StatusBar-NetworkControllerDS(504): refreshViews connected={ wifi } level=4|4 combinedSignalIconId=0x7f0200ef/com.android.systemui:drawable/stat_sys_wifi_signal_4 combinedActivityIconId=0x7f0200d9 mAirplaneMode=false mDataActivity1=0 mDataActivity2=0 mPhoneSignalIconId1=0x7f0200cf mPhoneSignalIconId2=0x7f0200d5 mLastPhoneSignalIconId1=0x7f0200cf mLastPhoneSignalIconId2=0x7f0200d5 mDataDirectionIconId1=0x0 mDataDirectionIconId2=0x0 mDataSignalIconId1=0x7f0200cf mDataSignalIconId2=0x7f0200d5 mDataTypeIconId1=0x7f02009d mDataTypeIconId2=0x7f02009d mWifiIconId=0x7f0200ef mRoamingIconId1=0x0 mRoamingIconId2=0x0 mBluetoothTetherIconId=0x10806ce
01-09 14:06:08.132 D/SignalClusterView(504): wifi: VISIBLE sig=2130837743 act=2130837721
01-09 14:06:08.132 D/SignalClusterView(504): mobile1: VISIBLE sig=2130837711 act=0 typ=2130837661
01-09 14:06:08.132 D/SignalClusterView(504): mobile2: VISIBLE sig=2130837717 act=0 typ=2130837661
01-09 14:06:08.132 D/SignalClusterView(504): wifi: VISIBLE sig=2130837743 act=2130837721
01-09 14:06:08.132 D/SignalClusterView(504): mobile1: VISIBLE sig=2130837711 act=0 typ=2130837661
01-09 14:06:08.132 D/SignalClusterView(504): mobile2: VISIBLE sig=2130837717 act=0 typ=2130837661
01-09 14:06:08.132 D/SignalClusterView(504): wifi: VISIBLE sig=2130837743 act=2130837721
01-09 14:06:08.132 D/SignalClusterView(504): mobile1: VISIBLE sig=2130837711 act=0 typ=2130837661
01-09 14:06:08.132 D/SignalClusterView(504): mobile2: VISIBLE sig=2130837717 act=0 typ=2130837661
01-09 14:06:08.692 W/SignalStrength(504): getGsmLevel. this.mGsmSignalBar=4, getGsmSignalStrength()== 12
01-09 14:06:08.692 W/SignalStrength(504): getGsmLevel=4
01-09 14:06:08.692 W/SignalStrength(504): getLevel=4 (SignalStrength: 12 255 -120 -160 -120 -1 -1 99 2147483647 -32767 2147483647 -32767 gsm|lte 4)
01-09 14:06:08.692 W/SignalStrength(504): getGsmLevel. this.mGsmSignalBar=4, getGsmSignalStrength()== 26
01-09 14:06:08.692 W/SignalStrength(504): getGsmLevel=4
01-09 14:06:08.692 W/SignalStrength(504): getLevel=4 (SignalStrength: 26 255 -120 -160 -120 -1 -1 99 2147483647 -32767 2147483647 -32767 gsm|lte 4)
01-09 14:06:08.692 D/StatusBar-NetworkControllerDS(504): refreshViews connected={ wifi } level=4|4 combinedSignalIconId=0x7f0200ef/com.android.systemui:drawable/stat_sys_wifi_signal_4 combinedActivityIconId=0x7f0200d8 mAirplaneMode=false mDataActivity1=0 mDataActivity2=0 mPhoneSignalIconId1=0x7f0200cf mPhoneSignalIconId2=0x7f0200d5 mLastPhoneSignalIconId1=0x7f0200cf mLastPhoneSignalIconId2=0x7f0200d5 mDataDirectionIconId1=0x0 mDataDirectionIconId2=0x0 mDataSignalIconId1=0x7f0200cf mDataSignalIconId2=0x7f0200d5 mDataTypeIconId1=0x7f02009d mDataTypeIconId2=0x7f02009d mWifiIconId=0x7f0200ef mRoamingIconId1=0x0 mRoamingIconId2=0x0 mBluetoothTetherIconId=0x10806ce
01-09 14:06:08.692 D/SignalClusterView(504): wifi: VISIBLE sig=2130837743 act=2130837720
01-09 14:06:08.692 D/SignalClusterView(504): mobile1: VISIBLE sig=2130837711 act=0 typ=2130837661
01-09 14:06:08.692 D/SignalClusterView(504): mobile2: VISIBLE sig=2130837717 act=0 typ=2130837661
01-09 14:06:08.692 D/SignalClusterView(504): wifi: VISIBLE sig=2130837743 act=2130837720
01-09 14:06:08.692 D/SignalClusterView(504): mobile1: VISIBLE sig=2130837711 act=0 typ=2130837661
01-09 14:06:08.692 D/SignalClusterView(504): mobile2: VISIBLE sig=2130837717 act=0 typ=2130837661
01-09 14:06:08.692 D/SignalClusterView(504): wifi: VISIBLE sig=2130837743 act=2130837720
01-09 14:06:08.692 D/SignalClusterView(504): mobile1: VISIBLE sig=2130837711 act=0 typ=2130837661
01-09 14:06:08.692 D/SignalClusterView(504): mobile2: VISIBLE sig=2130837717 act=0 typ=2130837661
01-09 14:06:08.692 D/StatusBar-NetworkControllerDS(504): changing data overlay icon id to 2130837720
01-09 14:06:09.702 W/SignalStrength(504): getGsmLevel. this.mGsmSignalBar=4, getGsmSignalStrength()== 12
01-09 14:06:09.702 W/SignalStrength(504): getGsmLevel=4
01-09 14:06:09.702 W/SignalStrength(504): getLevel=4 (SignalStrength: 12 255 -120 -160 -120 -1 -1 99 2147483647 -32767 2147483647 -32767 gsm|lte 4)
01-09 14:06:09.702 W/SignalStrength(504): getGsmLevel. this.mGsmSignalBar=4, getGsmSignalStrength()== 26
01-09 14:06:09.702 W/SignalStrength(504): getGsmLevel=4
01-09 14:06:09.702 W/SignalStrength(504): getLevel=4 (SignalStrength: 26 255 -120 -160 -120 -1 -1 99 2147483647 -32767 2147483647 -32767 gsm|lte 4)
01-09 14:06:09.702 D/StatusBar-NetworkControllerDS(504): refreshViews connected={ wifi } level=4|4 combinedSignalIconId=0x7f0200ef/com.android.systemui:drawable/stat_sys_wifi_signal_4 combinedActivityIconId=0x7f0200d9 mAirplaneMode=false mDataActivity1=0 mDataActivity2=0 mPhoneSignalIconId1=0x7f0200cf mPhoneSignalIconId2=0x7f0200d5 mLastPhoneSignalIconId1=0x7f0200cf mLastPhoneSignalIconId2=0x7f0200d5 mDataDirectionIconId1=0x0 mDataDirectionIconId2=0x0 mDataSignalIconId1=0x7f0200cf mDataSignalIconId2=0x7f0200d5 mDataTypeIconId1=0x7f02009d mDataTypeIconId2=0x7f02009d mWifiIconId=0x7f0200ef mRoamingIconId1=0x0 mRoamingIconId2=0x0 mBluetoothTetherIconId=0x10806ce
01-09 14:06:09.702 D/SignalClusterView(504): wifi: VISIBLE sig=2130837743 act=2130837721
01-09 14:06:09.702 D/SignalClusterView(504): mobile1: VISIBLE sig=2130837711 act=0 typ=2130837661
01-09 14:06:09.702 D/SignalClusterView(504): mobile2: VISIBLE sig=2130837717 act=0 typ=2130837661
01-09 14:06:09.702 D/SignalClusterView(504): wifi: VISIBLE sig=2130837743 act=2130837721
01-09 14:06:09.702 D/SignalClusterView(504): mobile1: VISIBLE sig=2130837711 act=0 typ=2130837661
01-09 14:06:09.702 D/SignalClusterView(504): mobile2: VISIBLE sig=2130837717 act=0 typ=2130837661
01-09 14:06:09.702 D/SignalClusterView(504): wifi: VISIBLE sig=2130837743 act=2130837721
01-09 14:06:09.702 D/SignalClusterView(504): mobile1: VISIBLE sig=2130837711 act=0 typ=2130837661
01-09 14:06:09.702 D/SignalClusterView(504): mobile2: VISIBLE sig=2130837717 act=0 typ=2130837661
01-09 14:06:09.702 D/StatusBar-NetworkControllerDS(504): changing data overlay icon id to 2130837721
01-09 14:06:09.742 I/NRFW    (1283): profile=wifi
01-09 14:06:09.852 I/NRFW    (1283): serverip=103.235.47.88 localIp=10.0.8.1
01-09 14:06:10.312 D/plugin  (689): getDefaultSubscription()
01-09 14:06:10.312 E/MSimTelephonyManager(19026): MSimTelephonyManager sRegistryMsim != null
01-09 14:06:10.322 I/NRFW    (1283): serverip=180.76.3.90 localIp=10.0.8.1
01-09 14:06:10.332 I/DNS     (1283): 180.76.3.90 h_errno=1
01-09 14:06:11.692 W/SignalStrength(504): getGsmLevel. this.mGsmSignalBar=4, getGsmSignalStrength()== 12
01-09 14:06:11.692 W/SignalStrength(504): getGsmLevel=4
01-09 14:06:11.692 W/SignalStrength(504): getLevel=4 (SignalStrength: 12 255 -120 -160 -120 -1 -1 99 2147483647 -32767 2147483647 -32767 gsm|lte 4)
01-09 14:06:11.692 W/SignalStrength(504): getGsmLevel. this.mGsmSignalBar=4, getGsmSignalStrength()== 26
01-09 14:06:11.692 W/SignalStrength(504): getGsmLevel=4
01-09 14:06:11.692 W/SignalStrength(504): getLevel=4 (SignalStrength: 26 255 -120 -160 -120 -1 -1 99 2147483647 -32767 2147483647 -32767 gsm|lte 4)
01-09 14:06:11.692 D/StatusBar-NetworkControllerDS(504): refreshViews connected={ wifi } level=4|4 combinedSignalIconId=0x7f0200ef/com.android.systemui:drawable/stat_sys_wifi_signal_4 combinedActivityIconId=0x7f0200d8 mAirplaneMode=false mDataActivity1=0 mDataActivity2=0 mPhoneSignalIconId1=0x7f0200cf mPhoneSignalIconId2=0x7f0200d5 mLastPhoneSignalIconId1=0x7f0200cf mLastPhoneSignalIconId2=0x7f0200d5 mDataDirectionIconId1=0x0 mDataDirectionIconId2=0x0 mDataSignalIconId1=0x7f0200cf mDataSignalIconId2=0x7f0200d5 mDataTypeIconId1=0x7f02009d mDataTypeIconId2=0x7f02009d mWifiIconId=0x7f0200ef mRoamingIconId1=0x0 mRoamingIconId2=0x0 mBluetoothTetherIconId=0x10806ce
01-09 14:06:11.702 D/SignalClusterView(504): wifi: VISIBLE sig=2130837743 act=2130837720
01-09 14:06:11.702 D/SignalClusterView(504): mobile1: VISIBLE sig=2130837711 act=0 typ=2130837661
01-09 14:06:11.702 D/SignalClusterView(504): mobile2: VISIBLE sig=2130837717 act=0 typ=2130837661
01-09 14:06:11.702 D/SignalClusterView(504): wifi: VISIBLE sig=2130837743 act=2130837720
01-09 14:06:11.702 D/SignalClusterView(504): mobile1: VISIBLE sig=2130837711 act=0 typ=2130837661
01-09 14:06:11.702 D/SignalClusterView(504): mobile2: VISIBLE sig=2130837717 act=0 typ=2130837661
01-09 14:06:11.702 D/SignalClusterView(504): wifi: VISIBLE sig=2130837743 act=2130837720
01-09 14:06:11.702 D/SignalClusterView(504): mobile1: VISIBLE sig=2130837711 act=0 typ=2130837661
01-09 14:06:11.702 D/SignalClusterView(504): mobile2: VISIBLE sig=2130837717 act=0 typ=2130837661
01-09 14:06:11.702 D/StatusBar-NetworkControllerDS(504): changing data overlay icon id to 2130837720
01-09 14:06:12.702 W/SignalStrength(504): getGsmLevel. this.mGsmSignalBar=4, getGsmSignalStrength()== 12
01-09 14:06:12.702 W/SignalStrength(504): getGsmLevel=4
01-09 14:06:12.702 W/SignalStrength(504): getLevel=4 (SignalStrength: 12 255 -120 -160 -120 -1 -1 99 2147483647 -32767 2147483647 -32767 gsm|lte 4)
01-09 14:06:12.702 W/SignalStrength(504): getGsmLevel. this.mGsmSignalBar=4, getGsmSignalStrength()== 26
01-09 14:06:12.702 W/SignalStrength(504): getGsmLevel=4
01-09 14:06:12.702 W/SignalStrength(504): getLevel=4 (SignalStrength: 26 255 -120 -160 -120 -1 -1 99 2147483647 -32767 2147483647 -32767 gsm|lte 4)
01-09 14:06:12.702 D/StatusBar-NetworkControllerDS(504): refreshViews connected={ wifi } level=4|4 combinedSignalIconId=0x7f0200ef/com.android.systemui:drawable/stat_sys_wifi_signal_4 combinedActivityIconId=0x7f0200d9 mAirplaneMode=false mDataActivity1=0 mDataActivity2=0 mPhoneSignalIconId1=0x7f0200cf mPhoneSignalIconId2=0x7f0200d5 mLastPhoneSignalIconId1=0x7f0200cf mLastPhoneSignalIconId2=0x7f0200d5 mDataDirectionIconId1=0x0 mDataDirectionIconId2=0x0 mDataSignalIconId1=0x7f0200cf mDataSignalIconId2=0x7f0200d5 mDataTypeIconId1=0x7f02009d mDataTypeIconId2=0x7f02009d mWifiIconId=0x7f0200ef mRoamingIconId1=0x0 mRoamingIconId2=0x0 mBluetoothTetherIconId=0x10806ce
01-09 14:06:12.702 D/SignalClusterView(504): wifi: VISIBLE sig=2130837743 act=2130837721
01-09 14:06:12.702 D/SignalClusterView(504): mobile1: VISIBLE sig=2130837711 act=0 typ=2130837661
01-09 14:06:12.702 D/SignalClusterView(504): mobile2: VISIBLE sig=2130837717 act=0 typ=2130837661
01-09 14:06:12.702 D/SignalClusterView(504): wifi: VISIBLE sig=2130837743 act=2130837721
01-09 14:06:12.702 D/SignalClusterView(504): mobile1: VISIBLE sig=2130837711 act=0 typ=2130837661
01-09 14:06:12.702 D/SignalClusterView(504): mobile2: VISIBLE sig=2130837717 act=0 typ=2130837661
01-09 14:06:12.702 D/SignalClusterView(504): wifi: VISIBLE sig=2130837743 act=2130837721
01-09 14:06:12.702 D/SignalClusterView(504): mobile1: VISIBLE sig=2130837711 act=0 typ=2130837661
01-09 14:06:12.702 D/SignalClusterView(504): mobile2: VISIBLE sig=2130837717 act=0 typ=2130837661
01-09 14:06:12.702 D/StatusBar-NetworkControllerDS(504): changing data overlay icon id to 2130837721
01-09 14:06:12.922 I/NRFW    (1283): profile=wifi
01-09 14:06:12.962 D/ConnectivityService(378): reportNetworkCondition(1, 100)
01-09 14:06:12.962 D/ConnectivityService(378): handleInetConditionChange: net=1, condition=100,mActiveDefaultNetwork=1
01-09 14:06:12.962 D/ConnectivityService(378): handleInetConditionChange: starting a change hold
01-09 14:06:12.962 W/AlarmManager(378): FACTORY_ON= 0
01-09 14:06:13.002 V/Babel   (21305): [GcmIntentService] ReceiveServerUpdateService will handle all server updates.
01-09 14:06:13.362 I/NRFW    (1283): serverip=180.76.3.90 localIp=10.0.8.1
01-09 14:06:13.472 D/ConnectivityService(378): handleInetConditionHoldEnd: net=1, condition=100, published condition=100
01-09 14:06:13.472 D/ConnectivityService(378): sendStickyBroadcast: action=android.net.conn.INET_CONDITION_ACTION
01-09 14:06:13.472 D/TWStatusBar-NetworkControllerDS(504): onReceive() - CONNECTIVITY_ACTION, INET_CONDITION_ACTION
01-09 14:06:13.472 W/SignalStrength(504): getGsmLevel. this.mGsmSignalBar=4, getGsmSignalStrength()== 12
01-09 14:06:13.472 W/SignalStrength(504): getGsmLevel=4
01-09 14:06:13.472 W/SignalStrength(504): getLevel=4 (SignalStrength: 12 255 -120 -160 -120 -1 -1 99 2147483647 -32767 2147483647 -32767 gsm|lte 4)
01-09 14:06:13.472 W/SignalStrength(504): getGsmLevel. this.mGsmSignalBar=4, getGsmSignalStrength()== 26
01-09 14:06:13.472 W/SignalStrength(504): getGsmLevel=4
01-09 14:06:13.472 W/SignalStrength(504): getLevel=4 (SignalStrength: 26 255 -120 -160 -120 -1 -1 99 2147483647 -32767 2147483647 -32767 gsm|lte 4)
01-09 14:06:13.472 W/SignalStrength(504): getGsmLevel. this.mGsmSignalBar=4, getGsmSignalStrength()== 12
01-09 14:06:13.472 W/SignalStrength(504): getGsmLevel=4
01-09 14:06:13.472 W/SignalStrength(504): getLevel=4 (SignalStrength: 12 255 -120 -160 -120 -1 -1 99 2147483647 -32767 2147483647 -32767 gsm|lte 4)
01-09 14:06:13.472 W/SignalStrength(504): getGsmLevel. this.mGsmSignalBar=4, getGsmSignalStrength()== 26
01-09 14:06:13.472 W/SignalStrength(504): getGsmLevel=4
01-09 14:06:13.472 W/SignalStrength(504): getLevel=4 (SignalStrength: 26 255 -120 -160 -120 -1 -1 99 2147483647 -32767 2147483647 -32767 gsm|lte 4)
01-09 14:06:13.472 D/StatusBar-NetworkControllerDS(504): isDualSIM : SimState = 2, SimState2 = 2
01-09 14:06:13.472 D/StatusBar-NetworkControllerDS(504): isDualSIM : SimState = 2, SimState2 = 2
01-09 14:06:13.472 D/StatusBar-NetworkControllerDS(504): isDualSIM : SimState = 2, SimState2 = 2
01-09 14:06:13.472 D/StatusBar-NetworkControllerDS(504): isDualSIM : SimState = 2, SimState2 = 2
01-09 14:06:13.472 D/StatusBar-NetworkControllerDS(504): refreshViews connected={ wifi } level=4|4 combinedSignalIconId=0x7f0200ef/com.android.systemui:drawable/stat_sys_wifi_signal_4 combinedActivityIconId=0x7f0200d9 mAirplaneMode=false mDataActivity1=0 mDataActivity2=0 mPhoneSignalIconId1=0x7f0200cf mPhoneSignalIconId2=0x7f0200d5 mLastPhoneSignalIconId1=0x7f0200cf mLastPhoneSignalIconId2=0x7f0200d5 mDataDirectionIconId1=0x0 mDataDirectionIconId2=0x0 mDataSignalIconId1=0x7f0200cf mDataSignalIconId2=0x7f0200d5 mDataTypeIconId1=0x7f02009d mDataTypeIconId2=0x7f02009d mWifiIconId=0x7f0200ef mRoamingIconId1=0x0 mRoamingIconId2=0x0 mBluetoothTetherIconId=0x10806ce
01-09 14:06:13.472 D/SignalClusterView(504): wifi: VISIBLE sig=2130837743 act=2130837721
01-09 14:06:13.472 D/SignalClusterView(504): mobile1: VISIBLE sig=2130837711 act=0 typ=2130837661
01-09 14:06:13.472 D/SignalClusterView(504): mobile2: VISIBLE sig=2130837717 act=0 typ=2130837661
01-09 14:06:13.472 D/SignalClusterView(504): wifi: VISIBLE sig=2130837743 act=2130837721
01-09 14:06:13.472 D/SignalClusterView(504): mobile1: VISIBLE sig=2130837711 act=0 typ=2130837661
01-09 14:06:13.472 D/SignalClusterView(504): mobile2: VISIBLE sig=2130837717 act=0 typ=2130837661
01-09 14:06:13.472 D/SignalClusterView(504): wifi: VISIBLE sig=2130837743 act=2130837721
01-09 14:06:13.482 D/SignalClusterView(504): mobile1: VISIBLE sig=2130837711 act=0 typ=2130837661
01-09 14:06:13.482 D/SignalClusterView(504): mobile2: VISIBLE sig=2130837717 act=0 typ=2130837661
01-09 14:06:14.712 W/SignalStrength(504): getGsmLevel. this.mGsmSignalBar=4, getGsmSignalStrength()== 12
01-09 14:06:14.712 W/SignalStrength(504): getGsmLevel=4
01-09 14:06:14.712 W/SignalStrength(504): getLevel=4 (SignalStrength: 12 255 -120 -160 -120 -1 -1 99 2147483647 -32767 2147483647 -32767 gsm|lte 4)
01-09 14:06:14.712 W/SignalStrength(504): getGsmLevel. this.mGsmSignalBar=4, getGsmSignalStrength()== 26
01-09 14:06:14.712 W/SignalStrength(504): getGsmLevel=4
01-09 14:06:14.712 W/SignalStrength(504): getLevel=4 (SignalStrength: 26 255 -120 -160 -120 -1 -1 99 2147483647 -32767 2147483647 -32767 gsm|lte 4)
01-09 14:06:14.712 D/StatusBar-NetworkControllerDS(504): refreshViews connected={ wifi } level=4|4 combinedSignalIconId=0x7f0200ef/com.android.systemui:drawable/stat_sys_wifi_signal_4 combinedActivityIconId=0x7f0200d8 mAirplaneMode=false mDataActivity1=0 mDataActivity2=0 mPhoneSignalIconId1=0x7f0200cf mPhoneSignalIconId2=0x7f0200d5 mLastPhoneSignalIconId1=0x7f0200cf mLastPhoneSignalIconId2=0x7f0200d5 mDataDirectionIconId1=0x0 mDataDirectionIconId2=0x0 mDataSignalIconId1=0x7f0200cf mDataSignalIconId2=0x7f0200d5 mDataTypeIconId1=0x7f02009d mDataTypeIconId2=0x7f02009d mWifiIconId=0x7f0200ef mRoamingIconId1=0x0 mRoamingIconId2=0x0 mBluetoothTetherIconId=0x10806ce
01-09 14:06:14.712 D/SignalClusterView(504): wifi: VISIBLE sig=2130837743 act=2130837720
01-09 14:06:14.712 D/SignalClusterView(504): mobile1: VISIBLE sig=2130837711 act=0 typ=2130837661
01-09 14:06:14.712 D/SignalClusterView(504): mobile2: VISIBLE sig=2130837717 act=0 typ=2130837661
01-09 14:06:14.712 D/SignalClusterView(504): wifi: VISIBLE sig=2130837743 act=2130837720
01-09 14:06:14.712 D/SignalClusterView(504): mobile1: VISIBLE sig=2130837711 act=0 typ=2130837661
01-09 14:06:14.712 D/SignalClusterView(504): mobile2: VISIBLE sig=2130837717 act=0 typ=2130837661
01-09 14:06:14.712 D/SignalClusterView(504): wifi: VISIBLE sig=2130837743 act=2130837720
01-09 14:06:14.712 D/SignalClusterView(504): mobile1: VISIBLE sig=2130837711 act=0 typ=2130837661
01-09 14:06:14.712 D/SignalClusterView(504): mobile2: VISIBLE sig=2130837717 act=0 typ=2130837661
01-09 14:06:14.712 D/StatusBar-NetworkControllerDS(504): changing data overlay icon id to 2130837720
01-09 14:06:15.712 W/SignalStrength(504): getGsmLevel. this.mGsmSignalBar=4, getGsmSignalStrength()== 12
01-09 14:06:15.712 W/SignalStrength(504): getGsmLevel=4
01-09 14:06:15.712 W/SignalStrength(504): getLevel=4 (SignalStrength: 12 255 -120 -160 -120 -1 -1 99 2147483647 -32767 2147483647 -32767 gsm|lte 4)
01-09 14:06:15.712 W/SignalStrength(504): getGsmLevel. this.mGsmSignalBar=4, getGsmSignalStrength()== 26
01-09 14:06:15.712 W/SignalStrength(504): getGsmLevel=4
01-09 14:06:15.712 W/SignalStrength(504): getLevel=4 (SignalStrength: 26 255 -120 -160 -120 -1 -1 99 2147483647 -32767 2147483647 -32767 gsm|lte 4)
01-09 14:06:15.712 D/StatusBar-NetworkControllerDS(504): refreshViews connected={ wifi } level=4|4 combinedSignalIconId=0x7f0200ef/com.android.systemui:drawable/stat_sys_wifi_signal_4 combinedActivityIconId=0x7f0200d9 mAirplaneMode=false mDataActivity1=0 mDataActivity2=0 mPhoneSignalIconId1=0x7f0200cf mPhoneSignalIconId2=0x7f0200d5 mLastPhoneSignalIconId1=0x7f0200cf mLastPhoneSignalIconId2=0x7f0200d5 mDataDirectionIconId1=0x0 mDataDirectionIconId2=0x0 mDataSignalIconId1=0x7f0200cf mDataSignalIconId2=0x7f0200d5 mDataTypeIconId1=0x7f02009d mDataTypeIconId2=0x7f02009d mWifiIconId=0x7f0200ef mRoamingIconId1=0x0 mRoamingIconId2=0x0 mBluetoothTetherIconId=0x10806ce
01-09 14:06:15.712 D/SignalClusterView(504): wifi: VISIBLE sig=2130837743 act=2130837721
01-09 14:06:15.712 D/SignalClusterView(504): mobile1: VISIBLE sig=2130837711 act=0 typ=2130837661
01-09 14:06:15.712 D/SignalClusterView(504): mobile2: VISIBLE sig=2130837717 act=0 typ=2130837661
01-09 14:06:15.712 D/SignalClusterView(504): wifi: VISIBLE sig=2130837743 act=2130837721
01-09 14:06:15.712 D/SignalClusterView(504): mobile1: VISIBLE sig=2130837711 act=0 typ=2130837661
01-09 14:06:15.712 D/SignalClusterView(504): mobile2: VISIBLE sig=2130837717 act=0 typ=2130837661
01-09 14:06:15.712 D/SignalClusterView(504): wifi: VISIBLE sig=2130837743 act=2130837721
01-09 14:06:15.712 D/SignalClusterView(504): mobile1: VISIBLE sig=2130837711 act=0 typ=2130837661
01-09 14:06:15.712 D/SignalClusterView(504): mobile2: VISIBLE sig=2130837717 act=0 typ=2130837661
01-09 14:06:15.712 D/StatusBar-NetworkControllerDS(504): changing data overlay icon id to 2130837721
01-09 14:06:15.842 I/NRFW    (1283): profile=wifi
01-09 14:06:15.842 I/NRFW    (1283): serverip=103.235.47.88 localIp=10.0.8.1
01-09 14:06:16.532 D/dalvikvm(19026): GC_EXPLICIT freed 2392K, 35% free 12208K/18723K, paused 4ms+6ms
01-09 14:06:16.712 W/SignalStrength(504): getGsmLevel. this.mGsmSignalBar=4, getGsmSignalStrength()== 12
01-09 14:06:16.712 W/SignalStrength(504): getGsmLevel=4
01-09 14:06:16.712 W/SignalStrength(504): getLevel=4 (SignalStrength: 12 255 -120 -160 -120 -1 -1 99 2147483647 -32767 2147483647 -32767 gsm|lte 4)
01-09 14:06:16.712 W/SignalStrength(504): getGsmLevel. this.mGsmSignalBar=4, getGsmSignalStrength()== 26
01-09 14:06:16.712 W/SignalStrength(504): getGsmLevel=4
01-09 14:06:16.712 W/SignalStrength(504): getLevel=4 (SignalStrength: 26 255 -120 -160 -120 -1 -1 99 2147483647 -32767 2147483647 -32767 gsm|lte 4)
01-09 14:06:16.712 D/StatusBar-NetworkControllerDS(504): refreshViews connected={ wifi } level=4|4 combinedSignalIconId=0x7f0200ef/com.android.systemui:drawable/stat_sys_wifi_signal_4 combinedActivityIconId=0x7f0200d8 mAirplaneMode=false mDataActivity1=0 mDataActivity2=0 mPhoneSignalIconId1=0x7f0200cf mPhoneSignalIconId2=0x7f0200d5 mLastPhoneSignalIconId1=0x7f0200cf mLastPhoneSignalIconId2=0x7f0200d5 mDataDirectionIconId1=0x0 mDataDirectionIconId2=0x0 mDataSignalIconId1=0x7f0200cf mDataSignalIconId2=0x7f0200d5 mDataTypeIconId1=0x7f02009d mDataTypeIconId2=0x7f02009d mWifiIconId=0x7f0200ef mRoamingIconId1=0x0 mRoamingIconId2=0x0 mBluetoothTetherIconId=0x10806ce
01-09 14:06:16.712 D/SignalClusterView(504): wifi: VISIBLE sig=2130837743 act=2130837720
01-09 14:06:16.712 D/SignalClusterView(504): mobile1: VISIBLE sig=2130837711 act=0 typ=2130837661
01-09 14:06:16.712 D/SignalClusterView(504): mobile2: VISIBLE sig=2130837717 act=0 typ=2130837661
01-09 14:06:16.712 D/SignalClusterView(504): wifi: VISIBLE sig=2130837743 act=2130837720
01-09 14:06:16.712 D/SignalClusterView(504): mobile1: VISIBLE sig=2130837711 act=0 typ=2130837661
01-09 14:06:16.712 D/SignalClusterView(504): mobile2: VISIBLE sig=2130837717 act=0 typ=2130837661
01-09 14:06:16.712 D/SignalClusterView(504): wifi: VISIBLE sig=2130837743 act=2130837720
01-09 14:06:16.712 D/SignalClusterView(504): mobile1: VISIBLE sig=2130837711 act=0 typ=2130837661
01-09 14:06:16.712 D/SignalClusterView(504): mobile2: VISIBLE sig=2130837717 act=0 typ=2130837661
01-09 14:06:16.712 D/StatusBar-NetworkControllerDS(504): changing data overlay icon id to 2130837720
01-09 14:06:17.692 D/ConnectivityService(378): reportNetworkCondition(1, 100)
01-09 14:06:17.692 D/ConnectivityService(378): handleInetConditionChange: net=1, condition=100,mActiveDefaultNetwork=1
01-09 14:06:17.692 D/ConnectivityService(378): handleInetConditionChange: starting a change hold
01-09 14:06:17.692 W/AlarmManager(378): FACTORY_ON= 0
01-09 14:06:17.722 W/SignalStrength(504): getGsmLevel. this.mGsmSignalBar=4, getGsmSignalStrength()== 12
01-09 14:06:17.722 W/SignalStrength(504): getGsmLevel=4
01-09 14:06:17.722 W/SignalStrength(504): getLevel=4 (SignalStrength: 12 255 -120 -160 -120 -1 -1 99 2147483647 -32767 2147483647 -32767 gsm|lte 4)
01-09 14:06:17.722 W/SignalStrength(504): getGsmLevel. this.mGsmSignalBar=4, getGsmSignalStrength()== 26
01-09 14:06:17.722 W/SignalStrength(504): getGsmLevel=4
01-09 14:06:17.722 W/SignalStrength(504): getLevel=4 (SignalStrength: 26 255 -120 -160 -120 -1 -1 99 2147483647 -32767 2147483647 -32767 gsm|lte 4)
01-09 14:06:17.722 D/StatusBar-NetworkControllerDS(504): refreshViews connected={ wifi } level=4|4 combinedSignalIconId=0x7f0200ef/com.android.systemui:drawable/stat_sys_wifi_signal_4 combinedActivityIconId=0x7f0200d9 mAirplaneMode=false mDataActivity1=0 mDataActivity2=0 mPhoneSignalIconId1=0x7f0200cf mPhoneSignalIconId2=0x7f0200d5 mLastPhoneSignalIconId1=0x7f0200cf mLastPhoneSignalIconId2=0x7f0200d5 mDataDirectionIconId1=0x0 mDataDirectionIconId2=0x0 mDataSignalIconId1=0x7f0200cf mDataSignalIconId2=0x7f0200d5 mDataTypeIconId1=0x7f02009d mDataTypeIconId2=0x7f02009d mWifiIconId=0x7f0200ef mRoamingIconId1=0x0 mRoamingIconId2=0x0 mBluetoothTetherIconId=0x10806ce
01-09 14:06:17.722 D/SignalClusterView(504): wifi: VISIBLE sig=2130837743 act=2130837721
01-09 14:06:17.722 D/SignalClusterView(504): mobile1: VISIBLE sig=2130837711 act=0 typ=2130837661
01-09 14:06:17.722 D/SignalClusterView(504): mobile2: VISIBLE sig=2130837717 act=0 typ=2130837661
01-09 14:06:17.722 D/SignalClusterView(504): wifi: VISIBLE sig=2130837743 act=2130837721
01-09 14:06:17.722 D/SignalClusterView(504): mobile1: VISIBLE sig=2130837711 act=0 typ=2130837661
01-09 14:06:17.722 D/SignalClusterView(504): mobile2: VISIBLE sig=2130837717 act=0 typ=2130837661
01-09 14:06:17.722 D/SignalClusterView(504): wifi: VISIBLE sig=2130837743 act=2130837721
01-09 14:06:17.722 D/SignalClusterView(504): mobile1: VISIBLE sig=2130837711 act=0 typ=2130837661
01-09 14:06:17.722 D/SignalClusterView(504): mobile2: VISIBLE sig=2130837717 act=0 typ=2130837661
01-09 14:06:17.722 D/StatusBar-NetworkControllerDS(504): changing data overlay icon id to 2130837721
01-09 14:06:17.762 V/Babel   (21305): [GcmIntentService] ReceiveServerUpdateService will handle all server updates.
01-09 14:06:18.202 W/SignalStrength(504): getGsmLevel. this.mGsmSignalBar=4, getGsmSignalStrength()== 12
01-09 14:06:18.202 W/SignalStrength(504): getGsmLevel=4
01-09 14:06:18.202 W/SignalStrength(504): getLevel=4 (SignalStrength: 12 255 -120 -160 -120 -1 -1 99 2147483647 -32767 2147483647 -32767 gsm|lte 4)
01-09 14:06:18.202 W/SignalStrength(504): getGsmLevel. this.mGsmSignalBar=4, getGsmSignalStrength()== 26
01-09 14:06:18.202 W/SignalStrength(504): getGsmLevel=4
01-09 14:06:18.202 W/SignalStrength(504): getLevel=4 (SignalStrength: 26 255 -120 -160 -120 -1 -1 99 2147483647 -32767 2147483647 -32767 gsm|lte 4)
01-09 14:06:18.202 W/SignalStrength(504): getGsmLevel. this.mGsmSignalBar=4, getGsmSignalStrength()== 12
01-09 14:06:18.202 W/SignalStrength(504): getGsmLevel=4
01-09 14:06:18.202 W/SignalStrength(504): getLevel=4 (SignalStrength: 12 255 -120 -160 -120 -1 -1 99 2147483647 -32767 2147483647 -32767 gsm|lte 4)
01-09 14:06:18.202 W/SignalStrength(504): getGsmLevel. this.mGsmSignalBar=4, getGsmSignalStrength()== 26
01-09 14:06:18.202 W/SignalStrength(504): getGsmLevel=4
01-09 14:06:18.202 W/SignalStrength(504): getLevel=4 (SignalStrength: 26 255 -120 -160 -120 -1 -1 99 2147483647 -32767 2147483647 -32767 gsm|lte 4)
01-09 14:06:18.202 D/ConnectivityService(378): handleInetConditionHoldEnd: net=1, condition=100, published condition=100
01-09 14:06:18.202 D/ConnectivityService(378): sendStickyBroadcast: action=android.net.conn.INET_CONDITION_ACTION
01-09 14:06:18.202 D/TWStatusBar-NetworkControllerDS(504): onReceive() - CONNECTIVITY_ACTION, INET_CONDITION_ACTION
01-09 14:06:18.202 D/StatusBar-NetworkControllerDS(504): isDualSIM : SimState = 2, SimState2 = 2
01-09 14:06:18.202 D/StatusBar-NetworkControllerDS(504): isDualSIM : SimState = 2, SimState2 = 2
01-09 14:06:18.202 D/StatusBar-NetworkControllerDS(504): isDualSIM : SimState = 2, SimState2 = 2
01-09 14:06:18.202 D/StatusBar-NetworkControllerDS(504): isDualSIM : SimState = 2, SimState2 = 2
01-09 14:06:18.202 D/StatusBar-NetworkControllerDS(504): refreshViews connected={ wifi } level=4|4 combinedSignalIconId=0x7f0200ef/com.android.systemui:drawable/stat_sys_wifi_signal_4 combinedActivityIconId=0x7f0200d9 mAirplaneMode=false mDataActivity1=0 mDataActivity2=0 mPhoneSignalIconId1=0x7f0200cf mPhoneSignalIconId2=0x7f0200d5 mLastPhoneSignalIconId1=0x7f0200cf mLastPhoneSignalIconId2=0x7f0200d5 mDataDirectionIconId1=0x0 mDataDirectionIconId2=0x0 mDataSignalIconId1=0x7f0200cf mDataSignalIconId2=0x7f0200d5 mDataTypeIconId1=0x7f02009d mDataTypeIconId2=0x7f02009d mWifiIconId=0x7f0200ef mRoamingIconId1=0x0 mRoamingIconId2=0x0 mBluetoothTetherIconId=0x10806ce
01-09 14:06:18.202 D/SignalClusterView(504): wifi: VISIBLE sig=2130837743 act=2130837721
01-09 14:06:18.202 D/SignalClusterView(504): mobile1: VISIBLE sig=2130837711 act=0 typ=2130837661
01-09 14:06:18.202 D/SignalClusterView(504): mobile2: VISIBLE sig=2130837717 act=0 typ=2130837661
01-09 14:06:18.202 D/SignalClusterView(504): wifi: VISIBLE sig=2130837743 act=2130837721
01-09 14:06:18.202 D/SignalClusterView(504): mobile1: VISIBLE sig=2130837711 act=0 typ=2130837661
01-09 14:06:18.202 D/SignalClusterView(504): mobile2: VISIBLE sig=2130837717 act=0 typ=2130837661
01-09 14:06:18.202 D/SignalClusterView(504): wifi: VISIBLE sig=2130837743 act=2130837721
01-09 14:06:18.202 D/SignalClusterView(504): mobile1: VISIBLE sig=2130837711 act=0 typ=2130837661
01-09 14:06:18.212 D/SignalClusterView(504): mobile2: VISIBLE sig=2130837717 act=0 typ=2130837661
01-09 14:06:19.342 I/NRFW    (1283): profile=wifi
01-09 14:06:19.342 I/NRFW    (1283): serverip=180.76.3.90 localIp=10.0.8.1
01-09 14:06:19.712 D/BatteryService(378): update start
01-09 14:06:19.722 D/KeyguardUpdateMonitor(378): received broadcast android.intent.action.BATTERY_CHANGED
01-09 14:06:19.722 D/KeyguardUpdateMonitor(378): handleBatteryUpdate
01-09 14:06:19.722 D/BatteryService(378): level:45 scale:100 status:3 health:2 present:true voltage: 3777 temperature: 240 technology: Li-ion AC powered:false USB powered:false icon:17303167 invalid charger:0
01-09 14:06:19.722 D/ThermistorObserver(378): mBatteryBRForAMOLED : onReceive() : newTemperature : 240
01-09 14:06:19.722 V/UiModeManager(378): updateLocked, mLastBroadcastState =0 , oldAction = null
01-09 14:06:19.722 D/STATUSBAR-BatteryController(504): onReceive() - ACTION_BATTERY_CHANGED
01-09 14:06:19.722 D/STATUSBAR-BatteryController(504): onReceive() - level:45
01-09 14:06:19.722 D/STATUSBAR-BatteryController(504): onReceive() - plugged:0
01-09 14:06:19.722 D/STATUSBAR-BatteryController(504): onReceive() - BATTERY_STATUS_DISCHARGING: stat_sys_battery
01-09 14:06:19.722 D/STATUSBAR-PhoneStatusBar(504): ACTION_BATTERY_CHANGED
01-09 14:06:19.722 D/STATUSBAR-PhoneStatusBar(504): NORMAL_BATTERY
01-09 14:06:19.732 W/SignalStrength(504): getGsmLevel. this.mGsmSignalBar=4, getGsmSignalStrength()== 12
01-09 14:06:19.732 W/SignalStrength(504): getGsmLevel=4
01-09 14:06:19.732 W/SignalStrength(504): getLevel=4 (SignalStrength: 12 255 -120 -160 -120 -1 -1 99 2147483647 -32767 2147483647 -32767 gsm|lte 4)
01-09 14:06:19.732 W/SignalStrength(504): getGsmLevel. this.mGsmSignalBar=4, getGsmSignalStrength()== 26
01-09 14:06:19.732 W/SignalStrength(504): getGsmLevel=4
01-09 14:06:19.732 W/SignalStrength(504): getLevel=4 (SignalStrength: 26 255 -120 -160 -120 -1 -1 99 2147483647 -32767 2147483647 -32767 gsm|lte 4)
01-09 14:06:19.732 D/PowerUI (504): getBatteryOnline : battery online file not found
01-09 14:06:19.732 D/StatusBar-NetworkControllerDS(504): refreshViews connected={ wifi } level=4|4 combinedSignalIconId=0x7f0200ef/com.android.systemui:drawable/stat_sys_wifi_signal_4 combinedActivityIconId=0x7f0200d8 mAirplaneMode=false mDataActivity1=0 mDataActivity2=0 mPhoneSignalIconId1=0x7f0200cf mPhoneSignalIconId2=0x7f0200d5 mLastPhoneSignalIconId1=0x7f0200cf mLastPhoneSignalIconId2=0x7f0200d5 mDataDirectionIconId1=0x0 mDataDirectionIconId2=0x0 mDataSignalIconId1=0x7f0200cf mDataSignalIconId2=0x7f0200d5 mDataTypeIconId1=0x7f02009d mDataTypeIconId2=0x7f02009d mWifiIconId=0x7f0200ef mRoamingIconId1=0x0 mRoamingIconId2=0x0 mBluetoothTetherIconId=0x10806ce
01-09 14:06:19.732 D/SignalClusterView(504): wifi: VISIBLE sig=2130837743 act=2130837720
01-09 14:06:19.732 D/SignalClusterView(504): mobile1: VISIBLE sig=2130837711 act=0 typ=2130837661
01-09 14:06:19.732 D/SignalClusterView(504): mobile2: VISIBLE sig=2130837717 act=0 typ=2130837661
01-09 14:06:19.732 D/SignalClusterView(504): wifi: VISIBLE sig=2130837743 act=2130837720
01-09 14:06:19.732 D/SignalClusterView(504): mobile1: VISIBLE sig=2130837711 act=0 typ=2130837661
01-09 14:06:19.732 D/SignalClusterView(504): mobile2: VISIBLE sig=2130837717 act=0 typ=2130837661
01-09 14:06:19.732 D/SignalClusterView(504): wifi: VISIBLE sig=2130837743 act=2130837720
01-09 14:06:19.732 D/SignalClusterView(504): mobile1: VISIBLE sig=2130837711 act=0 typ=2130837661
01-09 14:06:19.732 D/SignalClusterView(504): mobile2: VISIBLE sig=2130837717 act=0 typ=2130837661
01-09 14:06:19.732 D/StatusBar-NetworkControllerDS(504): changing data overlay icon id to 2130837720
01-09 14:06:20.532 D/ConnectivityService(378): reportNetworkCondition(1, 100)
01-09 14:06:20.532 D/ConnectivityService(378): handleInetConditionChange: net=1, condition=100,mActiveDefaultNetwork=1
01-09 14:06:20.532 D/ConnectivityService(378): handleInetConditionChange: starting a change hold
01-09 14:06:20.532 W/AlarmManager(378): FACTORY_ON= 0
01-09 14:06:20.572 V/Babel   (21305): [GcmIntentService] ReceiveServerUpdateService will handle all server updates.
01-09 14:06:20.732 W/SignalStrength(504): getGsmLevel. this.mGsmSignalBar=4, getGsmSignalStrength()== 12
01-09 14:06:20.732 W/SignalStrength(504): getGsmLevel=4
01-09 14:06:20.732 W/SignalStrength(504): getLevel=4 (SignalStrength: 12 255 -120 -160 -120 -1 -1 99 2147483647 -32767 2147483647 -32767 gsm|lte 4)
01-09 14:06:20.732 W/SignalStrength(504): getGsmLevel. this.mGsmSignalBar=4, getGsmSignalStrength()== 26
01-09 14:06:20.732 W/SignalStrength(504): getGsmLevel=4
01-09 14:06:20.732 W/SignalStrength(504): getLevel=4 (SignalStrength: 26 255 -120 -160 -120 -1 -1 99 2147483647 -32767 2147483647 -32767 gsm|lte 4)
01-09 14:06:20.732 D/StatusBar-NetworkControllerDS(504): refreshViews connected={ wifi } level=4|4 combinedSignalIconId=0x7f0200ef/com.android.systemui:drawable/stat_sys_wifi_signal_4 combinedActivityIconId=0x7f0200d9 mAirplaneMode=false mDataActivity1=0 mDataActivity2=0 mPhoneSignalIconId1=0x7f0200cf mPhoneSignalIconId2=0x7f0200d5 mLastPhoneSignalIconId1=0x7f0200cf mLastPhoneSignalIconId2=0x7f0200d5 mDataDirectionIconId1=0x0 mDataDirectionIconId2=0x0 mDataSignalIconId1=0x7f0200cf mDataSignalIconId2=0x7f0200d5 mDataTypeIconId1=0x7f02009d mDataTypeIconId2=0x7f02009d mWifiIconId=0x7f0200ef mRoamingIconId1=0x0 mRoamingIconId2=0x0 mBluetoothTetherIconId=0x10806ce
01-09 14:06:20.732 D/SignalClusterView(504): wifi: VISIBLE sig=2130837743 act=2130837721
01-09 14:06:20.732 D/SignalClusterView(504): mobile1: VISIBLE sig=2130837711 act=0 typ=2130837661
01-09 14:06:20.732 D/SignalClusterView(504): mobile2: VISIBLE sig=2130837717 act=0 typ=2130837661
01-09 14:06:20.732 D/SignalClusterView(504): wifi: VISIBLE sig=2130837743 act=2130837721
01-09 14:06:20.732 D/SignalClusterView(504): mobile1: VISIBLE sig=2130837711 act=0 typ=2130837661
01-09 14:06:20.732 D/SignalClusterView(504): mobile2: VISIBLE sig=2130837717 act=0 typ=2130837661
01-09 14:06:20.752 D/SignalClusterView(504): wifi: VISIBLE sig=2130837743 act=2130837721
01-09 14:06:20.752 D/SignalClusterView(504): mobile1: VISIBLE sig=2130837711 act=0 typ=2130837661
01-09 14:06:20.752 D/SignalClusterView(504): mobile2: VISIBLE sig=2130837717 act=0 typ=2130837661
01-09 14:06:20.752 D/StatusBar-NetworkControllerDS(504): changing data overlay icon id to 2130837721
01-09 14:06:20.932 D/plugin  (689): getDefaultSubscription()
01-09 14:06:21.032 W/SignalStrength(504): getGsmLevel. this.mGsmSignalBar=4, getGsmSignalStrength()== 12
01-09 14:06:21.032 W/SignalStrength(504): getGsmLevel=4
01-09 14:06:21.032 W/SignalStrength(504): getLevel=4 (SignalStrength: 12 255 -120 -160 -120 -1 -1 99 2147483647 -32767 2147483647 -32767 gsm|lte 4)
01-09 14:06:21.032 W/SignalStrength(504): getGsmLevel. this.mGsmSignalBar=4, getGsmSignalStrength()== 26
01-09 14:06:21.032 W/SignalStrength(504): getGsmLevel=4
01-09 14:06:21.032 W/SignalStrength(504): getLevel=4 (SignalStrength: 26 255 -120 -160 -120 -1 -1 99 2147483647 -32767 2147483647 -32767 gsm|lte 4)
01-09 14:06:21.032 W/SignalStrength(504): getGsmLevel. this.mGsmSignalBar=4, getGsmSignalStrength()== 12
01-09 14:06:21.032 W/SignalStrength(504): getGsmLevel=4
01-09 14:06:21.032 W/SignalStrength(504): getLevel=4 (SignalStrength: 12 255 -120 -160 -120 -1 -1 99 2147483647 -32767 2147483647 -32767 gsm|lte 4)
01-09 14:06:21.032 W/SignalStrength(504): getGsmLevel. this.mGsmSignalBar=4, getGsmSignalStrength()== 26
01-09 14:06:21.032 W/SignalStrength(504): getGsmLevel=4
01-09 14:06:21.032 W/SignalStrength(504): getLevel=4 (SignalStrength: 26 255 -120 -160 -120 -1 -1 99 2147483647 -32767 2147483647 -32767 gsm|lte 4)
01-09 14:06:21.032 D/ConnectivityService(378): handleInetConditionHoldEnd: net=1, condition=100, published condition=100
01-09 14:06:21.032 D/ConnectivityService(378): sendStickyBroadcast: action=android.net.conn.INET_CONDITION_ACTION
01-09 14:06:21.032 D/TWStatusBar-NetworkControllerDS(504): onReceive() - CONNECTIVITY_ACTION, INET_CONDITION_ACTION
01-09 14:06:21.032 D/StatusBar-NetworkControllerDS(504): isDualSIM : SimState = 2, SimState2 = 2
01-09 14:06:21.032 D/StatusBar-NetworkControllerDS(504): isDualSIM : SimState = 2, SimState2 = 2
01-09 14:06:21.032 D/StatusBar-NetworkControllerDS(504): isDualSIM : SimState = 2, SimState2 = 2
01-09 14:06:21.032 D/StatusBar-NetworkControllerDS(504): isDualSIM : SimState = 2, SimState2 = 2
01-09 14:06:21.042 D/StatusBar-NetworkControllerDS(504): refreshViews connected={ wifi } level=4|4 combinedSignalIconId=0x7f0200ef/com.android.systemui:drawable/stat_sys_wifi_signal_4 combinedActivityIconId=0x7f0200d9 mAirplaneMode=false mDataActivity1=0 mDataActivity2=0 mPhoneSignalIconId1=0x7f0200cf mPhoneSignalIconId2=0x7f0200d5 mLastPhoneSignalIconId1=0x7f0200cf mLastPhoneSignalIconId2=0x7f0200d5 mDataDirectionIconId1=0x0 mDataDirectionIconId2=0x0 mDataSignalIconId1=0x7f0200cf mDataSignalIconId2=0x7f0200d5 mDataTypeIconId1=0x7f02009d mDataTypeIconId2=0x7f02009d mWifiIconId=0x7f0200ef mRoamingIconId1=0x0 mRoamingIconId2=0x0 mBluetoothTetherIconId=0x10806ce
01-09 14:06:21.042 D/SignalClusterView(504): wifi: VISIBLE sig=2130837743 act=2130837721
01-09 14:06:21.042 D/SignalClusterView(504): mobile1: VISIBLE sig=2130837711 act=0 typ=2130837661
01-09 14:06:21.042 D/SignalClusterView(504): mobile2: VISIBLE sig=2130837717 act=0 typ=2130837661
01-09 14:06:21.042 D/SignalClusterView(504): wifi: VISIBLE sig=2130837743 act=2130837721
01-09 14:06:21.042 D/SignalClusterView(504): mobile1: VISIBLE sig=2130837711 act=0 typ=2130837661
01-09 14:06:21.042 D/SignalClusterView(504): mobile2: VISIBLE sig=2130837717 act=0 typ=2130837661
01-09 14:06:21.042 D/SignalClusterView(504): wifi: VISIBLE sig=2130837743 act=2130837721
01-09 14:06:21.042 D/SignalClusterView(504): mobile1: VISIBLE sig=2130837711 act=0 typ=2130837661
01-09 14:06:21.042 D/SignalClusterView(504): mobile2: VISIBLE sig=2130837717 act=0 typ=2130837661
01-09 14:06:21.272 D/dalvikvm(1823): GC_FOR_ALLOC freed 3193K, 29% free 14492K/20131K, paused 317ms
01-09 14:06:21.302 D/STATUSBAR-NotificationService(378): cancelNotification - pkg:com.google.android.talk, id:0, tag:com.google.android.talk1
01-09 14:06:21.342 D/STATUSBAR-NotificationService(378): cancelNotification - pkg:com.google.android.talk, id:7, tag:com.google.android.talk1
01-09 14:06:21.382 D/plugin  (689): getDefaultSubscription()
01-09 14:06:21.462 D/plugin  (689): getDefaultSubscription()
01-09 14:06:21.542 D/plugin  (689): getDefaultSubscription()
01-09 14:06:21.632 D/plugin  (689): getDefaultSubscription()
01-09 14:06:22.752 W/SignalStrength(504): getGsmLevel. this.mGsmSignalBar=4, getGsmSignalStrength()== 12
01-09 14:06:22.752 W/SignalStrength(504): getGsmLevel=4
01-09 14:06:22.752 W/SignalStrength(504): getLevel=4 (SignalStrength: 12 255 -120 -160 -120 -1 -1 99 2147483647 -32767 2147483647 -32767 gsm|lte 4)
01-09 14:06:22.752 W/SignalStrength(504): getGsmLevel. this.mGsmSignalBar=4, getGsmSignalStrength()== 26
01-09 14:06:22.752 W/SignalStrength(504): getGsmLevel=4
01-09 14:06:22.752 W/SignalStrength(504): getLevel=4 (SignalStrength: 26 255 -120 -160 -120 -1 -1 99 2147483647 -32767 2147483647 -32767 gsm|lte 4)
01-09 14:06:22.752 D/StatusBar-NetworkControllerDS(504): refreshViews connected={ wifi } level=4|4 combinedSignalIconId=0x7f0200ef/com.android.systemui:drawable/stat_sys_wifi_signal_4 combinedActivityIconId=0x7f0200d8 mAirplaneMode=false mDataActivity1=0 mDataActivity2=0 mPhoneSignalIconId1=0x7f0200cf mPhoneSignalIconId2=0x7f0200d5 mLastPhoneSignalIconId1=0x7f0200cf mLastPhoneSignalIconId2=0x7f0200d5 mDataDirectionIconId1=0x0 mDataDirectionIconId2=0x0 mDataSignalIconId1=0x7f0200cf mDataSignalIconId2=0x7f0200d5 mDataTypeIconId1=0x7f02009d mDataTypeIconId2=0x7f02009d mWifiIconId=0x7f0200ef mRoamingIconId1=0x0 mRoamingIconId2=0x0 mBluetoothTetherIconId=0x10806ce
01-09 14:06:22.752 D/SignalClusterView(504): wifi: VISIBLE sig=2130837743 act=2130837720
01-09 14:06:22.752 D/SignalClusterView(504): mobile1: VISIBLE sig=2130837711 act=0 typ=2130837661
01-09 14:06:22.752 D/SignalClusterView(504): mobile2: VISIBLE sig=2130837717 act=0 typ=2130837661
01-09 14:06:22.752 D/SignalClusterView(504): wifi: VISIBLE sig=2130837743 act=2130837720
01-09 14:06:22.752 D/SignalClusterView(504): mobile1: VISIBLE sig=2130837711 act=0 typ=2130837661
01-09 14:06:22.752 D/SignalClusterView(504): mobile2: VISIBLE sig=2130837717 act=0 typ=2130837661
01-09 14:06:22.752 D/SignalClusterView(504): wifi: VISIBLE sig=2130837743 act=2130837720
01-09 14:06:22.752 D/SignalClusterView(504): mobile1: VISIBLE sig=2130837711 act=0 typ=2130837661
01-09 14:06:22.752 D/SignalClusterView(504): mobile2: VISIBLE sig=2130837717 act=0 typ=2130837661
01-09 14:06:22.752 D/StatusBar-NetworkControllerDS(504): changing data overlay icon id to 2130837720
01-09 14:06:24.742 W/SignalStrength(504): getGsmLevel. this.mGsmSignalBar=4, getGsmSignalStrength()== 12
01-09 14:06:24.742 W/SignalStrength(504): getGsmLevel=4
01-09 14:06:24.742 W/SignalStrength(504): getLevel=4 (SignalStrength: 12 255 -120 -160 -120 -1 -1 99 2147483647 -32767 2147483647 -32767 gsm|lte 4)
01-09 14:06:24.742 W/SignalStrength(504): getGsmLevel. this.mGsmSignalBar=4, getGsmSignalStrength()== 26
01-09 14:06:24.742 W/SignalStrength(504): getGsmLevel=4
01-09 14:06:24.742 W/SignalStrength(504): getLevel=4 (SignalStrength: 26 255 -120 -160 -120 -1 -1 99 2147483647 -32767 2147483647 -32767 gsm|lte 4)
01-09 14:06:24.742 D/StatusBar-NetworkControllerDS(504): refreshViews connected={ wifi } level=4|4 combinedSignalIconId=0x7f0200ef/com.android.systemui:drawable/stat_sys_wifi_signal_4 combinedActivityIconId=0x7f0200d9 mAirplaneMode=false mDataActivity1=0 mDataActivity2=0 mPhoneSignalIconId1=0x7f0200cf mPhoneSignalIconId2=0x7f0200d5 mLastPhoneSignalIconId1=0x7f0200cf mLastPhoneSignalIconId2=0x7f0200d5 mDataDirectionIconId1=0x0 mDataDirectionIconId2=0x0 mDataSignalIconId1=0x7f0200cf mDataSignalIconId2=0x7f0200d5 mDataTypeIconId1=0x7f02009d mDataTypeIconId2=0x7f02009d mWifiIconId=0x7f0200ef mRoamingIconId1=0x0 mRoamingIconId2=0x0 mBluetoothTetherIconId=0x10806ce
01-09 14:06:24.742 D/SignalClusterView(504): wifi: VISIBLE sig=2130837743 act=2130837721
01-09 14:06:24.742 D/SignalClusterView(504): mobile1: VISIBLE sig=2130837711 act=0 typ=2130837661
01-09 14:06:24.752 D/SignalClusterView(504): mobile2: VISIBLE sig=2130837717 act=0 typ=2130837661
01-09 14:06:24.752 D/SignalClusterView(504): wifi: VISIBLE sig=2130837743 act=2130837721
01-09 14:06:24.752 D/SignalClusterView(504): mobile1: VISIBLE sig=2130837711 act=0 typ=2130837661
01-09 14:06:24.752 D/SignalClusterView(504): mobile2: VISIBLE sig=2130837717 act=0 typ=2130837661
01-09 14:06:24.752 D/SignalClusterView(504): wifi: VISIBLE sig=2130837743 act=2130837721
01-09 14:06:24.752 D/SignalClusterView(504): mobile1: VISIBLE sig=2130837711 act=0 typ=2130837661
01-09 14:06:24.752 D/SignalClusterView(504): mobile2: VISIBLE sig=2130837717 act=0 typ=2130837661
01-09 14:06:24.752 D/StatusBar-NetworkControllerDS(504): changing data overlay icon id to 2130837721
01-09 14:06:25.752 W/SignalStrength(504): getGsmLevel. this.mGsmSignalBar=4, getGsmSignalStrength()== 12
01-09 14:06:25.752 W/SignalStrength(504): getGsmLevel=4
01-09 14:06:25.752 W/SignalStrength(504): getLevel=4 (SignalStrength: 12 255 -120 -160 -120 -1 -1 99 2147483647 -32767 2147483647 -32767 gsm|lte 4)
01-09 14:06:25.752 W/SignalStrength(504): getGsmLevel. this.mGsmSignalBar=4, getGsmSignalStrength()== 26
01-09 14:06:25.752 W/SignalStrength(504): getGsmLevel=4
01-09 14:06:25.752 W/SignalStrength(504): getLevel=4 (SignalStrength: 26 255 -120 -160 -120 -1 -1 99 2147483647 -32767 2147483647 -32767 gsm|lte 4)
01-09 14:06:25.752 D/StatusBar-NetworkControllerDS(504): refreshViews connected={ wifi } level=4|4 combinedSignalIconId=0x7f0200ef/com.android.systemui:drawable/stat_sys_wifi_signal_4 combinedActivityIconId=0x7f0200d8 mAirplaneMode=false mDataActivity1=0 mDataActivity2=0 mPhoneSignalIconId1=0x7f0200cf mPhoneSignalIconId2=0x7f0200d5 mLastPhoneSignalIconId1=0x7f0200cf mLastPhoneSignalIconId2=0x7f0200d5 mDataDirectionIconId1=0x0 mDataDirectionIconId2=0x0 mDataSignalIconId1=0x7f0200cf mDataSignalIconId2=0x7f0200d5 mDataTypeIconId1=0x7f02009d mDataTypeIconId2=0x7f02009d mWifiIconId=0x7f0200ef mRoamingIconId1=0x0 mRoamingIconId2=0x0 mBluetoothTetherIconId=0x10806ce
01-09 14:06:25.752 D/SignalClusterView(504): wifi: VISIBLE sig=2130837743 act=2130837720
01-09 14:06:25.752 D/SignalClusterView(504): mobile1: VISIBLE sig=2130837711 act=0 typ=2130837661
01-09 14:06:25.752 D/SignalClusterView(504): mobile2: VISIBLE sig=2130837717 act=0 typ=2130837661
01-09 14:06:25.752 D/SignalClusterView(504): wifi: VISIBLE sig=2130837743 act=2130837720
01-09 14:06:25.752 D/SignalClusterView(504): mobile1: VISIBLE sig=2130837711 act=0 typ=2130837661
01-09 14:06:25.752 D/SignalClusterView(504): mobile2: VISIBLE sig=2130837717 act=0 typ=2130837661
01-09 14:06:25.752 D/SignalClusterView(504): wifi: VISIBLE sig=2130837743 act=2130837720
01-09 14:06:25.752 D/SignalClusterView(504): mobile1: VISIBLE sig=2130837711 act=0 typ=2130837661
01-09 14:06:25.752 D/SignalClusterView(504): mobile2: VISIBLE sig=2130837717 act=0 typ=2130837661
01-09 14:06:25.752 D/StatusBar-NetworkControllerDS(504): changing data overlay icon id to 2130837720
01-09 14:06:26.202 D/Tethering(378): interfaceLinkStateChanged wlan0, true
01-09 14:06:26.202 D/Tethering(378): interfaceStatusChanged wlan0, true
01-09 14:06:26.862 I/NRFW    (1283): profile=wifi
01-09 14:06:26.872 I/NRFW    (1283): serverip=103.235.47.88 localIp=10.0.8.1
01-09 14:06:26.882 I/DNS     (1283): 103.235.47.88 h_errno=1
01-09 14:06:26.902 I/DNS     (1283): 149.154.167.51 h_errno=1
01-09 14:06:27.032 D/dalvikvm(1283): GC_CONCURRENT freed 3123K, 44% free 11706K/20579K, paused 2ms+9ms
01-09 14:06:27.752 W/SignalStrength(504): getGsmLevel. this.mGsmSignalBar=4, getGsmSignalStrength()== 12
01-09 14:06:27.752 W/SignalStrength(504): getGsmLevel=4
01-09 14:06:27.752 W/SignalStrength(504): getLevel=4 (SignalStrength: 12 255 -120 -160 -120 -1 -1 99 2147483647 -32767 2147483647 -32767 gsm|lte 4)
01-09 14:06:27.752 W/SignalStrength(504): getGsmLevel. this.mGsmSignalBar=4, getGsmSignalStrength()== 26
01-09 14:06:27.752 W/SignalStrength(504): getGsmLevel=4
01-09 14:06:27.752 W/SignalStrength(504): getLevel=4 (SignalStrength: 26 255 -120 -160 -120 -1 -1 99 2147483647 -32767 2147483647 -32767 gsm|lte 4)
01-09 14:06:27.752 D/StatusBar-NetworkControllerDS(504): refreshViews connected={ wifi } level=4|4 combinedSignalIconId=0x7f0200ef/com.android.systemui:drawable/stat_sys_wifi_signal_4 combinedActivityIconId=0x7f0200d9 mAirplaneMode=false mDataActivity1=0 mDataActivity2=0 mPhoneSignalIconId1=0x7f0200cf mPhoneSignalIconId2=0x7f0200d5 mLastPhoneSignalIconId1=0x7f0200cf mLastPhoneSignalIconId2=0x7f0200d5 mDataDirectionIconId1=0x0 mDataDirectionIconId2=0x0 mDataSignalIconId1=0x7f0200cf mDataSignalIconId2=0x7f0200d5 mDataTypeIconId1=0x7f02009d mDataTypeIconId2=0x7f02009d mWifiIconId=0x7f0200ef mRoamingIconId1=0x0 mRoamingIconId2=0x0 mBluetoothTetherIconId=0x10806ce
01-09 14:06:27.752 D/SignalClusterView(504): wifi: VISIBLE sig=2130837743 act=2130837721
01-09 14:06:27.752 D/SignalClusterView(504): mobile1: VISIBLE sig=2130837711 act=0 typ=2130837661
01-09 14:06:27.752 D/SignalClusterView(504): mobile2: VISIBLE sig=2130837717 act=0 typ=2130837661
01-09 14:06:27.752 D/SignalClusterView(504): wifi: VISIBLE sig=2130837743 act=2130837721
