01-09 14:10:24.202 D/STATUSBAR-NotificationService(378): updateLightsLocked() : Turn off notification light
01-09 14:10:24.212 D/KeyguardViewMediator(378): setHidden false
01-09 14:10:24.232 D/KeyguardViewMediator(378): setHidden false
01-09 14:10:24.242 V/AudioHardwareMSM7X27A(113): MBADRC and ADRC Disabled
01-09 14:10:24.242 I/AudioHardwareMSM7X27A(113): disabling post proc features with mask 0x0000
01-09 14:10:24.292 E/MediaPlayer(21305): mOnVideoSizeChangedListener is null. Failed to send MEDIA_SET_VIDEO_SIZE message.
01-09 14:10:24.292 I/MediaPlayer(21305): Don't send intent. msg.arg1 = 0, msg.arg2 = 0
01-09 14:10:24.292 E/MediaPlayer(21305): mOnPreparedListener is null. Failed to send MEDIA_PREPARED message.
01-09 14:10:24.292 D/STATUSBAR-NotificationService(378): cancelNotification - pkg:com.google.android.talk, id:7, tag:com.google.android.talk1
01-09 14:10:24.442 D/plugin  (689): getDefaultSubscription()
01-09 14:10:24.512 W/MediaPlayer-JNI(21305): MediaPlayer finalized without being released
01-09 14:10:24.512 V/MediaPlayer(21305): setListener
01-09 14:10:24.512 V/MediaPlayer(21305): disconnect
01-09 14:10:24.512 V/MediaPlayerService(113): disconnect(823) from pid 21305
01-09 14:10:24.512 I/AwesomePlayer(113): reset
01-09 14:10:24.512 V/AwesomePlayer(113): reset_l() cancel player events
01-09 14:10:24.512 V/AwesomePlayer(113): cancelPlayerEvents (keepNotifications=0)
01-09 14:10:24.512 V/AwesomePlayer(113): mAudioTrackVector clear
01-09 14:10:24.512 V/AwesomePlayer(113): reset_l() stop AudioSource since AudioPlayer not exist
01-09 14:10:24.512 I/OMXCodec(113): [OMX.google.vorbis.decoder] stop mState=4
01-09 14:10:24.512 I/OMXCodec(113): [OMX.google.vorbis.decoder] stopped in state 1
01-09 14:10:24.512 I/OMXCodec(113): OMXCodec destructor 1
01-09 14:10:24.512 V/AwesomePlayer(113): mAudioPlayer successfully deleted
01-09 14:10:24.512 I/AwesomePlayer(113): reset
01-09 14:10:24.512 V/AwesomePlayer(113): reset_l() cancel player events
01-09 14:10:24.512 V/AwesomePlayer(113): cancelPlayerEvents (keepNotifications=0)
01-09 14:10:24.512 V/AwesomePlayer(113): mAudioTrackVector clear
01-09 14:10:24.512 V/AwesomePlayer(113): mAudioPlayer successfully deleted
01-09 14:10:24.512 V/AwesomePlayer(113): destructor
01-09 14:10:24.512 I/AwesomePlayer(113): reset
01-09 14:10:24.512 V/AwesomePlayer(113): reset_l() cancel player events
01-09 14:10:24.512 V/AwesomePlayer(113): cancelPlayerEvents (keepNotifications=0)
01-09 14:10:24.512 V/AwesomePlayer(113): mAudioTrackVector clear
01-09 14:10:24.512 V/AwesomePlayer(113): mAudioPlayer successfully deleted
01-09 14:10:24.512 V/AwesomePlayer(113): ~AwesomePlayer()
01-09 14:10:24.512 V/MediaPlayer(21305): destructor
01-09 14:10:24.512 V/MediaPlayerService(113): Client(823) destructor pid = 21305
01-09 14:10:24.512 V/AudioSink(113): close
01-09 14:10:24.512 V/MediaPlayerService(113): disconnect(823) from pid 21305
01-09 14:10:24.512 V/MediaPlayer(21305): disconnect
01-09 14:10:24.522 D/dalvikvm(21305): GC_EXPLICIT freed 5009K, 25% free 19754K/26019K, paused 4ms+16ms
01-09 14:10:24.522 V/MediaPlayer(21305): constructor
01-09 14:10:24.522 D/STATUSBAR-NotificationService(378): cancelNotification - pkg:com.google.android.talk, id:0, tag:com.google.android.talk1
01-09 14:10:24.532 V/MediaPlayer(21305): setListener
01-09 14:10:24.532 V/MediaPlayer(21305): constructor
01-09 14:10:24.532 V/MediaPlayer(21305): setListener
01-09 14:10:24.532 I/MediaPlayer(21305): path is null
01-09 14:10:24.532 V/MediaPlayer(21305): setDataSource(55, 13512616, 30056)
01-09 14:10:24.532 V/MediaPlayerService(113): Client(832) constructor
01-09 14:10:24.532 V/MediaPlayerService(113): Create new client(832) from pid 21305, uid 10089, 
01-09 14:10:24.542 V/MediaPlayerService(113): setDataSource fd=49, offset=13512616, length=30056
01-09 14:10:24.542 V/MediaPlayerService(113): st_dev  = 45849
01-09 14:10:24.542 V/MediaPlayerService(113): st_mode = 33188
01-09 14:10:24.542 V/MediaPlayerService(113): st_uid  = 1000
01-09 14:10:24.542 V/MediaPlayerService(113): st_gid  = 1000
01-09 14:10:24.542 V/MediaPlayerService(113): st_size = 25944922
01-09 14:10:24.542 V/MediaPlayerService(113): player type = 3
01-09 14:10:24.542 V/MediaPlayerService(113):  create StagefrightPlayer
01-09 14:10:24.542 V/AwesomePlayer(113): setDefault
01-09 14:10:24.542 V/AwesomePlayer(113): constructor
01-09 14:10:24.542 V/AwesomePlayer(113): setDefault
01-09 14:10:24.542 I/AwesomePlayer(113): reset
01-09 14:10:24.542 V/AwesomePlayer(113): reset_l() cancel player events
01-09 14:10:24.542 V/AwesomePlayer(113): cancelPlayerEvents (keepNotifications=0)
01-09 14:10:24.542 V/AwesomePlayer(113): mAudioTrackVector clear
01-09 14:10:24.542 V/AwesomePlayer(113): mAudioPlayer successfully deleted
01-09 14:10:24.542 V/AwesomePlayer(113): setListener
01-09 14:10:24.542 V/AwesomePlayer(113): AwesomePlayer running on behalf of uid 10089
01-09 14:10:24.542 V/AudioSink(113): AudioOutput(846)
01-09 14:10:24.542 V/AwesomePlayer(113): setAudioSink
01-09 14:10:24.542 V/AwesomePlayer(113): setDataSource fd
01-09 14:10:24.542 V/AwesomePlayer(113): reset_l() cancel player events
01-09 14:10:24.542 V/AwesomePlayer(113): cancelPlayerEvents (keepNotifications=0)
01-09 14:10:24.542 V/AwesomePlayer(113): mAudioTrackVector clear
01-09 14:10:24.542 V/AwesomePlayer(113): mAudioPlayer successfully deleted
01-09 14:10:24.542 V/MediaExtractor(113): Autodetected media content as 'application/ogg' with confidence 0.20
01-09 14:10:24.542 V/AwesomePlayer(113): track of type 'audio/vorbis' does not publish bitrate
01-09 14:10:24.542 V/AwesomePlayer(113): mBitrate = -1 bits/sec
01-09 14:10:24.542 V/AwesomePlayer(113): current audio track (0)
01-09 14:10:24.542 V/AwesomePlayer(113): setAudioSource
01-09 14:10:24.542 V/AwesomePlayer(113): current audio track (0) is added to vector[0]
01-09 14:10:24.542 V/MediaPlayer(21305): MediaPlayer::setAudioStreamType
01-09 14:10:24.542 V/MediaPlayer(21305): setVideoSurfaceTexture
01-09 14:10:24.542 V/MediaPlayerService(113): [832] setVideoSurfaceTexture(0x0)
01-09 14:10:24.542 V/MediaPlayer(21305): prepare
01-09 14:10:24.542 V/MediaPlayerService(113): [832] setAudioStreamType(2)
01-09 14:10:24.542 V/MediaPlayerService(113): [832] prepareAsync
01-09 14:10:24.542 V/AwesomePlayer(113): prepareAsync
01-09 14:10:24.542 V/AwesomePlayer(113): onPrepareAsyncEvent
01-09 14:10:24.542 V/AwesomePlayer(113): initAudioDecoder
01-09 14:10:24.542 W/OMXCodec(113): OMXCodec::Create matchComponentName ((null)), flags (0x0), createEncoder (0), mime (audio/vorbis)
01-09 14:10:24.552 W/OMXCodec(113): Attempting to allocate OMX node 'OMX.google.vorbis.decoder'
01-09 14:10:24.552 E/OMXCodec(113): Successfully allocated OMX node 'OMX.google.vorbis.decoder'
01-09 14:10:24.552 D/OMXCodec(113): configureCodec protected=0
01-09 14:10:24.552 V/AwesomePlayer(113): finishAsyncPrepare_l
01-09 14:10:24.552 V/AwesomePlayer(113): notifyListner_l() msg (5-MEDIA_SET_VIDEO_SIZE), ext1 (0), ext2 (0)
01-09 14:10:24.552 V/MediaPlayerService(113): [832] notify (0x146e7b8, 5, 0, 0)
01-09 14:10:24.552 V/MediaPlayer(21305): message received msg=5, ext1=0, ext2=0
01-09 14:10:24.552 V/MediaPlayer(21305): New video size 0 x 0
01-09 14:10:24.552 V/MediaPlayer(21305): callback application
01-09 14:10:24.552 V/MediaPlayer(21305): back from callback
01-09 14:10:24.552 V/AwesomePlayer(113): notifyListner_l() msg (1-MEDIA_PREPARED), ext1 (0), ext2 (0)
01-09 14:10:24.552 V/MediaPlayerService(113): [832] notify (0x146e7b8, 1, 0, 0)
01-09 14:10:24.552 V/MediaPlayer(21305): message received msg=1, ext1=0, ext2=0
01-09 14:10:24.552 V/MediaPlayer(21305): prepared
01-09 14:10:24.552 V/MediaPlayer(21305): signal application thread
01-09 14:10:24.552 V/MediaPlayer(21305): callback application
01-09 14:10:24.552 V/MediaPlayer(21305): back from callback
01-09 14:10:24.552 V/MediaPlayer(21305): prepare complete - status=0
01-09 14:10:24.552 V/MediaPlayer(21305): reset
01-09 14:10:24.552 I/MediaPlayer(21305): path is null
01-09 14:10:24.552 V/MediaPlayer(21305): setDataSource(55, 13512616, 30056)
01-09 14:10:24.552 V/MediaPlayerService(113): Client(833) constructor
01-09 14:10:24.552 V/MediaPlayerService(113): Create new client(833) from pid 21305, uid 10089, 
01-09 14:10:24.552 V/MediaPlayerService(113): setDataSource fd=54, offset=13512616, length=30056
01-09 14:10:24.552 V/MediaPlayerService(113): st_dev  = 45849
01-09 14:10:24.552 V/MediaPlayerService(113): st_mode = 33188
01-09 14:10:24.552 V/MediaPlayerService(113): st_uid  = 1000
01-09 14:10:24.552 V/MediaPlayerService(113): st_gid  = 1000
01-09 14:10:24.552 V/MediaPlayerService(113): st_size = 25944922
01-09 14:10:24.552 V/MediaPlayerService(113): player type = 3
01-09 14:10:24.552 V/MediaPlayerService(113):  create StagefrightPlayer
01-09 14:10:24.552 V/AwesomePlayer(113): setDefault
01-09 14:10:24.552 V/AwesomePlayer(113): constructor
01-09 14:10:24.552 V/AwesomePlayer(113): setDefault
01-09 14:10:24.552 I/AwesomePlayer(113): reset
01-09 14:10:24.552 V/AwesomePlayer(113): reset_l() cancel player events
01-09 14:10:24.552 V/AwesomePlayer(113): cancelPlayerEvents (keepNotifications=0)
01-09 14:10:24.552 V/AwesomePlayer(113): mAudioTrackVector clear
01-09 14:10:24.552 V/AwesomePlayer(113): mAudioPlayer successfully deleted
01-09 14:10:24.552 V/AwesomePlayer(113): setListener
01-09 14:10:24.552 V/AwesomePlayer(113): AwesomePlayer running on behalf of uid 10089
01-09 14:10:24.552 V/AudioSink(113): AudioOutput(845)
01-09 14:10:24.552 V/AwesomePlayer(113): setAudioSink
01-09 14:10:24.552 V/AwesomePlayer(113): setDataSource fd
01-09 14:10:24.552 V/AwesomePlayer(113): reset_l() cancel player events
01-09 14:10:24.552 V/AwesomePlayer(113): cancelPlayerEvents (keepNotifications=0)
01-09 14:10:24.552 V/AwesomePlayer(113): mAudioTrackVector clear
01-09 14:10:24.552 V/AwesomePlayer(113): mAudioPlayer successfully deleted
01-09 14:10:24.552 V/MediaExtractor(113): Autodetected media content as 'application/ogg' with confidence 0.20
01-09 14:10:24.562 V/AwesomePlayer(113): track of type 'audio/vorbis' does not publish bitrate
01-09 14:10:24.562 V/AwesomePlayer(113): mBitrate = -1 bits/sec
01-09 14:10:24.562 V/AwesomePlayer(113): current audio track (0)
01-09 14:10:24.562 V/AwesomePlayer(113): setAudioSource
01-09 14:10:24.562 V/AwesomePlayer(113): current audio track (0) is added to vector[0]
01-09 14:10:24.562 V/MediaPlayer(21305): setListener
01-09 14:10:24.562 V/MediaPlayer(21305): disconnect
01-09 14:10:24.562 V/MediaPlayerService(113): disconnect(833) from pid 21305
01-09 14:10:24.562 I/AwesomePlayer(113): reset
01-09 14:10:24.562 V/AwesomePlayer(113): reset_l() cancel player events
01-09 14:10:24.562 V/AwesomePlayer(113): cancelPlayerEvents (keepNotifications=0)
01-09 14:10:24.562 V/AwesomePlayer(113): mAudioTrackVector clear
01-09 14:10:24.562 V/AwesomePlayer(113): mAudioPlayer successfully deleted
01-09 14:10:24.562 I/AwesomePlayer(113): reset
01-09 14:10:24.562 V/AwesomePlayer(113): reset_l() cancel player events
01-09 14:10:24.562 V/AwesomePlayer(113): cancelPlayerEvents (keepNotifications=0)
01-09 14:10:24.562 V/AwesomePlayer(113): mAudioTrackVector clear
01-09 14:10:24.562 V/AwesomePlayer(113): mAudioPlayer successfully deleted
01-09 14:10:24.562 V/AwesomePlayer(113): destructor
01-09 14:10:24.562 I/AwesomePlayer(113): reset
01-09 14:10:24.562 V/AwesomePlayer(113): reset_l() cancel player events
01-09 14:10:24.562 V/AwesomePlayer(113): cancelPlayerEvents (keepNotifications=0)
01-09 14:10:24.562 V/AwesomePlayer(113): mAudioTrackVector clear
01-09 14:10:24.562 V/AwesomePlayer(113): mAudioPlayer successfully deleted
01-09 14:10:24.562 V/AwesomePlayer(113): ~AwesomePlayer()
01-09 14:10:24.562 V/MediaPlayer(21305): destructor
01-09 14:10:24.562 V/MediaPlayerService(113): Client(833) destructor pid = 21305
01-09 14:10:24.562 V/AudioSink(113): close
01-09 14:10:24.562 V/MediaPlayerService(113): disconnect(833) from pid 21305
01-09 14:10:24.562 V/MediaPlayer(21305): disconnect
01-09 14:10:24.592 D/ApplicationPolicy(378): isStatusBarNotificationAllowed: packageName = com.google.android.talk
01-09 14:10:24.592 D/STATUSBAR-NotificationService(378): Noti Alert - mSystemReady:true, AlertEnabled:true
01-09 14:10:24.592 D/STATUSBAR-NotificationService(378): updateLightsLocked() : Turn off notification light
01-09 14:10:24.622 D/KeyguardViewMediator(378): setHidden false
01-09 14:10:24.632 D/KeyguardViewMediator(378): setHidden false
01-09 14:10:24.632 W/SignalStrength(504): getGsmLevel. this.mGsmSignalBar=3, getGsmSignalStrength()== 11
01-09 14:10:24.632 W/SignalStrength(504): getGsmLevel=3
01-09 14:10:24.632 W/SignalStrength(504): getLevel=3 (SignalStrength: 11 255 -120 -160 -120 -1 -1 99 2147483647 -32767 2147483647 -32767 gsm|lte 3)
01-09 14:10:24.632 W/SignalStrength(504): getGsmLevel. this.mGsmSignalBar=4, getGsmSignalStrength()== 26
01-09 14:10:24.632 W/SignalStrength(504): getGsmLevel=4
01-09 14:10:24.632 W/SignalStrength(504): getLevel=4 (SignalStrength: 26 255 -120 -160 -120 -1 -1 99 2147483647 -32767 2147483647 -32767 gsm|lte 4)
01-09 14:10:24.632 D/StatusBar-NetworkControllerDS(504): refreshViews connected={ wifi } level=3|4 combinedSignalIconId=0x7f0200ef/com.android.systemui:drawable/stat_sys_wifi_signal_4 combinedActivityIconId=0x7f0200d8 mAirplaneMode=false mDataActivity1=0 mDataActivity2=0 mPhoneSignalIconId1=0x7f0200cd mPhoneSignalIconId2=0x7f0200d5 mLastPhoneSignalIconId1=0x7f0200cd mLastPhoneSignalIconId2=0x7f0200d5 mDataDirectionIconId1=0x0 mDataDirectionIconId2=0x0 mDataSignalIconId1=0x7f0200cd mDataSignalIconId2=0x7f0200d5 mDataTypeIconId1=0x7f02009d mDataTypeIconId2=0x7f02009d mWifiIconId=0x7f0200ef mRoamingIconId1=0x0 mRoamingIconId2=0x0 mBluetoothTetherIconId=0x10806ce
01-09 14:10:24.632 D/SignalClusterView(504): wifi: VISIBLE sig=2130837743 act=2130837720
01-09 14:10:24.632 D/SignalClusterView(504): mobile1: VISIBLE sig=2130837709 act=0 typ=2130837661
01-09 14:10:24.632 D/SignalClusterView(504): mobile2: VISIBLE sig=2130837717 act=0 typ=2130837661
01-09 14:10:24.632 D/SignalClusterView(504): wifi: VISIBLE sig=2130837743 act=2130837720
01-09 14:10:24.632 D/SignalClusterView(504): mobile1: VISIBLE sig=2130837709 act=0 typ=2130837661
01-09 14:10:24.632 D/SignalClusterView(504): mobile2: VISIBLE sig=2130837717 act=0 typ=2130837661
01-09 14:10:24.632 D/SignalClusterView(504): wifi: VISIBLE sig=2130837743 act=2130837720
01-09 14:10:24.632 D/SignalClusterView(504): mobile1: VISIBLE sig=2130837709 act=0 typ=2130837661
01-09 14:10:24.632 D/SignalClusterView(504): mobile2: VISIBLE sig=2130837717 act=0 typ=2130837661
01-09 14:10:24.632 D/StatusBar-NetworkControllerDS(504): changing data overlay icon id to 2130837720
01-09 14:10:24.652 W/MediaPlayer-JNI(21305): MediaPlayer finalized without being released
01-09 14:10:24.652 V/MediaPlayer(21305): setListener
01-09 14:10:24.652 V/MediaPlayer(21305): disconnect
01-09 14:10:24.652 V/MediaPlayerService(113): disconnect(825) from pid 21305
01-09 14:10:24.652 I/AwesomePlayer(113): reset
01-09 14:10:24.652 V/AwesomePlayer(113): reset_l() cancel player events
01-09 14:10:24.652 V/AwesomePlayer(113): cancelPlayerEvents (keepNotifications=0)
01-09 14:10:24.652 V/AwesomePlayer(113): mAudioTrackVector clear
01-09 14:10:24.652 V/AwesomePlayer(113): reset_l() stop AudioSource since AudioPlayer not exist
01-09 14:10:24.652 I/OMXCodec(113): [OMX.google.vorbis.decoder] stop mState=4
01-09 14:10:24.652 I/OMXCodec(113): [OMX.google.vorbis.decoder] stopped in state 1
01-09 14:10:24.652 I/OMXCodec(113): OMXCodec destructor 1
01-09 14:10:24.652 V/AwesomePlayer(113): mAudioPlayer successfully deleted
01-09 14:10:24.652 I/AwesomePlayer(113): reset
01-09 14:10:24.652 V/AwesomePlayer(113): reset_l() cancel player events
01-09 14:10:24.652 V/AwesomePlayer(113): cancelPlayerEvents (keepNotifications=0)
01-09 14:10:24.652 V/AwesomePlayer(113): mAudioTrackVector clear
01-09 14:10:24.652 V/AwesomePlayer(113): mAudioPlayer successfully deleted
01-09 14:10:24.652 V/AwesomePlayer(113): destructor
01-09 14:10:24.652 I/AwesomePlayer(113): reset
01-09 14:10:24.652 V/AwesomePlayer(113): reset_l() cancel player events
01-09 14:10:24.652 V/AwesomePlayer(113): cancelPlayerEvents (keepNotifications=0)
01-09 14:10:24.652 V/AwesomePlayer(113): mAudioTrackVector clear
01-09 14:10:24.652 V/AwesomePlayer(113): mAudioPlayer successfully deleted
01-09 14:10:24.652 V/AwesomePlayer(113): ~AwesomePlayer()
01-09 14:10:24.652 V/MediaPlayer(21305): destructor
01-09 14:10:24.652 V/MediaPlayerService(113): Client(825) destructor pid = 21305
01-09 14:10:24.652 V/AudioSink(113): close
01-09 14:10:24.652 V/MediaPlayerService(113): disconnect(825) from pid 21305
01-09 14:10:24.652 V/MediaPlayer(21305): disconnect
01-09 14:10:24.662 W/MediaPlayer-JNI(21305): MediaPlayer finalized without being released
01-09 14:10:24.662 V/MediaPlayer(21305): setListener
01-09 14:10:24.662 V/MediaPlayer(21305): disconnect
01-09 14:10:24.662 V/MediaPlayerService(113): disconnect(828) from pid 21305
01-09 14:10:24.662 I/AwesomePlayer(113): reset
01-09 14:10:24.662 V/AwesomePlayer(113): reset_l() cancel player events
01-09 14:10:24.662 V/AwesomePlayer(113): cancelPlayerEvents (keepNotifications=0)
01-09 14:10:24.662 V/AwesomePlayer(113): mAudioTrackVector clear
01-09 14:10:24.662 V/AwesomePlayer(113): reset_l() stop AudioSource since AudioPlayer not exist
01-09 14:10:24.662 I/OMXCodec(113): [OMX.google.vorbis.decoder] stop mState=4
01-09 14:10:24.672 I/OMXCodec(113): [OMX.google.vorbis.decoder] stopped in state 1
01-09 14:10:24.672 I/OMXCodec(113): OMXCodec destructor 1
01-09 14:10:24.672 V/AwesomePlayer(113): mAudioPlayer successfully deleted
01-09 14:10:24.672 I/AwesomePlayer(113): reset
01-09 14:10:24.672 V/AwesomePlayer(113): reset_l() cancel player events
01-09 14:10:24.672 V/AwesomePlayer(113): cancelPlayerEvents (keepNotifications=0)
01-09 14:10:24.672 V/AwesomePlayer(113): mAudioTrackVector clear
01-09 14:10:24.672 V/AwesomePlayer(113): mAudioPlayer successfully deleted
01-09 14:10:24.672 V/AwesomePlayer(113): destructor
01-09 14:10:24.672 I/AwesomePlayer(113): reset
01-09 14:10:24.672 V/AwesomePlayer(113): reset_l() cancel player events
01-09 14:10:24.672 V/AwesomePlayer(113): cancelPlayerEvents (keepNotifications=0)
01-09 14:10:24.672 V/AwesomePlayer(113): mAudioTrackVector clear
01-09 14:10:24.672 V/AwesomePlayer(113): mAudioPlayer successfully deleted
01-09 14:10:24.672 V/AwesomePlayer(113): ~AwesomePlayer()
01-09 14:10:24.672 V/MediaPlayer(21305): destructor
01-09 14:10:24.672 V/MediaPlayerService(113): Client(828) destructor pid = 21305
01-09 14:10:24.672 V/AudioSink(113): close
01-09 14:10:24.672 V/MediaPlayerService(113): disconnect(828) from pid 21305
01-09 14:10:24.672 V/MediaPlayer(21305): disconnect
01-09 14:10:24.672 W/MediaPlayer-JNI(21305): MediaPlayer finalized without being released
01-09 14:10:24.672 V/MediaPlayer(21305): setListener
01-09 14:10:24.672 V/MediaPlayer(21305): disconnect
01-09 14:10:24.672 V/MediaPlayerService(113): disconnect(830) from pid 21305
01-09 14:10:24.672 I/AwesomePlayer(113): reset
01-09 14:10:24.672 V/AwesomePlayer(113): reset_l() cancel player events
01-09 14:10:24.672 V/AwesomePlayer(113): cancelPlayerEvents (keepNotifications=0)
01-09 14:10:24.672 V/AwesomePlayer(113): mAudioTrackVector clear
01-09 14:10:24.672 V/AwesomePlayer(113): reset_l() stop AudioSource since AudioPlayer not exist
01-09 14:10:24.672 I/OMXCodec(113): [OMX.google.vorbis.decoder] stop mState=4
01-09 14:10:24.672 I/OMXCodec(113): [OMX.google.vorbis.decoder] stopped in state 1
01-09 14:10:24.672 I/OMXCodec(113): OMXCodec destructor 1
01-09 14:10:24.672 V/AwesomePlayer(113): mAudioPlayer successfully deleted
01-09 14:10:24.672 I/AwesomePlayer(113): reset
01-09 14:10:24.672 V/AwesomePlayer(113): reset_l() cancel player events
01-09 14:10:24.672 V/AwesomePlayer(113): cancelPlayerEvents (keepNotifications=0)
01-09 14:10:24.672 V/AwesomePlayer(113): mAudioTrackVector clear
01-09 14:10:24.672 V/AwesomePlayer(113): mAudioPlayer successfully deleted
01-09 14:10:24.672 V/AwesomePlayer(113): destructor
01-09 14:10:24.672 I/AwesomePlayer(113): reset
01-09 14:10:24.672 V/AwesomePlayer(113): reset_l() cancel player events
01-09 14:10:24.672 V/AwesomePlayer(113): cancelPlayerEvents (keepNotifications=0)
01-09 14:10:24.672 V/AwesomePlayer(113): mAudioTrackVector clear
01-09 14:10:24.672 V/AwesomePlayer(113): mAudioPlayer successfully deleted
01-09 14:10:24.672 V/AwesomePlayer(113): ~AwesomePlayer()
01-09 14:10:24.672 V/MediaPlayer(21305): destructor
01-09 14:10:24.672 V/MediaPlayerService(113): Client(830) destructor pid = 21305
01-09 14:10:24.672 V/AudioSink(113): close
01-09 14:10:24.672 V/MediaPlayerService(113): disconnect(830) from pid 21305
01-09 14:10:24.672 V/MediaPlayer(21305): disconnect
01-09 14:10:24.692 D/STATUSBAR-NotificationService(378): cancelNotification - pkg:com.google.android.talk, id:7, tag:com.google.android.talk1
01-09 14:10:24.732 D/plugin  (689): getDefaultSubscription()
01-09 14:10:24.842 D/plugin  (689): getDefaultSubscription()
01-09 14:10:24.942 D/plugin  (689): getDefaultSubscription()
01-09 14:10:25.022 D/plugin  (689): getDefaultSubscription()
01-09 14:10:25.142 D/plugin  (689): getDefaultSubscription()
01-09 14:10:25.242 D/plugin  (689): getDefaultSubscription()
01-09 14:10:25.332 D/plugin  (689): getDefaultSubscription()
01-09 14:10:25.422 D/plugin  (689): getDefaultSubscription()
01-09 14:10:25.512 D/plugin  (689): getDefaultSubscription()
01-09 14:10:25.622 W/SignalStrength(504): getGsmLevel. this.mGsmSignalBar=3, getGsmSignalStrength()== 11
01-09 14:10:25.622 W/SignalStrength(504): getGsmLevel=3
01-09 14:10:25.622 W/SignalStrength(504): getLevel=3 (SignalStrength: 11 255 -120 -160 -120 -1 -1 99 2147483647 -32767 2147483647 -32767 gsm|lte 3)
01-09 14:10:25.622 W/SignalStrength(504): getGsmLevel. this.mGsmSignalBar=4, getGsmSignalStrength()== 26
01-09 14:10:25.622 W/SignalStrength(504): getGsmLevel=4
01-09 14:10:25.622 W/SignalStrength(504): getLevel=4 (SignalStrength: 26 255 -120 -160 -120 -1 -1 99 2147483647 -32767 2147483647 -32767 gsm|lte 4)
01-09 14:10:25.622 D/StatusBar-NetworkControllerDS(504): refreshViews connected={ wifi } level=3|4 combinedSignalIconId=0x7f0200ef/com.android.systemui:drawable/stat_sys_wifi_signal_4 combinedActivityIconId=0x7f0200d9 mAirplaneMode=false mDataActivity1=0 mDataActivity2=0 mPhoneSignalIconId1=0x7f0200cd mPhoneSignalIconId2=0x7f0200d5 mLastPhoneSignalIconId1=0x7f0200cd mLastPhoneSignalIconId2=0x7f0200d5 mDataDirectionIconId1=0x0 mDataDirectionIconId2=0x0 mDataSignalIconId1=0x7f0200cd mDataSignalIconId2=0x7f0200d5 mDataTypeIconId1=0x7f02009d mDataTypeIconId2=0x7f02009d mWifiIconId=0x7f0200ef mRoamingIconId1=0x0 mRoamingIconId2=0x0 mBluetoothTetherIconId=0x10806ce
01-09 14:10:25.622 D/SignalClusterView(504): wifi: VISIBLE sig=2130837743 act=2130837721
01-09 14:10:25.622 D/SignalClusterView(504): mobile1: VISIBLE sig=2130837709 act=0 typ=2130837661
01-09 14:10:25.622 D/SignalClusterView(504): mobile2: VISIBLE sig=2130837717 act=0 typ=2130837661
01-09 14:10:25.622 D/SignalClusterView(504): wifi: VISIBLE sig=2130837743 act=2130837721
01-09 14:10:25.622 D/SignalClusterView(504): mobile1: VISIBLE sig=2130837709 act=0 typ=2130837661
01-09 14:10:25.622 D/SignalClusterView(504): mobile2: VISIBLE sig=2130837717 act=0 typ=2130837661
01-09 14:10:25.622 D/SignalClusterView(504): wifi: VISIBLE sig=2130837743 act=2130837721
01-09 14:10:25.622 D/SignalClusterView(504): mobile1: VISIBLE sig=2130837709 act=0 typ=2130837661
01-09 14:10:25.622 D/SignalClusterView(504): mobile2: VISIBLE sig=2130837717 act=0 typ=2130837661
01-09 14:10:25.622 D/StatusBar-NetworkControllerDS(504): changing data overlay icon id to 2130837721
01-09 14:10:25.652 D/plugin  (689): getDefaultSubscription()
01-09 14:10:25.752 D/plugin  (689): getDefaultSubscription()
01-09 14:10:25.842 D/plugin  (689): getDefaultSubscription()
01-09 14:10:25.962 D/plugin  (689): getDefaultSubscription()
01-09 14:10:26.092 D/plugin  (689): getDefaultSubscription()
01-09 14:10:26.192 D/plugin  (689): getDefaultSubscription()
01-09 14:10:26.312 D/plugin  (689): getDefaultSubscription()
01-09 14:10:26.442 D/plugin  (689): getDefaultSubscription()
01-09 14:10:26.562 D/plugin  (689): getDefaultSubscription()
01-09 14:10:26.622 W/SignalStrength(504): getGsmLevel. this.mGsmSignalBar=3, getGsmSignalStrength()== 11
01-09 14:10:26.622 W/SignalStrength(504): getGsmLevel=3
01-09 14:10:26.622 W/SignalStrength(504): getLevel=3 (SignalStrength: 11 255 -120 -160 -120 -1 -1 99 2147483647 -32767 2147483647 -32767 gsm|lte 3)
01-09 14:10:26.622 W/SignalStrength(504): getGsmLevel. this.mGsmSignalBar=4, getGsmSignalStrength()== 26
01-09 14:10:26.622 W/SignalStrength(504): getGsmLevel=4
01-09 14:10:26.622 W/SignalStrength(504): getLevel=4 (SignalStrength: 26 255 -120 -160 -120 -1 -1 99 2147483647 -32767 2147483647 -32767 gsm|lte 4)
01-09 14:10:26.622 D/StatusBar-NetworkControllerDS(504): refreshViews connected={ wifi } level=3|4 combinedSignalIconId=0x7f0200ef/com.android.systemui:drawable/stat_sys_wifi_signal_4 combinedActivityIconId=0x7f0200d8 mAirplaneMode=false mDataActivity1=0 mDataActivity2=0 mPhoneSignalIconId1=0x7f0200cd mPhoneSignalIconId2=0x7f0200d5 mLastPhoneSignalIconId1=0x7f0200cd mLastPhoneSignalIconId2=0x7f0200d5 mDataDirectionIconId1=0x0 mDataDirectionIconId2=0x0 mDataSignalIconId1=0x7f0200cd mDataSignalIconId2=0x7f0200d5 mDataTypeIconId1=0x7f02009d mDataTypeIconId2=0x7f02009d mWifiIconId=0x7f0200ef mRoamingIconId1=0x0 mRoamingIconId2=0x0 mBluetoothTetherIconId=0x10806ce
01-09 14:10:26.622 D/SignalClusterView(504): wifi: VISIBLE sig=2130837743 act=2130837720
01-09 14:10:26.622 D/SignalClusterView(504): mobile1: VISIBLE sig=2130837709 act=0 typ=2130837661
01-09 14:10:26.622 D/SignalClusterView(504): mobile2: VISIBLE sig=2130837717 act=0 typ=2130837661
01-09 14:10:26.622 D/SignalClusterView(504): wifi: VISIBLE sig=2130837743 act=2130837720
01-09 14:10:26.622 D/SignalClusterView(504): mobile1: VISIBLE sig=2130837709 act=0 typ=2130837661
01-09 14:10:26.622 D/SignalClusterView(504): mobile2: VISIBLE sig=2130837717 act=0 typ=2130837661
01-09 14:10:26.622 D/SignalClusterView(504): wifi: VISIBLE sig=2130837743 act=2130837720
01-09 14:10:26.622 D/SignalClusterView(504): mobile1: VISIBLE sig=2130837709 act=0 typ=2130837661
01-09 14:10:26.622 D/SignalClusterView(504): mobile2: VISIBLE sig=2130837717 act=0 typ=2130837661
01-09 14:10:26.622 D/StatusBar-NetworkControllerDS(504): changing data overlay icon id to 2130837720
01-09 14:10:26.672 D/plugin  (689): getDefaultSubscription()
01-09 14:10:26.742 D/plugin  (689): getDefaultSubscription()
01-09 14:10:26.842 D/plugin  (689): getDefaultSubscription()
01-09 14:10:26.952 D/plugin  (689): getDefaultSubscription()
01-09 14:10:27.042 D/plugin  (689): getDefaultSubscription()
01-09 14:10:27.132 D/plugin  (689): getDefaultSubscription()
01-09 14:10:27.232 D/plugin  (689): getDefaultSubscription()
01-09 14:10:27.322 D/plugin  (689): getDefaultSubscription()
01-09 14:10:27.432 D/plugin  (689): getDefaultSubscription()
01-09 14:10:27.522 D/plugin  (689): getDefaultSubscription()
01-09 14:10:27.622 D/plugin  (689): getDefaultSubscription()
01-09 14:10:27.732 D/plugin  (689): getDefaultSubscription()
01-09 14:10:27.822 D/plugin  (689): getDefaultSubscription()
01-09 14:10:27.922 D/plugin  (689): getDefaultSubscription()
01-09 14:10:28.032 D/plugin  (689): getDefaultSubscription()
01-09 14:10:28.042 D/InputReader(378): Input event: value=1
01-09 14:10:28.042 D/lights  (378): write_int /sys/class/leds/button-backlight/brightness = 255
01-09 14:10:28.042 I/InputDispatcher(378): Delivering key to current input target: action: 0x0
01-09 14:10:28.042 I/PowerManagerService(378): Ulight 0x3->0x7|0x0
01-09 14:10:28.042 D/PowerManagerService(378): setLightBrightness : mButtonLight : 77
01-09 14:10:28.192 D/InputReader(378): Input event: value=0
01-09 14:10:28.192 I/InputDispatcher(378): Delivering key to current input target: action: 0x1
01-09 14:10:28.192 E/AlarmManagerService(378): android_server_AlarmManagerService_set to type=3, 239666.672000000
01-09 14:10:28.192 I/ClipboardServiceEx(378): mCBPickerDialog enter case. MSG_DISMISS_DIALOG
01-09 14:10:28.192 V/AlarmManager(378): waitForAlarm result :8
01-09 14:10:28.212 I/ClipboardServiceEx(378): Send intent for dismiss clipboard dialog inside hideCurrentInputLocked() !
01-09 14:10:28.222 D/KeyguardViewMediator(378): setHidden false
01-09 14:10:28.232 D/KeyguardViewMediator(378): setHidden false
01-09 14:10:28.232 W/AlarmManager(378): FACTORY_ON= 0
01-09 14:10:28.232 D/STATUSBAR-NotificationService(378): cancelNotification - pkg:android, id:17040652, tag:null
01-09 14:10:28.232 D/STATUSBAR-NotificationService(378): updateLightsLocked() : Turn off notification light
01-09 14:10:28.252 D/PowerManagerService(378): mIsSipVisible : false
01-09 14:10:28.262 D/KeyguardViewMediator(378): setHidden false
01-09 14:10:28.282 D/KeyguardViewMediator(378): setHidden false
01-09 14:10:28.282 W/SurfaceFlinger(110): id=1233 Removed idx=3 Map Size=5
01-09 14:10:28.282 D/memalloc(110): /dev/pmem: Freeing buffer base:0x41ef9000 size:737280 offset:4612096 fd:39
01-09 14:10:28.282 D/memalloc(671): /dev/pmem: Unmapping buffer base:0x53359000 size:5349376 offset:4612096
01-09 14:10:28.292 W/SurfaceFlinger(110): id=1233 Removed idx=-2 Map Size=5
01-09 14:10:28.292 D/memalloc(110): /dev/pmem: Freeing buffer base:0x42322000 size:737280 offset:8974336 fd:66
01-09 14:10:28.292 D/memalloc(671): /dev/pmem: Unmapping buffer base:0x5468d000 size:9711616 offset:8974336
01-09 14:10:28.292 D/KeyguardViewMediator(378): setHidden false
01-09 14:10:28.302 D/KeyguardViewMediator(378): setHidden false
01-09 14:10:28.632 W/SignalStrength(504): getGsmLevel. this.mGsmSignalBar=3, getGsmSignalStrength()== 11
01-09 14:10:28.632 W/SignalStrength(504): getGsmLevel=3
01-09 14:10:28.632 W/SignalStrength(504): getLevel=3 (SignalStrength: 11 255 -120 -160 -120 -1 -1 99 2147483647 -32767 2147483647 -32767 gsm|lte 3)
01-09 14:10:28.632 W/SignalStrength(504): getGsmLevel. this.mGsmSignalBar=4, getGsmSignalStrength()== 26
01-09 14:10:28.632 W/SignalStrength(504): getGsmLevel=4
01-09 14:10:28.632 W/SignalStrength(504): getLevel=4 (SignalStrength: 26 255 -120 -160 -120 -1 -1 99 2147483647 -32767 2147483647 -32767 gsm|lte 4)
01-09 14:10:28.632 D/StatusBar-NetworkControllerDS(504): refreshViews connected={ wifi } level=3|4 combinedSignalIconId=0x7f0200ef/com.android.systemui:drawable/stat_sys_wifi_signal_4 combinedActivityIconId=0x7f0200d9 mAirplaneMode=false mDataActivity1=0 mDataActivity2=0 mPhoneSignalIconId1=0x7f0200cd mPhoneSignalIconId2=0x7f0200d5 mLastPhoneSignalIconId1=0x7f0200cd mLastPhoneSignalIconId2=0x7f0200d5 mDataDirectionIconId1=0x0 mDataDirectionIconId2=0x0 mDataSignalIconId1=0x7f0200cd mDataSignalIconId2=0x7f0200d5 mDataTypeIconId1=0x7f02009d mDataTypeIconId2=0x7f02009d mWifiIconId=0x7f0200ef mRoamingIconId1=0x0 mRoamingIconId2=0x0 mBluetoothTetherIconId=0x10806ce
01-09 14:10:28.632 D/SignalClusterView(504): wifi: VISIBLE sig=2130837743 act=2130837721
01-09 14:10:28.632 D/SignalClusterView(504): mobile1: VISIBLE sig=2130837709 act=0 typ=2130837661
01-09 14:10:28.632 D/SignalClusterView(504): mobile2: VISIBLE sig=2130837717 act=0 typ=2130837661
01-09 14:10:28.632 D/SignalClusterView(504): wifi: VISIBLE sig=2130837743 act=2130837721
01-09 14:10:28.662 D/SignalClusterView(504): mobile1: VISIBLE sig=2130837709 act=0 typ=2130837661
01-09 14:10:28.662 D/SignalClusterView(504): mobile2: VISIBLE sig=2130837717 act=0 typ=2130837661
01-09 14:10:28.662 D/SignalClusterView(504): wifi: VISIBLE sig=2130837743 act=2130837721
01-09 14:10:28.662 D/SignalClusterView(504): mobile1: VISIBLE sig=2130837709 act=0 typ=2130837661
01-09 14:10:28.662 D/SignalClusterView(504): mobile2: VISIBLE sig=2130837717 act=0 typ=2130837661
01-09 14:10:28.662 D/StatusBar-NetworkControllerDS(504): changing data overlay icon id to 2130837721
01-09 14:10:28.692 D/Tethering(378): interfaceLinkStateChanged wlan0, true
01-09 14:10:28.692 D/Tethering(378): interfaceStatusChanged wlan0, true
01-09 14:10:29.552 V/PowerManagerService(378): Top Most Needs Intelligent Sleep: true
01-09 14:10:29.552 W/PowerManagerService(378): Timer 0x7->0x3|0x0
01-09 14:10:29.552 I/PowerManagerService(378): Ulight 0x7->0x3|0x0
01-09 14:10:29.552 D/lights  (378): write_int /sys/class/leds/button-backlight/brightness = 0
01-09 14:10:29.552 D/PowerManagerService(378): setLightBrightness : mButtonLight : 0
01-09 14:10:29.652 W/SignalStrength(504): getGsmLevel. this.mGsmSignalBar=3, getGsmSignalStrength()== 11
01-09 14:10:29.652 W/SignalStrength(504): getGsmLevel=3
01-09 14:10:29.652 W/SignalStrength(504): getLevel=3 (SignalStrength: 11 255 -120 -160 -120 -1 -1 99 2147483647 -32767 2147483647 -32767 gsm|lte 3)
01-09 14:10:29.652 W/SignalStrength(504): getGsmLevel. this.mGsmSignalBar=4, getGsmSignalStrength()== 26
01-09 14:10:29.652 W/SignalStrength(504): getGsmLevel=4
01-09 14:10:29.652 W/SignalStrength(504): getLevel=4 (SignalStrength: 26 255 -120 -160 -120 -1 -1 99 2147483647 -32767 2147483647 -32767 gsm|lte 4)
01-09 14:10:29.652 D/StatusBar-NetworkControllerDS(504): refreshViews connected={ wifi } level=3|4 combinedSignalIconId=0x7f0200ef/com.android.systemui:drawable/stat_sys_wifi_signal_4 combinedActivityIconId=0x7f0200d8 mAirplaneMode=false mDataActivity1=0 mDataActivity2=0 mPhoneSignalIconId1=0x7f0200cd mPhoneSignalIconId2=0x7f0200d5 mLastPhoneSignalIconId1=0x7f0200cd mLastPhoneSignalIconId2=0x7f0200d5 mDataDirectionIconId1=0x0 mDataDirectionIconId2=0x0 mDataSignalIconId1=0x7f0200cd mDataSignalIconId2=0x7f0200d5 mDataTypeIconId1=0x7f02009d mDataTypeIconId2=0x7f02009d mWifiIconId=0x7f0200ef mRoamingIconId1=0x0 mRoamingIconId2=0x0 mBluetoothTetherIconId=0x10806ce
01-09 14:10:29.652 D/SignalClusterView(504): wifi: VISIBLE sig=2130837743 act=2130837720
01-09 14:10:29.652 D/SignalClusterView(504): mobile1: VISIBLE sig=2130837709 act=0 typ=2130837661
01-09 14:10:29.652 D/SignalClusterView(504): mobile2: VISIBLE sig=2130837717 act=0 typ=2130837661
01-09 14:10:29.652 D/SignalClusterView(504): wifi: VISIBLE sig=2130837743 act=2130837720
01-09 14:10:29.652 D/SignalClusterView(504): mobile1: VISIBLE sig=2130837709 act=0 typ=2130837661
01-09 14:10:29.652 D/SignalClusterView(504): mobile2: VISIBLE sig=2130837717 act=0 typ=2130837661
01-09 14:10:29.652 D/SignalClusterView(504): wifi: VISIBLE sig=2130837743 act=2130837720
01-09 14:10:29.652 D/SignalClusterView(504): mobile1: VISIBLE sig=2130837709 act=0 typ=2130837661
01-09 14:10:29.652 D/SignalClusterView(504): mobile2: VISIBLE sig=2130837717 act=0 typ=2130837661
01-09 14:10:29.652 D/StatusBar-NetworkControllerDS(504): changing data overlay icon id to 2130837720
01-09 14:10:29.842 I/NRFW    (1283): profile=wifi
01-09 14:10:29.872 I/NRFW    (1283): serverip=180.76.3.90 localIp=10.0.8.1
01-09 14:10:30.142 D/InputReader(378): Input event: value=1
01-09 14:10:30.142 D/lights  (378): write_int /sys/class/leds/button-backlight/brightness = 255
01-09 14:10:30.142 I/InputDispatcher(378): Delivering key to current input target: action: 0x0
01-09 14:10:30.142 I/PowerManagerService(378): Ulight 0x3->0x7|0x0
01-09 14:10:30.142 D/PowerManagerService(378): setLightBrightness : mButtonLight : 77
01-09 14:10:30.412 D/InputReader(378): Input event: value=0
01-09 14:10:30.412 I/InputDispatcher(378): Delivering key to current input target: action: 0x1
01-09 14:10:30.412 I/ClipboardServiceEx(378): mCBPickerDialog enter case. MSG_DISMISS_DIALOG
01-09 14:10:30.462 W/SurfaceFlinger(110): id=1263(10) createSurface 0x2fea0c (1x1),1 flag=0
01-09 14:10:30.462 D/KeyguardViewMediator(378): setHidden false
01-09 14:10:30.472 I/Adreno200-EGLSUB(20066): <ConfigWindowMatch:2218>: Format RGBA_8888.
01-09 14:10:30.472 D/memalloc(110): /dev/pmem: Allocated buffer base:0x41a93000 size:614400 offset:4612096 fd:33
01-09 14:10:30.472 D/memalloc(20066): /dev/pmem: Mapped buffer base:0x5667a000 size:5226496 offset:4612096 fd:145
01-09 14:10:30.492 D/memalloc(110): /dev/pmem: Allocated buffer base:0x41a93000 size:614400 offset:5226496 fd:36
01-09 14:10:30.502 D/memalloc(20066): /dev/pmem: Mapped buffer base:0x570fe000 size:5840896 offset:5226496 fd:154
01-09 14:10:30.502 I/Adreno200-EGLSUB(110): <CreateImage:1017>: Android Image
01-09 14:10:30.502 I/Adreno200-EGLSUB(110): <GetImageAttributes:1226>: RGBA_8888
01-09 14:10:30.502 D/KeyguardViewMediator(378): setHidden false
01-09 14:10:30.502 D/KeyguardViewMediator(378): setHidden false
01-09 14:10:30.512 D/KeyguardViewMediator(378): setHidden false
01-09 14:10:31.632 V/PowerManagerService(378): Top Most Needs Intelligent Sleep: true
01-09 14:10:31.632 W/PowerManagerService(378): Timer 0x7->0x3|0x0
01-09 14:10:31.632 I/PowerManagerService(378): Ulight 0x7->0x3|0x0
01-09 14:10:31.632 D/lights  (378): write_int /sys/class/leds/button-backlight/brightness = 0
01-09 14:10:31.632 D/PowerManagerService(378): setLightBrightness : mButtonLight : 0
01-09 14:10:31.652 W/SignalStrength(504): getGsmLevel. this.mGsmSignalBar=3, getGsmSignalStrength()== 11
01-09 14:10:31.652 W/SignalStrength(504): getGsmLevel=3
01-09 14:10:31.652 W/SignalStrength(504): getLevel=3 (SignalStrength: 11 255 -120 -160 -120 -1 -1 99 2147483647 -32767 2147483647 -32767 gsm|lte 3)
01-09 14:10:31.652 W/SignalStrength(504): getGsmLevel. this.mGsmSignalBar=4, getGsmSignalStrength()== 26
01-09 14:10:31.652 W/SignalStrength(504): getGsmLevel=4
01-09 14:10:31.652 W/SignalStrength(504): getLevel=4 (SignalStrength: 26 255 -120 -160 -120 -1 -1 99 2147483647 -32767 2147483647 -32767 gsm|lte 4)
01-09 14:10:31.652 D/StatusBar-NetworkControllerDS(504): refreshViews connected={ wifi } level=3|4 combinedSignalIconId=0x7f0200ef/com.android.systemui:drawable/stat_sys_wifi_signal_4 combinedActivityIconId=0x7f0200d9 mAirplaneMode=false mDataActivity1=0 mDataActivity2=0 mPhoneSignalIconId1=0x7f0200cd mPhoneSignalIconId2=0x7f0200d5 mLastPhoneSignalIconId1=0x7f0200cd mLastPhoneSignalIconId2=0x7f0200d5 mDataDirectionIconId1=0x0 mDataDirectionIconId2=0x0 mDataSignalIconId1=0x7f0200cd mDataSignalIconId2=0x7f0200d5 mDataTypeIconId1=0x7f02009d mDataTypeIconId2=0x7f02009d mWifiIconId=0x7f0200ef mRoamingIconId1=0x0 mRoamingIconId2=0x0 mBluetoothTetherIconId=0x10806ce
01-09 14:10:31.652 D/SignalClusterView(504): wifi: VISIBLE sig=2130837743 act=2130837721
01-09 14:10:31.652 D/SignalClusterView(504): mobile1: VISIBLE sig=2130837709 act=0 typ=2130837661
01-09 14:10:31.652 D/SignalClusterView(504): mobile2: VISIBLE sig=2130837717 act=0 typ=2130837661
01-09 14:10:31.652 D/SignalClusterView(504): wifi: VISIBLE sig=2130837743 act=2130837721
01-09 14:10:31.652 D/SignalClusterView(504): mobile1: VISIBLE sig=2130837709 act=0 typ=2130837661
01-09 14:10:31.652 D/SignalClusterView(504): mobile2: VISIBLE sig=2130837717 act=0 typ=2130837661
01-09 14:10:31.652 D/SignalClusterView(504): wifi: VISIBLE sig=2130837743 act=2130837721
01-09 14:10:31.652 D/SignalClusterView(504): mobile1: VISIBLE sig=2130837709 act=0 typ=2130837661
01-09 14:10:31.652 D/SignalClusterView(504): mobile2: VISIBLE sig=2130837717 act=0 typ=2130837661
01-09 14:10:31.652 D/StatusBar-NetworkControllerDS(504): changing data overlay icon id to 2130837721
01-09 14:10:31.692 D/memalloc(110): /dev/pmem: Allocated buffer base:0x41a93000 size:614400 offset:11923456 fd:39
01-09 14:10:31.692 D/memalloc(20066): /dev/pmem: Mapped buffer base:0x57690000 size:12537856 offset:11923456 fd:158
01-09 14:10:31.692 I/Adreno200-EGLSUB(110): <CreateImage:1017>: Android Image
01-09 14:10:31.692 I/Adreno200-EGLSUB(110): <GetImageAttributes:1226>: RGBA_8888
01-09 14:10:31.712 I/Adreno200-EGLSUB(110): <CreateImage:1017>: Android Image
01-09 14:10:31.712 I/Adreno200-EGLSUB(110): <GetImageAttributes:1226>: RGBA_8888
01-09 14:10:32.662 W/SignalStrength(504): getGsmLevel. this.mGsmSignalBar=3, getGsmSignalStrength()== 11
01-09 14:10:32.662 W/SignalStrength(504): getGsmLevel=3
01-09 14:10:32.662 W/SignalStrength(504): getLevel=3 (SignalStrength: 11 255 -120 -160 -120 -1 -1 99 2147483647 -32767 2147483647 -32767 gsm|lte 3)
01-09 14:10:32.662 W/SignalStrength(504): getGsmLevel. this.mGsmSignalBar=4, getGsmSignalStrength()== 26
01-09 14:10:32.662 W/SignalStrength(504): getGsmLevel=4
01-09 14:10:32.662 W/SignalStrength(504): getLevel=4 (SignalStrength: 26 255 -120 -160 -120 -1 -1 99 2147483647 -32767 2147483647 -32767 gsm|lte 4)
01-09 14:10:32.662 D/StatusBar-NetworkControllerDS(504): refreshViews connected={ wifi } level=3|4 combinedSignalIconId=0x7f0200ef/com.android.systemui:drawable/stat_sys_wifi_signal_4 combinedActivityIconId=0x7f0200d8 mAirplaneMode=false mDataActivity1=0 mDataActivity2=0 mPhoneSignalIconId1=0x7f0200cd mPhoneSignalIconId2=0x7f0200d5 mLastPhoneSignalIconId1=0x7f0200cd mLastPhoneSignalIconId2=0x7f0200d5 mDataDirectionIconId1=0x0 mDataDirectionIconId2=0x0 mDataSignalIconId1=0x7f0200cd mDataSignalIconId2=0x7f0200d5 mDataTypeIconId1=0x7f02009d mDataTypeIconId2=0x7f02009d mWifiIconId=0x7f0200ef mRoamingIconId1=0x0 mRoamingIconId2=0x0 mBluetoothTetherIconId=0x10806ce
01-09 14:10:32.662 D/SignalClusterView(504): wifi: VISIBLE sig=2130837743 act=2130837720
01-09 14:10:32.662 D/SignalClusterView(504): mobile1: VISIBLE sig=2130837709 act=0 typ=2130837661
01-09 14:10:32.662 D/SignalClusterView(504): mobile2: VISIBLE sig=2130837717 act=0 typ=2130837661
01-09 14:10:32.662 D/SignalClusterView(504): wifi: VISIBLE sig=2130837743 act=2130837720
01-09 14:10:32.662 D/SignalClusterView(504): mobile1: VISIBLE sig=2130837709 act=0 typ=2130837661
01-09 14:10:32.662 D/SignalClusterView(504): mobile2: VISIBLE sig=2130837717 act=0 typ=2130837661
01-09 14:10:32.662 D/SignalClusterView(504): wifi: VISIBLE sig=2130837743 act=2130837720
01-09 14:10:32.662 D/SignalClusterView(504): mobile1: VISIBLE sig=2130837709 act=0 typ=2130837661
01-09 14:10:32.662 D/SignalClusterView(504): mobile2: VISIBLE sig=2130837717 act=0 typ=2130837661
01-09 14:10:32.662 D/StatusBar-NetworkControllerDS(504): changing data overlay icon id to 2130837720
01-09 14:10:34.662 W/SignalStrength(504): getGsmLevel. this.mGsmSignalBar=3, getGsmSignalStrength()== 11
01-09 14:10:34.662 W/SignalStrength(504): getGsmLevel=3
01-09 14:10:34.662 W/SignalStrength(504): getLevel=3 (SignalStrength: 11 255 -120 -160 -120 -1 -1 99 2147483647 -32767 2147483647 -32767 gsm|lte 3)
01-09 14:10:34.662 W/SignalStrength(504): getGsmLevel. this.mGsmSignalBar=4, getGsmSignalStrength()== 26
01-09 14:10:34.662 W/SignalStrength(504): getGsmLevel=4
01-09 14:10:34.662 W/SignalStrength(504): getLevel=4 (SignalStrength: 26 255 -120 -160 -120 -1 -1 99 2147483647 -32767 2147483647 -32767 gsm|lte 4)
01-09 14:10:34.662 D/StatusBar-NetworkControllerDS(504): refreshViews connected={ wifi } level=3|4 combinedSignalIconId=0x7f0200ef/com.android.systemui:drawable/stat_sys_wifi_signal_4 combinedActivityIconId=0x7f0200d9 mAirplaneMode=false mDataActivity1=0 mDataActivity2=0 mPhoneSignalIconId1=0x7f0200cd mPhoneSignalIconId2=0x7f0200d5 mLastPhoneSignalIconId1=0x7f0200cd mLastPhoneSignalIconId2=0x7f0200d5 mDataDirectionIconId1=0x0 mDataDirectionIconId2=0x0 mDataSignalIconId1=0x7f0200cd mDataSignalIconId2=0x7f0200d5 mDataTypeIconId1=0x7f02009d mDataTypeIconId2=0x7f02009d mWifiIconId=0x7f0200ef mRoamingIconId1=0x0 mRoamingIconId2=0x0 mBluetoothTetherIconId=0x10806ce
01-09 14:10:34.662 D/SignalClusterView(504): wifi: VISIBLE sig=2130837743 act=2130837721
01-09 14:10:34.662 D/SignalClusterView(504): mobile1: VISIBLE sig=2130837709 act=0 typ=2130837661
01-09 14:10:34.662 D/SignalClusterView(504): mobile2: VISIBLE sig=2130837717 act=0 typ=2130837661
01-09 14:10:34.662 D/SignalClusterView(504): wifi: VISIBLE sig=2130837743 act=2130837721
01-09 14:10:34.662 D/SignalClusterView(504): mobile1: VISIBLE sig=2130837709 act=0 typ=2130837661
01-09 14:10:34.662 D/SignalClusterView(504): mobile2: VISIBLE sig=2130837717 act=0 typ=2130837661
01-09 14:10:34.662 D/SignalClusterView(504): wifi: VISIBLE sig=2130837743 act=2130837721
01-09 14:10:34.662 D/SignalClusterView(504): mobile1: VISIBLE sig=2130837709 act=0 typ=2130837661
01-09 14:10:34.662 D/SignalClusterView(504): mobile2: VISIBLE sig=2130837717 act=0 typ=2130837661
01-09 14:10:34.662 D/StatusBar-NetworkControllerDS(504): changing data overlay icon id to 2130837721
01-09 14:10:35.662 W/SignalStrength(504): getGsmLevel. this.mGsmSignalBar=3, getGsmSignalStrength()== 11
01-09 14:10:35.662 W/SignalStrength(504): getGsmLevel=3
01-09 14:10:35.662 W/SignalStrength(504): getLevel=3 (SignalStrength: 11 255 -120 -160 -120 -1 -1 99 2147483647 -32767 2147483647 -32767 gsm|lte 3)
01-09 14:10:35.662 W/SignalStrength(504): getGsmLevel. this.mGsmSignalBar=4, getGsmSignalStrength()== 26
01-09 14:10:35.662 W/SignalStrength(504): getGsmLevel=4
01-09 14:10:35.662 W/SignalStrength(504): getLevel=4 (SignalStrength: 26 255 -120 -160 -120 -1 -1 99 2147483647 -32767 2147483647 -32767 gsm|lte 4)
01-09 14:10:35.662 D/StatusBar-NetworkControllerDS(504): refreshViews connected={ wifi } level=3|4 combinedSignalIconId=0x7f0200ef/com.android.systemui:drawable/stat_sys_wifi_signal_4 combinedActivityIconId=0x7f0200d8 mAirplaneMode=false mDataActivity1=0 mDataActivity2=0 mPhoneSignalIconId1=0x7f0200cd mPhoneSignalIconId2=0x7f0200d5 mLastPhoneSignalIconId1=0x7f0200cd mLastPhoneSignalIconId2=0x7f0200d5 mDataDirectionIconId1=0x0 mDataDirectionIconId2=0x0 mDataSignalIconId1=0x7f0200cd mDataSignalIconId2=0x7f0200d5 mDataTypeIconId1=0x7f02009d mDataTypeIconId2=0x7f02009d mWifiIconId=0x7f0200ef mRoamingIconId1=0x0 mRoamingIconId2=0x0 mBluetoothTetherIconId=0x10806ce
01-09 14:10:35.662 D/SignalClusterView(504): wifi: VISIBLE sig=2130837743 act=2130837720
01-09 14:10:35.662 D/SignalClusterView(504): mobile1: VISIBLE sig=2130837709 act=0 typ=2130837661
01-09 14:10:35.662 D/SignalClusterView(504): mobile2: VISIBLE sig=2130837717 act=0 typ=2130837661
01-09 14:10:35.662 D/SignalClusterView(504): wifi: VISIBLE sig=2130837743 act=2130837720
01-09 14:10:35.662 D/SignalClusterView(504): mobile1: VISIBLE sig=2130837709 act=0 typ=2130837661
01-09 14:10:35.662 D/SignalClusterView(504): mobile2: VISIBLE sig=2130837717 act=0 typ=2130837661
01-09 14:10:35.662 D/SignalClusterView(504): wifi: VISIBLE sig=2130837743 act=2130837720
01-09 14:10:35.662 D/SignalClusterView(504): mobile1: VISIBLE sig=2130837709 act=0 typ=2130837661
01-09 14:10:35.662 D/SignalClusterView(504): mobile2: VISIBLE sig=2130837717 act=0 typ=2130837661
01-09 14:10:35.662 D/StatusBar-NetworkControllerDS(504): changing data overlay icon id to 2130837720
01-09 14:10:36.322 I/InputReader(378): Touch event's action is 0x0 (deviceType=0) [pCnt=1, pending(waiting finished signal)=0, s=0.1905 ]
01-09 14:10:36.322 D/lights  (378): write_int /sys/class/leds/button-backlight/brightness = 255
01-09 14:10:36.322 I/InputDispatcher(378): Delivering touch to current input target: action: 0x0
01-09 14:10:36.322 I/PowerManagerService(378): Ulight 0x3->0x7|0x0
01-09 14:10:36.322 D/PowerManagerService(378): setLightBrightness : mButtonLight : 77
01-09 14:10:36.412 I/InputReader(378): Touch event's action is 0x1 (deviceType=0) [pCnt=1, pending(waiting finished signal)=0, s=]
01-09 14:10:36.412 I/InputDispatcher(378): Delivering touch to current input target: action: 0x1
01-09 14:10:36.502 D/memalloc(20066): /dev/pmem: Unmapping buffer base:0x5667a000 size:5226496 offset:4612096
01-09 14:10:36.512 D/memalloc(20066): /dev/pmem: Unmapping buffer base:0x570fe000 size:5840896 offset:5226496
01-09 14:10:36.512 D/memalloc(20066): /dev/pmem: Unmapping buffer base:0x57690000 size:12537856 offset:11923456
01-09 14:10:36.512 D/memalloc(110): /dev/pmem: Freeing buffer base:0x41ef9000 size:614400 offset:4612096 fd:33
01-09 14:10:36.512 D/memalloc(110): /dev/pmem: Freeing buffer base:0x41f8f000 size:614400 offset:5226496 fd:36
01-09 14:10:36.512 D/KeyguardViewMediator(378): setHidden false
01-09 14:10:36.522 I/power   (378): *** acquire_dvfs_lock : lockType : 1  freq : 1008000 
01-09 14:10:36.522 D/STATUSBAR-NotificationService(378): enqueueToast()
01-09 14:10:36.522 D/PowerManagerService(378): acquireDVFSLockLocked : type : DVFS_MIN_LIMIT  frequency : 1008000  uid : 1000  pid : 378  tag : ActivityManager
01-09 14:10:36.532 D/KeyguardViewMediator(378): setHidden false
01-09 14:10:36.532 D/KeyguardViewMediator(378): setHidden false
01-09 14:10:36.542 D/KeyguardViewMediator(378): setHidden false
01-09 14:10:36.572 W/SurfaceFlinger(110): id=1264(6) createSurface 0x2f9bac (480x800),2 flag=400
01-09 14:10:36.572 D/KeyguardViewMediator(378): setHidden false
01-09 14:10:36.572 V/PhoneStatusBar(504): setLightsOn(true)
01-09 14:10:36.572 D/KeyguardViewMediator(378): setHidden false
01-09 14:10:36.572 D/STATUSBAR-StatusBarManagerService(378): setSystemUiVisibility(0x0)
01-09 14:10:36.572 D/STATUSBAR-StatusBarManagerService(378): manageDisableList what=0x0 pkg=WindowManager.LayoutParams
01-09 14:10:36.582 D/KeyguardViewMediator(378): setHidden false
01-09 14:10:36.592 D/KeyguardViewMediator(378): setHidden false
01-09 14:10:36.612 D/KeyguardViewMediator(378): setHidden false
01-09 14:10:36.622 W/SurfaceFlinger(110): id=1265(11) createSurface 0x310134 (1x1),1 flag=0
01-09 14:10:36.622 D/KeyguardViewMediator(378): setHidden false
01-09 14:10:36.642 D/KeyguardViewMediator(378): setHidden false
01-09 14:10:36.642 D/PowerManagerService(378): acquireWakeLock flags=0xa tag=KEEP_SCREEN_ON_FLAG uid=1000 pid=378   myUID=1000 myPID=378 myTID=1974
01-09 14:10:36.652 D/memalloc(110): /dev/pmem: Allocated buffer base:0x41a93000 size:135168 offset:12537856 fd:33
01-09 14:10:36.652 D/memalloc(20066): /dev/pmem: Mapped buffer base:0x570fe000 size:12673024 offset:12537856 fd:152
01-09 14:10:36.662 D/KeyguardViewMediator(378): setHidden false
01-09 14:10:36.672 I/Adreno200-EGLSUB(110): <CreateImage:1017>: Android Image
01-09 14:10:36.672 I/Adreno200-EGLSUB(110): <GetImageAttributes:1226>: RGBA_8888
01-09 14:10:36.672 D/KeyguardViewMediator(378): setHidden false
01-09 14:10:36.682 D/KeyguardViewMediator(378): setHidden false
01-09 14:10:36.692 D/KeyguardViewMediator(378): setHidden false
