01-09 14:09:16.262 W/SignalStrength(504): getLevel=3 (SignalStrength: 11 255 -120 -160 -120 -1 -1 99 2147483647 -32767 2147483647 -32767 gsm|lte 3)
01-09 14:09:16.262 W/SignalStrength(504): getGsmLevel. this.mGsmSignalBar=4, getGsmSignalStrength()== 26
01-09 14:09:16.262 W/SignalStrength(504): getGsmLevel=4
01-09 14:09:16.262 W/SignalStrength(504): getLevel=4 (SignalStrength: 26 255 -120 -160 -120 -1 -1 99 2147483647 -32767 2147483647 -32767 gsm|lte 4)
01-09 14:09:16.262 D/StatusBar-NetworkControllerDS(504): refreshViews connected={ wifi } level=3|4 combinedSignalIconId=0x7f0200ef/com.android.systemui:drawable/stat_sys_wifi_signal_4 combinedActivityIconId=0x7f0200d9 mAirplaneMode=false mDataActivity1=0 mDataActivity2=0 mPhoneSignalIconId1=0x7f0200cd mPhoneSignalIconId2=0x7f0200d5 mLastPhoneSignalIconId1=0x7f0200cd mLastPhoneSignalIconId2=0x7f0200d5 mDataDirectionIconId1=0x0 mDataDirectionIconId2=0x0 mDataSignalIconId1=0x7f0200cd mDataSignalIconId2=0x7f0200d5 mDataTypeIconId1=0x7f02009d mDataTypeIconId2=0x7f02009d mWifiIconId=0x7f0200ef mRoamingIconId1=0x0 mRoamingIconId2=0x0 mBluetoothTetherIconId=0x10806ce
01-09 14:09:16.262 D/SignalClusterView(504): wifi: VISIBLE sig=2130837743 act=2130837721
01-09 14:09:16.262 D/SignalClusterView(504): mobile1: VISIBLE sig=2130837709 act=0 typ=2130837661
01-09 14:09:16.262 D/SignalClusterView(504): mobile2: VISIBLE sig=2130837717 act=0 typ=2130837661
01-09 14:09:16.262 D/SignalClusterView(504): wifi: VISIBLE sig=2130837743 act=2130837721
01-09 14:09:16.262 D/SignalClusterView(504): mobile1: VISIBLE sig=2130837709 act=0 typ=2130837661
01-09 14:09:16.262 D/SignalClusterView(504): mobile2: VISIBLE sig=2130837717 act=0 typ=2130837661
01-09 14:09:16.262 D/SignalClusterView(504): wifi: VISIBLE sig=2130837743 act=2130837721
01-09 14:09:16.262 D/SignalClusterView(504): mobile1: VISIBLE sig=2130837709 act=0 typ=2130837661
01-09 14:09:16.262 D/SignalClusterView(504): mobile2: VISIBLE sig=2130837717 act=0 typ=2130837661
01-09 14:09:16.262 D/StatusBar-NetworkControllerDS(504): changing data overlay icon id to 2130837721
01-09 14:09:16.942 V/PowerManagerService(378): Top Most Needs Intelligent Sleep: true
01-09 14:09:16.942 W/PowerManagerService(378): Timer 0x3->0x3|0x0
01-09 14:09:17.082 I/InputReader(378): Touch event's action is 0x0 (deviceType=0) [pCnt=1, pending(waiting finished signal)=0, s=0.1888 ]
01-09 14:09:17.082 I/InputDispatcher(378): Delivering touch to current input target: action: 0x0
01-09 14:09:17.122 W/SurfaceFlinger(110): id=1255(570) createSurface 0x30a4f4 (84x116),1 flag=0
01-09 14:09:17.132 D/KeyguardViewMediator(378): setHidden false
01-09 14:09:17.152 I/InputReader(378): Touch event's action is 0x1 (deviceType=0) [pCnt=1, pending(waiting finished signal)=0, s=]
01-09 14:09:17.152 I/InputDispatcher(378): Delivering touch to current input target: action: 0x1
01-09 14:09:17.162 D/memalloc(110): /dev/pmem: Allocated buffer base:0x41a93000 size:65536 offset:5349376 fd:33
01-09 14:09:17.162 D/memalloc(671): /dev/pmem: Mapped buffer base:0x54fd0000 size:5414912 offset:5349376 fd:72
01-09 14:09:17.162 I/Adreno200-EGLSUB(110): <CreateImage:1017>: Android Image
01-09 14:09:17.162 I/Adreno200-EGLSUB(110): <GetImageAttributes:1226>: RGBA_8888
01-09 14:09:17.172 D/KeyguardViewMediator(378): setHidden false
01-09 14:09:17.182 W/SurfaceFlinger(110): id=1255 Removed idx=5 Map Size=6
01-09 14:09:17.182 D/KeyguardViewMediator(378): setHidden false
01-09 14:09:17.192 W/SurfaceFlinger(110): id=1255 Removed idx=-2 Map Size=6
01-09 14:09:17.192 D/memalloc(671): /dev/pmem: Unmapping buffer base:0x54fd0000 size:5414912 offset:5349376
01-09 14:09:17.202 D/memalloc(110): /dev/pmem: Freeing buffer base:0x41fad000 size:65536 offset:5349376 fd:33
01-09 14:09:17.262 W/SignalStrength(504): getGsmLevel. this.mGsmSignalBar=3, getGsmSignalStrength()== 11
01-09 14:09:17.262 W/SignalStrength(504): getGsmLevel=3
01-09 14:09:17.262 W/SignalStrength(504): getLevel=3 (SignalStrength: 11 255 -120 -160 -120 -1 -1 99 2147483647 -32767 2147483647 -32767 gsm|lte 3)
01-09 14:09:17.262 W/SignalStrength(504): getGsmLevel. this.mGsmSignalBar=4, getGsmSignalStrength()== 26
01-09 14:09:17.262 W/SignalStrength(504): getGsmLevel=4
01-09 14:09:17.262 W/SignalStrength(504): getLevel=4 (SignalStrength: 26 255 -120 -160 -120 -1 -1 99 2147483647 -32767 2147483647 -32767 gsm|lte 4)
01-09 14:09:17.262 D/StatusBar-NetworkControllerDS(504): refreshViews connected={ wifi } level=3|4 combinedSignalIconId=0x7f0200ef/com.android.systemui:drawable/stat_sys_wifi_signal_4 combinedActivityIconId=0x7f0200d8 mAirplaneMode=false mDataActivity1=0 mDataActivity2=0 mPhoneSignalIconId1=0x7f0200cd mPhoneSignalIconId2=0x7f0200d5 mLastPhoneSignalIconId1=0x7f0200cd mLastPhoneSignalIconId2=0x7f0200d5 mDataDirectionIconId1=0x0 mDataDirectionIconId2=0x0 mDataSignalIconId1=0x7f0200cd mDataSignalIconId2=0x7f0200d5 mDataTypeIconId1=0x7f02009d mDataTypeIconId2=0x7f02009d mWifiIconId=0x7f0200ef mRoamingIconId1=0x0 mRoamingIconId2=0x0 mBluetoothTetherIconId=0x10806ce
01-09 14:09:17.262 D/SignalClusterView(504): wifi: VISIBLE sig=2130837743 act=2130837720
01-09 14:09:17.262 D/SignalClusterView(504): mobile1: VISIBLE sig=2130837709 act=0 typ=2130837661
01-09 14:09:17.262 D/SignalClusterView(504): mobile2: VISIBLE sig=2130837717 act=0 typ=2130837661
01-09 14:09:17.262 D/SignalClusterView(504): wifi: VISIBLE sig=2130837743 act=2130837720
01-09 14:09:17.262 D/SignalClusterView(504): mobile1: VISIBLE sig=2130837709 act=0 typ=2130837661
01-09 14:09:17.262 D/SignalClusterView(504): mobile2: VISIBLE sig=2130837717 act=0 typ=2130837661
01-09 14:09:17.262 D/SignalClusterView(504): wifi: VISIBLE sig=2130837743 act=2130837720
01-09 14:09:17.262 D/SignalClusterView(504): mobile1: VISIBLE sig=2130837709 act=0 typ=2130837661
01-09 14:09:17.262 D/SignalClusterView(504): mobile2: VISIBLE sig=2130837717 act=0 typ=2130837661
01-09 14:09:17.262 D/StatusBar-NetworkControllerDS(504): changing data overlay icon id to 2130837720
01-09 14:09:17.492 I/InputReader(378): Touch event's action is 0x0 (deviceType=0) [pCnt=1, pending(waiting finished signal)=0, s=0.1889 ]
01-09 14:09:17.492 I/InputDispatcher(378): Delivering touch to current input target: action: 0x0
01-09 14:09:17.512 W/SurfaceFlinger(110): id=1256(571) createSurface 0x2f9bac (100x116),1 flag=0
01-09 14:09:17.512 D/KeyguardViewMediator(378): setHidden false
01-09 14:09:17.532 D/memalloc(110): /dev/pmem: Allocated buffer base:0x41a93000 size:65536 offset:5349376 fd:33
01-09 14:09:17.542 D/memalloc(671): /dev/pmem: Mapped buffer base:0x54fd0000 size:5414912 offset:5349376 fd:72
01-09 14:09:17.542 D/KeyguardViewMediator(378): setHidden false
01-09 14:09:17.542 I/Adreno200-EGLSUB(110): <CreateImage:1017>: Android Image
01-09 14:09:17.542 I/Adreno200-EGLSUB(110): <GetImageAttributes:1226>: RGBA_8888
01-09 14:09:17.572 I/InputReader(378): Touch event's action is 0x1 (deviceType=0) [pCnt=1, pending(waiting finished signal)=0, s=]
01-09 14:09:17.572 I/InputDispatcher(378): Delivering touch to current input target: action: 0x1
01-09 14:09:17.602 W/SurfaceFlinger(110): id=1256 Removed idx=5 Map Size=6
01-09 14:09:17.602 D/KeyguardViewMediator(378): setHidden false
01-09 14:09:17.612 W/SurfaceFlinger(110): id=1256 Removed idx=-2 Map Size=6
01-09 14:09:17.612 D/memalloc(671): /dev/pmem: Unmapping buffer base:0x54fd0000 size:5414912 offset:5349376
01-09 14:09:17.622 D/memalloc(110): /dev/pmem: Freeing buffer base:0x41fad000 size:65536 offset:5349376 fd:33
01-09 14:09:18.592 V/PowerManagerService(378): Top Most Needs Intelligent Sleep: true
01-09 14:09:18.592 W/PowerManagerService(378): Timer 0x3->0x3|0x0
01-09 14:09:19.272 W/SignalStrength(504): getGsmLevel. this.mGsmSignalBar=3, getGsmSignalStrength()== 11
01-09 14:09:19.272 W/SignalStrength(504): getGsmLevel=3
01-09 14:09:19.272 W/SignalStrength(504): getLevel=3 (SignalStrength: 11 255 -120 -160 -120 -1 -1 99 2147483647 -32767 2147483647 -32767 gsm|lte 3)
01-09 14:09:19.272 W/SignalStrength(504): getGsmLevel=4
01-09 14:09:19.272 W/SignalStrength(504): getLevel=4 (SignalStrength: 26 255 -120 -160 -120 -1 -1 99 2147483647 -32767 2147483647 -32767 gsm|lte 4)
01-09 14:09:19.272 D/StatusBar-NetworkControllerDS(504): refreshViews connected={ wifi } level=3|4 combinedSignalIconId=0x7f0200ef/com.android.systemui:drawable/stat_sys_wifi_signal_4 combinedActivityIconId=0x7f0200d9 mAirplaneMode=false mDataActivity1=0 mDataActivity2=0 mPhoneSignalIconId1=0x7f0200cd mPhoneSignalIconId2=0x7f0200d5 mLastPhoneSignalIconId1=0x7f0200cd mLastPhoneSignalIconId2=0x7f0200d5 mDataDirectionIconId1=0x0 mDataDirectionIconId2=0x0 mDataSignalIconId1=0x7f0200cd mDataSignalIconId2=0x7f0200d5 mDataTypeIconId1=0x7f02009d mDataTypeIconId2=0x7f02009d mWifiIconId=0x7f0200ef mRoamingIconId1=0x0 mRoamingIconId2=0x0 mBluetoothTetherIconId=0x10806ce
01-09 14:09:19.272 D/SignalClusterView(504): wifi: VISIBLE sig=2130837743 act=2130837721
01-09 14:09:19.272 D/SignalClusterView(504): mobile1: VISIBLE sig=2130837709 act=0 typ=2130837661
01-09 14:09:19.272 D/SignalClusterView(504): mobile2: VISIBLE sig=2130837717 act=0 typ=2130837661
01-09 14:09:19.272 D/SignalClusterView(504): wifi: VISIBLE sig=2130837743 act=2130837721
01-09 14:09:19.272 D/SignalClusterView(504): mobile1: VISIBLE sig=2130837709 act=0 typ=2130837661
01-09 14:09:19.272 D/SignalClusterView(504): mobile2: VISIBLE sig=2130837717 act=0 typ=2130837661
01-09 14:09:19.272 D/SignalClusterView(504): wifi: VISIBLE sig=2130837743 act=2130837721
01-09 14:09:19.272 D/SignalClusterView(504): mobile1: VISIBLE sig=2130837709 act=0 typ=2130837661
01-09 14:09:19.272 D/SignalClusterView(504): mobile2: VISIBLE sig=2130837717 act=0 typ=2130837661
01-09 14:09:19.272 D/StatusBar-NetworkControllerDS(504): changing data overlay icon id to 2130837721
01-09 14:09:19.272 W/SignalStrength(504): getGsmLevel. this.mGsmSignalBar=4, getGsmSignalStrength()== 26
01-09 14:09:20.072 D/BatteryService(378): update start
01-09 14:09:20.072 D/BatteryService(378): level:44 scale:100 status:3 health:2 present:true voltage: 3765 temperature: 230 technology: Li-ion AC powered:false USB powered:false icon:17303167 invalid charger:0
01-09 14:09:20.082 D/KeyguardUpdateMonitor(378): received broadcast android.intent.action.BATTERY_CHANGED
01-09 14:09:20.082 D/KeyguardUpdateMonitor(378): handleBatteryUpdate
01-09 14:09:20.082 D/ThermistorObserver(378): mBatteryBRForAMOLED : onReceive() : newTemperature : 230
01-09 14:09:20.082 V/UiModeManager(378): updateLocked, mLastBroadcastState =0 , oldAction = null
01-09 14:09:20.082 D/STATUSBAR-BatteryController(504): onReceive() - ACTION_BATTERY_CHANGED
01-09 14:09:20.082 D/STATUSBAR-BatteryController(504): onReceive() - level:44
01-09 14:09:20.082 D/STATUSBAR-BatteryController(504): onReceive() - plugged:0
01-09 14:09:20.082 D/STATUSBAR-BatteryController(504): onReceive() - BATTERY_STATUS_DISCHARGING: stat_sys_battery
01-09 14:09:20.092 D/STATUSBAR-PhoneStatusBar(504): ACTION_BATTERY_CHANGED
01-09 14:09:20.092 D/STATUSBAR-PhoneStatusBar(504): NORMAL_BATTERY
01-09 14:09:20.102 D/PowerUI (504): getBatteryOnline : battery online file not found
01-09 14:09:20.282 W/SignalStrength(504): getGsmLevel. this.mGsmSignalBar=3, getGsmSignalStrength()== 11
01-09 14:09:20.282 W/SignalStrength(504): getGsmLevel=3
01-09 14:09:20.282 W/SignalStrength(504): getLevel=3 (SignalStrength: 11 255 -120 -160 -120 -1 -1 99 2147483647 -32767 2147483647 -32767 gsm|lte 3)
01-09 14:09:20.282 W/SignalStrength(504): getGsmLevel. this.mGsmSignalBar=4, getGsmSignalStrength()== 26
01-09 14:09:20.282 W/SignalStrength(504): getGsmLevel=4
01-09 14:09:20.282 W/SignalStrength(504): getLevel=4 (SignalStrength: 26 255 -120 -160 -120 -1 -1 99 2147483647 -32767 2147483647 -32767 gsm|lte 4)
01-09 14:09:20.282 D/StatusBar-NetworkControllerDS(504): refreshViews connected={ wifi } level=3|4 combinedSignalIconId=0x7f0200ef/com.android.systemui:drawable/stat_sys_wifi_signal_4 combinedActivityIconId=0x7f0200d8 mAirplaneMode=false mDataActivity1=0 mDataActivity2=0 mPhoneSignalIconId1=0x7f0200cd mPhoneSignalIconId2=0x7f0200d5 mLastPhoneSignalIconId1=0x7f0200cd mLastPhoneSignalIconId2=0x7f0200d5 mDataDirectionIconId1=0x0 mDataDirectionIconId2=0x0 mDataSignalIconId1=0x7f0200cd mDataSignalIconId2=0x7f0200d5 mDataTypeIconId1=0x7f02009d mDataTypeIconId2=0x7f02009d mWifiIconId=0x7f0200ef mRoamingIconId1=0x0 mRoamingIconId2=0x0 mBluetoothTetherIconId=0x10806ce
01-09 14:09:20.282 D/SignalClusterView(504): wifi: VISIBLE sig=2130837743 act=2130837720
01-09 14:09:20.282 D/SignalClusterView(504): mobile1: VISIBLE sig=2130837709 act=0 typ=2130837661
01-09 14:09:20.282 D/SignalClusterView(504): mobile2: VISIBLE sig=2130837717 act=0 typ=2130837661
01-09 14:09:20.282 D/SignalClusterView(504): wifi: VISIBLE sig=2130837743 act=2130837720
01-09 14:09:20.282 D/SignalClusterView(504): mobile1: VISIBLE sig=2130837709 act=0 typ=2130837661
01-09 14:09:20.282 D/SignalClusterView(504): mobile2: VISIBLE sig=2130837717 act=0 typ=2130837661
01-09 14:09:20.282 D/SignalClusterView(504): wifi: VISIBLE sig=2130837743 act=2130837720
01-09 14:09:20.282 D/SignalClusterView(504): mobile1: VISIBLE sig=2130837709 act=0 typ=2130837661
01-09 14:09:20.282 D/SignalClusterView(504): mobile2: VISIBLE sig=2130837717 act=0 typ=2130837661
01-09 14:09:20.282 D/StatusBar-NetworkControllerDS(504): changing data overlay icon id to 2130837720
01-09 14:09:22.282 W/SignalStrength(504): getGsmLevel. this.mGsmSignalBar=3, getGsmSignalStrength()== 11
01-09 14:09:22.282 W/SignalStrength(504): getGsmLevel=3
01-09 14:09:22.282 W/SignalStrength(504): getLevel=3 (SignalStrength: 11 255 -120 -160 -120 -1 -1 99 2147483647 -32767 2147483647 -32767 gsm|lte 3)
01-09 14:09:22.282 W/SignalStrength(504): getGsmLevel. this.mGsmSignalBar=4, getGsmSignalStrength()== 26
01-09 14:09:22.282 W/SignalStrength(504): getGsmLevel=4
01-09 14:09:22.282 W/SignalStrength(504): getLevel=4 (SignalStrength: 26 255 -120 -160 -120 -1 -1 99 2147483647 -32767 2147483647 -32767 gsm|lte 4)
01-09 14:09:22.282 D/StatusBar-NetworkControllerDS(504): refreshViews connected={ wifi } level=3|4 combinedSignalIconId=0x7f0200ef/com.android.systemui:drawable/stat_sys_wifi_signal_4 combinedActivityIconId=0x7f0200d9 mAirplaneMode=false mDataActivity1=0 mDataActivity2=0 mPhoneSignalIconId1=0x7f0200cd mPhoneSignalIconId2=0x7f0200d5 mLastPhoneSignalIconId1=0x7f0200cd mLastPhoneSignalIconId2=0x7f0200d5 mDataDirectionIconId1=0x0 mDataDirectionIconId2=0x0 mDataSignalIconId1=0x7f0200cd mDataSignalIconId2=0x7f0200d5 mDataTypeIconId1=0x7f02009d mDataTypeIconId2=0x7f02009d mWifiIconId=0x7f0200ef mRoamingIconId1=0x0 mRoamingIconId2=0x0 mBluetoothTetherIconId=0x10806ce
01-09 14:09:22.282 D/SignalClusterView(504): wifi: VISIBLE sig=2130837743 act=2130837721
01-09 14:09:22.292 D/SignalClusterView(504): mobile1: VISIBLE sig=2130837709 act=0 typ=2130837661
01-09 14:09:22.292 D/SignalClusterView(504): mobile2: VISIBLE sig=2130837717 act=0 typ=2130837661
01-09 14:09:22.292 D/SignalClusterView(504): wifi: VISIBLE sig=2130837743 act=2130837721
01-09 14:09:22.292 D/SignalClusterView(504): mobile1: VISIBLE sig=2130837709 act=0 typ=2130837661
01-09 14:09:22.292 D/SignalClusterView(504): mobile2: VISIBLE sig=2130837717 act=0 typ=2130837661
01-09 14:09:22.292 D/SignalClusterView(504): wifi: VISIBLE sig=2130837743 act=2130837721
01-09 14:09:22.292 D/SignalClusterView(504): mobile1: VISIBLE sig=2130837709 act=0 typ=2130837661
01-09 14:09:22.292 D/SignalClusterView(504): mobile2: VISIBLE sig=2130837717 act=0 typ=2130837661
01-09 14:09:22.292 D/StatusBar-NetworkControllerDS(504): changing data overlay icon id to 2130837721
01-09 14:09:23.292 W/SignalStrength(504): getGsmLevel. this.mGsmSignalBar=3, getGsmSignalStrength()== 11
01-09 14:09:23.292 W/SignalStrength(504): getGsmLevel=3
01-09 14:09:23.292 W/SignalStrength(504): getLevel=3 (SignalStrength: 11 255 -120 -160 -120 -1 -1 99 2147483647 -32767 2147483647 -32767 gsm|lte 3)
01-09 14:09:23.292 W/SignalStrength(504): getGsmLevel. this.mGsmSignalBar=4, getGsmSignalStrength()== 26
01-09 14:09:23.292 W/SignalStrength(504): getGsmLevel=4
01-09 14:09:23.292 W/SignalStrength(504): getLevel=4 (SignalStrength: 26 255 -120 -160 -120 -1 -1 99 2147483647 -32767 2147483647 -32767 gsm|lte 4)
01-09 14:09:23.292 D/StatusBar-NetworkControllerDS(504): refreshViews connected={ wifi } level=3|4 combinedSignalIconId=0x7f0200ef/com.android.systemui:drawable/stat_sys_wifi_signal_4 combinedActivityIconId=0x7f0200d8 mAirplaneMode=false mDataActivity1=0 mDataActivity2=0 mPhoneSignalIconId1=0x7f0200cd mPhoneSignalIconId2=0x7f0200d5 mLastPhoneSignalIconId1=0x7f0200cd mLastPhoneSignalIconId2=0x7f0200d5 mDataDirectionIconId1=0x0 mDataDirectionIconId2=0x0 mDataSignalIconId1=0x7f0200cd mDataSignalIconId2=0x7f0200d5 mDataTypeIconId1=0x7f02009d mDataTypeIconId2=0x7f02009d mWifiIconId=0x7f0200ef mRoamingIconId1=0x0 mRoamingIconId2=0x0 mBluetoothTetherIconId=0x10806ce
01-09 14:09:23.292 D/SignalClusterView(504): wifi: VISIBLE sig=2130837743 act=2130837720
01-09 14:09:23.292 D/SignalClusterView(504): mobile1: VISIBLE sig=2130837709 act=0 typ=2130837661
01-09 14:09:23.292 D/SignalClusterView(504): mobile2: VISIBLE sig=2130837717 act=0 typ=2130837661
01-09 14:09:23.292 D/SignalClusterView(504): wifi: VISIBLE sig=2130837743 act=2130837720
01-09 14:09:23.292 D/SignalClusterView(504): mobile1: VISIBLE sig=2130837709 act=0 typ=2130837661
01-09 14:09:23.292 D/SignalClusterView(504): mobile2: VISIBLE sig=2130837717 act=0 typ=2130837661
01-09 14:09:23.292 D/SignalClusterView(504): wifi: VISIBLE sig=2130837743 act=2130837720
01-09 14:09:23.302 D/SignalClusterView(504): mobile1: VISIBLE sig=2130837709 act=0 typ=2130837661
01-09 14:09:23.302 D/SignalClusterView(504): mobile2: VISIBLE sig=2130837717 act=0 typ=2130837661
01-09 14:09:23.302 D/StatusBar-NetworkControllerDS(504): changing data overlay icon id to 2130837720
01-09 14:09:24.282 I/InputReader(378): Touch event's action is 0x0 (deviceType=0) [pCnt=1, pending(waiting finished signal)=0, s=0.1890 ]
01-09 14:09:24.282 I/InputDispatcher(378): Delivering touch to current input target: action: 0x0
01-09 14:09:25.302 W/SignalStrength(504): getGsmLevel. this.mGsmSignalBar=3, getGsmSignalStrength()== 11
01-09 14:09:25.302 W/SignalStrength(504): getGsmLevel=3
01-09 14:09:25.302 W/SignalStrength(504): getLevel=3 (SignalStrength: 11 255 -120 -160 -120 -1 -1 99 2147483647 -32767 2147483647 -32767 gsm|lte 3)
01-09 14:09:25.302 W/SignalStrength(504): getGsmLevel. this.mGsmSignalBar=4, getGsmSignalStrength()== 26
01-09 14:09:25.302 W/SignalStrength(504): getGsmLevel=4
01-09 14:09:25.302 W/SignalStrength(504): getLevel=4 (SignalStrength: 26 255 -120 -160 -120 -1 -1 99 2147483647 -32767 2147483647 -32767 gsm|lte 4)
01-09 14:09:25.302 D/StatusBar-NetworkControllerDS(504): refreshViews connected={ wifi } level=3|4 combinedSignalIconId=0x7f0200ef/com.android.systemui:drawable/stat_sys_wifi_signal_4 combinedActivityIconId=0x7f0200d9 mAirplaneMode=false mDataActivity1=0 mDataActivity2=0 mPhoneSignalIconId1=0x7f0200cd mPhoneSignalIconId2=0x7f0200d5 mLastPhoneSignalIconId1=0x7f0200cd mLastPhoneSignalIconId2=0x7f0200d5 mDataDirectionIconId1=0x0 mDataDirectionIconId2=0x0 mDataSignalIconId1=0x7f0200cd mDataSignalIconId2=0x7f0200d5 mDataTypeIconId1=0x7f02009d mDataTypeIconId2=0x7f02009d mWifiIconId=0x7f0200ef mRoamingIconId1=0x0 mRoamingIconId2=0x0 mBluetoothTetherIconId=0x10806ce
01-09 14:09:25.312 D/SignalClusterView(504): wifi: VISIBLE sig=2130837743 act=2130837721
01-09 14:09:25.312 D/SignalClusterView(504): mobile1: VISIBLE sig=2130837709 act=0 typ=2130837661
01-09 14:09:25.312 D/SignalClusterView(504): mobile2: VISIBLE sig=2130837717 act=0 typ=2130837661
01-09 14:09:25.312 D/SignalClusterView(504): wifi: VISIBLE sig=2130837743 act=2130837721
01-09 14:09:25.312 D/SignalClusterView(504): mobile1: VISIBLE sig=2130837709 act=0 typ=2130837661
01-09 14:09:25.312 D/SignalClusterView(504): mobile2: VISIBLE sig=2130837717 act=0 typ=2130837661
01-09 14:09:25.312 D/SignalClusterView(504): wifi: VISIBLE sig=2130837743 act=2130837721
01-09 14:09:25.312 D/SignalClusterView(504): mobile1: VISIBLE sig=2130837709 act=0 typ=2130837661
01-09 14:09:25.312 D/SignalClusterView(504): mobile2: VISIBLE sig=2130837717 act=0 typ=2130837661
01-09 14:09:25.312 D/StatusBar-NetworkControllerDS(504): changing data overlay icon id to 2130837721
01-09 14:09:26.322 W/SignalStrength(504): getGsmLevel. this.mGsmSignalBar=3, getGsmSignalStrength()== 11
01-09 14:09:26.322 W/SignalStrength(504): getGsmLevel=3
01-09 14:09:26.322 W/SignalStrength(504): getLevel=3 (SignalStrength: 11 255 -120 -160 -120 -1 -1 99 2147483647 -32767 2147483647 -32767 gsm|lte 3)
01-09 14:09:26.322 W/SignalStrength(504): getGsmLevel. this.mGsmSignalBar=4, getGsmSignalStrength()== 26
01-09 14:09:26.322 W/SignalStrength(504): getGsmLevel=4
01-09 14:09:26.322 W/SignalStrength(504): getLevel=4 (SignalStrength: 26 255 -120 -160 -120 -1 -1 99 2147483647 -32767 2147483647 -32767 gsm|lte 4)
01-09 14:09:26.322 D/StatusBar-NetworkControllerDS(504): refreshViews connected={ wifi } level=3|4 combinedSignalIconId=0x7f0200ef/com.android.systemui:drawable/stat_sys_wifi_signal_4 combinedActivityIconId=0x7f0200d8 mAirplaneMode=false mDataActivity1=0 mDataActivity2=0 mPhoneSignalIconId1=0x7f0200cd mPhoneSignalIconId2=0x7f0200d5 mLastPhoneSignalIconId1=0x7f0200cd mLastPhoneSignalIconId2=0x7f0200d5 mDataDirectionIconId1=0x0 mDataDirectionIconId2=0x0 mDataSignalIconId1=0x7f0200cd mDataSignalIconId2=0x7f0200d5 mDataTypeIconId1=0x7f02009d mDataTypeIconId2=0x7f02009d mWifiIconId=0x7f0200ef mRoamingIconId1=0x0 mRoamingIconId2=0x0 mBluetoothTetherIconId=0x10806ce
01-09 14:09:26.322 D/SignalClusterView(504): wifi: VISIBLE sig=2130837743 act=2130837720
01-09 14:09:26.322 D/SignalClusterView(504): mobile1: VISIBLE sig=2130837709 act=0 typ=2130837661
01-09 14:09:26.322 D/SignalClusterView(504): mobile2: VISIBLE sig=2130837717 act=0 typ=2130837661
01-09 14:09:26.322 D/SignalClusterView(504): wifi: VISIBLE sig=2130837743 act=2130837720
01-09 14:09:26.322 D/SignalClusterView(504): mobile1: VISIBLE sig=2130837709 act=0 typ=2130837661
01-09 14:09:26.322 D/SignalClusterView(504): mobile2: VISIBLE sig=2130837717 act=0 typ=2130837661
01-09 14:09:26.322 D/SignalClusterView(504): wifi: VISIBLE sig=2130837743 act=2130837720
01-09 14:09:26.322 D/SignalClusterView(504): mobile1: VISIBLE sig=2130837709 act=0 typ=2130837661
01-09 14:09:26.322 D/SignalClusterView(504): mobile2: VISIBLE sig=2130837717 act=0 typ=2130837661
01-09 14:09:26.322 D/StatusBar-NetworkControllerDS(504): changing data overlay icon id to 2130837720
01-09 14:09:26.652 I/InputReader(378): Touch event's action is 0x1 (deviceType=0) [pCnt=1, pending(waiting finished signal)=0, s=]
01-09 14:09:26.652 I/InputDispatcher(378): Delivering touch to current input target: action: 0x1
01-09 14:09:28.142 V/PowerManagerService(378): Top Most Needs Intelligent Sleep: true
01-09 14:09:28.142 W/PowerManagerService(378): Timer 0x3->0x3|0x0
01-09 14:09:28.172 E/AlarmManagerService(378): android_server_AlarmManagerService_set to type=3, 239606.672000000
01-09 14:09:28.172 V/AlarmManager(378): waitForAlarm result :8
01-09 14:09:28.192 W/AlarmManager(378): FACTORY_ON= 0
01-09 14:09:28.322 W/SignalStrength(504): getGsmLevel. this.mGsmSignalBar=3, getGsmSignalStrength()== 11
01-09 14:09:28.322 W/SignalStrength(504): getGsmLevel=3
01-09 14:09:28.322 W/SignalStrength(504): getLevel=3 (SignalStrength: 11 255 -120 -160 -120 -1 -1 99 2147483647 -32767 2147483647 -32767 gsm|lte 3)
01-09 14:09:28.322 W/SignalStrength(504): getGsmLevel. this.mGsmSignalBar=4, getGsmSignalStrength()== 26
01-09 14:09:28.322 W/SignalStrength(504): getGsmLevel=4
01-09 14:09:28.322 W/SignalStrength(504): getLevel=4 (SignalStrength: 26 255 -120 -160 -120 -1 -1 99 2147483647 -32767 2147483647 -32767 gsm|lte 4)
01-09 14:09:28.322 D/StatusBar-NetworkControllerDS(504): refreshViews connected={ wifi } level=3|4 combinedSignalIconId=0x7f0200ef/com.android.systemui:drawable/stat_sys_wifi_signal_4 combinedActivityIconId=0x7f0200d9 mAirplaneMode=false mDataActivity1=0 mDataActivity2=0 mPhoneSignalIconId1=0x7f0200cd mPhoneSignalIconId2=0x7f0200d5 mLastPhoneSignalIconId1=0x7f0200cd mLastPhoneSignalIconId2=0x7f0200d5 mDataDirectionIconId1=0x0 mDataDirectionIconId2=0x0 mDataSignalIconId1=0x7f0200cd mDataSignalIconId2=0x7f0200d5 mDataTypeIconId1=0x7f02009d mDataTypeIconId2=0x7f02009d mWifiIconId=0x7f0200ef mRoamingIconId1=0x0 mRoamingIconId2=0x0 mBluetoothTetherIconId=0x10806ce
01-09 14:09:28.322 D/SignalClusterView(504): wifi: VISIBLE sig=2130837743 act=2130837721
01-09 14:09:28.322 D/SignalClusterView(504): mobile1: VISIBLE sig=2130837709 act=0 typ=2130837661
01-09 14:09:28.322 D/SignalClusterView(504): mobile2: VISIBLE sig=2130837717 act=0 typ=2130837661
01-09 14:09:28.322 D/SignalClusterView(504): wifi: VISIBLE sig=2130837743 act=2130837721
01-09 14:09:28.322 D/SignalClusterView(504): mobile1: VISIBLE sig=2130837709 act=0 typ=2130837661
01-09 14:09:28.322 D/SignalClusterView(504): mobile2: VISIBLE sig=2130837717 act=0 typ=2130837661
01-09 14:09:28.322 D/SignalClusterView(504): wifi: VISIBLE sig=2130837743 act=2130837721
01-09 14:09:28.322 D/SignalClusterView(504): mobile1: VISIBLE sig=2130837709 act=0 typ=2130837661
01-09 14:09:28.322 D/SignalClusterView(504): mobile2: VISIBLE sig=2130837717 act=0 typ=2130837661
01-09 14:09:28.322 D/StatusBar-NetworkControllerDS(504): changing data overlay icon id to 2130837721
01-09 14:09:28.582 I/NRFW    (1283): profile=wifi
01-09 14:09:28.612 I/NRFW    (1283): serverip=103.235.47.88 localIp=10.0.8.1
01-09 14:09:29.342 W/SignalStrength(504): getGsmLevel. this.mGsmSignalBar=3, getGsmSignalStrength()== 11
01-09 14:09:29.342 W/SignalStrength(504): getGsmLevel=3
01-09 14:09:29.342 W/SignalStrength(504): getLevel=3 (SignalStrength: 11 255 -120 -160 -120 -1 -1 99 2147483647 -32767 2147483647 -32767 gsm|lte 3)
01-09 14:09:29.342 W/SignalStrength(504): getGsmLevel. this.mGsmSignalBar=4, getGsmSignalStrength()== 26
01-09 14:09:29.342 W/SignalStrength(504): getGsmLevel=4
01-09 14:09:29.342 W/SignalStrength(504): getLevel=4 (SignalStrength: 26 255 -120 -160 -120 -1 -1 99 2147483647 -32767 2147483647 -32767 gsm|lte 4)
01-09 14:09:29.342 D/StatusBar-NetworkControllerDS(504): refreshViews connected={ wifi } level=3|4 combinedSignalIconId=0x7f0200ef/com.android.systemui:drawable/stat_sys_wifi_signal_4 combinedActivityIconId=0x7f0200d8 mAirplaneMode=false mDataActivity1=0 mDataActivity2=0 mPhoneSignalIconId1=0x7f0200cd mPhoneSignalIconId2=0x7f0200d5 mLastPhoneSignalIconId1=0x7f0200cd mLastPhoneSignalIconId2=0x7f0200d5 mDataDirectionIconId1=0x0 mDataDirectionIconId2=0x0 mDataSignalIconId1=0x7f0200cd mDataSignalIconId2=0x7f0200d5 mDataTypeIconId1=0x7f02009d mDataTypeIconId2=0x7f02009d mWifiIconId=0x7f0200ef mRoamingIconId1=0x0 mRoamingIconId2=0x0 mBluetoothTetherIconId=0x10806ce
01-09 14:09:29.342 D/SignalClusterView(504): wifi: VISIBLE sig=2130837743 act=2130837720
01-09 14:09:29.342 D/SignalClusterView(504): mobile1: VISIBLE sig=2130837709 act=0 typ=2130837661
01-09 14:09:29.342 D/SignalClusterView(504): mobile2: VISIBLE sig=2130837717 act=0 typ=2130837661
01-09 14:09:29.342 D/SignalClusterView(504): wifi: VISIBLE sig=2130837743 act=2130837720
01-09 14:09:29.342 D/SignalClusterView(504): mobile1: VISIBLE sig=2130837709 act=0 typ=2130837661
01-09 14:09:29.342 D/SignalClusterView(504): mobile2: VISIBLE sig=2130837717 act=0 typ=2130837661
01-09 14:09:29.342 D/SignalClusterView(504): wifi: VISIBLE sig=2130837743 act=2130837720
01-09 14:09:29.342 D/SignalClusterView(504): mobile1: VISIBLE sig=2130837709 act=0 typ=2130837661
01-09 14:09:29.342 D/SignalClusterView(504): mobile2: VISIBLE sig=2130837717 act=0 typ=2130837661
01-09 14:09:29.342 D/StatusBar-NetworkControllerDS(504): changing data overlay icon id to 2130837720
01-09 14:09:30.592 D/plugin  (689): getDefaultSubscription()
01-09 14:09:30.592 E/MSimTelephonyManager(19026): MSimTelephonyManager sRegistryMsim != null
01-09 14:09:30.612 I/NRFW    (1283): serverip=180.76.3.90 localIp=10.0.8.1
01-09 14:09:30.622 I/DNS     (1283): 180.76.3.90 h_errno=1
01-09 14:09:31.342 W/SignalStrength(504): getGsmLevel. this.mGsmSignalBar=3, getGsmSignalStrength()== 11
01-09 14:09:31.342 W/SignalStrength(504): getGsmLevel=3
01-09 14:09:31.342 W/SignalStrength(504): getLevel=3 (SignalStrength: 11 255 -120 -160 -120 -1 -1 99 2147483647 -32767 2147483647 -32767 gsm|lte 3)
01-09 14:09:31.342 W/SignalStrength(504): getGsmLevel. this.mGsmSignalBar=4, getGsmSignalStrength()== 26
01-09 14:09:31.342 W/SignalStrength(504): getGsmLevel=4
01-09 14:09:31.342 W/SignalStrength(504): getLevel=4 (SignalStrength: 26 255 -120 -160 -120 -1 -1 99 2147483647 -32767 2147483647 -32767 gsm|lte 4)
01-09 14:09:31.342 D/StatusBar-NetworkControllerDS(504): refreshViews connected={ wifi } level=3|4 combinedSignalIconId=0x7f0200ef/com.android.systemui:drawable/stat_sys_wifi_signal_4 combinedActivityIconId=0x7f0200d9 mAirplaneMode=false mDataActivity1=0 mDataActivity2=0 mPhoneSignalIconId1=0x7f0200cd mPhoneSignalIconId2=0x7f0200d5 mLastPhoneSignalIconId1=0x7f0200cd mLastPhoneSignalIconId2=0x7f0200d5 mDataDirectionIconId1=0x0 mDataDirectionIconId2=0x0 mDataSignalIconId1=0x7f0200cd mDataSignalIconId2=0x7f0200d5 mDataTypeIconId1=0x7f02009d mDataTypeIconId2=0x7f02009d mWifiIconId=0x7f0200ef mRoamingIconId1=0x0 mRoamingIconId2=0x0 mBluetoothTetherIconId=0x10806ce
01-09 14:09:31.342 D/SignalClusterView(504): wifi: VISIBLE sig=2130837743 act=2130837721
01-09 14:09:31.342 D/SignalClusterView(504): mobile1: VISIBLE sig=2130837709 act=0 typ=2130837661
01-09 14:09:31.342 D/SignalClusterView(504): mobile2: VISIBLE sig=2130837717 act=0 typ=2130837661
01-09 14:09:31.342 D/SignalClusterView(504): wifi: VISIBLE sig=2130837743 act=2130837721
01-09 14:09:31.352 D/SignalClusterView(504): mobile1: VISIBLE sig=2130837709 act=0 typ=2130837661
01-09 14:09:31.352 D/SignalClusterView(504): mobile2: VISIBLE sig=2130837717 act=0 typ=2130837661
01-09 14:09:31.352 D/SignalClusterView(504): wifi: VISIBLE sig=2130837743 act=2130837721
01-09 14:09:31.352 D/SignalClusterView(504): mobile1: VISIBLE sig=2130837709 act=0 typ=2130837661
01-09 14:09:31.352 D/SignalClusterView(504): mobile2: VISIBLE sig=2130837717 act=0 typ=2130837661
01-09 14:09:31.352 D/StatusBar-NetworkControllerDS(504): changing data overlay icon id to 2130837721
01-09 14:09:31.602 I/NRFW    (1283): profile=wifi
01-09 14:09:31.632 I/NRFW    (1283): serverip=103.235.47.88 localIp=10.0.8.1
01-09 14:09:32.352 W/SignalStrength(504): getGsmLevel. this.mGsmSignalBar=3, getGsmSignalStrength()== 11
01-09 14:09:32.352 W/SignalStrength(504): getGsmLevel=3
01-09 14:09:32.352 W/SignalStrength(504): getLevel=3 (SignalStrength: 11 255 -120 -160 -120 -1 -1 99 2147483647 -32767 2147483647 -32767 gsm|lte 3)
01-09 14:09:32.352 W/SignalStrength(504): getGsmLevel. this.mGsmSignalBar=4, getGsmSignalStrength()== 26
01-09 14:09:32.352 W/SignalStrength(504): getGsmLevel=4
01-09 14:09:32.352 W/SignalStrength(504): getLevel=4 (SignalStrength: 26 255 -120 -160 -120 -1 -1 99 2147483647 -32767 2147483647 -32767 gsm|lte 4)
01-09 14:09:32.352 D/StatusBar-NetworkControllerDS(504): refreshViews connected={ wifi } level=3|4 combinedSignalIconId=0x7f0200ef/com.android.systemui:drawable/stat_sys_wifi_signal_4 combinedActivityIconId=0x7f0200d8 mAirplaneMode=false mDataActivity1=0 mDataActivity2=0 mPhoneSignalIconId1=0x7f0200cd mPhoneSignalIconId2=0x7f0200d5 mLastPhoneSignalIconId1=0x7f0200cd mLastPhoneSignalIconId2=0x7f0200d5 mDataDirectionIconId1=0x0 mDataDirectionIconId2=0x0 mDataSignalIconId1=0x7f0200cd mDataSignalIconId2=0x7f0200d5 mDataTypeIconId1=0x7f02009d mDataTypeIconId2=0x7f02009d mWifiIconId=0x7f0200ef mRoamingIconId1=0x0 mRoamingIconId2=0x0 mBluetoothTetherIconId=0x10806ce
01-09 14:09:32.352 D/SignalClusterView(504): wifi: VISIBLE sig=2130837743 act=2130837720
01-09 14:09:32.352 D/SignalClusterView(504): mobile1: VISIBLE sig=2130837709 act=0 typ=2130837661
01-09 14:09:32.352 D/SignalClusterView(504): mobile2: VISIBLE sig=2130837717 act=0 typ=2130837661
01-09 14:09:32.362 D/SignalClusterView(504): wifi: VISIBLE sig=2130837743 act=2130837720
01-09 14:09:32.362 D/SignalClusterView(504): mobile1: VISIBLE sig=2130837709 act=0 typ=2130837661
01-09 14:09:32.362 D/SignalClusterView(504): mobile2: VISIBLE sig=2130837717 act=0 typ=2130837661
01-09 14:09:32.362 D/SignalClusterView(504): wifi: VISIBLE sig=2130837743 act=2130837720
01-09 14:09:32.362 D/SignalClusterView(504): mobile1: VISIBLE sig=2130837709 act=0 typ=2130837661
01-09 14:09:32.362 D/SignalClusterView(504): mobile2: VISIBLE sig=2130837717 act=0 typ=2130837661
01-09 14:09:32.362 D/StatusBar-NetworkControllerDS(504): changing data overlay icon id to 2130837720
01-09 14:09:33.652 I/NRFW    (1283): serverip=180.76.3.90 localIp=10.0.8.1
01-09 14:09:34.372 W/SignalStrength(504): getGsmLevel. this.mGsmSignalBar=3, getGsmSignalStrength()== 11
01-09 14:09:34.372 W/SignalStrength(504): getGsmLevel=3
01-09 14:09:34.372 W/SignalStrength(504): getLevel=3 (SignalStrength: 11 255 -120 -160 -120 -1 -1 99 2147483647 -32767 2147483647 -32767 gsm|lte 3)
01-09 14:09:34.372 W/SignalStrength(504): getGsmLevel. this.mGsmSignalBar=4, getGsmSignalStrength()== 26
01-09 14:09:34.372 W/SignalStrength(504): getGsmLevel=4
01-09 14:09:34.372 D/SignalClusterView(504): wifi: VISIBLE sig=2130837743 act=2130837721
01-09 14:09:34.372 D/SignalClusterView(504): mobile1: VISIBLE sig=2130837709 act=0 typ=2130837661
01-09 14:09:34.372 D/SignalClusterView(504): mobile2: VISIBLE sig=2130837717 act=0 typ=2130837661
01-09 14:09:34.372 D/SignalClusterView(504): wifi: VISIBLE sig=2130837743 act=2130837721
01-09 14:09:34.372 D/SignalClusterView(504): mobile1: VISIBLE sig=2130837709 act=0 typ=2130837661
01-09 14:09:34.372 D/SignalClusterView(504): mobile2: VISIBLE sig=2130837717 act=0 typ=2130837661
01-09 14:09:34.372 D/SignalClusterView(504): wifi: VISIBLE sig=2130837743 act=2130837721
01-09 14:09:34.372 D/SignalClusterView(504): mobile1: VISIBLE sig=2130837709 act=0 typ=2130837661
01-09 14:09:34.372 D/SignalClusterView(504): mobile2: VISIBLE sig=2130837717 act=0 typ=2130837661
01-09 14:09:34.372 D/StatusBar-NetworkControllerDS(504): changing data overlay icon id to 2130837721
01-09 14:09:34.372 W/SignalStrength(504): getLevel=4 (SignalStrength: 26 255 -120 -160 -120 -1 -1 99 2147483647 -32767 2147483647 -32767 gsm|lte 4)
01-09 14:09:34.372 D/StatusBar-NetworkControllerDS(504): refreshViews connected={ wifi } level=3|4 combinedSignalIconId=0x7f0200ef/com.android.systemui:drawable/stat_sys_wifi_signal_4 combinedActivityIconId=0x7f0200d9 mAirplaneMode=false mDataActivity1=0 mDataActivity2=0 mPhoneSignalIconId1=0x7f0200cd mPhoneSignalIconId2=0x7f0200d5 mLastPhoneSignalIconId1=0x7f0200cd mLastPhoneSignalIconId2=0x7f0200d5 mDataDirectionIconId1=0x0 mDataDirectionIconId2=0x0 mDataSignalIconId1=0x7f0200cd mDataSignalIconId2=0x7f0200d5 mDataTypeIconId1=0x7f02009d mDataTypeIconId2=0x7f02009d mWifiIconId=0x7f0200ef mRoamingIconId1=0x0 mRoamingIconId2=0x0 mBluetoothTetherIconId=0x10806ce
01-09 14:09:35.372 W/SignalStrength(504): getGsmLevel. this.mGsmSignalBar=3, getGsmSignalStrength()== 11
01-09 14:09:35.372 W/SignalStrength(504): getGsmLevel=3
01-09 14:09:35.372 W/SignalStrength(504): getLevel=3 (SignalStrength: 11 255 -120 -160 -120 -1 -1 99 2147483647 -32767 2147483647 -32767 gsm|lte 3)
01-09 14:09:35.372 W/SignalStrength(504): getGsmLevel. this.mGsmSignalBar=4, getGsmSignalStrength()== 26
01-09 14:09:35.372 W/SignalStrength(504): getGsmLevel=4
01-09 14:09:35.372 W/SignalStrength(504): getLevel=4 (SignalStrength: 26 255 -120 -160 -120 -1 -1 99 2147483647 -32767 2147483647 -32767 gsm|lte 4)
01-09 14:09:35.372 D/StatusBar-NetworkControllerDS(504): refreshViews connected={ wifi } level=3|4 combinedSignalIconId=0x7f0200ef/com.android.systemui:drawable/stat_sys_wifi_signal_4 combinedActivityIconId=0x7f0200d8 mAirplaneMode=false mDataActivity1=0 mDataActivity2=0 mPhoneSignalIconId1=0x7f0200cd mPhoneSignalIconId2=0x7f0200d5 mLastPhoneSignalIconId1=0x7f0200cd mLastPhoneSignalIconId2=0x7f0200d5 mDataDirectionIconId1=0x0 mDataDirectionIconId2=0x0 mDataSignalIconId1=0x7f0200cd mDataSignalIconId2=0x7f0200d5 mDataTypeIconId1=0x7f02009d mDataTypeIconId2=0x7f02009d mWifiIconId=0x7f0200ef mRoamingIconId1=0x0 mRoamingIconId2=0x0 mBluetoothTetherIconId=0x10806ce
01-09 14:09:35.372 D/SignalClusterView(504): wifi: VISIBLE sig=2130837743 act=2130837720
01-09 14:09:35.372 D/SignalClusterView(504): mobile1: VISIBLE sig=2130837709 act=0 typ=2130837661
01-09 14:09:35.372 D/SignalClusterView(504): mobile2: VISIBLE sig=2130837717 act=0 typ=2130837661
01-09 14:09:35.372 D/SignalClusterView(504): wifi: VISIBLE sig=2130837743 act=2130837720
01-09 14:09:35.372 D/SignalClusterView(504): mobile1: VISIBLE sig=2130837709 act=0 typ=2130837661
01-09 14:09:35.372 D/SignalClusterView(504): mobile2: VISIBLE sig=2130837717 act=0 typ=2130837661
01-09 14:09:35.382 D/SignalClusterView(504): wifi: VISIBLE sig=2130837743 act=2130837720
01-09 14:09:35.382 D/SignalClusterView(504): mobile1: VISIBLE sig=2130837709 act=0 typ=2130837661
01-09 14:09:35.382 D/SignalClusterView(504): mobile2: VISIBLE sig=2130837717 act=0 typ=2130837661
01-09 14:09:35.382 D/StatusBar-NetworkControllerDS(504): changing data overlay icon id to 2130837720
01-09 14:09:36.052 E/AlarmManagerService(378): android_server_AlarmManagerService_set to type=1, 1483967676.067000000
01-09 14:09:36.052 V/AlarmManager(378): waitForAlarm result :2
01-09 14:09:36.142 I/dalvikvm(21885): Could not find method android.content.Context.createDeviceProtectedStorageContext, referenced from method com.google.android.tts.service.PattsJniLoader.loadJni
01-09 14:09:36.142 W/dalvikvm(21885): VFY: unable to resolve virtual method 180: Landroid/content/Context;.createDeviceProtectedStorageContext ()Landroid/content/Context;
01-09 14:09:36.142 D/dalvikvm(21885): VFY: replacing opcode 0x6e at 0x0006
01-09 14:09:36.192 I/dalvikvm(21885): Could not find method android.app.Notification$Builder.setPriority, referenced from method com.google.android.gms.common.GooglePlayServicesUtil.zza
01-09 14:09:36.192 W/dalvikvm(21885): VFY: unable to resolve virtual method 135: Landroid/app/Notification$Builder;.setPriority (I)Landroid/app/Notification$Builder;
01-09 14:09:36.192 D/dalvikvm(21885): VFY: replacing opcode 0x6e at 0x003a
01-09 14:09:36.192 I/dalvikvm(21885): Could not find method android.app.Notification$Builder.setLocalOnly, referenced from method com.google.android.gms.common.GooglePlayServicesUtil.zza
01-09 14:09:36.192 W/dalvikvm(21885): VFY: unable to resolve virtual method 134: Landroid/app/Notification$Builder;.setLocalOnly (Z)Landroid/app/Notification$Builder;
01-09 14:09:36.192 D/dalvikvm(21885): VFY: replacing opcode 0x6e at 0x00c2
01-09 14:09:36.192 E/dalvikvm(21885): Could not find class 'android.app.Notification$BigTextStyle', referenced from method com.google.android.gms.common.GooglePlayServicesUtil.zza
01-09 14:09:36.192 W/dalvikvm(21885): VFY: unable to resolve new-instance 36 (Landroid/app/Notification$BigTextStyle;) in Lcom/google/android/gms/common/GooglePlayServicesUtil;
01-09 14:09:36.192 D/dalvikvm(21885): VFY: replacing opcode 0x22 at 0x00cb
01-09 14:09:36.192 D/dalvikvm(21885): DexOpt: couldn't find field Landroid/app/Notification;.extras
01-09 14:09:36.192 W/dalvikvm(21885): VFY: unable to resolve instance field 21
01-09 14:09:36.192 D/dalvikvm(21885): VFY: replacing opcode 0x54 at 0x00e1
01-09 14:09:36.192 E/dalvikvm(21885): Could not find class 'android.app.AppOpsManager', referenced from method com.google.android.gms.common.GooglePlayServicesUtil.zza
01-09 14:09:36.192 W/dalvikvm(21885): VFY: unable to resolve check-cast 23 (Landroid/app/AppOpsManager;) in Lcom/google/android/gms/common/GooglePlayServicesUtil;
01-09 14:09:36.192 D/dalvikvm(21885): VFY: replacing opcode 0x1f at 0x000e
01-09 14:09:36.202 I/dalvikvm(21885): Could not find method android.content.pm.PackageManager.getPackageInstaller, referenced from method com.google.android.gms.common.GooglePlayServicesUtil.zzi
01-09 14:09:36.202 W/dalvikvm(21885): VFY: unable to resolve virtual method 283: Landroid/content/pm/PackageManager;.getPackageInstaller ()Landroid/content/pm/PackageInstaller;
01-09 14:09:36.202 D/dalvikvm(21885): VFY: replacing opcode 0x6e at 0x000b
01-09 14:09:36.202 D/dalvikvm(21885): DexOpt: unable to opt direct call 0x007c at 0x44 in Lcom/google/android/gms/common/GooglePlayServicesUtil;.zza
01-09 14:09:36.202 D/dalvikvm(21885): DexOpt: unable to opt direct call 0x007c at 0xcd in Lcom/google/android/gms/common/GooglePlayServicesUtil;.zza
01-09 14:09:36.202 I/GAv4    (21885): Google Analytics 7.8.95 is starting up. To enable debug logging on a device run:
01-09 14:09:36.202 I/GAv4    (21885):   adb shell setprop log.tag.GAv4 DEBUG
01-09 14:09:36.202 I/GAv4    (21885):   adb logcat -s GAv4
01-09 14:09:36.212 W/GAv4    (21885): AnalyticsReceiver is not registered or is disabled. Register the receiver for reliable dispatching on non-Google Play devices. See http://goo.gl/8Rd3yj for instructions.
01-09 14:09:36.232 W/GAv4    (21885): CampaignTrackingReceiver is not registered, not exported or is disabled. Installation campaign tracking is not possible. See http://goo.gl/8Rd3yj for instructions.
01-09 14:09:36.312 I/dalvikvm(21885): Could not find method android.app.DownloadManager$Request.setAllowedOverMetered, referenced from method com.google.android.tts.local.voicepack.lorry.LorryVoiceDataDownloader.buildDownloadRequest
01-09 14:09:36.312 W/dalvikvm(21885): VFY: unable to resolve virtual method 88: Landroid/app/DownloadManager$Request;.setAllowedOverMetered (Z)Landroid/app/DownloadManager$Request;
01-09 14:09:36.312 D/dalvikvm(21885): VFY: replacing opcode 0x6e at 0x0024
01-09 14:09:36.312 I/dalvikvm(21885): Could not find method android.content.Context.createDeviceProtectedStorageContext, referenced from method com.google.android.tts.local.voicepack.VoiceDataManager.<init>
01-09 14:09:36.312 W/dalvikvm(21885): VFY: unable to resolve virtual method 180: Landroid/content/Context;.createDeviceProtectedStorageContext ()Landroid/content/Context;
01-09 14:09:36.312 D/dalvikvm(21885): VFY: replacing opcode 0x6e at 0x0025
01-09 14:09:36.342 I/dalvikvm(21885): Could not find method android.speech.tts.SynthesisCallback.error, referenced from method com.google.android.tts.util.CompatHelper.callbackError
01-09 14:09:36.342 W/dalvikvm(21885): VFY: unable to resolve interface method 877: Landroid/speech/tts/SynthesisCallback;.error (I)V
01-09 14:09:36.342 D/dalvikvm(21885): VFY: replacing opcode 0x72 at 0x0006
01-09 14:09:36.392 W/GAv4    (21885): AnalyticsService not registered in the app manifest. Hits might not be delivered reliably. See http://goo.gl/8Rd3yj for instructions.
01-09 14:09:37.382 W/SignalStrength(504): getGsmLevel. this.mGsmSignalBar=3, getGsmSignalStrength()== 11
01-09 14:09:37.382 W/SignalStrength(504): getGsmLevel=3
01-09 14:09:37.382 W/SignalStrength(504): getLevel=3 (SignalStrength: 11 255 -120 -160 -120 -1 -1 99 2147483647 -32767 2147483647 -32767 gsm|lte 3)
01-09 14:09:37.382 W/SignalStrength(504): getGsmLevel. this.mGsmSignalBar=4, getGsmSignalStrength()== 26
01-09 14:09:37.382 W/SignalStrength(504): getGsmLevel=4
01-09 14:09:37.382 W/SignalStrength(504): getLevel=4 (SignalStrength: 26 255 -120 -160 -120 -1 -1 99 2147483647 -32767 2147483647 -32767 gsm|lte 4)
01-09 14:09:37.382 D/StatusBar-NetworkControllerDS(504): refreshViews connected={ wifi } level=3|4 combinedSignalIconId=0x7f0200ef/com.android.systemui:drawable/stat_sys_wifi_signal_4 combinedActivityIconId=0x7f0200d9 mAirplaneMode=false mDataActivity1=0 mDataActivity2=0 mPhoneSignalIconId1=0x7f0200cd mPhoneSignalIconId2=0x7f0200d5 mLastPhoneSignalIconId1=0x7f0200cd mLastPhoneSignalIconId2=0x7f0200d5 mDataDirectionIconId1=0x0 mDataDirectionIconId2=0x0 mDataSignalIconId1=0x7f0200cd mDataSignalIconId2=0x7f0200d5 mDataTypeIconId1=0x7f02009d mDataTypeIconId2=0x7f02009d mWifiIconId=0x7f0200ef mRoamingIconId1=0x0 mRoamingIconId2=0x0 mBluetoothTetherIconId=0x10806ce
01-09 14:09:37.382 D/SignalClusterView(504): wifi: VISIBLE sig=2130837743 act=2130837721
01-09 14:09:37.382 D/SignalClusterView(504): mobile1: VISIBLE sig=2130837709 act=0 typ=2130837661
01-09 14:09:37.382 D/SignalClusterView(504): mobile2: VISIBLE sig=2130837717 act=0 typ=2130837661
01-09 14:09:37.382 D/SignalClusterView(504): wifi: VISIBLE sig=2130837743 act=2130837721
01-09 14:09:37.382 D/SignalClusterView(504): mobile1: VISIBLE sig=2130837709 act=0 typ=2130837661
01-09 14:09:37.382 D/SignalClusterView(504): mobile2: VISIBLE sig=2130837717 act=0 typ=2130837661
01-09 14:09:37.382 D/SignalClusterView(504): wifi: VISIBLE sig=2130837743 act=2130837721
01-09 14:09:37.382 D/SignalClusterView(504): mobile1: VISIBLE sig=2130837709 act=0 typ=2130837661
01-09 14:09:37.382 D/SignalClusterView(504): mobile2: VISIBLE sig=2130837717 act=0 typ=2130837661
01-09 14:09:37.382 D/StatusBar-NetworkControllerDS(504): changing data overlay icon id to 2130837721
01-09 14:09:37.552 D/dalvikvm(21885): GC_CONCURRENT freed 6033K, 38% free 11615K/18723K, paused 2ms+3ms
01-09 14:09:37.622 I/NRFW    (1283): profile=wifi
01-09 14:09:37.652 I/NRFW    (1283): serverip=103.235.47.88 localIp=10.0.8.1
01-09 14:09:37.902 I/IntegrityChecker(21885): Checking integrity of voice: de-de-x-nfh, revision: 24
01-09 14:09:37.902 W/IntegrityChecker(21885): No checksums for voice: de-de-x-nfh, revision: 24
01-09 14:09:38.052 E/dalvikvm(21885): Could not find class 'android.speech.tts.Voice', referenced from method com.google.android.tts.service.GoogleTTSService.onGetVoices
01-09 14:09:38.052 W/dalvikvm(21885): VFY: unable to resolve new-instance 241 (Landroid/speech/tts/Voice;) in Lcom/google/android/tts/service/GoogleTTSService;
01-09 14:09:38.052 D/dalvikvm(21885): VFY: replacing opcode 0x22 at 0x0026
01-09 14:09:38.062 I/dalvikvm(21885): Could not find method android.speech.tts.SynthesisRequest.getCallerUid, referenced from method com.google.android.tts.service.GoogleTTSService.onSynthesizeText
01-09 14:09:38.062 W/dalvikvm(21885): VFY: unable to resolve virtual method 881: Landroid/speech/tts/SynthesisRequest;.getCallerUid ()I
01-09 14:09:38.062 D/dalvikvm(21885): VFY: replacing opcode 0x6e at 0x0015
01-09 14:09:38.062 D/dalvikvm(21885): DexOpt: unable to opt direct call 0x0389 at 0x44 in Lcom/google/android/tts/service/GoogleTTSService;.onGetVoices
01-09 14:09:38.062 I/GoogleTTSService(21885): Creating Google TTS service, version 3.10.9
01-09 14:09:38.062 I/dalvikvm(21885): Could not find method android.app.ActivityManager.isLowRamDevice, referenced from method com.google.android.tts.util.DeviceUtil.isLowRamDevice
01-09 14:09:38.062 W/dalvikvm(21885): VFY: unable to resolve virtual method 36: Landroid/app/ActivityManager;.isLowRamDevice ()Z
01-09 14:09:38.062 D/dalvikvm(21885): VFY: replacing opcode 0x6e at 0x000e
01-09 14:09:38.092 D/dalvikvm(21885): GC_CONCURRENT freed 2557K, 36% free 12155K/18723K, paused 1ms+4ms
01-09 14:09:38.092 I/PattsJniLoader(21885): Loading library tts_android
01-09 14:09:38.102 D/dalvikvm(21885): Trying to load lib /data/data/com.google.android.tts/lib/libtts_android.so 0x410976a0
01-09 14:09:38.182 D/dalvikvm(21885): Added shared lib /data/data/com.google.android.tts/lib/libtts_android.so 0x410976a0
01-09 14:09:38.182 D/dalvikvm(21885): No JNI_OnLoad found in /data/data/com.google.android.tts/lib/libtts_android.so 0x410976a0, skipping init
01-09 14:09:38.212 E/NetworkSynthesizer(21885): Network synthesizer has multiple voices for a single locale
01-09 14:09:38.212 E/NetworkSynthesizer(21885): Network synthesizer has multiple voices for a single locale
01-09 14:09:38.212 E/NetworkSynthesizer(21885): Network synthesizer has multiple voices for a single locale
01-09 14:09:38.222 I/dalvikvm(21885): Could not find method android.speech.tts.SynthesisRequest.getCallerUid, referenced from method com.google.android.tts.common.GoogleTTSRequest.getCallerUid
01-09 14:09:38.232 W/dalvikvm(21885): VFY: unable to resolve virtual method 881: Landroid/speech/tts/SynthesisRequest;.getCallerUid ()I
01-09 14:09:38.232 D/dalvikvm(21885): VFY: replacing opcode 0x6e at 0x000a
01-09 14:09:38.232 I/dalvikvm(21885): Could not find method android.speech.tts.SynthesisRequest.getCharSequenceText, referenced from method com.google.android.tts.common.GoogleTTSRequest.getText
01-09 14:09:38.232 W/dalvikvm(21885): VFY: unable to resolve virtual method 882: Landroid/speech/tts/SynthesisRequest;.getCharSequenceText ()Ljava/lang/CharSequence;
01-09 14:09:38.232 D/dalvikvm(21885): VFY: replacing opcode 0x6e at 0x0008
01-09 14:09:38.232 I/dalvikvm(21885): Could not find method android.speech.tts.SynthesisRequest.getVoiceName, referenced from method com.google.android.tts.common.GoogleTTSRequest.getVoiceName
01-09 14:09:38.232 W/dalvikvm(21885): VFY: unable to resolve virtual method 889: Landroid/speech/tts/SynthesisRequest;.getVoiceName ()Ljava/lang/String;
01-09 14:09:38.232 D/dalvikvm(21885): VFY: replacing opcode 0x6e at 0x0014
01-09 14:09:38.382 W/SignalStrength(504): getGsmLevel. this.mGsmSignalBar=3, getGsmSignalStrength()== 11
01-09 14:09:38.382 W/SignalStrength(504): getGsmLevel=3
01-09 14:09:38.382 W/SignalStrength(504): getLevel=3 (SignalStrength: 11 255 -120 -160 -120 -1 -1 99 2147483647 -32767 2147483647 -32767 gsm|lte 3)
01-09 14:09:38.382 W/SignalStrength(504): getGsmLevel. this.mGsmSignalBar=4, getGsmSignalStrength()== 26
01-09 14:09:38.382 W/SignalStrength(504): getGsmLevel=4
01-09 14:09:38.382 W/SignalStrength(504): getLevel=4 (SignalStrength: 26 255 -120 -160 -120 -1 -1 99 2147483647 -32767 2147483647 -32767 gsm|lte 4)
