01-09 14:09:38.382 D/StatusBar-NetworkControllerDS(504): refreshViews connected={ wifi } level=3|4 combinedSignalIconId=0x7f0200ef/com.android.systemui:drawable/stat_sys_wifi_signal_4 combinedActivityIconId=0x7f0200d8 mAirplaneMode=false mDataActivity1=0 mDataActivity2=0 mPhoneSignalIconId1=0x7f0200cd mPhoneSignalIconId2=0x7f0200d5 mLastPhoneSignalIconId1=0x7f0200cd mLastPhoneSignalIconId2=0x7f0200d5 mDataDirectionIconId1=0x0 mDataDirectionIconId2=0x0 mDataSignalIconId1=0x7f0200cd mDataSignalIconId2=0x7f0200d5 mDataTypeIconId1=0x7f02009d mDataTypeIconId2=0x7f02009d mWifiIconId=0x7f0200ef mRoamingIconId1=0x0 mRoamingIconId2=0x0 mBluetoothTetherIconId=0x10806ce
01-09 14:09:38.382 D/SignalClusterView(504): wifi: VISIBLE sig=2130837743 act=2130837720
01-09 14:09:38.382 D/SignalClusterView(504): mobile1: VISIBLE sig=2130837709 act=0 typ=2130837661
01-09 14:09:38.382 D/SignalClusterView(504): mobile2: VISIBLE sig=2130837717 act=0 typ=2130837661
01-09 14:09:38.382 D/SignalClusterView(504): wifi: VISIBLE sig=2130837743 act=2130837720
01-09 14:09:38.382 D/SignalClusterView(504): mobile1: VISIBLE sig=2130837709 act=0 typ=2130837661
01-09 14:09:38.382 D/SignalClusterView(504): mobile2: VISIBLE sig=2130837717 act=0 typ=2130837661
01-09 14:09:38.382 D/SignalClusterView(504): wifi: VISIBLE sig=2130837743 act=2130837720
01-09 14:09:38.382 D/SignalClusterView(504): mobile1: VISIBLE sig=2130837709 act=0 typ=2130837661
01-09 14:09:38.392 D/SignalClusterView(504): mobile2: VISIBLE sig=2130837717 act=0 typ=2130837661
01-09 14:09:38.392 D/StatusBar-NetworkControllerDS(504): changing data overlay icon id to 2130837720
01-09 14:09:38.542 I/ControllerSynthesizer(21885): Initializing de-de-x-nfh with type 1
01-09 14:09:39.382 W/SignalStrength(504): getGsmLevel. this.mGsmSignalBar=3, getGsmSignalStrength()== 11
01-09 14:09:39.382 W/SignalStrength(504): getGsmLevel=3
01-09 14:09:39.382 W/SignalStrength(504): getLevel=3 (SignalStrength: 11 255 -120 -160 -120 -1 -1 99 2147483647 -32767 2147483647 -32767 gsm|lte 3)
01-09 14:09:39.382 W/SignalStrength(504): getGsmLevel. this.mGsmSignalBar=4, getGsmSignalStrength()== 26
01-09 14:09:39.382 W/SignalStrength(504): getGsmLevel=4
01-09 14:09:39.382 W/SignalStrength(504): getLevel=4 (SignalStrength: 26 255 -120 -160 -120 -1 -1 99 2147483647 -32767 2147483647 -32767 gsm|lte 4)
01-09 14:09:39.392 D/StatusBar-NetworkControllerDS(504): refreshViews connected={ wifi } level=3|4 combinedSignalIconId=0x7f0200ef/com.android.systemui:drawable/stat_sys_wifi_signal_4 combinedActivityIconId=0x7f0200d9 mAirplaneMode=false mDataActivity1=0 mDataActivity2=0 mPhoneSignalIconId1=0x7f0200cd mPhoneSignalIconId2=0x7f0200d5 mLastPhoneSignalIconId1=0x7f0200cd mLastPhoneSignalIconId2=0x7f0200d5 mDataDirectionIconId1=0x0 mDataDirectionIconId2=0x0 mDataSignalIconId1=0x7f0200cd mDataSignalIconId2=0x7f0200d5 mDataTypeIconId1=0x7f02009d mDataTypeIconId2=0x7f02009d mWifiIconId=0x7f0200ef mRoamingIconId1=0x0 mRoamingIconId2=0x0 mBluetoothTetherIconId=0x10806ce
01-09 14:09:39.392 D/SignalClusterView(504): wifi: VISIBLE sig=2130837743 act=2130837721
01-09 14:09:39.392 D/SignalClusterView(504): mobile1: VISIBLE sig=2130837709 act=0 typ=2130837661
01-09 14:09:39.392 D/SignalClusterView(504): mobile2: VISIBLE sig=2130837717 act=0 typ=2130837661
01-09 14:09:39.392 D/SignalClusterView(504): wifi: VISIBLE sig=2130837743 act=2130837721
01-09 14:09:39.392 D/SignalClusterView(504): mobile1: VISIBLE sig=2130837709 act=0 typ=2130837661
01-09 14:09:39.392 D/SignalClusterView(504): mobile2: VISIBLE sig=2130837717 act=0 typ=2130837661
01-09 14:09:39.392 D/SignalClusterView(504): wifi: VISIBLE sig=2130837743 act=2130837721
01-09 14:09:39.392 D/SignalClusterView(504): mobile1: VISIBLE sig=2130837709 act=0 typ=2130837661
01-09 14:09:39.392 D/SignalClusterView(504): mobile2: VISIBLE sig=2130837717 act=0 typ=2130837661
01-09 14:09:39.392 D/StatusBar-NetworkControllerDS(504): changing data overlay icon id to 2130837721
01-09 14:09:39.662 I/NRFW    (1283): serverip=180.76.3.90 localIp=10.0.8.1
01-09 14:09:40.102 D/BatteryService(378): update start
01-09 14:09:40.112 D/KeyguardUpdateMonitor(378): received broadcast android.intent.action.BATTERY_CHANGED
01-09 14:09:40.112 D/KeyguardUpdateMonitor(378): handleBatteryUpdate
01-09 14:09:40.112 D/BatteryService(378): level:44 scale:100 status:3 health:2 present:true voltage: 3716 temperature: 230 technology: Li-ion AC powered:false USB powered:false icon:17303167 invalid charger:0
01-09 14:09:40.112 D/ThermistorObserver(378): mBatteryBRForAMOLED : onReceive() : newTemperature : 230
01-09 14:09:40.112 V/UiModeManager(378): updateLocked, mLastBroadcastState =0 , oldAction = null
01-09 14:09:40.112 D/STATUSBAR-BatteryController(504): onReceive() - ACTION_BATTERY_CHANGED
01-09 14:09:40.112 D/STATUSBAR-BatteryController(504): onReceive() - level:44
01-09 14:09:40.112 D/STATUSBAR-BatteryController(504): onReceive() - plugged:0
01-09 14:09:40.112 D/STATUSBAR-BatteryController(504): onReceive() - BATTERY_STATUS_DISCHARGING: stat_sys_battery
01-09 14:09:40.112 D/STATUSBAR-PhoneStatusBar(504): ACTION_BATTERY_CHANGED
01-09 14:09:40.112 D/STATUSBAR-PhoneStatusBar(504): NORMAL_BATTERY
01-09 14:09:40.122 D/PowerUI (504): getBatteryOnline : battery online file not found
01-09 14:09:40.322 I/WindowManager(378): WIN DEATH: Window{41947458 XXXXXX.XXXXXXX.XXXXX.XXX/XXX.XXXXX.XXXXX.XXXXX.XXXXXXXXXXXXXXXXX paused=false}
01-09 14:09:40.332 D/KeyguardViewMediator(378): setHidden false
01-09 14:09:40.342 D/KeyguardViewMediator(378): setHidden false
01-09 14:09:40.342 I/WindowManager(378): WIN DEATH: Window{416d7d10  paused=false}
01-09 14:09:41.392 W/SignalStrength(504): getGsmLevel. this.mGsmSignalBar=3, getGsmSignalStrength()== 11
01-09 14:09:41.392 W/SignalStrength(504): getGsmLevel=3
01-09 14:09:41.392 W/SignalStrength(504): getLevel=3 (SignalStrength: 11 255 -120 -160 -120 -1 -1 99 2147483647 -32767 2147483647 -32767 gsm|lte 3)
01-09 14:09:41.392 W/SignalStrength(504): getGsmLevel. this.mGsmSignalBar=4, getGsmSignalStrength()== 26
01-09 14:09:41.392 W/SignalStrength(504): getGsmLevel=4
01-09 14:09:41.392 W/SignalStrength(504): getLevel=4 (SignalStrength: 26 255 -120 -160 -120 -1 -1 99 2147483647 -32767 2147483647 -32767 gsm|lte 4)
01-09 14:09:41.392 D/StatusBar-NetworkControllerDS(504): refreshViews connected={ wifi } level=3|4 combinedSignalIconId=0x7f0200ef/com.android.systemui:drawable/stat_sys_wifi_signal_4 combinedActivityIconId=0x7f0200d8 mAirplaneMode=false mDataActivity1=0 mDataActivity2=0 mPhoneSignalIconId1=0x7f0200cd mPhoneSignalIconId2=0x7f0200d5 mLastPhoneSignalIconId1=0x7f0200cd mLastPhoneSignalIconId2=0x7f0200d5 mDataDirectionIconId1=0x0 mDataDirectionIconId2=0x0 mDataSignalIconId1=0x7f0200cd mDataSignalIconId2=0x7f0200d5 mDataTypeIconId1=0x7f02009d mDataTypeIconId2=0x7f02009d mWifiIconId=0x7f0200ef mRoamingIconId1=0x0 mRoamingIconId2=0x0 mBluetoothTetherIconId=0x10806ce
01-09 14:09:41.392 D/SignalClusterView(504): wifi: VISIBLE sig=2130837743 act=2130837720
01-09 14:09:41.392 D/SignalClusterView(504): mobile1: VISIBLE sig=2130837709 act=0 typ=2130837661
01-09 14:09:41.392 D/SignalClusterView(504): mobile2: VISIBLE sig=2130837717 act=0 typ=2130837661
01-09 14:09:41.392 D/SignalClusterView(504): wifi: VISIBLE sig=2130837743 act=2130837720
01-09 14:09:41.392 D/SignalClusterView(504): mobile1: VISIBLE sig=2130837709 act=0 typ=2130837661
01-09 14:09:41.392 D/SignalClusterView(504): mobile2: VISIBLE sig=2130837717 act=0 typ=2130837661
01-09 14:09:41.392 D/SignalClusterView(504): wifi: VISIBLE sig=2130837743 act=2130837720
01-09 14:09:41.392 D/SignalClusterView(504): mobile1: VISIBLE sig=2130837709 act=0 typ=2130837661
01-09 14:09:41.392 D/SignalClusterView(504): mobile2: VISIBLE sig=2130837717 act=0 typ=2130837661
01-09 14:09:41.392 D/StatusBar-NetworkControllerDS(504): changing data overlay icon id to 2130837720
01-09 14:09:42.162 E/native  (21885): memory_file_resource_impl.h:107 Attempt to seek beyond buffer end (by 3 bytes)!
01-09 14:09:43.392 W/SignalStrength(504): getGsmLevel. this.mGsmSignalBar=3, getGsmSignalStrength()== 11
01-09 14:09:43.392 W/SignalStrength(504): getGsmLevel=3
01-09 14:09:43.392 W/SignalStrength(504): getLevel=3 (SignalStrength: 11 255 -120 -160 -120 -1 -1 99 2147483647 -32767 2147483647 -32767 gsm|lte 3)
01-09 14:09:43.392 W/SignalStrength(504): getGsmLevel. this.mGsmSignalBar=4, getGsmSignalStrength()== 26
01-09 14:09:43.392 W/SignalStrength(504): getGsmLevel=4
01-09 14:09:43.392 W/SignalStrength(504): getLevel=4 (SignalStrength: 26 255 -120 -160 -120 -1 -1 99 2147483647 -32767 2147483647 -32767 gsm|lte 4)
01-09 14:09:43.392 D/StatusBar-NetworkControllerDS(504): refreshViews connected={ wifi } level=3|4 combinedSignalIconId=0x7f0200ef/com.android.systemui:drawable/stat_sys_wifi_signal_4 combinedActivityIconId=0x7f0200d9 mAirplaneMode=false mDataActivity1=0 mDataActivity2=0 mPhoneSignalIconId1=0x7f0200cd mPhoneSignalIconId2=0x7f0200d5 mLastPhoneSignalIconId1=0x7f0200cd mLastPhoneSignalIconId2=0x7f0200d5 mDataDirectionIconId1=0x0 mDataDirectionIconId2=0x0 mDataSignalIconId1=0x7f0200cd mDataSignalIconId2=0x7f0200d5 mDataTypeIconId1=0x7f02009d mDataTypeIconId2=0x7f02009d mWifiIconId=0x7f0200ef mRoamingIconId1=0x0 mRoamingIconId2=0x0 mBluetoothTetherIconId=0x10806ce
01-09 14:09:43.392 D/SignalClusterView(504): wifi: VISIBLE sig=2130837743 act=2130837721
01-09 14:09:43.392 D/SignalClusterView(504): mobile1: VISIBLE sig=2130837709 act=0 typ=2130837661
01-09 14:09:43.392 D/SignalClusterView(504): mobile2: VISIBLE sig=2130837717 act=0 typ=2130837661
01-09 14:09:43.392 D/SignalClusterView(504): wifi: VISIBLE sig=2130837743 act=2130837721
01-09 14:09:43.392 D/SignalClusterView(504): mobile1: VISIBLE sig=2130837709 act=0 typ=2130837661
01-09 14:09:43.392 D/SignalClusterView(504): mobile2: VISIBLE sig=2130837717 act=0 typ=2130837661
01-09 14:09:43.392 D/SignalClusterView(504): wifi: VISIBLE sig=2130837743 act=2130837721
01-09 14:09:43.392 D/SignalClusterView(504): mobile1: VISIBLE sig=2130837709 act=0 typ=2130837661
01-09 14:09:43.392 D/SignalClusterView(504): mobile2: VISIBLE sig=2130837717 act=0 typ=2130837661
01-09 14:09:43.392 D/StatusBar-NetworkControllerDS(504): changing data overlay icon id to 2130837721
01-09 14:09:43.452 I/NRFW    (1283): profile=wifi
01-09 14:09:43.472 I/NRFW    (1283): serverip=54.197.251.200 localIp=10.0.8.1
01-09 14:09:45.402 W/SignalStrength(504): getGsmLevel. this.mGsmSignalBar=3, getGsmSignalStrength()== 11
01-09 14:09:45.402 W/SignalStrength(504): getGsmLevel=3
01-09 14:09:45.402 W/SignalStrength(504): getLevel=3 (SignalStrength: 11 255 -120 -160 -120 -1 -1 99 2147483647 -32767 2147483647 -32767 gsm|lte 3)
01-09 14:09:45.402 W/SignalStrength(504): getGsmLevel. this.mGsmSignalBar=4, getGsmSignalStrength()== 26
01-09 14:09:45.402 W/SignalStrength(504): getGsmLevel=4
01-09 14:09:45.402 W/SignalStrength(504): getLevel=4 (SignalStrength: 26 255 -120 -160 -120 -1 -1 99 2147483647 -32767 2147483647 -32767 gsm|lte 4)
01-09 14:09:45.402 D/StatusBar-NetworkControllerDS(504): refreshViews connected={ wifi } level=3|4 combinedSignalIconId=0x7f0200ef/com.android.systemui:drawable/stat_sys_wifi_signal_4 combinedActivityIconId=0x7f0200d8 mAirplaneMode=false mDataActivity1=0 mDataActivity2=0 mPhoneSignalIconId1=0x7f0200cd mPhoneSignalIconId2=0x7f0200d5 mLastPhoneSignalIconId1=0x7f0200cd mLastPhoneSignalIconId2=0x7f0200d5 mDataDirectionIconId1=0x0 mDataDirectionIconId2=0x0 mDataSignalIconId1=0x7f0200cd mDataSignalIconId2=0x7f0200d5 mDataTypeIconId1=0x7f02009d mDataTypeIconId2=0x7f02009d mWifiIconId=0x7f0200ef mRoamingIconId1=0x0 mRoamingIconId2=0x0 mBluetoothTetherIconId=0x10806ce
01-09 14:09:45.402 D/SignalClusterView(504): wifi: VISIBLE sig=2130837743 act=2130837720
01-09 14:09:45.402 D/SignalClusterView(504): mobile1: VISIBLE sig=2130837709 act=0 typ=2130837661
01-09 14:09:45.402 D/SignalClusterView(504): mobile2: VISIBLE sig=2130837717 act=0 typ=2130837661
01-09 14:09:45.402 D/SignalClusterView(504): wifi: VISIBLE sig=2130837743 act=2130837720
01-09 14:09:45.402 D/SignalClusterView(504): mobile1: VISIBLE sig=2130837709 act=0 typ=2130837661
01-09 14:09:45.402 D/SignalClusterView(504): mobile2: VISIBLE sig=2130837717 act=0 typ=2130837661
01-09 14:09:45.402 D/SignalClusterView(504): wifi: VISIBLE sig=2130837743 act=2130837720
01-09 14:09:45.402 D/SignalClusterView(504): mobile1: VISIBLE sig=2130837709 act=0 typ=2130837661
01-09 14:09:45.402 D/SignalClusterView(504): mobile2: VISIBLE sig=2130837717 act=0 typ=2130837661
01-09 14:09:45.402 D/StatusBar-NetworkControllerDS(504): changing data overlay icon id to 2130837720
01-09 14:09:46.412 W/SignalStrength(504): getGsmLevel. this.mGsmSignalBar=3, getGsmSignalStrength()== 11
01-09 14:09:46.412 W/SignalStrength(504): getGsmLevel=3
01-09 14:09:46.412 W/SignalStrength(504): getLevel=3 (SignalStrength: 11 255 -120 -160 -120 -1 -1 99 2147483647 -32767 2147483647 -32767 gsm|lte 3)
01-09 14:09:46.412 W/SignalStrength(504): getGsmLevel. this.mGsmSignalBar=4, getGsmSignalStrength()== 26
01-09 14:09:46.412 W/SignalStrength(504): getGsmLevel=4
01-09 14:09:46.412 W/SignalStrength(504): getLevel=4 (SignalStrength: 26 255 -120 -160 -120 -1 -1 99 2147483647 -32767 2147483647 -32767 gsm|lte 4)
01-09 14:09:46.412 D/StatusBar-NetworkControllerDS(504): refreshViews connected={ wifi } level=3|4 combinedSignalIconId=0x7f0200ef/com.android.systemui:drawable/stat_sys_wifi_signal_4 combinedActivityIconId=0x7f0200d9 mAirplaneMode=false mDataActivity1=0 mDataActivity2=0 mPhoneSignalIconId1=0x7f0200cd mPhoneSignalIconId2=0x7f0200d5 mLastPhoneSignalIconId1=0x7f0200cd mLastPhoneSignalIconId2=0x7f0200d5 mDataDirectionIconId1=0x0 mDataDirectionIconId2=0x0 mDataSignalIconId1=0x7f0200cd mDataSignalIconId2=0x7f0200d5 mDataTypeIconId1=0x7f02009d mDataTypeIconId2=0x7f02009d mWifiIconId=0x7f0200ef mRoamingIconId1=0x0 mRoamingIconId2=0x0 mBluetoothTetherIconId=0x10806ce
01-09 14:09:46.412 D/SignalClusterView(504): wifi: VISIBLE sig=2130837743 act=2130837721
01-09 14:09:46.412 D/SignalClusterView(504): mobile1: VISIBLE sig=2130837709 act=0 typ=2130837661
01-09 14:09:46.412 D/SignalClusterView(504): mobile2: VISIBLE sig=2130837717 act=0 typ=2130837661
01-09 14:09:46.412 D/SignalClusterView(504): wifi: VISIBLE sig=2130837743 act=2130837721
01-09 14:09:46.412 D/SignalClusterView(504): mobile1: VISIBLE sig=2130837709 act=0 typ=2130837661
01-09 14:09:46.412 D/SignalClusterView(504): mobile2: VISIBLE sig=2130837717 act=0 typ=2130837661
01-09 14:09:46.422 D/SignalClusterView(504): wifi: VISIBLE sig=2130837743 act=2130837721
01-09 14:09:46.422 D/SignalClusterView(504): mobile1: VISIBLE sig=2130837709 act=0 typ=2130837661
01-09 14:09:46.422 D/SignalClusterView(504): mobile2: VISIBLE sig=2130837717 act=0 typ=2130837661
01-09 14:09:46.422 D/StatusBar-NetworkControllerDS(504): changing data overlay icon id to 2130837721
01-09 14:09:46.502 I/NRFW    (1283): profile=wifi
01-09 14:09:46.542 I/NRFW    (1283): serverip=54.197.251.200 localIp=10.0.8.1
01-09 14:09:48.342 I/InputReader(378): Touch event's action is 0x0 (deviceType=0) [pCnt=1, pending(waiting finished signal)=0, s=0.1891 ]
01-09 14:09:48.342 I/InputDispatcher(378): Delivering touch to current input target: action: 0x0
01-09 14:09:49.062 I/InputReader(378): Touch event's action is 0x1 (deviceType=0) [pCnt=1, pending(waiting finished signal)=0, s=]
01-09 14:09:49.062 I/InputDispatcher(378): Delivering touch to current input target: action: 0x1
01-09 14:09:50.342 V/PowerManagerService(378): Top Most Needs Intelligent Sleep: true
01-09 14:09:50.342 W/PowerManagerService(378): Timer 0x3->0x3|0x0
01-09 14:09:50.432 W/SignalStrength(504): getGsmLevel. this.mGsmSignalBar=3, getGsmSignalStrength()== 11
01-09 14:09:50.432 W/SignalStrength(504): getGsmLevel=3
01-09 14:09:50.432 W/SignalStrength(504): getLevel=3 (SignalStrength: 11 255 -120 -160 -120 -1 -1 99 2147483647 -32767 2147483647 -32767 gsm|lte 3)
01-09 14:09:50.432 W/SignalStrength(504): getGsmLevel. this.mGsmSignalBar=4, getGsmSignalStrength()== 26
01-09 14:09:50.432 W/SignalStrength(504): getGsmLevel=4
01-09 14:09:50.432 W/SignalStrength(504): getLevel=4 (SignalStrength: 26 255 -120 -160 -120 -1 -1 99 2147483647 -32767 2147483647 -32767 gsm|lte 4)
01-09 14:09:50.432 D/StatusBar-NetworkControllerDS(504): refreshViews connected={ wifi } level=3|4 combinedSignalIconId=0x7f0200ef/com.android.systemui:drawable/stat_sys_wifi_signal_4 combinedActivityIconId=0x7f0200d8 mAirplaneMode=false mDataActivity1=0 mDataActivity2=0 mPhoneSignalIconId1=0x7f0200cd mPhoneSignalIconId2=0x7f0200d5 mLastPhoneSignalIconId1=0x7f0200cd mLastPhoneSignalIconId2=0x7f0200d5 mDataDirectionIconId1=0x0 mDataDirectionIconId2=0x0 mDataSignalIconId1=0x7f0200cd mDataSignalIconId2=0x7f0200d5 mDataTypeIconId1=0x7f02009d mDataTypeIconId2=0x7f02009d mWifiIconId=0x7f0200ef mRoamingIconId1=0x0 mRoamingIconId2=0x0 mBluetoothTetherIconId=0x10806ce
01-09 14:09:50.432 D/SignalClusterView(504): wifi: VISIBLE sig=2130837743 act=2130837720
01-09 14:09:50.432 D/SignalClusterView(504): mobile1: VISIBLE sig=2130837709 act=0 typ=2130837661
01-09 14:09:50.432 D/SignalClusterView(504): mobile2: VISIBLE sig=2130837717 act=0 typ=2130837661
01-09 14:09:50.432 D/SignalClusterView(504): wifi: VISIBLE sig=2130837743 act=2130837720
01-09 14:09:50.432 D/SignalClusterView(504): mobile1: VISIBLE sig=2130837709 act=0 typ=2130837661
01-09 14:09:50.432 D/SignalClusterView(504): mobile2: VISIBLE sig=2130837717 act=0 typ=2130837661
01-09 14:09:50.432 D/SignalClusterView(504): wifi: VISIBLE sig=2130837743 act=2130837720
01-09 14:09:50.432 D/SignalClusterView(504): mobile1: VISIBLE sig=2130837709 act=0 typ=2130837661
01-09 14:09:50.432 D/SignalClusterView(504): mobile2: VISIBLE sig=2130837717 act=0 typ=2130837661
01-09 14:09:50.432 D/StatusBar-NetworkControllerDS(504): changing data overlay icon id to 2130837720
01-09 14:09:50.782 I/InputReader(378): Touch event's action is 0x0 (deviceType=0) [pCnt=1, pending(waiting finished signal)=0, s=0.1892 ]
01-09 14:09:50.782 I/InputDispatcher(378): Delivering touch to current input target: action: 0x0
01-09 14:09:50.882 I/InputReader(378): Touch event's action is 0x1 (deviceType=0) [pCnt=1, pending(waiting finished signal)=0, s=]
01-09 14:09:50.882 I/InputDispatcher(378): Delivering touch to current input target: action: 0x1
01-09 14:09:51.722 I/NRFW    (1283): profile=wifi
01-09 14:09:51.752 I/NRFW    (1283): serverip=103.235.47.88 localIp=10.0.8.1
01-09 14:09:51.762 I/DNS     (1283): 103.235.47.88 h_errno=1
01-09 14:09:51.782 I/DNS     (1283): 149.154.167.51 h_errno=1
01-09 14:09:51.902 I/InputReader(378): Touch event's action is 0x0 (deviceType=0) [pCnt=1, pending(waiting finished signal)=0, s=0.1893 ]
01-09 14:09:51.902 I/InputDispatcher(378): Delivering touch to current input target: action: 0x0
01-09 14:09:52.002 I/InputReader(378): Touch event's action is 0x1 (deviceType=0) [pCnt=1, pending(waiting finished signal)=0, s=]
01-09 14:09:52.002 I/InputDispatcher(378): Delivering touch to current input target: action: 0x1
01-09 14:09:52.452 W/SignalStrength(504): getGsmLevel. this.mGsmSignalBar=3, getGsmSignalStrength()== 11
01-09 14:09:52.452 W/SignalStrength(504): getGsmLevel=3
01-09 14:09:52.452 W/SignalStrength(504): getLevel=3 (SignalStrength: 11 255 -120 -160 -120 -1 -1 99 2147483647 -32767 2147483647 -32767 gsm|lte 3)
01-09 14:09:52.452 W/SignalStrength(504): getGsmLevel. this.mGsmSignalBar=4, getGsmSignalStrength()== 26
01-09 14:09:52.452 W/SignalStrength(504): getGsmLevel=4
01-09 14:09:52.452 W/SignalStrength(504): getLevel=4 (SignalStrength: 26 255 -120 -160 -120 -1 -1 99 2147483647 -32767 2147483647 -32767 gsm|lte 4)
01-09 14:09:52.452 D/StatusBar-NetworkControllerDS(504): refreshViews connected={ wifi } level=3|4 combinedSignalIconId=0x7f0200ef/com.android.systemui:drawable/stat_sys_wifi_signal_4 combinedActivityIconId=0x7f0200d9 mAirplaneMode=false mDataActivity1=0 mDataActivity2=0 mPhoneSignalIconId1=0x7f0200cd mPhoneSignalIconId2=0x7f0200d5 mLastPhoneSignalIconId1=0x7f0200cd mLastPhoneSignalIconId2=0x7f0200d5 mDataDirectionIconId1=0x0 mDataDirectionIconId2=0x0 mDataSignalIconId1=0x7f0200cd mDataSignalIconId2=0x7f0200d5 mDataTypeIconId1=0x7f02009d mDataTypeIconId2=0x7f02009d mWifiIconId=0x7f0200ef mRoamingIconId1=0x0 mRoamingIconId2=0x0 mBluetoothTetherIconId=0x10806ce
01-09 14:09:52.452 D/SignalClusterView(504): wifi: VISIBLE sig=2130837743 act=2130837721
01-09 14:09:52.452 D/SignalClusterView(504): mobile1: VISIBLE sig=2130837709 act=0 typ=2130837661
01-09 14:09:52.452 D/SignalClusterView(504): mobile2: VISIBLE sig=2130837717 act=0 typ=2130837661
01-09 14:09:52.452 D/SignalClusterView(504): wifi: VISIBLE sig=2130837743 act=2130837721
01-09 14:09:52.452 D/SignalClusterView(504): mobile1: VISIBLE sig=2130837709 act=0 typ=2130837661
01-09 14:09:52.452 D/SignalClusterView(504): mobile2: VISIBLE sig=2130837717 act=0 typ=2130837661
01-09 14:09:52.452 D/SignalClusterView(504): wifi: VISIBLE sig=2130837743 act=2130837721
01-09 14:09:52.452 D/SignalClusterView(504): mobile1: VISIBLE sig=2130837709 act=0 typ=2130837661
01-09 14:09:52.452 D/SignalClusterView(504): mobile2: VISIBLE sig=2130837717 act=0 typ=2130837661
01-09 14:09:52.452 D/StatusBar-NetworkControllerDS(504): changing data overlay icon id to 2130837721
01-09 14:09:52.812 I/InputReader(378): Touch event's action is 0x0 (deviceType=0) [pCnt=1, pending(waiting finished signal)=0, s=0.1894 ]
01-09 14:09:52.812 I/InputDispatcher(378): Delivering touch to current input target: action: 0x0
01-09 14:09:52.872 I/InputReader(378): Touch event's action is 0x1 (deviceType=0) [pCnt=1, pending(waiting finished signal)=0, s=]
01-09 14:09:52.872 I/InputDispatcher(378): Delivering touch to current input target: action: 0x1
01-09 14:09:53.452 W/SignalStrength(504): getGsmLevel. this.mGsmSignalBar=3, getGsmSignalStrength()== 11
01-09 14:09:53.452 W/SignalStrength(504): getGsmLevel=3
01-09 14:09:53.452 W/SignalStrength(504): getLevel=3 (SignalStrength: 11 255 -120 -160 -120 -1 -1 99 2147483647 -32767 2147483647 -32767 gsm|lte 3)
01-09 14:09:53.452 W/SignalStrength(504): getGsmLevel. this.mGsmSignalBar=4, getGsmSignalStrength()== 26
01-09 14:09:53.452 W/SignalStrength(504): getGsmLevel=4
01-09 14:09:53.452 W/SignalStrength(504): getLevel=4 (SignalStrength: 26 255 -120 -160 -120 -1 -1 99 2147483647 -32767 2147483647 -32767 gsm|lte 4)
01-09 14:09:53.452 D/StatusBar-NetworkControllerDS(504): refreshViews connected={ wifi } level=3|4 combinedSignalIconId=0x7f0200ef/com.android.systemui:drawable/stat_sys_wifi_signal_4 combinedActivityIconId=0x7f0200d8 mAirplaneMode=false mDataActivity1=0 mDataActivity2=0 mPhoneSignalIconId1=0x7f0200cd mPhoneSignalIconId2=0x7f0200d5 mLastPhoneSignalIconId1=0x7f0200cd mLastPhoneSignalIconId2=0x7f0200d5 mDataDirectionIconId1=0x0 mDataDirectionIconId2=0x0 mDataSignalIconId1=0x7f0200cd mDataSignalIconId2=0x7f0200d5 mDataTypeIconId1=0x7f02009d mDataTypeIconId2=0x7f02009d mWifiIconId=0x7f0200ef mRoamingIconId1=0x0 mRoamingIconId2=0x0 mBluetoothTetherIconId=0x10806ce
01-09 14:09:53.452 D/SignalClusterView(504): wifi: VISIBLE sig=2130837743 act=2130837720
01-09 14:09:53.452 D/SignalClusterView(504): mobile1: VISIBLE sig=2130837709 act=0 typ=2130837661
01-09 14:09:53.452 D/SignalClusterView(504): mobile2: VISIBLE sig=2130837717 act=0 typ=2130837661
01-09 14:09:53.452 D/SignalClusterView(504): wifi: VISIBLE sig=2130837743 act=2130837720
01-09 14:09:53.462 D/SignalClusterView(504): mobile1: VISIBLE sig=2130837709 act=0 typ=2130837661
01-09 14:09:53.462 D/SignalClusterView(504): mobile2: VISIBLE sig=2130837717 act=0 typ=2130837661
01-09 14:09:53.462 D/SignalClusterView(504): wifi: VISIBLE sig=2130837743 act=2130837720
01-09 14:09:53.462 D/SignalClusterView(504): mobile1: VISIBLE sig=2130837709 act=0 typ=2130837661
01-09 14:09:53.462 D/SignalClusterView(504): mobile2: VISIBLE sig=2130837717 act=0 typ=2130837661
01-09 14:09:53.462 D/StatusBar-NetworkControllerDS(504): changing data overlay icon id to 2130837720
01-09 14:09:53.682 I/InputReader(378): Touch event's action is 0x0 (deviceType=0) [pCnt=1, pending(waiting finished signal)=0, s=0.1895 ]
01-09 14:09:53.682 I/InputDispatcher(378): Delivering touch to current input target: action: 0x0
01-09 14:09:53.732 W/SurfaceFlinger(110): id=1257(572) createSurface 0x30a4f4 (123x116),1 flag=0
01-09 14:09:53.732 D/KeyguardViewMediator(378): setHidden false
01-09 14:09:53.752 D/Tethering(378): interfaceLinkStateChanged wlan0, true
01-09 14:09:53.752 D/Tethering(378): interfaceStatusChanged wlan0, true
01-09 14:09:53.762 D/memalloc(110): /dev/pmem: Allocated buffer base:0x41a93000 size:65536 offset:5349376 fd:33
01-09 14:09:53.762 D/memalloc(671): /dev/pmem: Mapped buffer base:0x54fd0000 size:5414912 offset:5349376 fd:72
01-09 14:09:53.772 I/Adreno200-EGLSUB(110): <CreateImage:1017>: Android Image
01-09 14:09:53.772 I/Adreno200-EGLSUB(110): <GetImageAttributes:1226>: RGBA_8888
01-09 14:09:53.772 D/KeyguardViewMediator(378): setHidden false
01-09 14:09:54.742 I/NRFW    (1283): profile=wifi
01-09 14:09:54.762 I/NRFW    (1283): serverip=103.235.47.88 localIp=10.0.8.1
01-09 14:09:55.002 D/AbsListView(20066): Get MotionRecognitionManager
01-09 14:09:55.022 W/SurfaceFlinger(110): id=1258(5) createSurface 0x324bbc (1x1),1 flag=0
01-09 14:09:55.022 D/KeyguardViewMediator(378): setHidden false
01-09 14:09:55.042 I/Adreno200-EGLSUB(20066): <ConfigWindowMatch:2218>: Format RGBA_8888.
01-09 14:09:55.042 D/memalloc(110): /dev/pmem: Allocated buffer base:0x41a93000 size:229376 offset:5414912 fd:36
01-09 14:09:55.042 D/memalloc(20066): /dev/pmem: Mapped buffer base:0x56581000 size:5644288 offset:5414912 fd:145
01-09 14:09:55.062 D/memalloc(110): /dev/pmem: Allocated buffer base:0x41a93000 size:229376 offset:5644288 fd:72
01-09 14:09:55.062 D/memalloc(20066): /dev/pmem: Mapped buffer base:0x570fe000 size:5873664 offset:5644288 fd:154
01-09 14:09:55.062 I/Adreno200-EGLSUB(110): <CreateImage:1017>: Android Image
01-09 14:09:55.062 I/Adreno200-EGLSUB(110): <GetImageAttributes:1226>: RGBA_8888
01-09 14:09:55.062 D/KeyguardViewMediator(378): setHidden false
01-09 14:09:55.072 D/KeyguardViewMediator(378): setHidden false
01-09 14:09:55.082 D/KeyguardViewMediator(378): setHidden false
01-09 14:09:55.092 D/memalloc(20066): /dev/pmem: Unmapping buffer base:0x56581000 size:5644288 offset:5414912
01-09 14:09:55.092 D/memalloc(20066): /dev/pmem: Unmapping buffer base:0x570fe000 size:5873664 offset:5644288
01-09 14:09:55.092 D/memalloc(110): /dev/pmem: Freeing buffer base:0x41ff5000 size:229376 offset:5644288 fd:72
01-09 14:09:55.092 D/KeyguardViewMediator(378): setHidden false
01-09 14:09:55.112 D/KeyguardViewMediator(378): setHidden false
01-09 14:09:55.112 W/SurfaceFlinger(110): id=1258 Removed idx=3 Map Size=7
01-09 14:09:55.112 W/SurfaceFlinger(110): id=1258 Removed idx=-2 Map Size=7
01-09 14:09:55.112 D/KeyguardViewMediator(378): setHidden false
01-09 14:09:55.142 D/memalloc(110): /dev/pmem: Freeing buffer base:0x41fbd000 size:229376 offset:5414912 fd:36
01-09 14:09:55.182 V/PowerManagerService(378): Top Most Needs Intelligent Sleep: true
01-09 14:09:55.182 W/PowerManagerService(378): Timer 0x3->0x3|0x0
01-09 14:09:55.312 D/dalvikvm(20066): GC_EXPLICIT freed 1896K, 26% free 14413K/19427K, paused 7ms+10ms
01-09 14:09:55.312 I/InputReader(378): Touch event's action is 0x1 (deviceType=0) [pCnt=1, pending(waiting finished signal)=0, s=]
01-09 14:09:55.312 I/InputDispatcher(378): Delivering touch to current input target: action: 0x1
01-09 14:09:55.322 W/SurfaceFlinger(110): id=1257 Removed idx=4 Map Size=6
01-09 14:09:55.322 D/KeyguardViewMediator(378): setHidden false
01-09 14:09:55.332 W/SurfaceFlinger(110): id=1257 Removed idx=-2 Map Size=6
01-09 14:09:55.332 D/memalloc(671): /dev/pmem: Unmapping buffer base:0x54fd0000 size:5414912 offset:5349376
01-09 14:09:55.342 D/AbsListView(20066): [unregisterDoubleTapMotionListener]
01-09 14:09:55.352 I/MotionRecognitionManager(20066):   .unregisterListener : / listener count = 0->0, listener=android.widget.AbsListView$4@41def0a8
01-09 14:09:55.352 D/memalloc(110): /dev/pmem: Freeing buffer base:0x41fad000 size:65536 offset:5349376 fd:33
01-09 14:09:55.472 W/SignalStrength(504): getGsmLevel. this.mGsmSignalBar=3, getGsmSignalStrength()== 11
01-09 14:09:55.472 W/SignalStrength(504): getGsmLevel=3
01-09 14:09:55.472 W/SignalStrength(504): getLevel=3 (SignalStrength: 11 255 -120 -160 -120 -1 -1 99 2147483647 -32767 2147483647 -32767 gsm|lte 3)
01-09 14:09:55.472 W/SignalStrength(504): getGsmLevel. this.mGsmSignalBar=4, getGsmSignalStrength()== 26
01-09 14:09:55.472 W/SignalStrength(504): getGsmLevel=4
01-09 14:09:55.472 W/SignalStrength(504): getLevel=4 (SignalStrength: 26 255 -120 -160 -120 -1 -1 99 2147483647 -32767 2147483647 -32767 gsm|lte 4)
01-09 14:09:55.472 D/StatusBar-NetworkControllerDS(504): refreshViews connected={ wifi } level=3|4 combinedSignalIconId=0x7f0200ef/com.android.systemui:drawable/stat_sys_wifi_signal_4 combinedActivityIconId=0x7f0200d9 mAirplaneMode=false mDataActivity1=0 mDataActivity2=0 mPhoneSignalIconId1=0x7f0200cd mPhoneSignalIconId2=0x7f0200d5 mLastPhoneSignalIconId1=0x7f0200cd mLastPhoneSignalIconId2=0x7f0200d5 mDataDirectionIconId1=0x0 mDataDirectionIconId2=0x0 mDataSignalIconId1=0x7f0200cd mDataSignalIconId2=0x7f0200d5 mDataTypeIconId1=0x7f02009d mDataTypeIconId2=0x7f02009d mWifiIconId=0x7f0200ef mRoamingIconId1=0x0 mRoamingIconId2=0x0 mBluetoothTetherIconId=0x10806ce
01-09 14:09:55.472 D/SignalClusterView(504): wifi: VISIBLE sig=2130837743 act=2130837721
01-09 14:09:55.472 D/SignalClusterView(504): mobile1: VISIBLE sig=2130837709 act=0 typ=2130837661
01-09 14:09:55.472 D/SignalClusterView(504): mobile2: VISIBLE sig=2130837717 act=0 typ=2130837661
01-09 14:09:55.472 D/SignalClusterView(504): wifi: VISIBLE sig=2130837743 act=2130837721
01-09 14:09:55.472 D/SignalClusterView(504): mobile1: VISIBLE sig=2130837709 act=0 typ=2130837661
01-09 14:09:55.472 D/SignalClusterView(504): mobile2: VISIBLE sig=2130837717 act=0 typ=2130837661
01-09 14:09:55.472 D/SignalClusterView(504): wifi: VISIBLE sig=2130837743 act=2130837721
01-09 14:09:55.472 D/SignalClusterView(504): mobile1: VISIBLE sig=2130837709 act=0 typ=2130837661
01-09 14:09:55.472 D/SignalClusterView(504): mobile2: VISIBLE sig=2130837717 act=0 typ=2130837661
01-09 14:09:55.472 D/StatusBar-NetworkControllerDS(504): changing data overlay icon id to 2130837721
01-09 14:09:56.062 I/InputReader(378): Touch event's action is 0x0 (deviceType=0) [pCnt=1, pending(waiting finished signal)=0, s=0.1896 ]
01-09 14:09:56.062 I/InputDispatcher(378): Delivering touch to current input target: action: 0x0
01-09 14:09:56.152 I/InputReader(378): Touch event's action is 0x1 (deviceType=0) [pCnt=1, pending(waiting finished signal)=0, s=]
01-09 14:09:56.152 I/InputDispatcher(378): Delivering touch to current input target: action: 0x1
01-09 14:09:56.162 D/PowerManagerService(378): mIsSipVisible : true
01-09 14:09:56.172 D/ApplicationPolicy(378): isStatusBarNotificationAllowed: packageName = android
01-09 14:09:56.172 D/KeyguardViewMediator(378): setHidden false
01-09 14:09:56.172 D/STATUSBAR-NotificationService(378): Noti Alert - mSystemReady:true, AlertEnabled:true
01-09 14:09:56.192 D/KeyguardViewMediator(378): setHidden false
01-09 14:09:56.472 W/SignalStrength(504): getGsmLevel. this.mGsmSignalBar=3, getGsmSignalStrength()== 11
01-09 14:09:56.472 W/SignalStrength(504): getGsmLevel=3
01-09 14:09:56.472 W/SignalStrength(504): getLevel=3 (SignalStrength: 11 255 -120 -160 -120 -1 -1 99 2147483647 -32767 2147483647 -32767 gsm|lte 3)
01-09 14:09:56.472 W/SignalStrength(504): getGsmLevel. this.mGsmSignalBar=4, getGsmSignalStrength()== 26
01-09 14:09:56.472 W/SignalStrength(504): getGsmLevel=4
01-09 14:09:56.472 W/SignalStrength(504): getLevel=4 (SignalStrength: 26 255 -120 -160 -120 -1 -1 99 2147483647 -32767 2147483647 -32767 gsm|lte 4)
01-09 14:09:56.472 D/StatusBar-NetworkControllerDS(504): refreshViews connected={ wifi } level=3|4 combinedSignalIconId=0x7f0200ef/com.android.systemui:drawable/stat_sys_wifi_signal_4 combinedActivityIconId=0x7f0200d8 mAirplaneMode=false mDataActivity1=0 mDataActivity2=0 mPhoneSignalIconId1=0x7f0200cd mPhoneSignalIconId2=0x7f0200d5 mLastPhoneSignalIconId1=0x7f0200cd mLastPhoneSignalIconId2=0x7f0200d5 mDataDirectionIconId1=0x0 mDataDirectionIconId2=0x0 mDataSignalIconId1=0x7f0200cd mDataSignalIconId2=0x7f0200d5 mDataTypeIconId1=0x7f02009d mDataTypeIconId2=0x7f02009d mWifiIconId=0x7f0200ef mRoamingIconId1=0x0 mRoamingIconId2=0x0 mBluetoothTetherIconId=0x10806ce
01-09 14:09:56.472 D/SignalClusterView(504): wifi: VISIBLE sig=2130837743 act=2130837720
01-09 14:09:56.472 D/SignalClusterView(504): mobile1: VISIBLE sig=2130837709 act=0 typ=2130837661
01-09 14:09:56.472 D/SignalClusterView(504): mobile2: VISIBLE sig=2130837717 act=0 typ=2130837661
01-09 14:09:56.472 D/SignalClusterView(504): wifi: VISIBLE sig=2130837743 act=2130837720
01-09 14:09:56.472 D/SignalClusterView(504): mobile1: VISIBLE sig=2130837709 act=0 typ=2130837661
01-09 14:09:56.472 D/SignalClusterView(504): mobile2: VISIBLE sig=2130837717 act=0 typ=2130837661
01-09 14:09:56.472 D/SignalClusterView(504): wifi: VISIBLE sig=2130837743 act=2130837720
01-09 14:09:56.472 D/SignalClusterView(504): mobile1: VISIBLE sig=2130837709 act=0 typ=2130837661
01-09 14:09:56.472 D/SignalClusterView(504): mobile2: VISIBLE sig=2130837717 act=0 typ=2130837661
01-09 14:09:56.472 D/StatusBar-NetworkControllerDS(504): changing data overlay icon id to 2130837720
01-09 14:09:56.852 I/InputReader(378): Touch event's action is 0x0 (deviceType=0) [pCnt=1, pending(waiting finished signal)=0, s=0.1897 ]
01-09 14:09:56.852 I/InputDispatcher(378): Delivering touch to current input target: action: 0x0
01-09 14:09:57.402 D/VibratorService(378): JNI vibratorOff()
01-09 14:09:57.412 D/VibratorService(378): JNI vibratorOn() : 50
01-09 14:09:57.442 I/ClipboardServiceEx(378): getItem id : 2, input id : 2
01-09 14:09:57.442 I/ClipboardServiceEx(378): text write to parcel
01-09 14:09:57.462 D/VibratorService(378): JNI vibratorOff()
01-09 14:09:57.472 W/SurfaceFlinger(110): id=1259(6) createSurface 0x30a4f4 (1x1),1 flag=0
01-09 14:09:57.472 D/KeyguardViewMediator(378): setHidden false
01-09 14:09:57.492 I/Adreno200-EGLSUB(20066): <ConfigWindowMatch:2218>: Format RGBA_8888.
01-09 14:09:57.492 D/memalloc(110): /dev/pmem: Allocated buffer base:0x41a93000 size:86016 offset:5349376 fd:33
01-09 14:09:57.492 D/memalloc(20066): /dev/pmem: Mapped buffer base:0x570fe000 size:5435392 offset:5349376 fd:145
01-09 14:09:57.522 I/Adreno200-EGLSUB(110): <CreateImage:1017>: Android Image
01-09 14:09:57.522 I/Adreno200-EGLSUB(110): <GetImageAttributes:1226>: RGBA_8888
01-09 14:09:57.532 D/memalloc(110): /dev/pmem: Allocated buffer base:0x41a93000 size:86016 offset:5435392 fd:36
01-09 14:09:57.532 D/memalloc(20066): /dev/pmem: Mapped buffer base:0x5762d000 size:5521408 offset:5435392 fd:154
01-09 14:09:57.532 D/KeyguardViewMediator(378): setHidden false
01-09 14:09:57.532 D/KeyguardViewMediator(378): setHidden false
01-09 14:09:57.552 D/KeyguardViewMediator(378): setHidden false
01-09 14:09:57.642 I/InputReader(378): Touch event's action is 0x1 (deviceType=0) [pCnt=1, pending(waiting finished signal)=0, s=]
01-09 14:09:57.642 I/InputDispatcher(378): Delivering touch to current input target: action: 0x1
01-09 14:09:57.642 W/SurfaceFlinger(110): id=1260(7) createSurface 0x2fd59c (1x1),1 flag=0
01-09 14:09:57.652 D/KeyguardViewMediator(378): setHidden false
01-09 14:09:57.672 I/Adreno200-EGLSUB(20066): <ConfigWindowMatch:2218>: Format RGBA_8888.
01-09 14:09:57.672 D/memalloc(110): /dev/pmem: Allocated buffer base:0x41a93000 size:36864 offset:5521408 fd:72
01-09 14:09:57.672 D/memalloc(20066): /dev/pmem: Mapped buffer base:0x57b71000 size:5558272 offset:5521408 fd:158
01-09 14:09:57.682 I/Adreno200-EGLSUB(110): <CreateImage:1017>: Android Image
01-09 14:09:57.682 I/Adreno200-EGLSUB(110): <GetImageAttributes:1226>: RGBA_8888
01-09 14:09:57.682 D/memalloc(110): /dev/pmem: Allocated buffer base:0x41a93000 size:36864 offset:5558272 fd:75
01-09 14:09:57.682 D/memalloc(20066): /dev/pmem: Mapped buffer base:0x580be000 size:5595136 offset:5558272 fd:164
01-09 14:09:57.682 D/KeyguardViewMediator(378): setHidden false
01-09 14:09:57.692 D/KeyguardViewMediator(378): setHidden false
01-09 14:09:57.702 D/KeyguardViewMediator(378): setHidden false
01-09 14:09:58.282 I/InputReader(378): Touch event's action is 0x0 (deviceType=0) [pCnt=1, pending(waiting finished signal)=0, s=0.1898 ]
01-09 14:09:58.282 I/InputDispatcher(378): Delivering touch to current input target: action: 0x0
01-09 14:09:58.392 I/InputReader(378): Touch event's action is 0x1 (deviceType=0) [pCnt=1, pending(waiting finished signal)=0, s=]
01-09 14:09:58.392 I/InputDispatcher(378): Delivering touch to current input target: action: 0x1
01-09 14:09:58.392 D/ApplicationPolicy(378): isStatusBarNotificationAllowed: packageName = android
01-09 14:09:58.392 D/PowerManagerService(378): mIsSipVisible : true
01-09 14:09:58.402 D/memalloc(20066): /dev/pmem: Unmapping buffer base:0x57b71000 size:5558272 offset:5521408
01-09 14:09:58.402 D/memalloc(20066): /dev/pmem: Unmapping buffer base:0x580be000 size:5595136 offset:5558272
01-09 14:09:58.402 D/memalloc(110): /dev/pmem: Freeing buffer base:0x41fe0000 size:36864 offset:5558272 fd:75
01-09 14:09:58.402 D/KeyguardViewMediator(378): setHidden false
01-09 14:09:58.402 D/STATUSBAR-NotificationService(378): Noti Alert - mSystemReady:true, AlertEnabled:true
01-09 14:09:58.412 D/KeyguardViewMediator(378): setHidden false
01-09 14:09:58.412 W/SurfaceFlinger(110): id=1260 Removed idx=4 Map Size=7
01-09 14:09:58.412 W/SurfaceFlinger(110): id=1260 Removed idx=-2 Map Size=7
01-09 14:09:58.412 D/KeyguardViewMediator(378): setHidden false
01-09 14:09:58.422 D/memalloc(20066): /dev/pmem: Unmapping buffer base:0x570fe000 size:5435392 offset:5349376
01-09 14:09:58.422 D/memalloc(20066): /dev/pmem: Unmapping buffer base:0x5762d000 size:5521408 offset:5435392
01-09 14:09:58.422 D/memalloc(110): /dev/pmem: Freeing buffer base:0x41fc2000 size:86016 offset:5435392 fd:36
01-09 14:09:58.432 D/KeyguardViewMediator(378): setHidden false
01-09 14:09:58.432 D/KeyguardViewMediator(378): setHidden false
01-09 14:09:58.442 D/memalloc(110): /dev/pmem: Freeing buffer base:0x41fd7000 size:36864 offset:5521408 fd:72
01-09 14:09:58.452 D/KeyguardViewMediator(378): setHidden false
01-09 14:09:58.452 W/SurfaceFlinger(110): id=1259 Removed idx=4 Map Size=6
01-09 14:09:58.452 W/SurfaceFlinger(110): id=1259 Removed idx=-2 Map Size=6
01-09 14:09:58.462 D/KeyguardViewMediator(378): setHidden false
01-09 14:09:58.462 D/KeyguardViewMediator(378): setHidden false
01-09 14:09:58.482 D/memalloc(110): /dev/pmem: Freeing buffer base:0x41fad000 size:86016 offset:5349376 fd:33
01-09 14:09:58.482 W/SignalStrength(504): getGsmLevel. this.mGsmSignalBar=3, getGsmSignalStrength()== 11
01-09 14:09:58.482 W/SignalStrength(504): getGsmLevel=3
01-09 14:09:58.482 W/SignalStrength(504): getLevel=3 (SignalStrength: 11 255 -120 -160 -120 -1 -1 99 2147483647 -32767 2147483647 -32767 gsm|lte 3)
01-09 14:09:58.482 W/SignalStrength(504): getGsmLevel. this.mGsmSignalBar=4, getGsmSignalStrength()== 26
01-09 14:09:58.482 W/SignalStrength(504): getGsmLevel=4
01-09 14:09:58.482 W/SignalStrength(504): getLevel=4 (SignalStrength: 26 255 -120 -160 -120 -1 -1 99 2147483647 -32767 2147483647 -32767 gsm|lte 4)
01-09 14:09:58.482 D/StatusBar-NetworkControllerDS(504): refreshViews connected={ wifi } level=3|4 combinedSignalIconId=0x7f0200ef/com.android.systemui:drawable/stat_sys_wifi_signal_4 combinedActivityIconId=0x7f0200d9 mAirplaneMode=false mDataActivity1=0 mDataActivity2=0 mPhoneSignalIconId1=0x7f0200cd mPhoneSignalIconId2=0x7f0200d5 mLastPhoneSignalIconId1=0x7f0200cd mLastPhoneSignalIconId2=0x7f0200d5 mDataDirectionIconId1=0x0 mDataDirectionIconId2=0x0 mDataSignalIconId1=0x7f0200cd mDataSignalIconId2=0x7f0200d5 mDataTypeIconId1=0x7f02009d mDataTypeIconId2=0x7f02009d mWifiIconId=0x7f0200ef mRoamingIconId1=0x0 mRoamingIconId2=0x0 mBluetoothTetherIconId=0x10806ce
01-09 14:09:58.482 D/SignalClusterView(504): wifi: VISIBLE sig=2130837743 act=2130837721
01-09 14:09:58.482 D/SignalClusterView(504): mobile1: VISIBLE sig=2130837709 act=0 typ=2130837661
01-09 14:09:58.482 D/SignalClusterView(504): mobile2: VISIBLE sig=2130837717 act=0 typ=2130837661
01-09 14:09:58.482 D/SignalClusterView(504): wifi: VISIBLE sig=2130837743 act=2130837721
01-09 14:09:58.482 D/SignalClusterView(504): mobile1: VISIBLE sig=2130837709 act=0 typ=2130837661
01-09 14:09:58.482 D/SignalClusterView(504): mobile2: VISIBLE sig=2130837717 act=0 typ=2130837661
01-09 14:09:58.482 D/SignalClusterView(504): wifi: VISIBLE sig=2130837743 act=2130837721
01-09 14:09:58.482 D/SignalClusterView(504): mobile1: VISIBLE sig=2130837709 act=0 typ=2130837661
01-09 14:09:58.482 D/SignalClusterView(504): mobile2: VISIBLE sig=2130837717 act=0 typ=2130837661
01-09 14:09:58.482 D/StatusBar-NetworkControllerDS(504): changing data overlay icon id to 2130837721
01-09 14:09:59.482 W/SignalStrength(504): getGsmLevel. this.mGsmSignalBar=3, getGsmSignalStrength()== 11
01-09 14:09:59.482 W/SignalStrength(504): getGsmLevel=3
01-09 14:09:59.482 W/SignalStrength(504): getLevel=3 (SignalStrength: 11 255 -120 -160 -120 -1 -1 99 2147483647 -32767 2147483647 -32767 gsm|lte 3)
01-09 14:09:59.482 W/SignalStrength(504): getGsmLevel. this.mGsmSignalBar=4, getGsmSignalStrength()== 26
01-09 14:09:59.482 W/SignalStrength(504): getGsmLevel=4
01-09 14:09:59.482 W/SignalStrength(504): getLevel=4 (SignalStrength: 26 255 -120 -160 -120 -1 -1 99 2147483647 -32767 2147483647 -32767 gsm|lte 4)
01-09 14:09:59.492 D/StatusBar-NetworkControllerDS(504): refreshViews connected={ wifi } level=3|4 combinedSignalIconId=0x7f0200ef/com.android.systemui:drawable/stat_sys_wifi_signal_4 combinedActivityIconId=0x7f0200d8 mAirplaneMode=false mDataActivity1=0 mDataActivity2=0 mPhoneSignalIconId1=0x7f0200cd mPhoneSignalIconId2=0x7f0200d5 mLastPhoneSignalIconId1=0x7f0200cd mLastPhoneSignalIconId2=0x7f0200d5 mDataDirectionIconId1=0x0 mDataDirectionIconId2=0x0 mDataSignalIconId1=0x7f0200cd mDataSignalIconId2=0x7f0200d5 mDataTypeIconId1=0x7f02009d mDataTypeIconId2=0x7f02009d mWifiIconId=0x7f0200ef mRoamingIconId1=0x0 mRoamingIconId2=0x0 mBluetoothTetherIconId=0x10806ce
01-09 14:09:59.492 D/SignalClusterView(504): wifi: VISIBLE sig=2130837743 act=2130837720
01-09 14:09:59.492 D/SignalClusterView(504): mobile1: VISIBLE sig=2130837709 act=0 typ=2130837661
01-09 14:09:59.492 D/SignalClusterView(504): mobile2: VISIBLE sig=2130837717 act=0 typ=2130837661
01-09 14:09:59.492 D/SignalClusterView(504): wifi: VISIBLE sig=2130837743 act=2130837720
01-09 14:09:59.492 D/SignalClusterView(504): mobile1: VISIBLE sig=2130837709 act=0 typ=2130837661
01-09 14:09:59.492 D/SignalClusterView(504): mobile2: VISIBLE sig=2130837717 act=0 typ=2130837661
01-09 14:09:59.492 D/SignalClusterView(504): wifi: VISIBLE sig=2130837743 act=2130837720
01-09 14:09:59.492 D/SignalClusterView(504): mobile1: VISIBLE sig=2130837709 act=0 typ=2130837661
01-09 14:09:59.492 D/SignalClusterView(504): mobile2: VISIBLE sig=2130837717 act=0 typ=2130837661
01-09 14:09:59.492 D/StatusBar-NetworkControllerDS(504): changing data overlay icon id to 2130837720
01-09 14:09:59.782 V/PowerManagerService(378): Top Most Needs Intelligent Sleep: true
01-09 14:09:59.782 W/PowerManagerService(378): Timer 0x3->0x3|0x0
01-09 14:09:59.992 E/AlarmManagerService(378): android_server_AlarmManagerService_set to type=3, 239634.871000000
01-09 14:09:59.992 V/AlarmManager(378): waitForAlarm result :8
01-09 14:09:59.992 V/AlarmManager(378): ClockReceiver onReceive() ACTION_TIME_TICK
01-09 14:09:59.992 W/AlarmManager(378): FACTORY_ON= 0
01-09 14:10:00.002 D/KeyguardUpdateMonitor(378): received broadcast android.intent.action.TIME_TICK
01-09 14:10:00.002 D/KeyguardUpdateMonitor(378): handleTimeUpdate
01-09 14:10:00.002 D/STATUSBAR-Clock(504): onReceive() - ACTION_TIME_TICK
01-09 14:10:00.162 D/BatteryService(378): update start
01-09 14:10:00.172 D/KeyguardUpdateMonitor(378): received broadcast android.intent.action.BATTERY_CHANGED
01-09 14:10:00.172 D/KeyguardUpdateMonitor(378): handleBatteryUpdate
01-09 14:10:00.172 D/BatteryService(378): level:44 scale:100 status:3 health:2 present:true voltage: 3715 temperature: 230 technology: Li-ion AC powered:false USB powered:false icon:17303167 invalid charger:0
01-09 14:10:00.172 D/ThermistorObserver(378): mBatteryBRForAMOLED : onReceive() : newTemperature : 230
01-09 14:10:00.172 V/UiModeManager(378): updateLocked, mLastBroadcastState =0 , oldAction = null
01-09 14:10:00.172 D/STATUSBAR-BatteryController(504): onReceive() - ACTION_BATTERY_CHANGED
01-09 14:10:00.172 D/STATUSBAR-BatteryController(504): onReceive() - level:44
01-09 14:10:00.172 D/STATUSBAR-BatteryController(504): onReceive() - plugged:0
01-09 14:10:00.172 D/STATUSBAR-BatteryController(504): onReceive() - BATTERY_STATUS_DISCHARGING: stat_sys_battery
01-09 14:10:00.172 D/STATUSBAR-PhoneStatusBar(504): ACTION_BATTERY_CHANGED
01-09 14:10:00.172 D/STATUSBAR-PhoneStatusBar(504): NORMAL_BATTERY
01-09 14:10:00.172 D/PowerUI (504): getBatteryOnline : battery online file not found
01-09 14:10:00.762 I/NRFW    (1283): profile=wifi
01-09 14:10:00.802 I/NRFW    (1283): serverip=103.235.47.88 localIp=10.0.8.1
01-09 14:10:01.502 W/SignalStrength(504): getGsmLevel. this.mGsmSignalBar=3, getGsmSignalStrength()== 11
01-09 14:10:01.502 W/SignalStrength(504): getGsmLevel=3
01-09 14:10:01.502 W/SignalStrength(504): getLevel=3 (SignalStrength: 11 255 -120 -160 -120 -1 -1 99 2147483647 -32767 2147483647 -32767 gsm|lte 3)
01-09 14:10:01.502 W/SignalStrength(504): getGsmLevel. this.mGsmSignalBar=4, getGsmSignalStrength()== 26
01-09 14:10:01.502 W/SignalStrength(504): getGsmLevel=4
01-09 14:10:01.502 D/SignalClusterView(504): wifi: VISIBLE sig=2130837743 act=2130837721
01-09 14:10:01.502 D/SignalClusterView(504): mobile1: VISIBLE sig=2130837709 act=0 typ=2130837661
01-09 14:10:01.502 D/SignalClusterView(504): mobile2: VISIBLE sig=2130837717 act=0 typ=2130837661
01-09 14:10:01.502 D/SignalClusterView(504): wifi: VISIBLE sig=2130837743 act=2130837721
01-09 14:10:01.502 D/SignalClusterView(504): mobile1: VISIBLE sig=2130837709 act=0 typ=2130837661
01-09 14:10:01.502 D/SignalClusterView(504): mobile2: VISIBLE sig=2130837717 act=0 typ=2130837661
01-09 14:10:01.502 D/SignalClusterView(504): wifi: VISIBLE sig=2130837743 act=2130837721
01-09 14:10:01.502 D/SignalClusterView(504): mobile1: VISIBLE sig=2130837709 act=0 typ=2130837661
01-09 14:10:01.502 D/SignalClusterView(504): mobile2: VISIBLE sig=2130837717 act=0 typ=2130837661
01-09 14:10:01.502 D/StatusBar-NetworkControllerDS(504): changing data overlay icon id to 2130837721
01-09 14:10:01.502 W/SignalStrength(504): getLevel=4 (SignalStrength: 26 255 -120 -160 -120 -1 -1 99 2147483647 -32767 2147483647 -32767 gsm|lte 4)
01-09 14:10:01.502 D/StatusBar-NetworkControllerDS(504): refreshViews connected={ wifi } level=3|4 combinedSignalIconId=0x7f0200ef/com.android.systemui:drawable/stat_sys_wifi_signal_4 combinedActivityIconId=0x7f0200d9 mAirplaneMode=false mDataActivity1=0 mDataActivity2=0 mPhoneSignalIconId1=0x7f0200cd mPhoneSignalIconId2=0x7f0200d5 mLastPhoneSignalIconId1=0x7f0200cd mLastPhoneSignalIconId2=0x7f0200d5 mDataDirectionIconId1=0x0 mDataDirectionIconId2=0x0 mDataSignalIconId1=0x7f0200cd mDataSignalIconId2=0x7f0200d5 mDataTypeIconId1=0x7f02009d mDataTypeIconId2=0x7f02009d mWifiIconId=0x7f0200ef mRoamingIconId1=0x0 mRoamingIconId2=0x0 mBluetoothTetherIconId=0x10806ce
01-09 14:10:02.502 W/SignalStrength(504): getGsmLevel. this.mGsmSignalBar=3, getGsmSignalStrength()== 11
01-09 14:10:02.502 W/SignalStrength(504): getGsmLevel=3
01-09 14:10:02.502 W/SignalStrength(504): getLevel=3 (SignalStrength: 11 255 -120 -160 -120 -1 -1 99 2147483647 -32767 2147483647 -32767 gsm|lte 3)
01-09 14:10:02.502 W/SignalStrength(504): getGsmLevel. this.mGsmSignalBar=4, getGsmSignalStrength()== 26
01-09 14:10:02.502 W/SignalStrength(504): getGsmLevel=4
01-09 14:10:02.502 W/SignalStrength(504): getLevel=4 (SignalStrength: 26 255 -120 -160 -120 -1 -1 99 2147483647 -32767 2147483647 -32767 gsm|lte 4)
01-09 14:10:02.502 D/StatusBar-NetworkControllerDS(504): refreshViews connected={ wifi } level=3|4 combinedSignalIconId=0x7f0200ef/com.android.systemui:drawable/stat_sys_wifi_signal_4 combinedActivityIconId=0x7f0200d8 mAirplaneMode=false mDataActivity1=0 mDataActivity2=0 mPhoneSignalIconId1=0x7f0200cd mPhoneSignalIconId2=0x7f0200d5 mLastPhoneSignalIconId1=0x7f0200cd mLastPhoneSignalIconId2=0x7f0200d5 mDataDirectionIconId1=0x0 mDataDirectionIconId2=0x0 mDataSignalIconId1=0x7f0200cd mDataSignalIconId2=0x7f0200d5 mDataTypeIconId1=0x7f02009d mDataTypeIconId2=0x7f02009d mWifiIconId=0x7f0200ef mRoamingIconId1=0x0 mRoamingIconId2=0x0 mBluetoothTetherIconId=0x10806ce
01-09 14:10:02.502 D/SignalClusterView(504): wifi: VISIBLE sig=2130837743 act=2130837720
01-09 14:10:02.502 D/SignalClusterView(504): mobile1: VISIBLE sig=2130837709 act=0 typ=2130837661
01-09 14:10:02.502 D/SignalClusterView(504): mobile2: VISIBLE sig=2130837717 act=0 typ=2130837661
01-09 14:10:02.502 D/SignalClusterView(504): wifi: VISIBLE sig=2130837743 act=2130837720
01-09 14:10:02.502 D/SignalClusterView(504): mobile1: VISIBLE sig=2130837709 act=0 typ=2130837661
01-09 14:10:02.512 D/SignalClusterView(504): mobile2: VISIBLE sig=2130837717 act=0 typ=2130837661
01-09 14:10:02.512 D/SignalClusterView(504): wifi: VISIBLE sig=2130837743 act=2130837720
01-09 14:10:02.512 D/SignalClusterView(504): mobile1: VISIBLE sig=2130837709 act=0 typ=2130837661
01-09 14:10:02.512 D/SignalClusterView(504): mobile2: VISIBLE sig=2130837717 act=0 typ=2130837661
01-09 14:10:02.512 D/StatusBar-NetworkControllerDS(504): changing data overlay icon id to 2130837720
01-09 14:10:02.992 I/InputReader(378): Touch event's action is 0x0 (deviceType=0) [pCnt=1, pending(waiting finished signal)=0, s=0.1899 ]
