01-09 14:02:22.562 W/SignalStrength(504): getLevel=4 (SignalStrength: 12 255 -120 -160 -120 -1 -1 99 2147483647 -32767 2147483647 -32767 gsm|lte 4)
01-09 14:02:22.562 W/SignalStrength(504): getGsmLevel. this.mGsmSignalBar=4, getGsmSignalStrength()== 26
01-09 14:02:22.562 W/SignalStrength(504): getGsmLevel=4
01-09 14:02:22.562 W/SignalStrength(504): getLevel=4 (SignalStrength: 26 255 -120 -160 -120 -1 -1 99 2147483647 -32767 2147483647 -32767 gsm|lte 4)
01-09 14:02:23.472 D/dalvikvm(20886): GC_CONCURRENT freed 7271K, 28% free 24174K/33315K, paused 4ms+17ms
01-09 14:02:23.912 I/NRFW    (1283): profile=wifi
01-09 14:02:23.952 I/NRFW    (1283): serverip=103.235.47.88 localIp=10.0.8.1
01-09 14:02:24.082 D/plugin  (689): getDefaultSubscription()
01-09 14:02:24.102 I/DNS     (1283): 103.235.47.88 h_errno=1
01-09 14:02:24.142 I/DNS     (1283): 149.154.167.51 h_errno=1
01-09 14:02:24.562 W/SignalStrength(504): getGsmLevel. this.mGsmSignalBar=4, getGsmSignalStrength()== 12
01-09 14:02:24.562 W/SignalStrength(504): getGsmLevel=4
01-09 14:02:24.562 W/SignalStrength(504): getLevel=4 (SignalStrength: 12 255 -120 -160 -120 -1 -1 99 2147483647 -32767 2147483647 -32767 gsm|lte 4)
01-09 14:02:24.562 W/SignalStrength(504): getGsmLevel. this.mGsmSignalBar=4, getGsmSignalStrength()== 26
01-09 14:02:24.562 W/SignalStrength(504): getGsmLevel=4
01-09 14:02:24.562 W/SignalStrength(504): getLevel=4 (SignalStrength: 26 255 -120 -160 -120 -1 -1 99 2147483647 -32767 2147483647 -32767 gsm|lte 4)
01-09 14:02:25.562 W/SignalStrength(504): getGsmLevel. this.mGsmSignalBar=4, getGsmSignalStrength()== 12
01-09 14:02:25.562 W/SignalStrength(504): getGsmLevel=4
01-09 14:02:25.562 W/SignalStrength(504): getLevel=4 (SignalStrength: 12 255 -120 -160 -120 -1 -1 99 2147483647 -32767 2147483647 -32767 gsm|lte 4)
01-09 14:02:25.562 W/SignalStrength(504): getGsmLevel. this.mGsmSignalBar=4, getGsmSignalStrength()== 26
01-09 14:02:25.562 W/SignalStrength(504): getGsmLevel=4
01-09 14:02:25.562 W/SignalStrength(504): getLevel=4 (SignalStrength: 26 255 -120 -160 -120 -1 -1 99 2147483647 -32767 2147483647 -32767 gsm|lte 4)
01-09 14:02:26.682 D/dalvikvm(20886): GC_CONCURRENT freed 7285K, 28% free 24172K/33315K, paused 5ms+18ms
01-09 14:02:26.822 D/plugin  (689): getDefaultSubscription()
01-09 14:02:27.572 W/SignalStrength(504): getGsmLevel. this.mGsmSignalBar=4, getGsmSignalStrength()== 12
01-09 14:02:27.572 W/SignalStrength(504): getGsmLevel=4
01-09 14:02:27.572 W/SignalStrength(504): getLevel=4 (SignalStrength: 12 255 -120 -160 -120 -1 -1 99 2147483647 -32767 2147483647 -32767 gsm|lte 4)
01-09 14:02:27.572 W/SignalStrength(504): getGsmLevel. this.mGsmSignalBar=4, getGsmSignalStrength()== 26
01-09 14:02:27.572 W/SignalStrength(504): getGsmLevel=4
01-09 14:02:27.572 W/SignalStrength(504): getLevel=4 (SignalStrength: 26 255 -120 -160 -120 -1 -1 99 2147483647 -32767 2147483647 -32767 gsm|lte 4)
01-09 14:02:28.092 E/AlarmManagerService(378): android_server_AlarmManagerService_set to type=3, 239186.671000000
01-09 14:02:28.572 W/SignalStrength(504): getGsmLevel. this.mGsmSignalBar=4, getGsmSignalStrength()== 12
01-09 14:02:28.572 W/SignalStrength(504): getGsmLevel=4
01-09 14:02:28.572 W/SignalStrength(504): getLevel=4 (SignalStrength: 12 255 -120 -160 -120 -1 -1 99 2147483647 -32767 2147483647 -32767 gsm|lte 4)
01-09 14:02:28.572 W/SignalStrength(504): getGsmLevel. this.mGsmSignalBar=4, getGsmSignalStrength()== 26
01-09 14:02:28.572 W/SignalStrength(504): getGsmLevel=4
01-09 14:02:28.572 W/SignalStrength(504): getLevel=4 (SignalStrength: 26 255 -120 -160 -120 -1 -1 99 2147483647 -32767 2147483647 -32767 gsm|lte 4)
01-09 14:02:29.252 D/plugin  (689): getDefaultSubscription()
01-09 14:02:29.742 D/dalvikvm(20886): GC_CONCURRENT freed 7277K, 28% free 24177K/33315K, paused 4ms+18ms
01-09 14:02:30.662 W/SignalStrength(504): getGsmLevel. this.mGsmSignalBar=4, getGsmSignalStrength()== 12
01-09 14:02:30.662 W/SignalStrength(504): getGsmLevel=4
01-09 14:02:30.662 W/SignalStrength(504): getLevel=4 (SignalStrength: 12 255 -120 -160 -120 -1 -1 99 2147483647 -32767 2147483647 -32767 gsm|lte 4)
01-09 14:02:30.662 W/SignalStrength(504): getGsmLevel. this.mGsmSignalBar=4, getGsmSignalStrength()== 26
01-09 14:02:30.662 W/SignalStrength(504): getGsmLevel=4
01-09 14:02:30.662 W/SignalStrength(504): getLevel=4 (SignalStrength: 26 255 -120 -160 -120 -1 -1 99 2147483647 -32767 2147483647 -32767 gsm|lte 4)
01-09 14:02:31.332 D/plugin  (689): getDefaultSubscription()
01-09 14:02:31.662 W/SignalStrength(504): getGsmLevel. this.mGsmSignalBar=4, getGsmSignalStrength()== 12
01-09 14:02:31.662 W/SignalStrength(504): getGsmLevel=4
01-09 14:02:31.662 W/SignalStrength(504): getLevel=4 (SignalStrength: 12 255 -120 -160 -120 -1 -1 99 2147483647 -32767 2147483647 -32767 gsm|lte 4)
01-09 14:02:31.662 W/SignalStrength(504): getGsmLevel. this.mGsmSignalBar=4, getGsmSignalStrength()== 26
01-09 14:02:31.662 W/SignalStrength(504): getGsmLevel=4
01-09 14:02:31.662 W/SignalStrength(504): getLevel=4 (SignalStrength: 26 255 -120 -160 -120 -1 -1 99 2147483647 -32767 2147483647 -32767 gsm|lte 4)
01-09 14:02:32.762 D/dalvikvm(20886): GC_CONCURRENT freed 7297K, 28% free 24164K/33315K, paused 3ms+18ms
01-09 14:02:33.222 D/plugin  (689): getDefaultSubscription()
01-09 14:02:33.672 W/SignalStrength(504): getGsmLevel. this.mGsmSignalBar=4, getGsmSignalStrength()== 12
01-09 14:02:33.672 W/SignalStrength(504): getGsmLevel=4
01-09 14:02:33.672 W/SignalStrength(504): getLevel=4 (SignalStrength: 12 255 -120 -160 -120 -1 -1 99 2147483647 -32767 2147483647 -32767 gsm|lte 4)
01-09 14:02:33.672 W/SignalStrength(504): getGsmLevel. this.mGsmSignalBar=4, getGsmSignalStrength()== 26
01-09 14:02:33.672 W/SignalStrength(504): getGsmLevel=4
01-09 14:02:33.672 W/SignalStrength(504): getLevel=4 (SignalStrength: 26 255 -120 -160 -120 -1 -1 99 2147483647 -32767 2147483647 -32767 gsm|lte 4)
01-09 14:02:34.672 W/SignalStrength(504): getGsmLevel. this.mGsmSignalBar=4, getGsmSignalStrength()== 12
01-09 14:02:34.672 W/SignalStrength(504): getGsmLevel=4
01-09 14:02:34.672 W/SignalStrength(504): getLevel=4 (SignalStrength: 12 255 -120 -160 -120 -1 -1 99 2147483647 -32767 2147483647 -32767 gsm|lte 4)
01-09 14:02:34.672 W/SignalStrength(504): getGsmLevel. this.mGsmSignalBar=4, getGsmSignalStrength()== 26
01-09 14:02:34.672 W/SignalStrength(504): getGsmLevel=4
01-09 14:02:34.672 W/SignalStrength(504): getLevel=4 (SignalStrength: 26 255 -120 -160 -120 -1 -1 99 2147483647 -32767 2147483647 -32767 gsm|lte 4)
01-09 14:02:35.562 D/plugin  (689): getDefaultSubscription()
01-09 14:02:35.802 D/dalvikvm(20886): GC_CONCURRENT freed 7258K, 28% free 24182K/33315K, paused 10ms+28ms
01-09 14:02:36.672 W/SignalStrength(504): getGsmLevel. this.mGsmSignalBar=4, getGsmSignalStrength()== 12
01-09 14:02:36.672 W/SignalStrength(504): getGsmLevel=4
01-09 14:02:36.672 W/SignalStrength(504): getLevel=4 (SignalStrength: 12 255 -120 -160 -120 -1 -1 99 2147483647 -32767 2147483647 -32767 gsm|lte 4)
01-09 14:02:36.672 W/SignalStrength(504): getGsmLevel. this.mGsmSignalBar=4, getGsmSignalStrength()== 26
01-09 14:02:36.672 W/SignalStrength(504): getGsmLevel=4
01-09 14:02:36.672 W/SignalStrength(504): getLevel=4 (SignalStrength: 26 255 -120 -160 -120 -1 -1 99 2147483647 -32767 2147483647 -32767 gsm|lte 4)
01-09 14:02:37.672 W/SignalStrength(504): getGsmLevel. this.mGsmSignalBar=4, getGsmSignalStrength()== 12
01-09 14:02:37.672 W/SignalStrength(504): getGsmLevel=4
01-09 14:02:37.672 W/SignalStrength(504): getLevel=4 (SignalStrength: 12 255 -120 -160 -120 -1 -1 99 2147483647 -32767 2147483647 -32767 gsm|lte 4)
01-09 14:02:37.672 W/SignalStrength(504): getGsmLevel. this.mGsmSignalBar=4, getGsmSignalStrength()== 26
01-09 14:02:37.672 W/SignalStrength(504): getGsmLevel=4
01-09 14:02:37.682 W/SignalStrength(504): getLevel=4 (SignalStrength: 26 255 -120 -160 -120 -1 -1 99 2147483647 -32767 2147483647 -32767 gsm|lte 4)
01-09 14:02:38.102 D/plugin  (689): getDefaultSubscription()
01-09 14:02:38.632 I/NRFW    (1283): profile=wifi
01-09 14:02:38.662 I/NRFW    (1283): serverip=103.235.47.88 localIp=10.0.8.1
01-09 14:02:38.832 D/dalvikvm(20886): GC_CONCURRENT freed 7277K, 28% free 24185K/33315K, paused 4ms+20ms
01-09 14:02:39.282 D/KeyguardUpdateMonitor(378): received broadcast android.intent.action.BATTERY_CHANGED
01-09 14:02:39.282 D/KeyguardUpdateMonitor(378): handleBatteryUpdate
01-09 14:02:39.682 W/SignalStrength(504): getGsmLevel. this.mGsmSignalBar=4, getGsmSignalStrength()== 12
01-09 14:02:39.682 W/SignalStrength(504): getGsmLevel=4
01-09 14:02:39.682 W/SignalStrength(504): getLevel=4 (SignalStrength: 12 255 -120 -160 -120 -1 -1 99 2147483647 -32767 2147483647 -32767 gsm|lte 4)
01-09 14:02:39.682 W/SignalStrength(504): getGsmLevel. this.mGsmSignalBar=4, getGsmSignalStrength()== 26
01-09 14:02:39.682 W/SignalStrength(504): getGsmLevel=4
01-09 14:02:39.682 W/SignalStrength(504): getLevel=4 (SignalStrength: 26 255 -120 -160 -120 -1 -1 99 2147483647 -32767 2147483647 -32767 gsm|lte 4)
01-09 14:02:40.432 D/plugin  (689): getDefaultSubscription()
01-09 14:02:40.682 W/SignalStrength(504): getGsmLevel. this.mGsmSignalBar=4, getGsmSignalStrength()== 12
01-09 14:02:40.682 W/SignalStrength(504): getGsmLevel=4
01-09 14:02:40.682 W/SignalStrength(504): getLevel=4 (SignalStrength: 12 255 -120 -160 -120 -1 -1 99 2147483647 -32767 2147483647 -32767 gsm|lte 4)
01-09 14:02:40.682 W/SignalStrength(504): getGsmLevel. this.mGsmSignalBar=4, getGsmSignalStrength()== 26
01-09 14:02:40.682 W/SignalStrength(504): getGsmLevel=4
01-09 14:02:40.682 W/SignalStrength(504): getLevel=4 (SignalStrength: 26 255 -120 -160 -120 -1 -1 99 2147483647 -32767 2147483647 -32767 gsm|lte 4)
01-09 14:02:41.652 I/NRFW    (1283): profile=wifi
01-09 14:02:41.672 I/NRFW    (1283): serverip=103.235.47.88 localIp=10.0.8.1
01-09 14:02:41.972 D/dalvikvm(20886): GC_CONCURRENT freed 7285K, 28% free 24187K/33315K, paused 14ms+18ms
01-09 14:02:42.782 W/SignalStrength(504): getGsmLevel. this.mGsmSignalBar=4, getGsmSignalStrength()== 12
01-09 14:02:42.782 W/SignalStrength(504): getGsmLevel=4
01-09 14:02:42.782 W/SignalStrength(504): getLevel=4 (SignalStrength: 12 255 -120 -160 -120 -1 -1 99 2147483647 -32767 2147483647 -32767 gsm|lte 4)
01-09 14:02:42.782 W/SignalStrength(504): getGsmLevel. this.mGsmSignalBar=4, getGsmSignalStrength()== 26
01-09 14:02:42.782 W/SignalStrength(504): getGsmLevel=4
01-09 14:02:42.782 W/SignalStrength(504): getLevel=4 (SignalStrength: 26 255 -120 -160 -120 -1 -1 99 2147483647 -32767 2147483647 -32767 gsm|lte 4)
01-09 14:02:42.782 D/plugin  (689): getDefaultSubscription()
01-09 14:02:43.782 W/SignalStrength(504): getGsmLevel. this.mGsmSignalBar=4, getGsmSignalStrength()== 12
01-09 14:02:43.782 W/SignalStrength(504): getGsmLevel=4
01-09 14:02:43.782 W/SignalStrength(504): getLevel=4 (SignalStrength: 12 255 -120 -160 -120 -1 -1 99 2147483647 -32767 2147483647 -32767 gsm|lte 4)
01-09 14:02:43.782 W/SignalStrength(504): getGsmLevel. this.mGsmSignalBar=4, getGsmSignalStrength()== 26
01-09 14:02:43.782 W/SignalStrength(504): getGsmLevel=4
01-09 14:02:43.782 W/SignalStrength(504): getLevel=4 (SignalStrength: 26 255 -120 -160 -120 -1 -1 99 2147483647 -32767 2147483647 -32767 gsm|lte 4)
01-09 14:02:44.102 I/NRFW    (1283): profile=wifi
01-09 14:02:44.842 W/SignalStrength(504): getGsmLevel. this.mGsmSignalBar=4, getGsmSignalStrength()== 12
01-09 14:02:44.842 W/SignalStrength(504): getGsmLevel=4
01-09 14:02:44.842 W/SignalStrength(504): getLevel=4 (SignalStrength: 12 255 -120 -160 -120 -1 -1 99 2147483647 -32767 2147483647 -32767 gsm|lte 4)
01-09 14:02:44.842 W/SignalStrength(504): getGsmLevel. this.mGsmSignalBar=4, getGsmSignalStrength()== 26
01-09 14:02:44.842 W/SignalStrength(504): getGsmLevel=4
01-09 14:02:44.842 W/SignalStrength(504): getLevel=4 (SignalStrength: 26 255 -120 -160 -120 -1 -1 99 2147483647 -32767 2147483647 -32767 gsm|lte 4)
01-09 14:02:45.042 W/SignalStrength(504): getGsmLevel. this.mGsmSignalBar=4, getGsmSignalStrength()== 12
01-09 14:02:45.042 W/SignalStrength(504): getGsmLevel=4
01-09 14:02:45.042 W/SignalStrength(504): getLevel=4 (SignalStrength: 12 255 -120 -160 -120 -1 -1 99 2147483647 -32767 2147483647 -32767 gsm|lte 4)
01-09 14:02:45.042 W/SignalStrength(504): getGsmLevel. this.mGsmSignalBar=4, getGsmSignalStrength()== 26
01-09 14:02:45.042 W/SignalStrength(504): getGsmLevel=4
01-09 14:02:45.042 W/SignalStrength(504): getLevel=4 (SignalStrength: 26 255 -120 -160 -120 -1 -1 99 2147483647 -32767 2147483647 -32767 gsm|lte 4)
01-09 14:02:45.042 W/SignalStrength(504): getGsmLevel. this.mGsmSignalBar=4, getGsmSignalStrength()== 12
01-09 14:02:45.042 W/SignalStrength(504): getGsmLevel=4
01-09 14:02:45.042 W/SignalStrength(504): getLevel=4 (SignalStrength: 12 255 -120 -160 -120 -1 -1 99 2147483647 -32767 2147483647 -32767 gsm|lte 4)
01-09 14:02:45.042 W/SignalStrength(504): getGsmLevel. this.mGsmSignalBar=4, getGsmSignalStrength()== 26
01-09 14:02:45.042 W/SignalStrength(504): getGsmLevel=4
01-09 14:02:45.042 W/SignalStrength(504): getLevel=4 (SignalStrength: 26 255 -120 -160 -120 -1 -1 99 2147483647 -32767 2147483647 -32767 gsm|lte 4)
01-09 14:02:45.172 D/dalvikvm(20886): GC_CONCURRENT freed 7277K, 28% free 24197K/33315K, paused 4ms+18ms
01-09 14:02:45.352 V/Babel   (21305): [GcmIntentService] ReceiveServerUpdateService will handle all server updates.
01-09 14:02:45.762 W/Babel_db(21305): Unexpected update type from babel server class dnj
01-09 14:02:46.842 W/SignalStrength(504): getGsmLevel. this.mGsmSignalBar=4, getGsmSignalStrength()== 12
01-09 14:02:46.842 W/SignalStrength(504): getGsmLevel=4
01-09 14:02:46.842 W/SignalStrength(504): getLevel=4 (SignalStrength: 12 255 -120 -160 -120 -1 -1 99 2147483647 -32767 2147483647 -32767 gsm|lte 4)
01-09 14:02:46.842 W/SignalStrength(504): getGsmLevel. this.mGsmSignalBar=4, getGsmSignalStrength()== 26
01-09 14:02:46.842 W/SignalStrength(504): getGsmLevel=4
01-09 14:02:46.842 W/SignalStrength(504): getLevel=4 (SignalStrength: 26 255 -120 -160 -120 -1 -1 99 2147483647 -32767 2147483647 -32767 gsm|lte 4)
01-09 14:02:47.662 I/NRFW    (1283): profile=wifi
01-09 14:02:47.682 I/NRFW    (1283): serverip=103.235.47.88 localIp=10.0.8.1
01-09 14:02:47.852 W/SignalStrength(504): getGsmLevel. this.mGsmSignalBar=4, getGsmSignalStrength()== 12
01-09 14:02:47.852 W/SignalStrength(504): getGsmLevel=4
01-09 14:02:47.852 W/SignalStrength(504): getLevel=4 (SignalStrength: 12 255 -120 -160 -120 -1 -1 99 2147483647 -32767 2147483647 -32767 gsm|lte 4)
01-09 14:02:47.852 W/SignalStrength(504): getGsmLevel. this.mGsmSignalBar=4, getGsmSignalStrength()== 26
01-09 14:02:47.852 W/SignalStrength(504): getGsmLevel=4
01-09 14:02:47.852 W/SignalStrength(504): getLevel=4 (SignalStrength: 26 255 -120 -160 -120 -1 -1 99 2147483647 -32767 2147483647 -32767 gsm|lte 4)
01-09 14:02:48.322 D/dalvikvm(20886): GC_CONCURRENT freed 7304K, 28% free 24183K/33315K, paused 4ms+21ms
01-09 14:02:48.852 W/SignalStrength(504): getGsmLevel. this.mGsmSignalBar=4, getGsmSignalStrength()== 12
01-09 14:02:48.852 W/SignalStrength(504): getGsmLevel=4
01-09 14:02:48.852 W/SignalStrength(504): getLevel=4 (SignalStrength: 12 255 -120 -160 -120 -1 -1 99 2147483647 -32767 2147483647 -32767 gsm|lte 4)
01-09 14:02:48.852 W/SignalStrength(504): getGsmLevel. this.mGsmSignalBar=4, getGsmSignalStrength()== 26
01-09 14:02:48.852 W/SignalStrength(504): getGsmLevel=4
01-09 14:02:48.852 W/SignalStrength(504): getLevel=4 (SignalStrength: 26 255 -120 -160 -120 -1 -1 99 2147483647 -32767 2147483647 -32767 gsm|lte 4)
01-09 14:02:49.652 D/plugin  (689): getDefaultSubscription()
01-09 14:02:49.652 E/MSimTelephonyManager(19026): MSimTelephonyManager sRegistryMsim != null
01-09 14:02:49.682 I/NRFW    (1283): serverip=180.76.3.90 localIp=10.0.8.1
01-09 14:02:49.702 I/DNS     (1283): 180.76.3.90 h_errno=1
01-09 14:02:50.852 W/SignalStrength(504): getGsmLevel. this.mGsmSignalBar=4, getGsmSignalStrength()== 12
01-09 14:02:50.852 W/SignalStrength(504): getGsmLevel=4
01-09 14:02:50.852 W/SignalStrength(504): getLevel=4 (SignalStrength: 12 255 -120 -160 -120 -1 -1 99 2147483647 -32767 2147483647 -32767 gsm|lte 4)
01-09 14:02:50.852 W/SignalStrength(504): getGsmLevel. this.mGsmSignalBar=4, getGsmSignalStrength()== 26
01-09 14:02:50.852 W/SignalStrength(504): getGsmLevel=4
01-09 14:02:50.852 W/SignalStrength(504): getLevel=4 (SignalStrength: 26 255 -120 -160 -120 -1 -1 99 2147483647 -32767 2147483647 -32767 gsm|lte 4)
01-09 14:02:51.342 D/dalvikvm(20886): GC_CONCURRENT freed 7286K, 28% free 24183K/33315K, paused 4ms+19ms
01-09 14:02:51.862 W/SignalStrength(504): getGsmLevel. this.mGsmSignalBar=4, getGsmSignalStrength()== 12
01-09 14:02:51.862 W/SignalStrength(504): getGsmLevel=4
01-09 14:02:51.862 W/SignalStrength(504): getLevel=4 (SignalStrength: 12 255 -120 -160 -120 -1 -1 99 2147483647 -32767 2147483647 -32767 gsm|lte 4)
01-09 14:02:51.862 W/SignalStrength(504): getGsmLevel. this.mGsmSignalBar=4, getGsmSignalStrength()== 26
01-09 14:02:51.862 W/SignalStrength(504): getGsmLevel=4
01-09 14:02:51.862 W/SignalStrength(504): getLevel=4 (SignalStrength: 26 255 -120 -160 -120 -1 -1 99 2147483647 -32767 2147483647 -32767 gsm|lte 4)
01-09 14:02:52.682 I/NRFW    (1283): profile=wifi
01-09 14:02:52.702 I/NRFW    (1283): serverip=180.76.3.90 localIp=10.0.8.1
01-09 14:02:53.862 W/SignalStrength(504): getGsmLevel. this.mGsmSignalBar=4, getGsmSignalStrength()== 12
01-09 14:02:53.862 W/SignalStrength(504): getGsmLevel=4
01-09 14:02:53.862 W/SignalStrength(504): getLevel=4 (SignalStrength: 12 255 -120 -160 -120 -1 -1 99 2147483647 -32767 2147483647 -32767 gsm|lte 4)
01-09 14:02:53.862 W/SignalStrength(504): getGsmLevel. this.mGsmSignalBar=4, getGsmSignalStrength()== 26
01-09 14:02:53.862 W/SignalStrength(504): getGsmLevel=4
01-09 14:02:53.862 W/SignalStrength(504): getLevel=4 (SignalStrength: 26 255 -120 -160 -120 -1 -1 99 2147483647 -32767 2147483647 -32767 gsm|lte 4)
01-09 14:02:53.892 D/Tethering(378): interfaceLinkStateChanged wlan0, true
01-09 14:02:53.892 D/Tethering(378): interfaceStatusChanged wlan0, true
01-09 14:02:54.282 D/dalvikvm(20886): GC_CONCURRENT freed 7275K, 28% free 24188K/33315K, paused 4ms+18ms
01-09 14:02:54.862 W/SignalStrength(504): getGsmLevel. this.mGsmSignalBar=4, getGsmSignalStrength()== 12
01-09 14:02:54.862 W/SignalStrength(504): getGsmLevel=4
01-09 14:02:54.862 W/SignalStrength(504): getLevel=4 (SignalStrength: 12 255 -120 -160 -120 -1 -1 99 2147483647 -32767 2147483647 -32767 gsm|lte 4)
01-09 14:02:54.862 W/SignalStrength(504): getGsmLevel. this.mGsmSignalBar=4, getGsmSignalStrength()== 26
01-09 14:02:54.862 W/SignalStrength(504): getGsmLevel=4
01-09 14:02:54.862 W/SignalStrength(504): getLevel=4 (SignalStrength: 26 255 -120 -160 -120 -1 -1 99 2147483647 -32767 2147483647 -32767 gsm|lte 4)
01-09 14:02:55.682 E/AlarmManagerService(378): android_server_AlarmManagerService_set to type=2, 239400.000000000
01-09 14:02:55.732 E/wpa_supplicant(19803): wpa_driver_nl80211_driver_cmd: failed to issue private commands
01-09 14:02:55.832 I/dhcpcd  (21530):  dhcp main start  
01-09 14:02:55.852 I/dhcpcd  (19819): enter handle_signal in dhcpcd.c
01-09 14:02:55.862 W/SignalStrength(504): getGsmLevel. this.mGsmSignalBar=4, getGsmSignalStrength()== 12
01-09 14:02:55.862 W/SignalStrength(504): getGsmLevel=4
01-09 14:02:55.862 W/SignalStrength(504): getLevel=4 (SignalStrength: 12 255 -120 -160 -120 -1 -1 99 2147483647 -32767 2147483647 -32767 gsm|lte 4)
01-09 14:02:55.862 W/SignalStrength(504): getGsmLevel. this.mGsmSignalBar=4, getGsmSignalStrength()== 26
01-09 14:02:55.862 W/SignalStrength(504): getGsmLevel=4
01-09 14:02:55.862 W/SignalStrength(504): getLevel=4 (SignalStrength: 26 255 -120 -160 -120 -1 -1 99 2147483647 -32767 2147483647 -32767 gsm|lte 4)
01-09 14:02:56.562 E/wpa_supplicant(19803): wpa_driver_nl80211_driver_cmd: failed to issue private commands
01-09 14:02:56.822 W/SignalStrength(504): getGsmLevel. this.mGsmSignalBar=4, getGsmSignalStrength()== 12
01-09 14:02:56.822 W/SignalStrength(504): getGsmLevel=4
01-09 14:02:56.822 W/SignalStrength(504): getLevel=4 (SignalStrength: 12 255 -120 -160 -120 -1 -1 99 2147483647 -32767 2147483647 -32767 gsm|lte 4)
01-09 14:02:56.822 W/SignalStrength(504): getGsmLevel. this.mGsmSignalBar=4, getGsmSignalStrength()== 26
01-09 14:02:56.822 W/SignalStrength(504): getGsmLevel=4
01-09 14:02:56.822 W/SignalStrength(504): getLevel=4 (SignalStrength: 26 255 -120 -160 -120 -1 -1 99 2147483647 -32767 2147483647 -32767 gsm|lte 4)
01-09 14:02:57.422 D/dalvikvm(20886): GC_CONCURRENT freed 7287K, 28% free 24188K/33315K, paused 4ms+18ms
01-09 14:02:57.872 W/SignalStrength(504): getGsmLevel. this.mGsmSignalBar=4, getGsmSignalStrength()== 12
01-09 14:02:57.872 W/SignalStrength(504): getGsmLevel=4
01-09 14:02:57.872 W/SignalStrength(504): getLevel=4 (SignalStrength: 12 255 -120 -160 -120 -1 -1 99 2147483647 -32767 2147483647 -32767 gsm|lte 4)
01-09 14:02:57.872 W/SignalStrength(504): getGsmLevel. this.mGsmSignalBar=4, getGsmSignalStrength()== 26
01-09 14:02:57.872 W/SignalStrength(504): getGsmLevel=4
01-09 14:02:57.872 W/SignalStrength(504): getLevel=4 (SignalStrength: 26 255 -120 -160 -120 -1 -1 99 2147483647 -32767 2147483647 -32767 gsm|lte 4)
01-09 14:02:58.642 I/NRFW    (1283): profile=wifi
01-09 14:02:58.732 I/NRFW    (1283): serverip=180.76.3.90 localIp=10.0.8.1
01-09 14:02:58.872 W/SignalStrength(504): getGsmLevel. this.mGsmSignalBar=4, getGsmSignalStrength()== 12
01-09 14:02:58.872 W/SignalStrength(504): getGsmLevel=4
01-09 14:02:58.872 W/SignalStrength(504): getLevel=4 (SignalStrength: 12 255 -120 -160 -120 -1 -1 99 2147483647 -32767 2147483647 -32767 gsm|lte 4)
01-09 14:02:58.872 W/SignalStrength(504): getGsmLevel. this.mGsmSignalBar=4, getGsmSignalStrength()== 26
01-09 14:02:58.872 W/SignalStrength(504): getGsmLevel=4
01-09 14:02:58.872 W/SignalStrength(504): getLevel=4 (SignalStrength: 26 255 -120 -160 -120 -1 -1 99 2147483647 -32767 2147483647 -32767 gsm|lte 4)
01-09 14:02:59.322 D/KeyguardUpdateMonitor(378): received broadcast android.intent.action.BATTERY_CHANGED
01-09 14:02:59.322 D/KeyguardUpdateMonitor(378): handleBatteryUpdate
01-09 14:02:59.642 D/QCRIL_RPC(102): Enter qcril_cm_srvsys_event_callback
01-09 14:02:59.642 D/QCRIL_RPC(102): Exit qcril_cm_srvsys_event_callback
01-09 14:02:59.662 W/SignalStrength(504): getGsmLevel. this.mGsmSignalBar=3, getGsmSignalStrength()== 11
01-09 14:02:59.662 W/SignalStrength(504): getGsmLevel=3
01-09 14:02:59.662 W/SignalStrength(504): getLevel=3 (SignalStrength: 11 255 -120 -160 -120 -1 -1 99 2147483647 -32767 2147483647 -32767 gsm|lte 3)
01-09 14:02:59.662 W/SignalStrength(504): getGsmLevel. this.mGsmSignalBar=3, getGsmSignalStrength()== 11
01-09 14:02:59.662 W/SignalStrength(504): getGsmLevel=3
01-09 14:02:59.662 W/SignalStrength(504): getLevel=3 (SignalStrength: 11 255 -120 -160 -120 -1 -1 99 2147483647 -32767 2147483647 -32767 gsm|lte 3)
01-09 14:02:59.662 W/SignalStrength(504): getGsmLevel. this.mGsmSignalBar=3, getGsmSignalStrength()== 11
01-09 14:02:59.662 W/SignalStrength(504): getGsmLevel=3
01-09 14:02:59.662 W/SignalStrength(504): getLevel=3 (SignalStrength: 11 255 -120 -160 -120 -1 -1 99 2147483647 -32767 2147483647 -32767 gsm|lte 3)
01-09 14:02:59.662 W/SignalStrength(504): getGsmLevel. this.mGsmSignalBar=4, getGsmSignalStrength()== 26
01-09 14:02:59.662 W/SignalStrength(504): getGsmLevel=4
01-09 14:02:59.662 W/SignalStrength(504): getLevel=4 (SignalStrength: 26 255 -120 -160 -120 -1 -1 99 2147483647 -32767 2147483647 -32767 gsm|lte 4)
01-09 14:02:59.672 W/SignalStrength(378): getGsmLevel. this.mGsmSignalBar=3, getGsmSignalStrength()== 11
01-09 14:02:59.672 W/SignalStrength(378): getGsmLevel=3
01-09 14:02:59.672 W/SignalStrength(378): getLevel=3 (SignalStrength: 11 255 -120 -160 -120 -1 -1 99 2147483647 -32767 2147483647 -32767 gsm|lte 3)
01-09 14:02:59.672 W/SignalStrength(378): getDbm 1
01-09 14:02:59.672 W/SignalStrength(378): getGsmDbm=-91
01-09 14:02:59.672 W/SignalStrength(378): getDbm=-91
01-09 14:02:59.672 W/SignalStrength(378): getAsuLevel 1
01-09 14:02:59.672 W/SignalStrength(378): getGsmAsuLevel=11
01-09 14:02:59.672 W/SignalStrength(378): getAsuLevel=11
01-09 14:02:59.762 W/SignalStrength(504): getGsmLevel. this.mGsmSignalBar=3, getGsmSignalStrength()== 11
01-09 14:02:59.762 W/SignalStrength(504): getGsmLevel=3
01-09 14:02:59.762 W/SignalStrength(504): getLevel=3 (SignalStrength: 11 255 -120 -160 -120 -1 -1 99 2147483647 -32767 2147483647 -32767 gsm|lte 3)
01-09 14:02:59.772 W/SignalStrength(504): getGsmLevel. this.mGsmSignalBar=4, getGsmSignalStrength()== 26
01-09 14:02:59.772 W/SignalStrength(504): getGsmLevel=4
01-09 14:02:59.772 W/SignalStrength(504): getLevel=4 (SignalStrength: 26 255 -120 -160 -120 -1 -1 99 2147483647 -32767 2147483647 -32767 gsm|lte 4)
01-09 14:02:59.772 W/SignalStrength(504): getGsmLevel. this.mGsmSignalBar=3, getGsmSignalStrength()== 11
01-09 14:02:59.772 W/SignalStrength(504): getGsmLevel=3
01-09 14:02:59.772 W/SignalStrength(504): getLevel=3 (SignalStrength: 11 255 -120 -160 -120 -1 -1 99 2147483647 -32767 2147483647 -32767 gsm|lte 3)
01-09 14:02:59.772 W/SignalStrength(504): getGsmLevel. this.mGsmSignalBar=4, getGsmSignalStrength()== 26
01-09 14:02:59.772 W/SignalStrength(504): getGsmLevel=4
01-09 14:02:59.772 W/SignalStrength(504): getLevel=4 (SignalStrength: 26 255 -120 -160 -120 -1 -1 99 2147483647 -32767 2147483647 -32767 gsm|lte 4)
01-09 14:02:59.772 V/Babel   (21305): [GcmIntentService] ReceiveServerUpdateService will handle all server updates.
01-09 14:02:59.992 E/AlarmManagerService(378): android_server_AlarmManagerService_set to type=3, 239214.786000000
01-09 14:03:00.012 D/KeyguardUpdateMonitor(378): received broadcast android.intent.action.TIME_TICK
01-09 14:03:00.012 D/KeyguardUpdateMonitor(378): handleTimeUpdate
01-09 14:03:00.752 D/dalvikvm(20886): GC_CONCURRENT freed 7282K, 28% free 24193K/33315K, paused 3ms+19ms
01-09 14:03:00.872 W/SignalStrength(504): getGsmLevel. this.mGsmSignalBar=3, getGsmSignalStrength()== 11
01-09 14:03:00.872 W/SignalStrength(504): getGsmLevel=3
01-09 14:03:00.872 W/SignalStrength(504): getLevel=3 (SignalStrength: 11 255 -120 -160 -120 -1 -1 99 2147483647 -32767 2147483647 -32767 gsm|lte 3)
01-09 14:03:00.872 W/SignalStrength(504): getGsmLevel. this.mGsmSignalBar=4, getGsmSignalStrength()== 26
01-09 14:03:00.872 W/SignalStrength(504): getGsmLevel=4
01-09 14:03:00.872 W/SignalStrength(504): getLevel=4 (SignalStrength: 26 255 -120 -160 -120 -1 -1 99 2147483647 -32767 2147483647 -32767 gsm|lte 4)
01-09 14:03:01.992 D/plugin  (689): getDefaultSubscription()
01-09 14:03:02.502 I/NRFW    (1283): profile=wifi
01-09 14:03:02.522 I/NRFW    (1283): serverip=103.235.47.88 localIp=10.0.8.1
01-09 14:03:02.552 I/DNS     (1283): 103.235.47.88 h_errno=1
01-09 14:03:02.612 I/DNS     (1283): 149.154.167.51 h_errno=1
01-09 14:03:02.882 W/SignalStrength(504): getGsmLevel. this.mGsmSignalBar=3, getGsmSignalStrength()== 11
01-09 14:03:02.882 W/SignalStrength(504): getGsmLevel=3
01-09 14:03:02.882 W/SignalStrength(504): getLevel=3 (SignalStrength: 11 255 -120 -160 -120 -1 -1 99 2147483647 -32767 2147483647 -32767 gsm|lte 3)
01-09 14:03:02.882 W/SignalStrength(504): getGsmLevel. this.mGsmSignalBar=4, getGsmSignalStrength()== 26
01-09 14:03:02.882 W/SignalStrength(504): getGsmLevel=4
01-09 14:03:02.882 W/SignalStrength(504): getLevel=4 (SignalStrength: 26 255 -120 -160 -120 -1 -1 99 2147483647 -32767 2147483647 -32767 gsm|lte 4)
01-09 14:03:03.882 W/SignalStrength(504): getGsmLevel. this.mGsmSignalBar=3, getGsmSignalStrength()== 11
01-09 14:03:03.882 W/SignalStrength(504): getGsmLevel=3
01-09 14:03:03.882 W/SignalStrength(504): getLevel=3 (SignalStrength: 11 255 -120 -160 -120 -1 -1 99 2147483647 -32767 2147483647 -32767 gsm|lte 3)
01-09 14:03:03.882 W/SignalStrength(504): getGsmLevel. this.mGsmSignalBar=4, getGsmSignalStrength()== 26
01-09 14:03:03.882 W/SignalStrength(504): getGsmLevel=4
01-09 14:03:03.882 W/SignalStrength(504): getLevel=4 (SignalStrength: 26 255 -120 -160 -120 -1 -1 99 2147483647 -32767 2147483647 -32767 gsm|lte 4)
01-09 14:03:04.152 V/MediaPlayer(21305): constructor
01-09 14:03:04.152 V/MediaPlayer(21305): setListener
01-09 14:03:04.152 V/MediaPlayer(21305): constructor
01-09 14:03:04.162 D/dalvikvm(20886): GC_CONCURRENT freed 7300K, 28% free 24183K/33315K, paused 7ms+18ms
01-09 14:03:04.192 V/MediaPlayer(21305): setListener
01-09 14:03:04.192 I/MediaPlayer(21305): path is null
01-09 14:03:04.212 V/MediaPlayer(21305): setDataSource(94, 13512616, 30056)
01-09 14:03:04.262 V/MediaPlayerService(113): Client(821) constructor
01-09 14:03:04.262 V/MediaPlayerService(113): Create new client(821) from pid 21305, uid 10089, 
01-09 14:03:04.302 V/MediaPlayerService(113): setDataSource fd=36, offset=13512616, length=30056
01-09 14:03:04.302 V/MediaPlayerService(113): st_dev  = 45849
01-09 14:03:04.302 V/MediaPlayerService(113): st_mode = 33188
01-09 14:03:04.302 V/MediaPlayerService(113): st_uid  = 1000
01-09 14:03:04.302 V/MediaPlayerService(113): st_gid  = 1000
01-09 14:03:04.302 V/MediaPlayerService(113): st_size = 25944922
01-09 14:03:04.302 V/MediaPlayerService(113): player type = 3
01-09 14:03:04.302 V/MediaPlayerService(113):  create StagefrightPlayer
01-09 14:03:04.312 D/plugin  (689): getDefaultSubscription()
01-09 14:03:04.322 V/AwesomePlayer(113): setDefault
01-09 14:03:04.322 V/AwesomePlayer(113): constructor
01-09 14:03:04.332 V/AwesomePlayer(113): setDefault
01-09 14:03:04.332 I/AwesomePlayer(113): reset
01-09 14:03:04.332 V/AwesomePlayer(113): reset_l() cancel player events
01-09 14:03:04.332 V/AwesomePlayer(113): cancelPlayerEvents (keepNotifications=0)
01-09 14:03:04.332 V/AwesomePlayer(113): mAudioTrackVector clear
01-09 14:03:04.332 V/AwesomePlayer(113): mAudioPlayer successfully deleted
01-09 14:03:04.332 V/AwesomePlayer(113): setListener
01-09 14:03:04.332 V/AwesomePlayer(113): AwesomePlayer running on behalf of uid 10089
01-09 14:03:04.332 V/AudioSink(113): AudioOutput(835)
01-09 14:03:04.332 V/AwesomePlayer(113): setAudioSink
01-09 14:03:04.332 V/AwesomePlayer(113): setDataSource fd
01-09 14:03:04.332 V/AwesomePlayer(113): reset_l() cancel player events
01-09 14:03:04.332 V/AwesomePlayer(113): cancelPlayerEvents (keepNotifications=0)
01-09 14:03:04.332 V/AwesomePlayer(113): mAudioTrackVector clear
01-09 14:03:04.332 V/AwesomePlayer(113): mAudioPlayer successfully deleted
01-09 14:03:04.332 V/MediaExtractor(113): Autodetected media content as 'application/ogg' with confidence 0.20
01-09 14:03:04.342 V/AwesomePlayer(113): track of type 'audio/vorbis' does not publish bitrate
01-09 14:03:04.342 V/AwesomePlayer(113): mBitrate = -1 bits/sec
01-09 14:03:04.342 V/AwesomePlayer(113): current audio track (0)
01-09 14:03:04.342 V/AwesomePlayer(113): setAudioSource
01-09 14:03:04.342 V/AwesomePlayer(113): current audio track (0) is added to vector[0]
01-09 14:03:04.342 V/MediaPlayer(21305): MediaPlayer::setAudioStreamType
01-09 14:03:04.342 V/MediaPlayer(21305): setVideoSurfaceTexture
01-09 14:03:04.362 V/MediaPlayerService(113): [821] setVideoSurfaceTexture(0x0)
01-09 14:03:04.362 V/MediaPlayer(21305): prepare
01-09 14:03:04.362 V/MediaPlayerService(113): [821] setAudioStreamType(2)
01-09 14:03:04.362 V/MediaPlayerService(113): [821] prepareAsync
01-09 14:03:04.362 V/AwesomePlayer(113): prepareAsync
01-09 14:03:04.362 V/AwesomePlayer(113): onPrepareAsyncEvent
01-09 14:03:04.362 V/AwesomePlayer(113): initAudioDecoder
01-09 14:03:04.362 W/OMXCodec(113): OMXCodec::Create matchComponentName ((null)), flags (0x0), createEncoder (0), mime (audio/vorbis)
01-09 14:03:04.362 W/OMXCodec(113): Attempting to allocate OMX node 'OMX.google.vorbis.decoder'
01-09 14:03:04.362 E/OMXCodec(113): Successfully allocated OMX node 'OMX.google.vorbis.decoder'
01-09 14:03:04.362 D/OMXCodec(113): configureCodec protected=0
01-09 14:03:04.372 V/AwesomePlayer(113): finishAsyncPrepare_l
01-09 14:03:04.372 V/AwesomePlayer(113): notifyListner_l() msg (5-MEDIA_SET_VIDEO_SIZE), ext1 (0), ext2 (0)
01-09 14:03:04.372 V/MediaPlayerService(113): [821] notify (0x145cec0, 5, 0, 0)
01-09 14:03:04.392 V/AwesomePlayer(113): notifyListner_l() msg (1-MEDIA_PREPARED), ext1 (0), ext2 (0)
01-09 14:03:04.392 V/MediaPlayerService(113): [821] notify (0x145cec0, 1, 0, 0)
01-09 14:03:04.392 V/MediaPlayer(21305): message received msg=5, ext1=0, ext2=0
01-09 14:03:04.392 V/MediaPlayer(21305): New video size 0 x 0
01-09 14:03:04.392 V/MediaPlayer(21305): callback application
01-09 14:03:04.392 V/MediaPlayer(21305): back from callback
01-09 14:03:04.392 V/MediaPlayer(21305): message received msg=1, ext1=0, ext2=0
01-09 14:03:04.392 V/MediaPlayer(21305): prepared
01-09 14:03:04.392 V/MediaPlayer(21305): signal application thread
01-09 14:03:04.392 V/MediaPlayer(21305): callback application
01-09 14:03:04.392 V/MediaPlayer(21305): back from callback
01-09 14:03:04.392 V/MediaPlayer(21305): prepare complete - status=0
01-09 14:03:04.392 V/MediaPlayer(21305): reset
01-09 14:03:04.392 I/MediaPlayer(21305): path is null
01-09 14:03:04.442 V/MediaPlayer(21305): setDataSource(94, 13512616, 30056)
01-09 14:03:04.462 V/MediaPlayerService(113): Client(822) constructor
01-09 14:03:04.462 V/MediaPlayerService(113): Create new client(822) from pid 21305, uid 10089, 
01-09 14:03:04.462 V/MediaPlayerService(113): setDataSource fd=51, offset=13512616, length=30056
01-09 14:03:04.462 V/MediaPlayerService(113): st_dev  = 45849
01-09 14:03:04.462 V/MediaPlayerService(113): st_mode = 33188
01-09 14:03:04.462 V/MediaPlayerService(113): st_uid  = 1000
01-09 14:03:04.462 V/MediaPlayerService(113): st_gid  = 1000
01-09 14:03:04.462 V/MediaPlayerService(113): st_size = 25944922
01-09 14:03:04.462 V/MediaPlayerService(113): player type = 3
01-09 14:03:04.462 V/MediaPlayerService(113):  create StagefrightPlayer
01-09 14:03:04.462 V/AwesomePlayer(113): setDefault
01-09 14:03:04.462 V/AwesomePlayer(113): constructor
01-09 14:03:04.462 V/AwesomePlayer(113): setDefault
01-09 14:03:04.462 I/AwesomePlayer(113): reset
01-09 14:03:04.462 V/AwesomePlayer(113): reset_l() cancel player events
01-09 14:03:04.462 V/AwesomePlayer(113): cancelPlayerEvents (keepNotifications=0)
01-09 14:03:04.462 V/AwesomePlayer(113): mAudioTrackVector clear
01-09 14:03:04.462 V/AwesomePlayer(113): mAudioPlayer successfully deleted
01-09 14:03:04.462 V/AwesomePlayer(113): setListener
01-09 14:03:04.462 V/AwesomePlayer(113): AwesomePlayer running on behalf of uid 10089
01-09 14:03:04.462 V/AudioSink(113): AudioOutput(834)
01-09 14:03:04.462 V/AwesomePlayer(113): setAudioSink
01-09 14:03:04.462 V/AwesomePlayer(113): setDataSource fd
01-09 14:03:04.462 V/AwesomePlayer(113): reset_l() cancel player events
01-09 14:03:04.462 V/AwesomePlayer(113): cancelPlayerEvents (keepNotifications=0)
01-09 14:03:04.462 V/AwesomePlayer(113): mAudioTrackVector clear
01-09 14:03:04.462 V/AwesomePlayer(113): mAudioPlayer successfully deleted
01-09 14:03:04.462 V/MediaExtractor(113): Autodetected media content as 'application/ogg' with confidence 0.20
01-09 14:03:04.462 V/AwesomePlayer(113): track of type 'audio/vorbis' does not publish bitrate
01-09 14:03:04.462 V/AwesomePlayer(113): mBitrate = -1 bits/sec
01-09 14:03:04.462 V/AwesomePlayer(113): current audio track (0)
01-09 14:03:04.462 V/AwesomePlayer(113): setAudioSource
01-09 14:03:04.462 V/AwesomePlayer(113): current audio track (0) is added to vector[0]
01-09 14:03:04.492 V/MediaPlayer(21305): setListener
01-09 14:03:04.492 V/MediaPlayer(21305): disconnect
01-09 14:03:04.492 V/MediaPlayerService(113): disconnect(822) from pid 21305
01-09 14:03:04.492 I/AwesomePlayer(113): reset
01-09 14:03:04.492 V/AwesomePlayer(113): reset_l() cancel player events
01-09 14:03:04.492 V/AwesomePlayer(113): cancelPlayerEvents (keepNotifications=0)
01-09 14:03:04.492 V/AwesomePlayer(113): mAudioTrackVector clear
01-09 14:03:04.492 V/AwesomePlayer(113): mAudioPlayer successfully deleted
01-09 14:03:04.492 I/AwesomePlayer(113): reset
01-09 14:03:04.492 V/AwesomePlayer(113): reset_l() cancel player events
01-09 14:03:04.492 V/AwesomePlayer(113): cancelPlayerEvents (keepNotifications=0)
01-09 14:03:04.492 V/AwesomePlayer(113): mAudioTrackVector clear
01-09 14:03:04.492 V/AwesomePlayer(113): mAudioPlayer successfully deleted
01-09 14:03:04.492 V/AwesomePlayer(113): destructor
01-09 14:03:04.492 I/AwesomePlayer(113): reset
01-09 14:03:04.492 V/AwesomePlayer(113): reset_l() cancel player events
01-09 14:03:04.492 V/AwesomePlayer(113): cancelPlayerEvents (keepNotifications=0)
01-09 14:03:04.492 V/AwesomePlayer(113): mAudioTrackVector clear
01-09 14:03:04.492 V/AwesomePlayer(113): mAudioPlayer successfully deleted
01-09 14:03:04.492 V/AwesomePlayer(113): ~AwesomePlayer()
01-09 14:03:04.492 V/MediaPlayer(21305): destructor
01-09 14:03:04.492 V/MediaPlayerService(113): Client(822) destructor pid = 21305
01-09 14:03:04.492 V/AudioSink(113): close
01-09 14:03:04.492 V/MediaPlayerService(113): disconnect(822) from pid 21305
01-09 14:03:04.492 V/MediaPlayer(21305): disconnect
01-09 14:03:04.902 W/SignalStrength(504): getGsmLevel. this.mGsmSignalBar=3, getGsmSignalStrength()== 11
01-09 14:03:04.902 W/SignalStrength(504): getGsmLevel=3
01-09 14:03:04.902 W/SignalStrength(504): getLevel=3 (SignalStrength: 11 255 -120 -160 -120 -1 -1 99 2147483647 -32767 2147483647 -32767 gsm|lte 3)
01-09 14:03:04.902 W/SignalStrength(504): getGsmLevel. this.mGsmSignalBar=4, getGsmSignalStrength()== 26
01-09 14:03:04.902 W/SignalStrength(504): getGsmLevel=4
01-09 14:03:04.902 W/SignalStrength(504): getLevel=4 (SignalStrength: 26 255 -120 -160 -120 -1 -1 99 2147483647 -32767 2147483647 -32767 gsm|lte 4)
01-09 14:03:05.072 D/ApplicationPolicy(378): isStatusBarNotificationAllowed: packageName = com.google.android.talk
01-09 14:03:05.212 D/KeyguardViewMediator(378): setHidden false
01-09 14:03:05.252 D/KeyguardViewMediator(378): setHidden false
01-09 14:03:05.592 I/NRFW    (1283): profile=wifi
01-09 14:03:05.612 I/NRFW    (1283): serverip=103.235.47.88 localIp=10.0.8.1
01-09 14:03:05.632 W/SignalStrength(504): getGsmLevel. this.mGsmSignalBar=3, getGsmSignalStrength()== 11
01-09 14:03:05.632 W/SignalStrength(504): getGsmLevel=3
01-09 14:03:05.632 W/SignalStrength(504): getLevel=3 (SignalStrength: 11 255 -120 -160 -120 -1 -1 99 2147483647 -32767 2147483647 -32767 gsm|lte 3)
01-09 14:03:05.632 W/SignalStrength(504): getGsmLevel. this.mGsmSignalBar=4, getGsmSignalStrength()== 26
01-09 14:03:05.632 W/SignalStrength(504): getGsmLevel=4
01-09 14:03:05.632 W/SignalStrength(504): getLevel=4 (SignalStrength: 26 255 -120 -160 -120 -1 -1 99 2147483647 -32767 2147483647 -32767 gsm|lte 4)
01-09 14:03:05.632 W/SignalStrength(504): getGsmLevel. this.mGsmSignalBar=3, getGsmSignalStrength()== 11
01-09 14:03:05.632 W/SignalStrength(504): getGsmLevel=3
01-09 14:03:05.632 W/SignalStrength(504): getLevel=3 (SignalStrength: 11 255 -120 -160 -120 -1 -1 99 2147483647 -32767 2147483647 -32767 gsm|lte 3)
01-09 14:03:05.632 W/SignalStrength(504): getGsmLevel. this.mGsmSignalBar=4, getGsmSignalStrength()== 26
01-09 14:03:05.632 W/SignalStrength(504): getGsmLevel=4
01-09 14:03:05.632 W/SignalStrength(504): getLevel=4 (SignalStrength: 26 255 -120 -160 -120 -1 -1 99 2147483647 -32767 2147483647 -32767 gsm|lte 4)
01-09 14:03:05.862 E/MediaPlayer(21305): mOnVideoSizeChangedListener is null. Failed to send MEDIA_SET_VIDEO_SIZE message.
01-09 14:03:05.862 I/MediaPlayer(21305): Don't send intent. msg.arg1 = 0, msg.arg2 = 0
01-09 14:03:05.862 E/MediaPlayer(21305): mOnPreparedListener is null. Failed to send MEDIA_PREPARED message.
01-09 14:03:05.862 V/Babel   (21305): [GcmIntentService] ReceiveServerUpdateService will handle all server updates.
01-09 14:03:06.212 W/Babel_db(21305): Unexpected update type from babel server class dnj
01-09 14:03:06.442 V/Babel   (21305): [GcmIntentService] ReceiveServerUpdateService will handle all server updates.
01-09 14:03:06.722 D/plugin  (689): getDefaultSubscription()
01-09 14:03:06.772 W/SignalStrength(504): getGsmLevel. this.mGsmSignalBar=3, getGsmSignalStrength()== 11
01-09 14:03:06.772 W/SignalStrength(504): getGsmLevel=3
01-09 14:03:06.772 W/SignalStrength(504): getLevel=3 (SignalStrength: 11 255 -120 -160 -120 -1 -1 99 2147483647 -32767 2147483647 -32767 gsm|lte 3)
01-09 14:03:06.772 W/SignalStrength(504): getGsmLevel. this.mGsmSignalBar=4, getGsmSignalStrength()== 26
01-09 14:03:06.772 W/SignalStrength(504): getGsmLevel=4
01-09 14:03:06.772 W/SignalStrength(504): getLevel=4 (SignalStrength: 26 255 -120 -160 -120 -1 -1 99 2147483647 -32767 2147483647 -32767 gsm|lte 4)
01-09 14:03:06.772 W/SignalStrength(504): getGsmLevel. this.mGsmSignalBar=3, getGsmSignalStrength()== 11
01-09 14:03:06.772 W/SignalStrength(504): getGsmLevel=3
01-09 14:03:06.772 W/SignalStrength(504): getLevel=3 (SignalStrength: 11 255 -120 -160 -120 -1 -1 99 2147483647 -32767 2147483647 -32767 gsm|lte 3)
01-09 14:03:06.772 W/SignalStrength(504): getGsmLevel. this.mGsmSignalBar=4, getGsmSignalStrength()== 26
01-09 14:03:06.772 W/SignalStrength(504): getGsmLevel=4
01-09 14:03:06.772 W/SignalStrength(504): getLevel=4 (SignalStrength: 26 255 -120 -160 -120 -1 -1 99 2147483647 -32767 2147483647 -32767 gsm|lte 4)
01-09 14:03:07.312 D/KeyguardViewMediator(378): setHidden false
01-09 14:03:07.332 D/KeyguardViewMediator(378): setHidden false
01-09 14:03:07.902 W/SignalStrength(504): getGsmLevel. this.mGsmSignalBar=3, getGsmSignalStrength()== 11
01-09 14:03:07.902 W/SignalStrength(504): getGsmLevel=3
01-09 14:03:07.902 W/SignalStrength(504): getLevel=3 (SignalStrength: 11 255 -120 -160 -120 -1 -1 99 2147483647 -32767 2147483647 -32767 gsm|lte 3)
01-09 14:03:07.902 W/SignalStrength(504): getGsmLevel. this.mGsmSignalBar=4, getGsmSignalStrength()== 26
01-09 14:03:07.902 W/SignalStrength(504): getGsmLevel=4
01-09 14:03:07.902 W/SignalStrength(504): getLevel=4 (SignalStrength: 26 255 -120 -160 -120 -1 -1 99 2147483647 -32767 2147483647 -32767 gsm|lte 4)
01-09 14:03:08.032 D/dalvikvm(20886): GC_CONCURRENT freed 7274K, 28% free 24191K/33315K, paused 4ms+18ms
01-09 14:03:08.202 D/plugin  (689): getDefaultSubscription()
01-09 14:03:08.612 D/plugin  (689): getDefaultSubscription()
01-09 14:03:08.912 W/SignalStrength(504): getGsmLevel. this.mGsmSignalBar=3, getGsmSignalStrength()== 11
01-09 14:03:08.912 W/SignalStrength(504): getGsmLevel=3
01-09 14:03:08.912 W/SignalStrength(504): getLevel=3 (SignalStrength: 11 255 -120 -160 -120 -1 -1 99 2147483647 -32767 2147483647 -32767 gsm|lte 3)
01-09 14:03:08.912 W/SignalStrength(504): getGsmLevel. this.mGsmSignalBar=4, getGsmSignalStrength()== 26
01-09 14:03:08.912 W/SignalStrength(504): getGsmLevel=4
01-09 14:03:08.912 W/SignalStrength(504): getLevel=4 (SignalStrength: 26 255 -120 -160 -120 -1 -1 99 2147483647 -32767 2147483647 -32767 gsm|lte 4)
01-09 14:03:08.912 D/plugin  (689): getDefaultSubscription()
01-09 14:03:09.142 D/plugin  (689): getDefaultSubscription()
01-09 14:03:09.422 D/plugin  (689): getDefaultSubscription()
01-09 14:03:09.672 D/plugin  (689): getDefaultSubscription()
01-09 14:03:09.912 W/SignalStrength(504): getGsmLevel. this.mGsmSignalBar=3, getGsmSignalStrength()== 11
01-09 14:03:09.912 W/SignalStrength(504): getGsmLevel=3
01-09 14:03:09.912 W/SignalStrength(504): getLevel=3 (SignalStrength: 11 255 -120 -160 -120 -1 -1 99 2147483647 -32767 2147483647 -32767 gsm|lte 3)
01-09 14:03:09.912 W/SignalStrength(504): getGsmLevel. this.mGsmSignalBar=4, getGsmSignalStrength()== 26
01-09 14:03:09.912 W/SignalStrength(504): getGsmLevel=4
01-09 14:03:09.912 W/SignalStrength(504): getLevel=4 (SignalStrength: 26 255 -120 -160 -120 -1 -1 99 2147483647 -32767 2147483647 -32767 gsm|lte 4)
01-09 14:03:09.982 D/plugin  (689): getDefaultSubscription()
01-09 14:03:11.552 D/dalvikvm(20886): GC_CONCURRENT freed 7279K, 28% free 24196K/33315K, paused 6ms+32ms
01-09 14:03:11.602 I/NRFW    (1283): profile=wifi
01-09 14:03:11.652 I/NRFW    (1283): serverip=103.235.47.88 localIp=10.0.8.1
01-09 14:03:11.912 W/SignalStrength(504): getGsmLevel. this.mGsmSignalBar=3, getGsmSignalStrength()== 11
01-09 14:03:11.912 W/SignalStrength(504): getGsmLevel=3
01-09 14:03:11.912 W/SignalStrength(504): getLevel=3 (SignalStrength: 11 255 -120 -160 -120 -1 -1 99 2147483647 -32767 2147483647 -32767 gsm|lte 3)
01-09 14:03:11.912 W/SignalStrength(504): getGsmLevel. this.mGsmSignalBar=4, getGsmSignalStrength()== 26
01-09 14:03:11.912 W/SignalStrength(504): getGsmLevel=4
01-09 14:03:11.912 W/SignalStrength(504): getLevel=4 (SignalStrength: 26 255 -120 -160 -120 -1 -1 99 2147483647 -32767 2147483647 -32767 gsm|lte 4)
01-09 14:03:12.912 W/SignalStrength(504): getGsmLevel. this.mGsmSignalBar=3, getGsmSignalStrength()== 11
01-09 14:03:12.912 W/SignalStrength(504): getGsmLevel=3
01-09 14:03:12.912 W/SignalStrength(504): getLevel=3 (SignalStrength: 11 255 -120 -160 -120 -1 -1 99 2147483647 -32767 2147483647 -32767 gsm|lte 3)
01-09 14:03:12.912 W/SignalStrength(504): getGsmLevel. this.mGsmSignalBar=4, getGsmSignalStrength()== 26
01-09 14:03:12.912 W/SignalStrength(504): getGsmLevel=4
01-09 14:03:12.912 W/SignalStrength(504): getLevel=4 (SignalStrength: 26 255 -120 -160 -120 -1 -1 99 2147483647 -32767 2147483647 -32767 gsm|lte 4)
01-09 14:03:14.312 I/NRFW    (1283): profile=wifi
01-09 14:03:14.882 D/dalvikvm(20886): GC_CONCURRENT freed 7301K, 28% free 24179K/33315K, paused 9ms+24ms
01-09 14:03:14.922 W/SignalStrength(504): getGsmLevel. this.mGsmSignalBar=3, getGsmSignalStrength()== 11
01-09 14:03:14.922 W/SignalStrength(504): getGsmLevel=3
01-09 14:03:14.922 W/SignalStrength(504): getLevel=3 (SignalStrength: 11 255 -120 -160 -120 -1 -1 99 2147483647 -32767 2147483647 -32767 gsm|lte 3)
01-09 14:03:14.922 W/SignalStrength(504): getGsmLevel. this.mGsmSignalBar=4, getGsmSignalStrength()== 26
01-09 14:03:14.922 W/SignalStrength(504): getGsmLevel=4
01-09 14:03:14.922 W/SignalStrength(504): getLevel=4 (SignalStrength: 26 255 -120 -160 -120 -1 -1 99 2147483647 -32767 2147483647 -32767 gsm|lte 4)
01-09 14:03:15.082 V/Babel   (21305): [GcmIntentService] ReceiveServerUpdateService will handle all server updates.
01-09 14:03:15.332 W/SignalStrength(504): getGsmLevel. this.mGsmSignalBar=3, getGsmSignalStrength()== 11
01-09 14:03:15.332 W/SignalStrength(504): getGsmLevel=3
01-09 14:03:15.332 W/SignalStrength(504): getLevel=3 (SignalStrength: 11 255 -120 -160 -120 -1 -1 99 2147483647 -32767 2147483647 -32767 gsm|lte 3)
01-09 14:03:15.332 W/SignalStrength(504): getGsmLevel. this.mGsmSignalBar=4, getGsmSignalStrength()== 26
01-09 14:03:15.332 W/SignalStrength(504): getGsmLevel=4
01-09 14:03:15.332 W/SignalStrength(504): getLevel=4 (SignalStrength: 26 255 -120 -160 -120 -1 -1 99 2147483647 -32767 2147483647 -32767 gsm|lte 4)
01-09 14:03:15.332 W/SignalStrength(504): getGsmLevel. this.mGsmSignalBar=3, getGsmSignalStrength()== 11
01-09 14:03:15.332 W/SignalStrength(504): getGsmLevel=3
01-09 14:03:15.332 W/SignalStrength(504): getLevel=3 (SignalStrength: 11 255 -120 -160 -120 -1 -1 99 2147483647 -32767 2147483647 -32767 gsm|lte 3)
01-09 14:03:15.332 W/SignalStrength(504): getGsmLevel. this.mGsmSignalBar=4, getGsmSignalStrength()== 26
01-09 14:03:15.332 W/SignalStrength(504): getGsmLevel=4
01-09 14:03:15.332 W/SignalStrength(504): getLevel=4 (SignalStrength: 26 255 -120 -160 -120 -1 -1 99 2147483647 -32767 2147483647 -32767 gsm|lte 4)
01-09 14:03:15.922 W/SignalStrength(504): getGsmLevel. this.mGsmSignalBar=3, getGsmSignalStrength()== 11
01-09 14:03:15.922 W/SignalStrength(504): getGsmLevel=3
01-09 14:03:15.922 W/SignalStrength(504): getLevel=3 (SignalStrength: 11 255 -120 -160 -120 -1 -1 99 2147483647 -32767 2147483647 -32767 gsm|lte 3)
01-09 14:03:15.922 W/SignalStrength(504): getGsmLevel. this.mGsmSignalBar=4, getGsmSignalStrength()== 26
01-09 14:03:15.922 W/SignalStrength(504): getGsmLevel=4
01-09 14:03:15.922 W/SignalStrength(504): getLevel=4 (SignalStrength: 26 255 -120 -160 -120 -1 -1 99 2147483647 -32767 2147483647 -32767 gsm|lte 4)
01-09 14:03:17.922 W/SignalStrength(504): getGsmLevel. this.mGsmSignalBar=3, getGsmSignalStrength()== 11
01-09 14:03:17.922 W/SignalStrength(504): getGsmLevel=3
01-09 14:03:17.922 W/SignalStrength(504): getLevel=3 (SignalStrength: 11 255 -120 -160 -120 -1 -1 99 2147483647 -32767 2147483647 -32767 gsm|lte 3)
01-09 14:03:17.922 W/SignalStrength(504): getGsmLevel. this.mGsmSignalBar=4, getGsmSignalStrength()== 26
01-09 14:03:17.922 W/SignalStrength(504): getGsmLevel=4
01-09 14:03:17.922 W/SignalStrength(504): getLevel=4 (SignalStrength: 26 255 -120 -160 -120 -1 -1 99 2147483647 -32767 2147483647 -32767 gsm|lte 4)
01-09 14:03:18.372 D/dalvikvm(20886): GC_CONCURRENT freed 7264K, 28% free 24200K/33315K, paused 4ms+18ms
01-09 14:03:18.922 W/SignalStrength(504): getGsmLevel. this.mGsmSignalBar=3, getGsmSignalStrength()== 11
01-09 14:03:18.922 W/SignalStrength(504): getGsmLevel=3
01-09 14:03:18.922 W/SignalStrength(504): getLevel=3 (SignalStrength: 11 255 -120 -160 -120 -1 -1 99 2147483647 -32767 2147483647 -32767 gsm|lte 3)
01-09 14:03:18.922 W/SignalStrength(504): getGsmLevel. this.mGsmSignalBar=4, getGsmSignalStrength()== 26
01-09 14:03:18.922 W/SignalStrength(504): getGsmLevel=4
01-09 14:03:18.922 W/SignalStrength(504): getLevel=4 (SignalStrength: 26 255 -120 -160 -120 -1 -1 99 2147483647 -32767 2147483647 -32767 gsm|lte 4)
01-09 14:03:19.332 I/NRFW    (1283): profile=wifi
01-09 14:03:19.362 D/KeyguardUpdateMonitor(378): received broadcast android.intent.action.BATTERY_CHANGED
01-09 14:03:19.362 D/KeyguardUpdateMonitor(378): handleBatteryUpdate
01-09 14:03:19.922 W/SignalStrength(504): getGsmLevel. this.mGsmSignalBar=3, getGsmSignalStrength()== 11
01-09 14:03:19.922 W/SignalStrength(504): getGsmLevel=3
01-09 14:03:19.922 W/SignalStrength(504): getLevel=3 (SignalStrength: 11 255 -120 -160 -120 -1 -1 99 2147483647 -32767 2147483647 -32767 gsm|lte 3)
01-09 14:03:19.922 W/SignalStrength(504): getGsmLevel. this.mGsmSignalBar=4, getGsmSignalStrength()== 26
01-09 14:03:19.922 W/SignalStrength(504): getGsmLevel=4
01-09 14:03:19.922 W/SignalStrength(504): getLevel=4 (SignalStrength: 26 255 -120 -160 -120 -1 -1 99 2147483647 -32767 2147483647 -32767 gsm|lte 4)
