01-09 14:10:36.712 D/KeyguardViewMediator(378): setHidden false
01-09 14:10:36.722 D/KeyguardViewMediator(378): setHidden false
01-09 14:10:36.782 W/IInputConnectionWrapper(20066): showStatusIcon on inactive InputConnection
01-09 14:10:36.782 W/InputManagerService(378): Starting input on non-focused client com.android.internal.view.IInputMethodClient$Stub$Proxy@4152e9f0 (uid=10109 pid=20066)
01-09 14:10:36.782 V/InputManagerService(378): Starting input on non-focused client mCurClient info is ClientState{42031f20 uid 10139 pid 21796}
01-09 14:10:36.842 D/memalloc(110): /dev/pmem: Allocated buffer base:0x41a93000 size:1536000 offset:1413120 fd:36
01-09 14:10:36.852 D/memalloc(21796): /dev/pmem: Mapped buffer base:0x51550000 size:2949120 offset:1413120 fd:50
01-09 14:10:36.872 I/Adreno200-EGLSUB(110): <CreateImage:1017>: Android Image
01-09 14:10:36.872 I/Adreno200-EGLSUB(110): <GetImageAttributes:1282>: RGBX_8888
01-09 14:10:36.872 D/KeyguardViewMediator(378): setHidden false
01-09 14:10:36.882 D/DEFERED_APP_VISIBILITY(378): tweaking closing app
01-09 14:10:36.892 D/KeyguardViewMediator(378): setHidden false
01-09 14:10:36.892 D/KeyguardViewMediator(378): setHidden false
01-09 14:10:36.912 D/KeyguardViewMediator(378): setHidden false
01-09 14:10:36.922 D/KeyguardViewMediator(378): setHidden false
01-09 14:10:36.942 D/KeyguardViewMediator(378): setHidden false
01-09 14:10:36.962 D/KeyguardViewMediator(378): setHidden false
01-09 14:10:36.972 D/KeyguardViewMediator(378): setHidden false
01-09 14:10:36.992 D/KeyguardViewMediator(378): setHidden false
01-09 14:10:37.002 D/memalloc(110): /dev/pmem: Allocated buffer base:0x41a93000 size:1536000 offset:7438336 fd:66
01-09 14:10:37.002 D/memalloc(21796): /dev/pmem: Mapped buffer base:0x51920000 size:8974336 offset:7438336 fd:54
01-09 14:10:37.002 D/KeyguardViewMediator(378): setHidden false
01-09 14:10:37.012 W/SurfaceFlinger(110): id=1263 Removed idx=5 Map Size=7
01-09 14:10:37.012 W/SurfaceFlinger(110): id=1263 Removed idx=-2 Map Size=7
01-09 14:10:37.012 D/KeyguardViewMediator(378): setHidden false
01-09 14:10:37.012 I/power   (378): *** release_dvfs_lock : lockType : 1 
01-09 14:10:37.012 D/PowerManagerService(378): releaseDVFSLockLocked : all DVFS_MIN_LIMIT are released 
01-09 14:10:37.042 D/memalloc(110): /dev/pmem: Freeing buffer base:0x425f2000 size:614400 offset:11923456 fd:39
01-09 14:10:37.042 I/Adreno200-EGLSUB(110): <CreateImage:1017>: Android Image
01-09 14:10:37.042 I/Adreno200-EGLSUB(110): <GetImageAttributes:1282>: RGBX_8888
01-09 14:10:37.132 D/OpenGLRenderer(20066): Flushing caches (mode 0)
01-09 14:10:37.132 D/memalloc(20066): /dev/pmem: Unmapping buffer base:0x53c15000 size:4612096 offset:3076096
01-09 14:10:37.132 D/memalloc(20066): /dev/pmem: Unmapping buffer base:0x543fd000 size:14938112 offset:13402112
01-09 14:10:37.132 D/memalloc(20066): /dev/pmem: Unmapping buffer base:0x5523c000 size:16474112 offset:14938112
01-09 14:10:37.132 D/memalloc(110): /dev/pmem: Freeing buffer base:0x41d82000 size:1536000 offset:3076096 fd:51
01-09 14:10:37.132 D/memalloc(110): /dev/pmem: Freeing buffer base:0x4275b000 size:1536000 offset:13402112 fd:54
01-09 14:10:37.132 W/SurfaceFlinger(110): id=1232 Removed idx=3 Map Size=6
01-09 14:10:37.142 D/KeyguardViewMediator(378): setHidden false
01-09 14:10:37.142 W/SurfaceFlinger(110): id=1232 Removed idx=-2 Map Size=6
01-09 14:10:37.142 D/memalloc(110): /dev/pmem: Freeing buffer base:0x428d2000 size:1536000 offset:14938112 fd:60
01-09 14:10:37.142 D/OpenGLRenderer(20066): Flushing caches (mode 2)
01-09 14:10:37.202 D/KeyguardViewMediator(378): setHidden false
01-09 14:10:37.662 W/SignalStrength(504): getGsmLevel. this.mGsmSignalBar=3, getGsmSignalStrength()== 11
01-09 14:10:37.662 W/SignalStrength(504): getGsmLevel=3
01-09 14:10:37.662 W/SignalStrength(504): getLevel=3 (SignalStrength: 11 255 -120 -160 -120 -1 -1 99 2147483647 -32767 2147483647 -32767 gsm|lte 3)
01-09 14:10:37.662 W/SignalStrength(504): getGsmLevel. this.mGsmSignalBar=4, getGsmSignalStrength()== 26
01-09 14:10:37.662 W/SignalStrength(504): getGsmLevel=4
01-09 14:10:37.662 W/SignalStrength(504): getLevel=4 (SignalStrength: 26 255 -120 -160 -120 -1 -1 99 2147483647 -32767 2147483647 -32767 gsm|lte 4)
01-09 14:10:37.672 D/StatusBar-NetworkControllerDS(504): refreshViews connected={ wifi } level=3|4 combinedSignalIconId=0x7f0200ef/com.android.systemui:drawable/stat_sys_wifi_signal_4 combinedActivityIconId=0x7f0200d9 mAirplaneMode=false mDataActivity1=0 mDataActivity2=0 mPhoneSignalIconId1=0x7f0200cd mPhoneSignalIconId2=0x7f0200d5 mLastPhoneSignalIconId1=0x7f0200cd mLastPhoneSignalIconId2=0x7f0200d5 mDataDirectionIconId1=0x0 mDataDirectionIconId2=0x0 mDataSignalIconId1=0x7f0200cd mDataSignalIconId2=0x7f0200d5 mDataTypeIconId1=0x7f02009d mDataTypeIconId2=0x7f02009d mWifiIconId=0x7f0200ef mRoamingIconId1=0x0 mRoamingIconId2=0x0 mBluetoothTetherIconId=0x10806ce
01-09 14:10:37.672 D/SignalClusterView(504): wifi: VISIBLE sig=2130837743 act=2130837721
01-09 14:10:37.672 D/SignalClusterView(504): mobile1: VISIBLE sig=2130837709 act=0 typ=2130837661
01-09 14:10:37.672 D/SignalClusterView(504): mobile2: VISIBLE sig=2130837717 act=0 typ=2130837661
01-09 14:10:37.672 D/SignalClusterView(504): wifi: VISIBLE sig=2130837743 act=2130837721
01-09 14:10:37.672 D/SignalClusterView(504): mobile1: VISIBLE sig=2130837709 act=0 typ=2130837661
01-09 14:10:37.672 D/SignalClusterView(504): mobile2: VISIBLE sig=2130837717 act=0 typ=2130837661
01-09 14:10:37.672 D/SignalClusterView(504): wifi: VISIBLE sig=2130837743 act=2130837721
01-09 14:10:37.672 D/SignalClusterView(504): mobile1: VISIBLE sig=2130837709 act=0 typ=2130837661
01-09 14:10:37.672 D/SignalClusterView(504): mobile2: VISIBLE sig=2130837717 act=0 typ=2130837661
01-09 14:10:37.672 D/StatusBar-NetworkControllerDS(504): changing data overlay icon id to 2130837721
01-09 14:10:37.812 D/lights  (378): write_int /sys/class/leds/button-backlight/brightness = 0
01-09 14:10:37.812 V/PowerManagerService(378): Top Most Needs Intelligent Sleep: true
01-09 14:10:37.812 W/PowerManagerService(378): Timer 0x7->0x3|0x3
01-09 14:10:37.812 I/PowerManagerService(378): Ulight 0x7->0x3|0x0
01-09 14:10:37.812 D/PowerManagerService(378): setLightBrightness : mButtonLight : 0
01-09 14:10:37.902 I/NRFW    (1283): profile=wifi
01-09 14:10:37.942 I/NRFW    (1283): serverip=103.235.47.88 localIp=10.0.8.1
01-09 14:10:38.222 D/InputReader(378): Input event: value=1
01-09 14:10:38.222 D/lights  (378): write_int /sys/class/leds/button-backlight/brightness = 255
01-09 14:10:38.222 I/InputDispatcher(378): Delivering key to current input target: action: 0x0
01-09 14:10:38.222 I/PowerManagerService(378): Ulight 0x3->0x7|0x0
01-09 14:10:38.222 D/PowerManagerService(378): setLightBrightness : mButtonLight : 77
01-09 14:10:38.362 D/InputReader(378): Input event: value=0
01-09 14:10:38.362 I/InputDispatcher(378): Delivering key to current input target: action: 0x1
01-09 14:10:38.642 D/dalvikvm(21796): GC_CONCURRENT freed 4411K, 30% free 15644K/22051K, paused 1ms+25ms
01-09 14:10:38.712 W/SurfaceFlinger(110): id=1266(7) createSurface 0x2fea0c (1x1),1 flag=0
01-09 14:10:38.712 D/KeyguardViewMediator(378): setHidden false
01-09 14:10:38.742 D/memalloc(110): /dev/pmem: Allocated buffer base:0x41a93000 size:430080 offset:11923456 fd:39
01-09 14:10:38.742 D/memalloc(21796): /dev/pmem: Mapped buffer base:0x52ca6000 size:12353536 offset:11923456 fd:60
01-09 14:10:38.762 I/Adreno200-EGLSUB(110): <CreateImage:1017>: Android Image
01-09 14:10:38.762 I/Adreno200-EGLSUB(110): <GetImageAttributes:1226>: RGBA_8888
01-09 14:10:38.762 D/KeyguardViewMediator(378): setHidden false
01-09 14:10:38.762 D/KeyguardViewMediator(378): setHidden false
01-09 14:10:38.772 D/KeyguardViewMediator(378): setHidden false
01-09 14:10:39.552 I/InputReader(378): Touch event's action is 0x0 (deviceType=0) [pCnt=1, pending(waiting finished signal)=0, s=0.1906 ]
01-09 14:10:39.552 I/InputDispatcher(378): Delivering touch to current input target: action: 0x0
01-09 14:10:39.552 I/InputDispatcher(378): Delivering touch to current input target: action: 0x0
01-09 14:10:39.552 D/memalloc(20066): /dev/pmem: Unmapping buffer base:0x570fe000 size:12673024 offset:12537856
01-09 14:10:39.552 D/KeyguardViewMediator(378): setHidden false
01-09 14:10:39.572 D/KeyguardViewMediator(378): setHidden false
01-09 14:10:39.572 W/SurfaceFlinger(110): id=1265 Removed idx=8 Map Size=6
01-09 14:10:39.572 W/SurfaceFlinger(110): id=1265 Removed idx=-2 Map Size=6
01-09 14:10:39.582 D/KeyguardViewMediator(378): setHidden false
01-09 14:10:39.582 D/PowerManagerService(378): releaseWakeLockLocked flags=0x0 tag=KEEP_SCREEN_ON_FLAG myUID=1000 myPID=378 myTID=448
01-09 14:10:39.592 D/memalloc(110): /dev/pmem: Freeing buffer base:0x42688000 size:135168 offset:12537856 fd:33
01-09 14:10:39.622 I/InputReader(378): Touch event's action is 0x1 (deviceType=0) [pCnt=1, pending(waiting finished signal)=0, s=]
01-09 14:10:39.622 I/InputDispatcher(378): Delivering touch to current input target: action: 0x1
01-09 14:10:39.752 D/memalloc(110): /dev/pmem: Allocated buffer base:0x41a93000 size:430080 offset:12353536 fd:33
01-09 14:10:39.762 D/memalloc(21796): /dev/pmem: Mapped buffer base:0x5386e000 size:12783616 offset:12353536 fd:69
01-09 14:10:39.762 I/Adreno200-EGLSUB(110): <CreateImage:1017>: Android Image
01-09 14:10:39.762 I/Adreno200-EGLSUB(110): <GetImageAttributes:1226>: RGBA_8888
01-09 14:10:39.782 D/AbsListView(21796): Get MotionRecognitionManager
01-09 14:10:39.822 D/memalloc(21796): /dev/pmem: Unmapping buffer base:0x52ca6000 size:12353536 offset:11923456
01-09 14:10:39.822 D/memalloc(110): /dev/pmem: Freeing buffer base:0x425f2000 size:430080 offset:11923456 fd:39
01-09 14:10:39.822 D/memalloc(21796): /dev/pmem: Unmapping buffer base:0x5386e000 size:12783616 offset:12353536
01-09 14:10:39.822 D/KeyguardViewMediator(378): setHidden false
01-09 14:10:39.842 D/KeyguardViewMediator(378): setHidden false
01-09 14:10:39.842 W/SurfaceFlinger(110): id=1266 Removed idx=3 Map Size=5
01-09 14:10:39.842 W/SurfaceFlinger(110): id=1266 Removed idx=-2 Map Size=5
01-09 14:10:39.842 D/memalloc(110): /dev/pmem: Freeing buffer base:0x4265b000 size:430080 offset:12353536 fd:33
01-09 14:10:39.842 D/KeyguardViewMediator(378): setHidden false
01-09 14:10:39.842 W/SurfaceFlinger(110): id=1267(8) createSurface 0x2fcb64 (1x1),1 flag=0
01-09 14:10:39.842 D/KeyguardViewMediator(378): setHidden false
01-09 14:10:39.942 D/memalloc(110): /dev/pmem: Allocated buffer base:0x41a93000 size:860160 offset:8974336 fd:33
01-09 14:10:39.942 D/memalloc(21796): /dev/pmem: Mapped buffer base:0x521af000 size:9834496 offset:8974336 fd:60
01-09 14:10:39.952 I/Adreno200-EGLSUB(110): <CreateImage:1017>: Android Image
01-09 14:10:39.952 I/Adreno200-EGLSUB(110): <GetImageAttributes:1226>: RGBA_8888
01-09 14:10:39.962 D/KeyguardViewMediator(378): setHidden false
01-09 14:10:39.962 D/KeyguardViewMediator(378): setHidden false
01-09 14:10:39.972 D/KeyguardViewMediator(378): setHidden false
01-09 14:10:40.042 D/OpenGLRenderer(20066): Flushing caches (mode 2)
01-09 14:10:40.092 D/memalloc(110): /dev/pmem: Allocated buffer base:0x41a93000 size:860160 offset:11923456 fd:39
01-09 14:10:40.102 D/memalloc(21796): /dev/pmem: Mapped buffer base:0x52ca6000 size:12783616 offset:11923456 fd:63
01-09 14:10:40.112 I/Adreno200-EGLSUB(110): <CreateImage:1017>: Android Image
01-09 14:10:40.112 I/Adreno200-EGLSUB(110): <GetImageAttributes:1226>: RGBA_8888
01-09 14:10:40.222 D/BatteryService(378): update start
01-09 14:10:40.232 D/BatteryService(378): level:44 scale:100 status:3 health:2 present:true voltage: 3691 temperature: 230 technology: Li-ion AC powered:false USB powered:false icon:17303167 invalid charger:0
01-09 14:10:40.242 D/KeyguardUpdateMonitor(378): received broadcast android.intent.action.BATTERY_CHANGED
01-09 14:10:40.242 D/KeyguardUpdateMonitor(378): handleBatteryUpdate
01-09 14:10:40.242 D/ThermistorObserver(378): mBatteryBRForAMOLED : onReceive() : newTemperature : 230
01-09 14:10:40.242 V/UiModeManager(378): updateLocked, mLastBroadcastState =0 , oldAction = null
01-09 14:10:40.242 D/STATUSBAR-BatteryController(504): onReceive() - ACTION_BATTERY_CHANGED
01-09 14:10:40.242 D/STATUSBAR-BatteryController(504): onReceive() - level:44
01-09 14:10:40.242 D/STATUSBAR-BatteryController(504): onReceive() - plugged:0
01-09 14:10:40.242 D/STATUSBAR-BatteryController(504): onReceive() - BATTERY_STATUS_DISCHARGING: stat_sys_battery
01-09 14:10:40.242 D/STATUSBAR-PhoneStatusBar(504): ACTION_BATTERY_CHANGED
01-09 14:10:40.242 D/STATUSBAR-PhoneStatusBar(504): NORMAL_BATTERY
01-09 14:10:40.242 D/PowerUI (504): getBatteryOnline : battery online file not found
01-09 14:10:40.872 I/InputReader(378): Touch event's action is 0x0 (deviceType=0) [pCnt=1, pending(waiting finished signal)=0, s=0.1907 ]
01-09 14:10:40.872 I/InputDispatcher(378): Delivering touch to current input target: action: 0x0
01-09 14:10:40.972 I/InputReader(378): Touch event's action is 0x1 (deviceType=0) [pCnt=1, pending(waiting finished signal)=0, s=]
01-09 14:10:40.972 I/InputDispatcher(378): Delivering touch to current input target: action: 0x1
01-09 14:10:40.992 I/NRFW    (1283): profile=wifi
01-09 14:10:41.022 I/NRFW    (1283): serverip=103.235.47.88 localIp=10.0.8.1
01-09 14:10:41.562 D/AbsListView(21796): Get MotionRecognitionManager
01-09 14:10:41.652 W/SurfaceFlinger(110): id=1268(9) createSurface 0x3212dc (1x1),1 flag=0
01-09 14:10:41.652 D/KeyguardViewMediator(378): setHidden false
01-09 14:10:41.722 D/memalloc(21796): /dev/pmem: Unmapping buffer base:0x52ca6000 size:12783616 offset:11923456
01-09 14:10:41.722 D/memalloc(110): /dev/pmem: Freeing buffer base:0x425f2000 size:860160 offset:11923456 fd:39
01-09 14:10:41.722 D/memalloc(21796): /dev/pmem: Unmapping buffer base:0x521af000 size:9834496 offset:8974336
01-09 14:10:41.722 D/KeyguardViewMediator(378): setHidden false
01-09 14:10:41.742 D/KeyguardViewMediator(378): setHidden false
01-09 14:10:41.742 W/SurfaceFlinger(110): id=1267 Removed idx=4 Map Size=6
01-09 14:10:41.742 W/SurfaceFlinger(110): id=1267 Removed idx=-2 Map Size=6
01-09 14:10:41.742 D/KeyguardViewMediator(378): setHidden false
01-09 14:10:41.742 D/memalloc(110): /dev/pmem: Freeing buffer base:0x42322000 size:860160 offset:8974336 fd:33
01-09 14:10:41.912 D/AbsListView(21796): [unregisterDoubleTapMotionListener]
01-09 14:10:41.912 D/dalvikvm(21796): GC_FOR_ALLOC freed 2533K, 30% free 15527K/22051K, paused 70ms
01-09 14:10:41.912 D/KeyguardViewMediator(378): setHidden false
01-09 14:10:41.922 I/MotionRecognitionManager(21796):   .unregisterListener : / listener count = 0->0, listener=android.widget.AbsListView$4@41cd0808
01-09 14:10:42.002 D/memalloc(110): /dev/pmem: Allocated buffer base:0x41a93000 size:1474560 offset:8974336 fd:33
01-09 14:10:42.002 D/memalloc(21796): /dev/pmem: Mapped buffer base:0x52ca6000 size:10448896 offset:8974336 fd:67
01-09 14:10:42.022 I/Adreno200-EGLSUB(110): <CreateImage:1017>: Android Image
01-09 14:10:42.022 I/Adreno200-EGLSUB(110): <GetImageAttributes:1226>: RGBA_8888
01-09 14:10:42.022 D/KeyguardViewMediator(378): setHidden false
01-09 14:10:42.022 D/KeyguardViewMediator(378): setHidden false
01-09 14:10:42.042 D/KeyguardViewMediator(378): setHidden false
01-09 14:10:42.372 V/PowerManagerService(378): Top Most Needs Intelligent Sleep: true
01-09 14:10:42.372 W/PowerManagerService(378): Timer 0x7->0x3|0x0
01-09 14:10:42.372 I/PowerManagerService(378): Ulight 0x7->0x3|0x0
01-09 14:10:42.372 D/lights  (378): write_int /sys/class/leds/button-backlight/brightness = 0
01-09 14:10:42.372 D/PowerManagerService(378): setLightBrightness : mButtonLight : 0
01-09 14:10:42.812 D/memalloc(110): /dev/pmem: Allocated buffer base:0x41a93000 size:1474560 offset:11923456 fd:39
01-09 14:10:42.812 D/memalloc(21796): /dev/pmem: Mapped buffer base:0x54559000 size:13398016 offset:11923456 fd:71
01-09 14:10:42.842 I/Adreno200-EGLSUB(110): <CreateImage:1017>: Android Image
01-09 14:10:42.842 I/Adreno200-EGLSUB(110): <GetImageAttributes:1226>: RGBA_8888
01-09 14:10:43.782 I/InputReader(378): Touch event's action is 0x0 (deviceType=0) [pCnt=1, pending(waiting finished signal)=0, s=0.1908 ]
01-09 14:10:43.782 I/InputDispatcher(378): Delivering touch to current input target: action: 0x0
01-09 14:10:43.782 D/lights  (378): write_int /sys/class/leds/button-backlight/brightness = 255
01-09 14:10:43.782 I/PowerManagerService(378): Ulight 0x3->0x7|0x0
01-09 14:10:43.782 D/PowerManagerService(378): setLightBrightness : mButtonLight : 77
01-09 14:10:43.902 I/InputReader(378): Touch event's action is 0x1 (deviceType=0) [pCnt=1, pending(waiting finished signal)=0, s=]
01-09 14:10:43.902 I/InputDispatcher(378): Delivering touch to current input target: action: 0x1
01-09 14:10:44.142 D/KeyguardViewMediator(378): setHidden false
01-09 14:10:44.172 D/memalloc(21796): /dev/pmem: Unmapping buffer base:0x54559000 size:13398016 offset:11923456
01-09 14:10:44.172 D/memalloc(110): /dev/pmem: Freeing buffer base:0x425f2000 size:1474560 offset:11923456 fd:39
01-09 14:10:44.172 D/memalloc(21796): /dev/pmem: Unmapping buffer base:0x52ca6000 size:10448896 offset:8974336
01-09 14:10:44.182 D/KeyguardViewMediator(378): setHidden false
01-09 14:10:44.192 W/SurfaceFlinger(110): id=1269(10) createSurface 0x2fcb64 (1x1),1 flag=0
01-09 14:10:44.192 D/KeyguardViewMediator(378): setHidden false
01-09 14:10:44.212 W/SurfaceFlinger(110): id=1268 Removed idx=4 Map Size=6
01-09 14:10:44.212 W/SurfaceFlinger(110): id=1268 Removed idx=-2 Map Size=6
01-09 14:10:44.212 D/KeyguardViewMediator(378): setHidden false
01-09 14:10:44.212 D/memalloc(110): /dev/pmem: Freeing buffer base:0x42322000 size:1474560 offset:8974336 fd:33
01-09 14:10:44.212 D/KeyguardViewMediator(378): setHidden false
01-09 14:10:44.232 D/memalloc(110): /dev/pmem: Allocated buffer base:0x41a93000 size:327680 offset:8974336 fd:33
01-09 14:10:44.232 D/memalloc(21796): /dev/pmem: Mapped buffer base:0x52ca6000 size:9302016 offset:8974336 fd:67
01-09 14:10:44.232 I/Adreno200-EGLSUB(110): <CreateImage:1017>: Android Image
01-09 14:10:44.232 I/Adreno200-EGLSUB(110): <GetImageAttributes:1226>: RGBA_8888
01-09 14:10:44.242 D/KeyguardViewMediator(378): setHidden false
01-09 14:10:44.242 D/KeyguardViewMediator(378): setHidden false
01-09 14:10:44.252 D/KeyguardViewMediator(378): setHidden false
01-09 14:10:44.432 D/memalloc(110): /dev/pmem: Allocated buffer base:0x41a93000 size:327680 offset:9302016 fd:39
01-09 14:10:44.432 D/memalloc(21796): /dev/pmem: Mapped buffer base:0x54559000 size:9629696 offset:9302016 fd:71
01-09 14:10:44.442 I/Adreno200-EGLSUB(110): <CreateImage:1017>: Android Image
01-09 14:10:44.442 I/Adreno200-EGLSUB(110): <GetImageAttributes:1226>: RGBA_8888
01-09 14:10:44.682 W/SignalStrength(504): getGsmLevel. this.mGsmSignalBar=3, getGsmSignalStrength()== 11
01-09 14:10:44.682 W/SignalStrength(504): getGsmLevel=3
01-09 14:10:44.682 W/SignalStrength(504): getLevel=3 (SignalStrength: 11 255 -120 -160 -120 -1 -1 99 2147483647 -32767 2147483647 -32767 gsm|lte 3)
01-09 14:10:44.682 W/SignalStrength(504): getGsmLevel. this.mGsmSignalBar=4, getGsmSignalStrength()== 26
01-09 14:10:44.682 W/SignalStrength(504): getGsmLevel=4
01-09 14:10:44.682 W/SignalStrength(504): getLevel=4 (SignalStrength: 26 255 -120 -160 -120 -1 -1 99 2147483647 -32767 2147483647 -32767 gsm|lte 4)
01-09 14:10:44.682 D/StatusBar-NetworkControllerDS(504): refreshViews connected={ wifi } level=3|4 combinedSignalIconId=0x7f0200ef/com.android.systemui:drawable/stat_sys_wifi_signal_4 combinedActivityIconId=0x7f0200d8 mAirplaneMode=false mDataActivity1=0 mDataActivity2=0 mPhoneSignalIconId1=0x7f0200cd mPhoneSignalIconId2=0x7f0200d5 mLastPhoneSignalIconId1=0x7f0200cd mLastPhoneSignalIconId2=0x7f0200d5 mDataDirectionIconId1=0x0 mDataDirectionIconId2=0x0 mDataSignalIconId1=0x7f0200cd mDataSignalIconId2=0x7f0200d5 mDataTypeIconId1=0x7f02009d mDataTypeIconId2=0x7f02009d mWifiIconId=0x7f0200ef mRoamingIconId1=0x0 mRoamingIconId2=0x0 mBluetoothTetherIconId=0x10806ce
01-09 14:10:44.682 D/SignalClusterView(504): wifi: VISIBLE sig=2130837743 act=2130837720
01-09 14:10:44.682 D/SignalClusterView(504): mobile1: VISIBLE sig=2130837709 act=0 typ=2130837661
01-09 14:10:44.682 D/SignalClusterView(504): mobile2: VISIBLE sig=2130837717 act=0 typ=2130837661
01-09 14:10:44.682 D/SignalClusterView(504): wifi: VISIBLE sig=2130837743 act=2130837720
01-09 14:10:44.682 D/SignalClusterView(504): mobile1: VISIBLE sig=2130837709 act=0 typ=2130837661
01-09 14:10:44.682 D/SignalClusterView(504): mobile2: VISIBLE sig=2130837717 act=0 typ=2130837661
01-09 14:10:44.682 D/SignalClusterView(504): wifi: VISIBLE sig=2130837743 act=2130837720
01-09 14:10:44.682 D/SignalClusterView(504): mobile1: VISIBLE sig=2130837709 act=0 typ=2130837661
01-09 14:10:44.682 D/SignalClusterView(504): mobile2: VISIBLE sig=2130837717 act=0 typ=2130837661
01-09 14:10:44.682 D/StatusBar-NetworkControllerDS(504): changing data overlay icon id to 2130837720
01-09 14:10:44.912 D/AbsListView(21796): [unregisterDoubleTapMotionListener]
01-09 14:10:44.912 D/dalvikvm(21796): GC_FOR_ALLOC freed 2931K, 27% free 16132K/22051K, paused 72ms
01-09 14:10:44.942 I/MotionRecognitionManager(21796):   .unregisterListener : / listener count = 0->0, listener=android.widget.AbsListView$4@41b4bcd0
01-09 14:10:45.282 D/lights  (378): write_int /sys/class/leds/button-backlight/brightness = 0
01-09 14:10:45.282 V/PowerManagerService(378): Top Most Needs Intelligent Sleep: true
01-09 14:10:45.282 W/PowerManagerService(378): Timer 0x7->0x3|0x0
01-09 14:10:45.282 I/PowerManagerService(378): Ulight 0x7->0x3|0x0
01-09 14:10:45.282 D/PowerManagerService(378): setLightBrightness : mButtonLight : 0
