01-11 20:40:43.325 D/StatusBar-NetworkControllerDS(503): refreshViews connected={ wifi } level=4|4 combinedSignalIconId=0x7f0200ed/com.android.systemui:drawable/stat_sys_wifi_signal_3 combinedActivityIconId=0x7f0200d8 mAirplaneMode=false mDataActivity1=0 mDataActivity2=0 mPhoneSignalIconId1=0x7f0200d5 mPhoneSignalIconId2=0x7f0200cf mLastPhoneSignalIconId1=0x7f0200d5 mLastPhoneSignalIconId2=0x7f0200cf mDataDirectionIconId1=0x0 mDataDirectionIconId2=0x0 mDataSignalIconId1=0x7f0200d5 mDataSignalIconId2=0x7f0200cf mDataTypeIconId1=0x7f0200a2 mDataTypeIconId2=0x7f0200a2 mWifiIconId=0x7f0200ed mRoamingIconId1=0x0 mRoamingIconId2=0x0 mBluetoothTetherIconId=0x10806ce
01-11 20:40:43.325 D/SignalClusterView(503): wifi: VISIBLE sig=2130837741 act=2130837720
01-11 20:40:43.325 D/SignalClusterView(503): mobile1: VISIBLE sig=2130837717 act=0 typ=2130837666
01-11 20:40:43.325 D/SignalClusterView(503): mobile2: VISIBLE sig=2130837711 act=0 typ=2130837666
01-11 20:40:43.325 D/SignalClusterView(503): wifi: VISIBLE sig=2130837741 act=2130837720
01-11 20:40:43.325 D/SignalClusterView(503): mobile1: VISIBLE sig=2130837717 act=0 typ=2130837666
01-11 20:40:43.325 D/SignalClusterView(503): mobile2: VISIBLE sig=2130837711 act=0 typ=2130837666
01-11 20:40:43.325 D/SignalClusterView(503): wifi: VISIBLE sig=2130837741 act=2130837720
01-11 20:40:43.325 D/SignalClusterView(503): mobile1: VISIBLE sig=2130837717 act=0 typ=2130837666
01-11 20:40:43.325 D/SignalClusterView(503): mobile2: VISIBLE sig=2130837711 act=0 typ=2130837666
01-11 20:40:43.325 D/StatusBar-NetworkControllerDS(503): changing data overlay icon id to 2130837720
01-11 20:40:43.345 D/KeyguardViewMediator(377): setHidden false
01-11 20:40:43.375 D/KeyguardViewMediator(377): setHidden false
01-11 20:40:43.415 D/MediaScanner(25987): Scanner initMutex res = 0
01-11 20:40:43.515 I/ApplicationPolicy(377): getActualApplicationStateEnabled() : true
01-11 20:40:43.535 W/Vibrator(377): Vibrator.cancel()
01-11 20:40:43.535 D/VibratorService(377): JNI vibratorOff()
01-11 20:40:43.535 D/STATUSBAR-NotificationService(377): updateLightsLocked() : Turn off notification light
01-11 20:40:43.535 D/STATUSBAR-PhoneStatusBar(503): Mini Controller text scroll : OFF
01-11 20:40:43.535 D/STATUSBAR-PhoneStatusBar(503): performCollapse()
01-11 20:40:43.555 D/KeyguardViewMediator(377): setHidden false
01-11 20:40:43.555 W/systemui/quicksettingpanel(503): prepareTranslationXfalse  237
01-11 20:40:43.615 I/SqliteDatabaseCpp(25987): sqlite returned: error code = 5, msg = statement aborts at 1: [PRAGMA journal_mode=TRUNCATE;] , db=/data/data/com_android_providers_downloads/databases/downloads_db
01-11 20:40:43.625 I/ApplicationPolicy(377): getActualApplicationStateEnabled() : true
01-11 20:40:43.625 D/OpenGLRenderer(503): Flushing caches (mode 0)
01-11 20:40:43.625 D/memalloc(503): /dev/pmem: Unmapping buffer base:0x569f3000 size:9015296 offset:7540736
01-11 20:40:43.625 D/memalloc(503): /dev/pmem: Unmapping buffer base:0x5728c000 size:10489856 offset:9015296
01-11 20:40:43.625 D/memalloc(111): /dev/pmem: Freeing buffer base:0x4242b000 size:1474560 offset:9015296 fd:57
01-11 20:40:43.635 W/SurfaceFlinger(111): id=505 Removed idx=3 Map Size=5
01-11 20:40:43.645 D/KeyguardViewMediator(377): setHidden false
01-11 20:40:43.645 D/STATUSBAR-StatusBarManagerService(377): setSystemUiVisibility(0x0)
01-11 20:40:43.645 D/STATUSBAR-StatusBarManagerService(377): manageDisableList what=0x0 pkg=WindowManager.LayoutParams
01-11 20:40:43.655 W/SurfaceFlinger(111): id=505 Removed idx=-2 Map Size=5
01-11 20:40:43.655 D/memalloc(111): /dev/pmem: Freeing buffer base:0x422c3000 size:1474560 offset:7540736 fd:54
01-11 20:40:43.655 W/InputManagerService(377): Window already focused, ignoring focus gain of: com.android.internal.view.IInputMethodClient$Stub$Proxy@416259b0
01-11 20:40:43.685 V/PhoneStatusBar(503): setLightsOn(true)
01-11 20:40:43.735 D/facerecognition(25987): FR_FileOpen /sdcard/.face/facedata=65
01-11 20:40:43.735 D/facerecognition(25987): FR_FileOpen /data/data/com.android.providers.media/face/facedata=66
01-11 20:40:43.745 I/ActivityThread(25987): Pub sisodownloads: com.sec.android.providers.downloads.SecDownloadProvider
01-11 20:40:43.825 D/STATUSBAR-NotificationService(377): cancelAllNotifications()
01-11 20:40:43.905 I/SqliteDatabaseCpp(25987): sqlite returned: error code = 5, msg = statement aborts at 1: [PRAGMA journal_mode=TRUNCATE;] , db=/data/data/com_android_providers_downloads/databases/downloads_db
01-11 20:40:43.925 I/MediaPlayer(377): It is a Not a DRM RingTone: return NULL
01-11 20:40:43.925 I/MediaPlayer(377): path is null
01-11 20:40:43.945 V/MediaPlayer(377): setDataSource(307, 0, 576460752303423487)
01-11 20:40:43.965 V/MediaPlayerService(114): Client(526) constructor
01-11 20:40:43.965 V/MediaPlayerService(114): Create new client(526) from pid 377, uid 1000, 
01-11 20:40:43.965 V/MediaPlayerService(114): setDataSource fd=29, offset=0, length=576460752303423487
01-11 20:40:43.965 V/MediaPlayerService(114): st_dev  = 45840
01-11 20:40:43.965 V/MediaPlayerService(114): st_mode = 33188
01-11 20:40:43.965 V/MediaPlayerService(114): st_uid  = 0
01-11 20:40:43.965 V/MediaPlayerService(114): st_gid  = 0
01-11 20:40:43.965 V/MediaPlayerService(114): st_size = 5171
01-11 20:40:43.965 V/MediaPlayerService(114): calculated length = 5171
01-11 20:40:43.965 V/MediaPlayerService(114): player type = 3
01-11 20:40:43.965 V/MediaPlayerService(114):  create StagefrightPlayer
01-11 20:40:43.975 V/BluetoothSocket.cpp(25961): initSocketNative
01-11 20:40:43.975 V/BluetoothSocket.cpp(25961): ...fd 47 created (RFCOMM, lm = 26)
01-11 20:40:43.975 V/BluetoothSocket.cpp(25961): initSocketFromFdNative
01-11 20:40:43.975 I/BluetoothPolicyService(377): getBluetoothDataTransferAllowed 
01-11 20:40:43.985 D/BluetoothPolicyService(377): MDM: isProfileEnabled = true
01-11 20:40:43.985 D/BluetoothUtils(25961): isSocketAllowedBySecurityPolicy start : device null
01-11 20:40:43.985 D/BluetoothPolicyService(377): MDM: isProfileEnabled = true
01-11 20:40:43.985 V/AwesomePlayer(114): setDefault
01-11 20:40:43.985 V/AwesomePlayer(114): constructor
01-11 20:40:43.985 V/BluetoothSocket.cpp(25961): bindListenNative
01-11 20:40:43.985 V/BluetoothSocket.cpp(25961): ...bind(47) gave errno 98
01-11 20:40:43.985 V/BluetoothSocket.cpp(25961): abortNative
01-11 20:40:43.985 V/BluetoothSocket.cpp(25961): ...asocket_abort(47) complete
01-11 20:40:43.985 V/BluetoothSocket.cpp(25961): destroyNative
01-11 20:40:43.985 V/BluetoothSocket.cpp(25961): ...asocket_destroy(47) complete
01-11 20:40:43.985 V/BluetoothSocket.cpp(25961): initSocketNative
01-11 20:40:43.985 V/BluetoothSocket.cpp(25961): ...fd 47 created (RFCOMM, lm = 26)
01-11 20:40:43.985 V/BluetoothSocket.cpp(25961): initSocketFromFdNative
01-11 20:40:43.985 I/BluetoothPolicyService(377): getBluetoothDataTransferAllowed 
01-11 20:40:43.995 D/BluetoothPolicyService(377): MDM: isProfileEnabled = true
01-11 20:40:43.995 D/BluetoothUtils(25961): isSocketAllowedBySecurityPolicy start : device null
01-11 20:40:43.995 V/AwesomePlayer(114): setDefault
01-11 20:40:43.995 I/AwesomePlayer(114): reset
01-11 20:40:43.995 V/AwesomePlayer(114): reset_l() cancel player events
01-11 20:40:43.995 V/AwesomePlayer(114): cancelPlayerEvents (keepNotifications=0)
01-11 20:40:43.995 V/AwesomePlayer(114): mAudioTrackVector clear
01-11 20:40:43.995 V/AwesomePlayer(114): mAudioPlayer successfully deleted
01-11 20:40:43.995 V/AwesomePlayer(114): setListener
01-11 20:40:43.995 V/AwesomePlayer(114): AwesomePlayer running on behalf of uid 1000
01-11 20:40:43.995 V/AudioSink(114): AudioOutput(535)
01-11 20:40:43.995 V/AwesomePlayer(114): setAudioSink
01-11 20:40:43.995 V/AwesomePlayer(114): setDataSource fd
01-11 20:40:43.995 V/AwesomePlayer(114): reset_l() cancel player events
01-11 20:40:43.995 V/AwesomePlayer(114): cancelPlayerEvents (keepNotifications=0)
01-11 20:40:43.995 V/AwesomePlayer(114): mAudioTrackVector clear
01-11 20:40:43.995 V/AwesomePlayer(114): mAudioPlayer successfully deleted
01-11 20:40:43.995 V/MediaExtractor(114): Autodetected media content as 'application/ogg' with confidence 0.20
01-11 20:40:43.995 D/BluetoothPolicyService(377): MDM: isProfileEnabled = true
01-11 20:40:43.995 V/BluetoothSocket.cpp(25961): bindListenNative
01-11 20:40:43.995 V/BluetoothSocket.cpp(25961): ...bindListenNative(47) success
01-11 20:40:43.995 V/BluetoothService.cpp(377): addRfcommServiceRecordNative
01-11 20:40:43.995 V/BluetoothService.cpp(377): ... name = MyPhoneExplorer
01-11 20:40:43.995 V/BluetoothService.cpp(377): ... uuid1 = 110100001000
01-11 20:40:43.995 V/BluetoothService.cpp(377): ... uuid2 = 800000805F9B34FB
01-11 20:40:43.995 V/BluetoothService.cpp(377): ... channel = 13
01-11 20:40:44.005 E/        (17654): index 0
01-11 20:40:44.005 E/        (17654): cond 1
01-11 20:40:44.005 E/        (17654): Received 8 bytes from management socket
01-11 20:40:44.005 E/        (17654): opcode 10 complete
01-11 20:40:44.005 E/        (17654): add_uuid complete
01-11 20:40:44.005 V/BluetoothEventLoop.cpp(377): event_filter: Received signal org.bluez.Adapter:PropertyChanged from /org/bluez/17654/hci0
01-11 20:40:44.005 D/DateTimeIntentReceiver(24471): COLLAPSED is received, dialog_state : false
01-11 20:40:44.015 V/AwesomePlayer(114): track of type 'audio/vorbis' does not publish bitrate
01-11 20:40:44.015 V/AwesomePlayer(114): mBitrate = -1 bits/sec
01-11 20:40:44.015 V/AwesomePlayer(114): current audio track (0)
01-11 20:40:44.015 V/AwesomePlayer(114): setAudioSource
01-11 20:40:44.015 V/AwesomePlayer(114): current audio track (0) is added to vector[0]
01-11 20:40:44.015 D/BluetoothAdapterStateMachine(377): BluetoothOn process message: 51
01-11 20:40:44.015 V/MediaPlayer(377): MediaPlayer::setLooping
01-11 20:40:44.015 V/MediaPlayerService(114): [526] setLooping(0)
01-11 20:40:44.015 V/AwesomePlayer(114): setLooping (0)
01-11 20:40:44.025 V/MediaPlayer(377): setVideoSurfaceTexture
01-11 20:40:44.025 V/MediaPlayerService(114): [526] setVideoSurfaceTexture(0x0)
01-11 20:40:44.025 V/MediaPlayer(377): prepare
01-11 20:40:44.025 V/MediaPlayerService(114): [526] setAudioStreamType(5)
01-11 20:40:44.025 V/MediaPlayerService(114): [526] prepareAsync
01-11 20:40:44.025 V/AwesomePlayer(114): prepareAsync
01-11 20:40:44.025 V/AwesomePlayer(114): onPrepareAsyncEvent
01-11 20:40:44.025 V/AwesomePlayer(114): initAudioDecoder
01-11 20:40:44.025 W/OMXCodec(114): OMXCodec::Create matchComponentName ((null)), flags (0x0), createEncoder (0), mime (audio/vorbis)
01-11 20:40:44.025 W/OMXCodec(114): Attempting to allocate OMX node 'OMX.google.vorbis.decoder'
01-11 20:40:44.035 E/OMXCodec(114): Successfully allocated OMX node 'OMX.google.vorbis.decoder'
01-11 20:40:44.035 D/OMXCodec(114): configureCodec protected=0
01-11 20:40:44.035 V/AwesomePlayer(114): finishAsyncPrepare_l
01-11 20:40:44.035 V/AwesomePlayer(114): notifyListner_l() msg (5-MEDIA_SET_VIDEO_SIZE), ext1 (0), ext2 (0)
01-11 20:40:44.035 V/MediaPlayerService(114): [526] notify (0x1649070, 5, 0, 0)
01-11 20:40:44.035 V/BluetoothSocket.cpp(25961): acceptNative
01-11 20:40:44.045 V/AwesomePlayer(114): notifyListner_l() msg (1-MEDIA_PREPARED), ext1 (0), ext2 (0)
01-11 20:40:44.045 V/MediaPlayerService(114): [526] notify (0x1649070, 1, 0, 0)
01-11 20:40:44.045 V/MediaPlayer(377): message received msg=5, ext1=0, ext2=0
01-11 20:40:44.045 V/MediaPlayer(377): New video size 0 x 0
01-11 20:40:44.045 V/MediaPlayer(377): callback application
01-11 20:40:44.045 V/MediaPlayer(377): back from callback
01-11 20:40:44.045 V/MediaPlayer(377): message received msg=1, ext1=0, ext2=0
01-11 20:40:44.045 V/MediaPlayer(377): prepared
01-11 20:40:44.045 V/MediaPlayer(377): signal application thread
01-11 20:40:44.045 V/MediaPlayer(377): callback application
01-11 20:40:44.045 V/MediaPlayer(377): back from callback
01-11 20:40:44.045 V/MediaPlayer(377): prepare complete - status=0
01-11 20:40:44.045 I/AudioService(377):  AudioFocus  requestAudioFocus() from android.media.AudioManager$4175c218
01-11 20:40:44.045 V/MediaPlayer(377): start
01-11 20:40:44.045 V/MediaPlayerService(114): [526] setLooping(0)
01-11 20:40:44.045 V/AwesomePlayer(114): setLooping (0)
01-11 20:40:44.055 V/MediaPlayerService(114): [526] setVolume(1.000000, 1.000000)
01-11 20:40:44.055 V/AudioSink(114): setVolume(1.000000, 1.000000)
01-11 20:40:44.055 V/MediaPlayerService(114): [526] setAuxEffectSendLevel(0.000000)
01-11 20:40:44.055 V/AudioSink(114): setAuxEffectSendLevel(0.000000)
01-11 20:40:44.055 V/MediaPlayerService(114): [526] start
01-11 20:40:44.055 V/AwesomePlayer(114): setLooping (0)
01-11 20:40:44.055 V/AwesomePlayer(114): play
01-11 20:40:44.055 I/AwesomePlayer(114): AwesomePlayer::play_l():: This is not a DRM content
01-11 20:40:44.055 V/AwesomePlayer(114): AudioPlayer created, Non-LPA mode mime audio/vorbis duration 453242
01-11 20:40:44.055 V/AwesomePlayer(114): startAudioPlayer_l, sendErrorNotification (0)
01-11 20:40:44.055 I/AudioPlayer(114): start kKeyAudioPCMFormat : 1
01-11 20:40:44.055 V/AudioSink(114): open(44100, 1, 1, 4, 535)
01-11 20:40:44.065 V/AudioSink(114): Creating AudioTrack for Reverb - 0
01-11 20:40:44.065 V/AudioSink(114): setVolume
01-11 20:40:44.065 V/AudioSink(114): start
01-11 20:40:44.075 V/AudioPolicyManager(114): startOutput() output 1, stream 5, session 535
01-11 20:40:44.075 V/AudioPolicyManagerBase(114): getDeviceForStrategy() from cache strategy 2, device 2
01-11 20:40:44.075 V/AudioPolicyManagerBase(114): getNewDevice() selected device 0
01-11 20:40:44.075 V/AudioPolicyManagerBase(114): changeRefCount() stream 5, count 1
01-11 20:40:44.075 V/AudioPolicyManagerBase(114): getDeviceForStrategy() from cache strategy 2, device 2
01-11 20:40:44.075 V/AudioPolicyManagerBase(114): getNewDevice() selected device 2
01-11 20:40:44.075 V/AudioPolicyManager(114): setOutputDevice() output 1 device 2 delayMs 0 force 0
01-11 20:40:44.075 V/AudioPolicyManager(114): setOutputDevice output :0x1 mCurDevice:0x2
01-11 20:40:44.075 V/AudioPolicyManager(114): setOutputDevice() setting same device 2 or null device for output 1
01-11 20:40:44.075 V/AwesomePlayer(114): addBatteryData
01-11 20:40:44.075 E/MediaPlayer(377): mOnVideoSizeChangedListener is null. Failed to send MEDIA_SET_VIDEO_SIZE message.
01-11 20:40:44.075 I/MediaPlayer(377): Don't send intent. msg.arg1 = 0, msg.arg2 = 0
01-11 20:40:44.075 E/MediaPlayer(377): mOnPreparedListener is null. Failed to send MEDIA_PREPARED message.
01-11 20:40:44.075 W/NotificationService(377): Notification sound delayed by 1324msecs
01-11 20:40:44.075 V/MediaPlayer(377): stop
01-11 20:40:44.075 V/MediaPlayerService(114): [526] stop
01-11 20:40:44.075 V/AwesomePlayer(114): pause
01-11 20:40:44.075 V/AwesomePlayer(114): cancelPlayerEvents (keepNotifications=1)
01-11 20:40:44.075 V/AudioSink(114): pause
01-11 20:40:44.075 V/AudioPolicyManager(114): stopOutput() output 1, stream 5, session 535
01-11 20:40:44.075 V/AudioPolicyManagerBase(114): changeRefCount() stream 5, count 0
01-11 20:40:44.075 V/AudioPolicyManagerBase(114): getNewDevice() selected device 0
01-11 20:40:44.075 V/AudioPolicyManagerBase(114): getNewDevice() selected device 0
01-11 20:40:44.075 V/AudioPolicyManager(114): setOutputDevice() output 1 device 0 delayMs 72 force 0
01-11 20:40:44.075 V/AudioPolicyManager(114): setOutputDevice() setting same device 0 or null device for output 1
01-11 20:40:44.075 V/AwesomePlayer(114): addBatteryData
01-11 20:40:44.075 V/MediaPlayer(377): setListener
01-11 20:40:44.075 V/MediaPlayer(377): disconnect
01-11 20:40:44.075 V/MediaPlayerService(114): disconnect(526) from pid 377
01-11 20:40:44.075 I/AwesomePlayer(114): reset
01-11 20:40:44.075 V/AwesomePlayer(114): reset_l() cancel player events
01-11 20:40:44.075 V/AwesomePlayer(114): cancelPlayerEvents (keepNotifications=0)
01-11 20:40:44.075 V/AwesomePlayer(114): mAudioTrackVector clear
01-11 20:40:44.075 V/AudioSink(114): stop
01-11 20:40:44.075 V/AudioSink(114): close
01-11 20:40:44.085 V/AudioPolicyManagerBase(114): releaseOutput() 1
01-11 20:40:44.085 I/OMXCodec(114): [OMX.google.vorbis.decoder] stop mState=4
01-11 20:40:44.085 I/OMXCodec(114): [OMX.google.vorbis.decoder] stopped in state 1
01-11 20:40:44.085 I/OMXCodec(114): OMXCodec destructor 1
01-11 20:40:44.085 V/AwesomePlayer(114): mAudioPlayer successfully deleted
01-11 20:40:44.085 I/AwesomePlayer(114): reset
01-11 20:40:44.085 V/AwesomePlayer(114): reset_l() cancel player events
01-11 20:40:44.085 V/AwesomePlayer(114): cancelPlayerEvents (keepNotifications=0)
01-11 20:40:44.085 V/AwesomePlayer(114): mAudioTrackVector clear
01-11 20:40:44.085 V/AwesomePlayer(114): mAudioPlayer successfully deleted
01-11 20:40:44.085 V/AwesomePlayer(114): destructor
01-11 20:40:44.085 I/AwesomePlayer(114): reset
01-11 20:40:44.085 V/AwesomePlayer(114): reset_l() cancel player events
01-11 20:40:44.085 V/AwesomePlayer(114): cancelPlayerEvents (keepNotifications=0)
01-11 20:40:44.085 V/AwesomePlayer(114): mAudioTrackVector clear
01-11 20:40:44.085 V/AwesomePlayer(114): mAudioPlayer successfully deleted
01-11 20:40:44.085 V/AwesomePlayer(114): ~AwesomePlayer()
01-11 20:40:44.085 V/MediaPlayer(377): destructor
01-11 20:40:44.085 V/MediaPlayerService(114): Client(526) destructor pid = 377
01-11 20:40:44.085 V/AudioSink(114): close
01-11 20:40:44.085 V/MediaPlayerService(114): disconnect(526) from pid 377
01-11 20:40:44.085 V/MediaPlayer(377): disconnect
01-11 20:40:44.085 I/AudioService(377):  AudioFocus  abandonAudioFocus() from android.media.AudioManager$4175c218
01-11 20:40:44.095 I/EasyUnlock(654): [EasyUnlockService] EasyUnlock not enabled, skipping initialization.
01-11 20:40:44.275 D/STATUSBAR-NotificationService(377): cancelNotification - pkg:com.android.bluetooth, id:-1000005, tag:null
01-11 20:40:44.325 D/STATUSBAR-NotificationService(377): cancelNotification - pkg:com.android.bluetooth, id:-1000006, tag:null
01-11 20:40:44.345 D/lights  (377): write_int /sys/class/leds/button-backlight/brightness = 0
01-11 20:40:44.345 V/PowerManagerService(377): Top Most Needs Intelligent Sleep: true
01-11 20:40:44.345 W/PowerManagerService(377): Timer 0x7->0x3|0x0
01-11 20:40:44.345 I/PowerManagerService(377): Ulight 0x7->0x3|0x0
01-11 20:40:44.345 D/PowerManagerService(377): setLightBrightness : mButtonLight : 0
01-11 20:40:45.085 W/SignalStrength(503): getGsmLevel. this.mGsmSignalBar=4, getGsmSignalStrength()== 16
01-11 20:40:45.085 W/SignalStrength(503): getGsmLevel=4
01-11 20:40:45.085 W/SignalStrength(503): getLevel=4 (SignalStrength: 16 255 -120 -160 -120 -1 -1 99 2147483647 -32767 2147483647 -32767 gsm|lte 4)
01-11 20:40:45.085 W/SignalStrength(503): getGsmLevel. this.mGsmSignalBar=4, getGsmSignalStrength()== 22
01-11 20:40:45.085 W/SignalStrength(503): getGsmLevel=4
01-11 20:40:45.085 W/SignalStrength(503): getLevel=4 (SignalStrength: 22 255 -120 -160 -120 -1 -1 99 2147483647 -32767 2147483647 -32767 gsm|lte 4)
01-11 20:40:45.085 D/TWStatusBar-NetworkControllerDS(503): onReceive() - RSSI_CHANGED_ACTION, WIFI_STATE, NETWORK_STATE
01-11 20:40:45.085 D/StatusBar-NetworkControllerDS(503): refreshViews connected={ wifi } level=4|4 combinedSignalIconId=0x7f0200ef/com.android.systemui:drawable/stat_sys_wifi_signal_4 combinedActivityIconId=0x7f0200d8 mAirplaneMode=false mDataActivity1=0 mDataActivity2=0 mPhoneSignalIconId1=0x7f0200d5 mPhoneSignalIconId2=0x7f0200cf mLastPhoneSignalIconId1=0x7f0200d5 mLastPhoneSignalIconId2=0x7f0200cf mDataDirectionIconId1=0x0 mDataDirectionIconId2=0x0 mDataSignalIconId1=0x7f0200d5 mDataSignalIconId2=0x7f0200cf mDataTypeIconId1=0x7f0200a2 mDataTypeIconId2=0x7f0200a2 mWifiIconId=0x7f0200ef mRoamingIconId1=0x0 mRoamingIconId2=0x0 mBluetoothTetherIconId=0x10806ce
01-11 20:40:45.085 D/SignalClusterView(503): wifi: VISIBLE sig=2130837743 act=2130837720
01-11 20:40:45.085 D/SignalClusterView(503): mobile1: VISIBLE sig=2130837717 act=0 typ=2130837666
01-11 20:40:45.085 D/SignalClusterView(503): mobile2: VISIBLE sig=2130837711 act=0 typ=2130837666
01-11 20:40:45.085 D/SignalClusterView(503): wifi: VISIBLE sig=2130837743 act=2130837720
01-11 20:40:45.085 D/SignalClusterView(503): mobile1: VISIBLE sig=2130837717 act=0 typ=2130837666
01-11 20:40:45.085 D/SignalClusterView(503): mobile2: VISIBLE sig=2130837711 act=0 typ=2130837666
01-11 20:40:45.085 D/SignalClusterView(503): wifi: VISIBLE sig=2130837743 act=2130837720
01-11 20:40:45.085 D/SignalClusterView(503): mobile1: VISIBLE sig=2130837717 act=0 typ=2130837666
01-11 20:40:45.085 D/SignalClusterView(503): mobile2: VISIBLE sig=2130837711 act=0 typ=2130837666
01-11 20:40:45.135 W/SignalStrength(503): getGsmLevel. this.mGsmSignalBar=4, getGsmSignalStrength()== 16
01-11 20:40:45.135 W/SignalStrength(503): getGsmLevel=4
01-11 20:40:45.135 W/SignalStrength(503): getLevel=4 (SignalStrength: 16 255 -120 -160 -120 -1 -1 99 2147483647 -32767 2147483647 -32767 gsm|lte 4)
01-11 20:40:45.135 W/SignalStrength(503): getGsmLevel. this.mGsmSignalBar=4, getGsmSignalStrength()== 22
01-11 20:40:45.135 W/SignalStrength(503): getGsmLevel=4
01-11 20:40:45.135 W/SignalStrength(503): getLevel=4 (SignalStrength: 22 255 -120 -160 -120 -1 -1 99 2147483647 -32767 2147483647 -32767 gsm|lte 4)
01-11 20:40:45.135 D/StatusBar-NetworkControllerDS(503): refreshViews connected={ wifi } level=4|4 combinedSignalIconId=0x7f0200ef/com.android.systemui:drawable/stat_sys_wifi_signal_4 combinedActivityIconId=0x7f0200d9 mAirplaneMode=false mDataActivity1=0 mDataActivity2=0 mPhoneSignalIconId1=0x7f0200d5 mPhoneSignalIconId2=0x7f0200cf mLastPhoneSignalIconId1=0x7f0200d5 mLastPhoneSignalIconId2=0x7f0200cf mDataDirectionIconId1=0x0 mDataDirectionIconId2=0x0 mDataSignalIconId1=0x7f0200d5 mDataSignalIconId2=0x7f0200cf mDataTypeIconId1=0x7f0200a2 mDataTypeIconId2=0x7f0200a2 mWifiIconId=0x7f0200ef mRoamingIconId1=0x0 mRoamingIconId2=0x0 mBluetoothTetherIconId=0x10806ce
01-11 20:40:45.135 D/SignalClusterView(503): wifi: VISIBLE sig=2130837743 act=2130837721
01-11 20:40:45.135 D/SignalClusterView(503): mobile1: VISIBLE sig=2130837717 act=0 typ=2130837666
01-11 20:40:45.135 D/SignalClusterView(503): mobile2: VISIBLE sig=2130837711 act=0 typ=2130837666
01-11 20:40:45.135 D/SignalClusterView(503): wifi: VISIBLE sig=2130837743 act=2130837721
01-11 20:40:45.135 D/SignalClusterView(503): mobile1: VISIBLE sig=2130837717 act=0 typ=2130837666
01-11 20:40:45.135 D/SignalClusterView(503): mobile2: VISIBLE sig=2130837711 act=0 typ=2130837666
01-11 20:40:45.135 D/SignalClusterView(503): wifi: VISIBLE sig=2130837743 act=2130837721
01-11 20:40:45.135 D/SignalClusterView(503): mobile1: VISIBLE sig=2130837717 act=0 typ=2130837666
01-11 20:40:45.135 D/SignalClusterView(503): mobile2: VISIBLE sig=2130837711 act=0 typ=2130837666
01-11 20:40:45.135 D/StatusBar-NetworkControllerDS(503): changing data overlay icon id to 2130837721
01-11 20:40:45.215 D/dalvikvm(25904): GC_CONCURRENT freed 3802K, 26% free 14804K/19939K, paused 1ms+24ms
01-11 20:40:45.365 I/abtfilt (25930): WLAN has Arrived
01-11 20:40:45.365 D/abtfilt (25930): Abf_WlanCheckSettings : wlan: wlan0
01-11 20:40:45.365 D/abtfilt (25930): Calling Fcore Init
01-11 20:40:45.365 I/abtfilt (25930): BT Filter Core init complete
01-11 20:40:45.365 I/abtfilt (25930): WLAN Stack Notification init complete
01-11 20:40:45.365 I/abtfilt (25930): Headset Profile notifications will use HCI filter instead of DBUS 
01-11 20:40:45.375 V/BluetoothEventLoop.cpp(377): event_filter: Received signal org.freedesktop.DBus:NameOwnerChanged from /org/freedesktop/DBus
01-11 20:40:45.375 V/BluetoothA2dpService.cpp(377): ... ignored
01-11 20:40:45.375 I/abtfilt (25930): Starting the WLAN Event Handler task
01-11 20:40:45.375 I/abtfilt (25930): Checking WLAN adapter on startup .. 
01-11 20:40:45.375 I/abtfilt (25930): Trying To get Device Info
01-11 20:40:45.375 I/abtfilt (25930): BT Filter Core : WLAN Arrived 
01-11 20:40:45.375 D/abtfilt (25930): Abf_WlanCheckSettings : wlan: wlan0
01-11 20:40:45.375 I/abtfilt (25930): Front End config
01-11 20:40:45.375 I/abtfilt (25930): WMI Cmd: 139 Len: 5
01-11 20:40:45.375 I/abtfilt (25930): Starting the BT Filter task
01-11 20:40:45.375 I/abtfilt (25930): FLAGS = 66, Issue FE antenna configuration as single 
01-11 20:40:45.375 I/abtfilt (25930): WMI Cmd: 138 Len: 5
01-11 20:40:45.375 I/abtfilt (25930): Issue FE antenna configuration as single
01-11 20:40:45.375 I/abtfilt (25930): WLAN Adapter Added
01-11 20:40:45.385 I/abtfilt (25930): BT Event Filter Set, Mask: 0x00001000:01C0003A 
01-11 20:40:45.385 I/abtfilt (25930): Waiting for HCI CMD Complete Event, Opcode: 0x1009 (2000 MS) 
01-11 20:40:45.395 I/abtfilt (25930): [HCIFilterThread] starting up 
01-11 20:40:45.605 D/STATUSBAR-NotificationService(377): cancelNotification - pkg:com.android.bluetooth, id:-1000005, tag:null
01-11 20:40:45.635 D/abtfilt (25930): BT-HCI Device Address: (30:3A:5F:20:14:0C)
01-11 20:40:45.635 D/abtfilt (25930):  rule to add: type='signal',interface='org.bluez.Adapter' 
01-11 20:40:45.635 D/abtfilt (25930):  rule to add: type='signal',interface='org.bluez.Adapter' 
01-11 20:40:45.635 D/abtfilt (25930):  rule to add: type='signal',interface='org.bluez.Adapter' 
01-11 20:40:45.635 D/abtfilt (25930):  rule to add: type='signal',interface='org.bluez.Adapter' 
01-11 20:40:45.645 D/abtfilt (25930):  rule to add: type='signal',interface='org.bluez' 
01-11 20:40:45.645 D/abtfilt (25930):  rule to add: type='signal',interface='org.bluez' 
01-11 20:40:45.645 I/abtfilt (25930): [/org/bluez/17654/hci0] BT Adapter Added
01-11 20:40:45.645 I/abtfilt (25930): [AcquireDefaultAudioDevice]StartRegister
01-11 20:40:45.645 D/abtfilt (25930):  rule to add: type='signal',interface='org.bluez.Headset' 
01-11 20:40:45.645 D/abtfilt (25930):  rule to add: type='signal',interface='org.bluez.Headset' 
01-11 20:40:45.655 D/abtfilt (25930):  rule to add: type='signal',interface='org.bluez.Headset' 
01-11 20:40:45.655 D/abtfilt (25930):  rule to add: type='signal',interface='org.bluez.Headset' 
01-11 20:40:45.655 D/abtfilt (25930):  rule to add: type='signal',interface='org.bluez.AudioSink' 
01-11 20:40:45.655 D/abtfilt (25930):  rule to add: type='signal',interface='org.bluez.AudioSink' 
01-11 20:40:45.665 D/abtfilt (25930):  rule to add: type='signal',interface='org.bluez.AudioSink' 
01-11 20:40:45.675 D/abtfilt (25930):  rule to add: type='signal',interface='org.bluez.AudioSink' 
01-11 20:40:45.675 I/abtfilt (25930): [AcquireDefaultAudioDevice]EndRegister
01-11 20:40:45.675 D/abtfilt (25930):  rule to add: type='signal',interface='org.bluez.Manager' 
01-11 20:40:45.675 D/abtfilt (25930):  rule to add: type='signal',interface='org.bluez.Manager' 
01-11 20:40:45.675 D/InputReader(377): Input event: value=1
01-11 20:40:45.675 I/abtfilt (25930): BT Stack Notification init complete
01-11 20:40:45.675 D/abtfilt (25930): Service running, waiting for termination .... 
01-11 20:40:45.675 I/abtfilt (25930): Starting the BT Event Handler task
01-11 20:40:45.675 I/abtfilt (25930): Entering DBus Message loop 
01-11 20:40:45.675 I/abtfilt (25930): Get Sleep state
01-11 20:40:45.675 I/abtfilt (25930): WMI Cmd: 174 Len: 4
01-11 20:40:45.715 D/lights  (377): write_int /sys/class/leds/button-backlight/brightness = 255
01-11 20:40:45.715 I/InputDispatcher(377): Delivering key to current input target: action: 0x0
01-11 20:40:45.715 I/PowerManagerService(377): Ulight 0x3->0x7|0x0
01-11 20:40:45.715 D/PowerManagerService(377): setLightBrightness : mButtonLight : 61
01-11 20:40:45.725 D/STATUSBAR-NotificationService(377): cancelNotification - pkg:com.android.bluetooth, id:-1000006, tag:null
01-11 20:40:45.805 D/InputReader(377): Input event: value=0
01-11 20:40:45.865 D/BatteryService(377): update start
01-11 20:40:45.875 D/KeyguardUpdateMonitor(377): received broadcast android.intent.action.BATTERY_CHANGED
01-11 20:40:45.875 D/KeyguardUpdateMonitor(377): handleBatteryUpdate
01-11 20:40:45.875 D/BatteryService(377): level:28 scale:100 status:3 health:2 present:true voltage: 3662 temperature: 230 technology: Li-ion AC powered:false USB powered:false icon:17303167 invalid charger:0
01-11 20:40:45.875 D/ThermistorObserver(377): mBatteryBRForAMOLED : onReceive() : newTemperature : 230
01-11 20:40:45.875 V/UiModeManager(377): updateLocked, mLastBroadcastState =0 , oldAction = null
01-11 20:40:45.885 D/STATUSBAR-BatteryController(503): onReceive() - ACTION_BATTERY_CHANGED
01-11 20:40:45.885 D/STATUSBAR-BatteryController(503): onReceive() - level:28
01-11 20:40:45.885 D/STATUSBAR-BatteryController(503): onReceive() - plugged:0
01-11 20:40:45.885 D/STATUSBAR-BatteryController(503): onReceive() - BATTERY_STATUS_DISCHARGING: stat_sys_battery
01-11 20:40:45.885 D/STATUSBAR-PhoneStatusBar(503): ACTION_BATTERY_CHANGED
01-11 20:40:45.885 D/STATUSBAR-PhoneStatusBar(503): NORMAL_BATTERY
01-11 20:40:45.885 D/PowerUI (503): getBatteryOnline : battery online file not found
01-11 20:40:45.895 I/InputDispatcher(377): Delivering key to current input target: action: 0x1
01-11 20:40:46.055 W/SurfaceFlinger(111): id=506(2) createSurface 0xbbdbc4 (1x1),1 flag=0
01-11 20:40:46.055 D/KeyguardViewMediator(377): setHidden false
01-11 20:40:46.165 D/memalloc(111): /dev/pmem: Allocated buffer base:0x41b92000 size:430080 offset:7540736 fd:54
01-11 20:40:46.175 D/memalloc(25904): /dev/pmem: Mapped buffer base:0x51f79000 size:7970816 offset:7540736 fd:50
01-11 20:40:46.215 D/KeyguardViewMediator(377): setHidden false
01-11 20:40:46.225 D/KeyguardViewMediator(377): setHidden false
01-11 20:40:46.225 I/Adreno200-EGLSUB(111): <CreateImage:1017>: Android Image
01-11 20:40:46.225 I/Adreno200-EGLSUB(111): <GetImageAttributes:1226>: RGBA_8888
01-11 20:40:46.235 D/KeyguardViewMediator(377): setHidden false
01-11 20:40:47.145 W/SignalStrength(503): getGsmLevel. this.mGsmSignalBar=4, getGsmSignalStrength()== 16
01-11 20:40:47.145 W/SignalStrength(503): getGsmLevel=4
01-11 20:40:47.145 W/SignalStrength(503): getLevel=4 (SignalStrength: 16 255 -120 -160 -120 -1 -1 99 2147483647 -32767 2147483647 -32767 gsm|lte 4)
01-11 20:40:47.145 W/SignalStrength(503): getGsmLevel. this.mGsmSignalBar=4, getGsmSignalStrength()== 22
01-11 20:40:47.145 W/SignalStrength(503): getGsmLevel=4
01-11 20:40:47.145 W/SignalStrength(503): getLevel=4 (SignalStrength: 22 255 -120 -160 -120 -1 -1 99 2147483647 -32767 2147483647 -32767 gsm|lte 4)
01-11 20:40:47.145 D/StatusBar-NetworkControllerDS(503): refreshViews connected={ wifi } level=4|4 combinedSignalIconId=0x7f0200ef/com.android.systemui:drawable/stat_sys_wifi_signal_4 combinedActivityIconId=0x7f0200d8 mAirplaneMode=false mDataActivity1=0 mDataActivity2=0 mPhoneSignalIconId1=0x7f0200d5 mPhoneSignalIconId2=0x7f0200cf mLastPhoneSignalIconId1=0x7f0200d5 mLastPhoneSignalIconId2=0x7f0200cf mDataDirectionIconId1=0x0 mDataDirectionIconId2=0x0 mDataSignalIconId1=0x7f0200d5 mDataSignalIconId2=0x7f0200cf mDataTypeIconId1=0x7f0200a2 mDataTypeIconId2=0x7f0200a2 mWifiIconId=0x7f0200ef mRoamingIconId1=0x0 mRoamingIconId2=0x0 mBluetoothTetherIconId=0x10806ce
01-11 20:40:47.145 D/SignalClusterView(503): wifi: VISIBLE sig=2130837743 act=2130837720
01-11 20:40:47.145 D/SignalClusterView(503): mobile1: VISIBLE sig=2130837717 act=0 typ=2130837666
01-11 20:40:47.145 D/SignalClusterView(503): mobile2: VISIBLE sig=2130837711 act=0 typ=2130837666
01-11 20:40:47.145 D/SignalClusterView(503): wifi: VISIBLE sig=2130837743 act=2130837720
01-11 20:40:47.145 D/SignalClusterView(503): mobile1: VISIBLE sig=2130837717 act=0 typ=2130837666
01-11 20:40:47.145 D/SignalClusterView(503): mobile2: VISIBLE sig=2130837711 act=0 typ=2130837666
01-11 20:40:47.145 D/SignalClusterView(503): wifi: VISIBLE sig=2130837743 act=2130837720
01-11 20:40:47.145 D/SignalClusterView(503): mobile1: VISIBLE sig=2130837717 act=0 typ=2130837666
01-11 20:40:47.145 D/SignalClusterView(503): mobile2: VISIBLE sig=2130837711 act=0 typ=2130837666
01-11 20:40:47.145 D/StatusBar-NetworkControllerDS(503): changing data overlay icon id to 2130837720
01-11 20:40:47.175 I/NRFW    (1229): profile=wifi
01-11 20:40:47.185 D/lights  (377): write_int /sys/class/leds/button-backlight/brightness = 0
01-11 20:40:47.185 V/PowerManagerService(377): Top Most Needs Intelligent Sleep: true
01-11 20:40:47.185 W/PowerManagerService(377): Timer 0x7->0x3|0x0
01-11 20:40:47.185 I/PowerManagerService(377): Ulight 0x7->0x3|0x0
01-11 20:40:47.185 D/PowerManagerService(377): setLightBrightness : mButtonLight : 0
01-11 20:40:47.195 I/NRFW    (1229): serverip=103.235.47.88 localIp=10.0.8.1
01-11 20:40:48.095 W/SignalStrength(503): getGsmLevel. this.mGsmSignalBar=4, getGsmSignalStrength()== 16
01-11 20:40:48.095 W/SignalStrength(503): getGsmLevel=4
01-11 20:40:48.095 W/SignalStrength(503): getLevel=4 (SignalStrength: 16 255 -120 -160 -120 -1 -1 99 2147483647 -32767 2147483647 -32767 gsm|lte 4)
01-11 20:40:48.095 W/SignalStrength(503): getGsmLevel. this.mGsmSignalBar=4, getGsmSignalStrength()== 22
01-11 20:40:48.095 W/SignalStrength(503): getGsmLevel=4
01-11 20:40:48.095 W/SignalStrength(503): getLevel=4 (SignalStrength: 22 255 -120 -160 -120 -1 -1 99 2147483647 -32767 2147483647 -32767 gsm|lte 4)
01-11 20:40:48.095 D/TWStatusBar-NetworkControllerDS(503): onReceive() - RSSI_CHANGED_ACTION, WIFI_STATE, NETWORK_STATE
01-11 20:40:48.095 D/StatusBar-NetworkControllerDS(503): refreshViews connected={ wifi } level=4|4 combinedSignalIconId=0x7f0200ed/com.android.systemui:drawable/stat_sys_wifi_signal_3 combinedActivityIconId=0x7f0200d8 mAirplaneMode=false mDataActivity1=0 mDataActivity2=0 mPhoneSignalIconId1=0x7f0200d5 mPhoneSignalIconId2=0x7f0200cf mLastPhoneSignalIconId1=0x7f0200d5 mLastPhoneSignalIconId2=0x7f0200cf mDataDirectionIconId1=0x0 mDataDirectionIconId2=0x0 mDataSignalIconId1=0x7f0200d5 mDataSignalIconId2=0x7f0200cf mDataTypeIconId1=0x7f0200a2 mDataTypeIconId2=0x7f0200a2 mWifiIconId=0x7f0200ed mRoamingIconId1=0x0 mRoamingIconId2=0x0 mBluetoothTetherIconId=0x10806ce
01-11 20:40:48.095 D/SignalClusterView(503): wifi: VISIBLE sig=2130837741 act=2130837720
01-11 20:40:48.095 D/SignalClusterView(503): mobile1: VISIBLE sig=2130837717 act=0 typ=2130837666
01-11 20:40:48.095 D/SignalClusterView(503): mobile2: VISIBLE sig=2130837711 act=0 typ=2130837666
01-11 20:40:48.095 D/SignalClusterView(503): wifi: VISIBLE sig=2130837741 act=2130837720
01-11 20:40:48.095 D/SignalClusterView(503): mobile1: VISIBLE sig=2130837717 act=0 typ=2130837666
01-11 20:40:48.095 D/SignalClusterView(503): mobile2: VISIBLE sig=2130837711 act=0 typ=2130837666
01-11 20:40:48.095 D/SignalClusterView(503): wifi: VISIBLE sig=2130837741 act=2130837720
01-11 20:40:48.095 D/SignalClusterView(503): mobile1: VISIBLE sig=2130837717 act=0 typ=2130837666
01-11 20:40:48.095 D/SignalClusterView(503): mobile2: VISIBLE sig=2130837711 act=0 typ=2130837666
01-11 20:40:48.145 W/SignalStrength(503): getGsmLevel. this.mGsmSignalBar=4, getGsmSignalStrength()== 16
01-11 20:40:48.145 W/SignalStrength(503): getGsmLevel=4
01-11 20:40:48.145 W/SignalStrength(503): getLevel=4 (SignalStrength: 16 255 -120 -160 -120 -1 -1 99 2147483647 -32767 2147483647 -32767 gsm|lte 4)
01-11 20:40:48.145 W/SignalStrength(503): getGsmLevel. this.mGsmSignalBar=4, getGsmSignalStrength()== 22
01-11 20:40:48.145 W/SignalStrength(503): getGsmLevel=4
01-11 20:40:48.145 W/SignalStrength(503): getLevel=4 (SignalStrength: 22 255 -120 -160 -120 -1 -1 99 2147483647 -32767 2147483647 -32767 gsm|lte 4)
01-11 20:40:48.145 D/StatusBar-NetworkControllerDS(503): refreshViews connected={ wifi } level=4|4 combinedSignalIconId=0x7f0200ed/com.android.systemui:drawable/stat_sys_wifi_signal_3 combinedActivityIconId=0x7f0200d9 mAirplaneMode=false mDataActivity1=0 mDataActivity2=0 mPhoneSignalIconId1=0x7f0200d5 mPhoneSignalIconId2=0x7f0200cf mLastPhoneSignalIconId1=0x7f0200d5 mLastPhoneSignalIconId2=0x7f0200cf mDataDirectionIconId1=0x0 mDataDirectionIconId2=0x0 mDataSignalIconId1=0x7f0200d5 mDataSignalIconId2=0x7f0200cf mDataTypeIconId1=0x7f0200a2 mDataTypeIconId2=0x7f0200a2 mWifiIconId=0x7f0200ed mRoamingIconId1=0x0 mRoamingIconId2=0x0 mBluetoothTetherIconId=0x10806ce
01-11 20:40:48.145 D/SignalClusterView(503): wifi: VISIBLE sig=2130837741 act=2130837721
01-11 20:40:48.145 D/SignalClusterView(503): mobile1: VISIBLE sig=2130837717 act=0 typ=2130837666
01-11 20:40:48.145 D/SignalClusterView(503): mobile2: VISIBLE sig=2130837711 act=0 typ=2130837666
01-11 20:40:48.145 D/SignalClusterView(503): wifi: VISIBLE sig=2130837741 act=2130837721
01-11 20:40:48.145 D/SignalClusterView(503): mobile1: VISIBLE sig=2130837717 act=0 typ=2130837666
01-11 20:40:48.145 D/SignalClusterView(503): mobile2: VISIBLE sig=2130837711 act=0 typ=2130837666
01-11 20:40:48.145 D/SignalClusterView(503): wifi: VISIBLE sig=2130837741 act=2130837721
01-11 20:40:48.145 D/SignalClusterView(503): mobile1: VISIBLE sig=2130837717 act=0 typ=2130837666
01-11 20:40:48.145 D/SignalClusterView(503): mobile2: VISIBLE sig=2130837711 act=0 typ=2130837666
01-11 20:40:48.145 D/StatusBar-NetworkControllerDS(503): changing data overlay icon id to 2130837721
01-11 20:40:49.145 W/SignalStrength(503): getGsmLevel. this.mGsmSignalBar=4, getGsmSignalStrength()== 16
01-11 20:40:49.145 W/SignalStrength(503): getGsmLevel=4
01-11 20:40:49.145 W/SignalStrength(503): getLevel=4 (SignalStrength: 16 255 -120 -160 -120 -1 -1 99 2147483647 -32767 2147483647 -32767 gsm|lte 4)
01-11 20:40:49.145 W/SignalStrength(503): getGsmLevel. this.mGsmSignalBar=4, getGsmSignalStrength()== 22
01-11 20:40:49.145 W/SignalStrength(503): getGsmLevel=4
01-11 20:40:49.145 W/SignalStrength(503): getLevel=4 (SignalStrength: 22 255 -120 -160 -120 -1 -1 99 2147483647 -32767 2147483647 -32767 gsm|lte 4)
01-11 20:40:49.145 D/StatusBar-NetworkControllerDS(503): refreshViews connected={ wifi } level=4|4 combinedSignalIconId=0x7f0200ed/com.android.systemui:drawable/stat_sys_wifi_signal_3 combinedActivityIconId=0x7f0200d8 mAirplaneMode=false mDataActivity1=0 mDataActivity2=0 mPhoneSignalIconId1=0x7f0200d5 mPhoneSignalIconId2=0x7f0200cf mLastPhoneSignalIconId1=0x7f0200d5 mLastPhoneSignalIconId2=0x7f0200cf mDataDirectionIconId1=0x0 mDataDirectionIconId2=0x0 mDataSignalIconId1=0x7f0200d5 mDataSignalIconId2=0x7f0200cf mDataTypeIconId1=0x7f0200a2 mDataTypeIconId2=0x7f0200a2 mWifiIconId=0x7f0200ed mRoamingIconId1=0x0 mRoamingIconId2=0x0 mBluetoothTetherIconId=0x10806ce
01-11 20:40:49.145 D/SignalClusterView(503): wifi: VISIBLE sig=2130837741 act=2130837720
01-11 20:40:49.145 D/SignalClusterView(503): mobile1: VISIBLE sig=2130837717 act=0 typ=2130837666
01-11 20:40:49.145 D/SignalClusterView(503): mobile2: VISIBLE sig=2130837711 act=0 typ=2130837666
01-11 20:40:49.145 D/SignalClusterView(503): wifi: VISIBLE sig=2130837741 act=2130837720
01-11 20:40:49.145 D/SignalClusterView(503): mobile1: VISIBLE sig=2130837717 act=0 typ=2130837666
01-11 20:40:49.145 D/SignalClusterView(503): mobile2: VISIBLE sig=2130837711 act=0 typ=2130837666
01-11 20:40:49.145 D/SignalClusterView(503): wifi: VISIBLE sig=2130837741 act=2130837720
01-11 20:40:49.145 D/SignalClusterView(503): mobile1: VISIBLE sig=2130837717 act=0 typ=2130837666
01-11 20:40:49.145 D/SignalClusterView(503): mobile2: VISIBLE sig=2130837711 act=0 typ=2130837666
01-11 20:40:49.145 D/StatusBar-NetworkControllerDS(503): changing data overlay icon id to 2130837720
01-11 20:40:49.885 I/InputReader(377): Touch event's action is 0x0 (deviceType=0) [pCnt=1, pending(waiting finished signal)=0, s=0.778 ]
01-11 20:40:49.885 I/InputDispatcher(377): Delivering touch to current input target: action: 0x0
01-11 20:40:49.885 D/lights  (377): write_int /sys/class/leds/button-backlight/brightness = 255
01-11 20:40:49.885 I/PowerManagerService(377): Ulight 0x3->0x7|0x0
01-11 20:40:49.885 D/PowerManagerService(377): setLightBrightness : mButtonLight : 61
01-11 20:40:50.015 I/InputReader(377): Touch event's action is 0x1 (deviceType=0) [pCnt=1, pending(waiting finished signal)=0, s=]
01-11 20:40:50.015 I/InputDispatcher(377): Delivering touch to current input target: action: 0x1
01-11 20:40:50.055 D/memalloc(111): /dev/pmem: Allocated buffer base:0x41b92000 size:430080 offset:7970816 fd:57
01-11 20:40:50.065 D/memalloc(25904): /dev/pmem: Mapped buffer base:0x52713000 size:8400896 offset:7970816 fd:69
01-11 20:40:50.065 I/Adreno200-EGLSUB(111): <CreateImage:1017>: Android Image
01-11 20:40:50.065 I/Adreno200-EGLSUB(111): <GetImageAttributes:1226>: RGBA_8888
01-11 20:40:50.085 D/AbsListView(25904): Get MotionRecognitionManager
01-11 20:40:50.195 D/dalvikvm(25904): GC_FOR_ALLOC freed 2366K, 27% free 14652K/20003K, paused 70ms
01-11 20:40:50.195 I/dalvikvm-heap(25904): Grow heap (frag case) to 15.507MB for 157456-byte allocation
01-11 20:40:50.215 I/NRFW    (1229): profile=wifi
01-11 20:40:50.235 I/NRFW    (1229): serverip=103.235.47.88 localIp=10.0.8.1
01-11 20:40:50.285 D/dalvikvm(25904): GC_FOR_ALLOC freed 166K, 28% free 14640K/20195K, paused 65ms
01-11 20:40:50.325 D/memalloc(25904): /dev/pmem: Unmapping buffer base:0x51f79000 size:7970816 offset:7540736
01-11 20:40:50.325 D/memalloc(111): /dev/pmem: Freeing buffer base:0x422c3000 size:430080 offset:7540736 fd:54
01-11 20:40:50.325 D/memalloc(25904): /dev/pmem: Unmapping buffer base:0x52713000 size:8400896 offset:7970816
01-11 20:40:50.325 D/KeyguardViewMediator(377): setHidden false
01-11 20:40:50.345 D/KeyguardViewMediator(377): setHidden false
01-11 20:40:50.345 W/SurfaceFlinger(111): id=506 Removed idx=3 Map Size=5
01-11 20:40:50.345 W/SurfaceFlinger(111): id=506 Removed idx=-2 Map Size=5
01-11 20:40:50.345 D/memalloc(111): /dev/pmem: Freeing buffer base:0x4232c000 size:430080 offset:7970816 fd:57
01-11 20:40:50.345 D/KeyguardViewMediator(377): setHidden false
01-11 20:40:50.435 W/SurfaceFlinger(111): id=507(3) createSurface 0xba9e2c (1x1),1 flag=0
01-11 20:40:50.435 D/KeyguardViewMediator(377): setHidden false
01-11 20:40:50.545 D/memalloc(111): /dev/pmem: Allocated buffer base:0x41b92000 size:860160 offset:7540736 fd:54
01-11 20:40:50.545 D/memalloc(25904): /dev/pmem: Mapped buffer base:0x51f79000 size:8400896 offset:7540736 fd:50
01-11 20:40:50.565 I/Adreno200-EGLSUB(111): <CreateImage:1017>: Android Image
01-11 20:40:50.565 I/Adreno200-EGLSUB(111): <GetImageAttributes:1226>: RGBA_8888
01-11 20:40:50.565 D/KeyguardViewMediator(377): setHidden false
01-11 20:40:50.565 D/KeyguardViewMediator(377): setHidden false
01-11 20:40:50.585 D/KeyguardViewMediator(377): setHidden false
01-11 20:40:50.585 D/memalloc(111): /dev/pmem: Allocated buffer base:0x41b92000 size:860160 offset:8400896 fd:57
01-11 20:40:50.585 D/memalloc(25904): /dev/pmem: Mapped buffer base:0x5277c000 size:9261056 offset:8400896 fd:54
01-11 20:40:50.635 I/Adreno200-EGLSUB(111): <CreateImage:1017>: Android Image
01-11 20:40:50.635 I/Adreno200-EGLSUB(111): <GetImageAttributes:1226>: RGBA_8888
01-11 20:40:51.145 W/SignalStrength(503): getGsmLevel. this.mGsmSignalBar=4, getGsmSignalStrength()== 16
01-11 20:40:51.145 W/SignalStrength(503): getGsmLevel=4
01-11 20:40:51.155 W/SignalStrength(503): getLevel=4 (SignalStrength: 16 255 -120 -160 -120 -1 -1 99 2147483647 -32767 2147483647 -32767 gsm|lte 4)
01-11 20:40:51.155 W/SignalStrength(503): getGsmLevel. this.mGsmSignalBar=4, getGsmSignalStrength()== 22
01-11 20:40:51.155 W/SignalStrength(503): getGsmLevel=4
01-11 20:40:51.155 W/SignalStrength(503): getLevel=4 (SignalStrength: 22 255 -120 -160 -120 -1 -1 99 2147483647 -32767 2147483647 -32767 gsm|lte 4)
01-11 20:40:51.155 D/StatusBar-NetworkControllerDS(503): refreshViews connected={ wifi } level=4|4 combinedSignalIconId=0x7f0200ed/com.android.systemui:drawable/stat_sys_wifi_signal_3 combinedActivityIconId=0x7f0200d9 mAirplaneMode=false mDataActivity1=0 mDataActivity2=0 mPhoneSignalIconId1=0x7f0200d5 mPhoneSignalIconId2=0x7f0200cf mLastPhoneSignalIconId1=0x7f0200d5 mLastPhoneSignalIconId2=0x7f0200cf mDataDirectionIconId1=0x0 mDataDirectionIconId2=0x0 mDataSignalIconId1=0x7f0200d5 mDataSignalIconId2=0x7f0200cf mDataTypeIconId1=0x7f0200a2 mDataTypeIconId2=0x7f0200a2 mWifiIconId=0x7f0200ed mRoamingIconId1=0x0 mRoamingIconId2=0x0 mBluetoothTetherIconId=0x10806ce
01-11 20:40:51.155 D/SignalClusterView(503): wifi: VISIBLE sig=2130837741 act=2130837721
01-11 20:40:51.155 D/SignalClusterView(503): mobile1: VISIBLE sig=2130837717 act=0 typ=2130837666
01-11 20:40:51.155 D/SignalClusterView(503): mobile2: VISIBLE sig=2130837711 act=0 typ=2130837666
01-11 20:40:51.155 D/SignalClusterView(503): wifi: VISIBLE sig=2130837741 act=2130837721
01-11 20:40:51.155 D/SignalClusterView(503): mobile1: VISIBLE sig=2130837717 act=0 typ=2130837666
01-11 20:40:51.155 D/SignalClusterView(503): mobile2: VISIBLE sig=2130837711 act=0 typ=2130837666
01-11 20:40:51.155 D/SignalClusterView(503): wifi: VISIBLE sig=2130837741 act=2130837721
01-11 20:40:51.155 D/SignalClusterView(503): mobile1: VISIBLE sig=2130837717 act=0 typ=2130837666
01-11 20:40:51.155 D/SignalClusterView(503): mobile2: VISIBLE sig=2130837711 act=0 typ=2130837666
01-11 20:40:51.155 D/StatusBar-NetworkControllerDS(503): changing data overlay icon id to 2130837721
01-11 20:40:51.385 V/PowerManagerService(377): Top Most Needs Intelligent Sleep: true
01-11 20:40:51.385 W/PowerManagerService(377): Timer 0x7->0x3|0x0
01-11 20:40:51.385 I/PowerManagerService(377): Ulight 0x7->0x3|0x0
01-11 20:40:51.385 D/lights  (377): write_int /sys/class/leds/button-backlight/brightness = 0
01-11 20:40:51.385 D/PowerManagerService(377): setLightBrightness : mButtonLight : 0
01-11 20:40:52.165 W/SignalStrength(503): getGsmLevel. this.mGsmSignalBar=4, getGsmSignalStrength()== 16
01-11 20:40:52.165 W/SignalStrength(503): getGsmLevel=4
01-11 20:40:52.165 W/SignalStrength(503): getLevel=4 (SignalStrength: 16 255 -120 -160 -120 -1 -1 99 2147483647 -32767 2147483647 -32767 gsm|lte 4)
01-11 20:40:52.165 W/SignalStrength(503): getGsmLevel. this.mGsmSignalBar=4, getGsmSignalStrength()== 22
01-11 20:40:52.165 W/SignalStrength(503): getGsmLevel=4
01-11 20:40:52.165 W/SignalStrength(503): getLevel=4 (SignalStrength: 22 255 -120 -160 -120 -1 -1 99 2147483647 -32767 2147483647 -32767 gsm|lte 4)
01-11 20:40:52.165 D/StatusBar-NetworkControllerDS(503): refreshViews connected={ wifi } level=4|4 combinedSignalIconId=0x7f0200ed/com.android.systemui:drawable/stat_sys_wifi_signal_3 combinedActivityIconId=0x7f0200d8 mAirplaneMode=false mDataActivity1=0 mDataActivity2=0 mPhoneSignalIconId1=0x7f0200d5 mPhoneSignalIconId2=0x7f0200cf mLastPhoneSignalIconId1=0x7f0200d5 mLastPhoneSignalIconId2=0x7f0200cf mDataDirectionIconId1=0x0 mDataDirectionIconId2=0x0 mDataSignalIconId1=0x7f0200d5 mDataSignalIconId2=0x7f0200cf mDataTypeIconId1=0x7f0200a2 mDataTypeIconId2=0x7f0200a2 mWifiIconId=0x7f0200ed mRoamingIconId1=0x0 mRoamingIconId2=0x0 mBluetoothTetherIconId=0x10806ce
01-11 20:40:52.165 D/SignalClusterView(503): wifi: VISIBLE sig=2130837741 act=2130837720
01-11 20:40:52.165 D/SignalClusterView(503): mobile1: VISIBLE sig=2130837717 act=0 typ=2130837666
01-11 20:40:52.165 D/SignalClusterView(503): mobile2: VISIBLE sig=2130837711 act=0 typ=2130837666
01-11 20:40:52.165 D/SignalClusterView(503): wifi: VISIBLE sig=2130837741 act=2130837720
01-11 20:40:52.165 D/SignalClusterView(503): mobile1: VISIBLE sig=2130837717 act=0 typ=2130837666
01-11 20:40:52.165 D/SignalClusterView(503): mobile2: VISIBLE sig=2130837711 act=0 typ=2130837666
01-11 20:40:52.165 D/SignalClusterView(503): wifi: VISIBLE sig=2130837741 act=2130837720
01-11 20:40:52.165 D/SignalClusterView(503): mobile1: VISIBLE sig=2130837717 act=0 typ=2130837666
01-11 20:40:52.165 D/SignalClusterView(503): mobile2: VISIBLE sig=2130837711 act=0 typ=2130837666
01-11 20:40:52.165 D/StatusBar-NetworkControllerDS(503): changing data overlay icon id to 2130837720
01-11 20:40:52.815 I/InputReader(377): Touch event's action is 0x0 (deviceType=0) [pCnt=1, pending(waiting finished signal)=0, s=0.779 ]
01-11 20:40:52.815 I/InputDispatcher(377): Delivering touch to current input target: action: 0x0
01-11 20:40:52.815 D/lights  (377): write_int /sys/class/leds/button-backlight/brightness = 255
01-11 20:40:52.815 I/PowerManagerService(377): Ulight 0x3->0x7|0x0
01-11 20:40:52.815 D/PowerManagerService(377): setLightBrightness : mButtonLight : 61
01-11 20:40:52.965 I/InputReader(377): Touch event's action is 0x1 (deviceType=0) [pCnt=1, pending(waiting finished signal)=1, s=]
01-11 20:40:53.005 I/InputDispatcher(377): Delivering touch to current input target: action: 0x1
01-11 20:40:53.755 D/AbsListView(25904): Get MotionRecognitionManager
01-11 20:40:53.995 D/dalvikvm(25904): GC_FOR_ALLOC freed 1548K, 27% free 14851K/20195K, paused 75ms
01-11 20:40:54.105 W/SurfaceFlinger(111): id=508(4) createSurface 0xbbc9ac (1x1),1 flag=0
01-11 20:40:54.115 D/KeyguardViewMediator(377): setHidden false
01-11 20:40:54.165 W/SignalStrength(503): getGsmLevel. this.mGsmSignalBar=4, getGsmSignalStrength()== 16
01-11 20:40:54.165 W/SignalStrength(503): getGsmLevel=4
01-11 20:40:54.165 W/SignalStrength(503): getLevel=4 (SignalStrength: 16 255 -120 -160 -120 -1 -1 99 2147483647 -32767 2147483647 -32767 gsm|lte 4)
01-11 20:40:54.165 W/SignalStrength(503): getGsmLevel. this.mGsmSignalBar=4, getGsmSignalStrength()== 22
01-11 20:40:54.165 W/SignalStrength(503): getGsmLevel=4
01-11 20:40:54.165 W/SignalStrength(503): getLevel=4 (SignalStrength: 22 255 -120 -160 -120 -1 -1 99 2147483647 -32767 2147483647 -32767 gsm|lte 4)
01-11 20:40:54.165 D/StatusBar-NetworkControllerDS(503): refreshViews connected={ wifi } level=4|4 combinedSignalIconId=0x7f0200ed/com.android.systemui:drawable/stat_sys_wifi_signal_3 combinedActivityIconId=0x7f0200d9 mAirplaneMode=false mDataActivity1=0 mDataActivity2=0 mPhoneSignalIconId1=0x7f0200d5 mPhoneSignalIconId2=0x7f0200cf mLastPhoneSignalIconId1=0x7f0200d5 mLastPhoneSignalIconId2=0x7f0200cf mDataDirectionIconId1=0x0 mDataDirectionIconId2=0x0 mDataSignalIconId1=0x7f0200d5 mDataSignalIconId2=0x7f0200cf mDataTypeIconId1=0x7f0200a2 mDataTypeIconId2=0x7f0200a2 mWifiIconId=0x7f0200ed mRoamingIconId1=0x0 mRoamingIconId2=0x0 mBluetoothTetherIconId=0x10806ce
01-11 20:40:54.165 D/SignalClusterView(503): wifi: VISIBLE sig=2130837741 act=2130837721
