01-11 20:25:40.905 D/dalvikvm(25285): GC_CONCURRENT freed 7353K, 28% free 24334K/33699K, paused 4ms+19ms
01-11 20:25:40.955 I/DBG_WSS_DM(25604): [v3_1207_3_1][Line:371][wsLawmoDbGetDbLawmoOperation] wsLawmoDbGetDbLawmoOperation: 3
01-11 20:25:41.165 W/SignalStrength(503): getGsmLevel. this.mGsmSignalBar=4, getGsmSignalStrength()== 19
01-11 20:25:41.165 W/SignalStrength(503): getGsmLevel=4
01-11 20:25:41.165 W/SignalStrength(503): getLevel=4 (SignalStrength: 19 255 -120 -160 -120 -1 -1 99 2147483647 -32767 2147483647 -32767 gsm|lte 4)
01-11 20:25:41.165 W/SignalStrength(503): getGsmLevel. this.mGsmSignalBar=4, getGsmSignalStrength()== 22
01-11 20:25:41.165 W/SignalStrength(503): getGsmLevel=4
01-11 20:25:41.165 W/SignalStrength(503): getLevel=4 (SignalStrength: 22 255 -120 -160 -120 -1 -1 99 2147483647 -32767 2147483647 -32767 gsm|lte 4)
01-11 20:25:41.185 I/DBG_WSS_DM(25604): [v3_1207_3_1][Line:340][wsLawmoDbSetLawmoOperation] nOperation = 3
01-11 20:25:41.205 I/DBG_WSS_DM(25604): [v3_1207_3_1][Line:532][wsMobileTrackingDbGetOperation] wsMobileTrackingDbGetOperation 0
01-11 20:25:41.245 I/DBG_WSS_DM(25604): [v3_1207_3_1][Line:501][wsMobileTrackingDbSetOperation] nOperation = 0
01-11 20:25:41.255 I/DBG_WSS_DM(25604): [v3_1207_3_1][Line:458][_smldmInitAdpEXTInit] smldmdbGetDmAgentType [0]
01-11 20:25:41.255 D/plugin  (684): getDefaultSubscription()
01-11 20:25:41.325 I/DBG_WSS_DM(25604): [v3_1207_3_1][Line:155][smlNetAdpGetSIMLockState] u8xFx8VsusrftXvr1pvOTQ==
01-11 20:25:41.405 I/DBG_WSS_DM(25604): [v3_1207_3_1][Line:156][smlNetAdpGetSIMLockState] SG9FBIQTROYHVmNmyzIL//0UWZuXZ+frEgqJOnRHMTE=
01-11 20:25:41.405 I/DBG_WSS_DM(25604): [v3_1207_3_1][Line:176][smlNetAdpGetSIMLockState] bret : true
01-11 20:25:41.515 I/DBG_WSS_DM(25604): [v3_1207_3_1][Line:680][wsLawmoDbGetSimChangeAlert] SIM Change Alert = false
01-11 20:25:41.515 I/DBG_WSS_DM(25604): [v3_1207_3_1][Line:620][smlSimChangeAlertReport] Previous state is false
01-11 20:25:41.575 I/DBG_WSS_DM(25604): [v3_1207_3_1][Line:630][smlSimChangeAlertReport] Device registration wasn't registered or MobileTracker is off
01-11 20:25:41.595 I/DBG_WSS_DM(25604): [v3_1207_3_1][Line:532][wsMobileTrackingDbGetOperation] wsMobileTrackingDbGetOperation 0
01-11 20:25:41.595 I/DBG_WSS_DM(25604): [v3_1207_3_1][Line:350][wsLawmoDbGetLawmoOperation] wsLawmoDbGetLawmoOperation: 3
01-11 20:25:41.605 I/DBG_WSS_DM(25604): [v3_1207_3_1][Line:5065][smldmdbGetFUMOStatus] smldmdbGetFUMOStatus 0
01-11 20:25:41.615 I/DBG_WSS_DM(25604): [v3_1207_3_1][Line:5894][smldmdbGetDownloadPostponeStatus] Download Postpone status : 0
01-11 20:25:41.615 I/DBG_WSS_DM(25604): [v3_1207_3_1][Line:501][_smldmInitAdpEXTInit] nStatus [0]
01-11 20:25:41.625 I/DBG_WSS_DM(25604): [v3_1207_3_1][Line:769][smldmUIEvent] SML_DM_EVENT_UI_IDLE_STATE :true
01-11 20:25:41.645 I/DBG_WSS_DM(25604): [v3_1207_3_1][Line:249][smlTaskHandler] SMLMSG_DM_SYNCML_INIT : Initialized
01-11 20:25:41.655 I/DBG_WSS_DM(25604): [v3_1207_3_1][Line:1663][CheckResumeNoti] 
01-11 20:25:41.665 I/DBG_WSS_DM(25604): [v3_1207_3_1][Line:5065][smldmdbGetFUMOStatus] smldmdbGetFUMOStatus 0
01-11 20:25:41.685 I/DBG_WSS_DM(25604): [v3_1207_3_1][Line:1691][ProtoIsWIFIConnected] WiFi Connected
01-11 20:25:41.705 I/DBG_WSS_DM(25604): [v3_1207_3_1][Line:270][_smldmInitAdpCheckNetworkReady] NETWORK SERVICE is READY!!![0]
01-11 20:25:41.735 I/DBG_WSS_DM(25604): [v3_1207_3_1][Line:313][__smldmPushAdpExcuteResumeNoti] nSessionSaveState:0
01-11 20:25:41.735 I/DBG_WSS_DM(25604): [v3_1207_3_1][Line:314][__smldmPushAdpExcuteResumeNoti] nNotiUiEvent:0
01-11 20:25:41.735 I/DBG_WSS_DM(25604): [v3_1207_3_1][Line:315][__smldmPushAdpExcuteResumeNoti] nNotiRetryCount:0
01-11 20:25:41.735 I/DBG_WSS_DM(25604): [v3_1207_3_1][Line:386][__smldmPushAdpExcuteResumeNoti] Current NOTI NOT SAVED State. EXIT. EXIT.
01-11 20:25:41.785 I/DBG_WSS_DM(25604): [v3_1207_3_1][Line:40][_smldmPushAdpClearSessionStatus] 
01-11 20:25:41.925 I/DBG_WSS_DM(25604): [v3_1207_3_1][Line:6084][smldmdbGetSessionSaveStatus] nSessionSaveState [0], nNotiUiEvent [0]
01-11 20:25:41.965 I/DBG_WSS_DM(25604): [v3_1207_3_1][Line:6139][smldmdbBackUpServerUrl] 
01-11 20:25:42.375 I/NRFW    (1229): profile=wifi
01-11 20:25:42.395 I/NRFW    (1229): serverip=103.235.47.88 localIp=10.0.8.1
01-11 20:25:42.715 I/DBG_WSS_DM(25604): [v3_1207_3_1][Line:3988][_smldmdbSetChangedProtocol] ybT2yPIpn6PWvHBXRiPQdiTS+HMMuBDTSOpSycZ9JSyR5hmGkeOx8KDS2BOGOLgK
01-11 20:25:42.845 I/DBG_WSS_DM(25604): [v3_1207_3_1][Line:5078][smldmdbSetFUMOStatus] smldmdbSetFUMOStatus 0
01-11 20:25:42.995 I/DBG_WSS_DM(25604): [v3_1207_3_1][Line:1510][wssStopAlarm] thfyXa0LWyyABN+7CaaWes4COPJzjOeBDqIPWMXCIyEuwY+NxOitYqVCC8SFFWd8
01-11 20:25:43.005 I/DBG_WSS_DM(25604): [v3_1207_3_1][Line:6620][smldmdbSetFUMOInitiatedType] Initiated Type: 0
01-11 20:25:43.065 I/DBG_WSS_DM(25604): [v3_1207_3_1][Line:5877][smldmdbSetDownloadPostponeStatus] Set Download Postpone status : 0
01-11 20:25:43.145 I/DBG_WSS_DM(25604): [v3_1207_3_1][Line:41][wssNotiDbExistInfo] false
01-11 20:25:43.165 W/SignalStrength(503): getGsmLevel. this.mGsmSignalBar=4, getGsmSignalStrength()== 19
01-11 20:25:43.165 W/SignalStrength(503): getGsmLevel=4
01-11 20:25:43.165 W/SignalStrength(503): getLevel=4 (SignalStrength: 19 255 -120 -160 -120 -1 -1 99 2147483647 -32767 2147483647 -32767 gsm|lte 4)
01-11 20:25:43.165 W/SignalStrength(503): getGsmLevel. this.mGsmSignalBar=4, getGsmSignalStrength()== 22
01-11 20:25:43.165 W/SignalStrength(503): getGsmLevel=4
01-11 20:25:43.165 W/SignalStrength(503): getLevel=4 (SignalStrength: 22 255 -120 -160 -120 -1 -1 99 2147483647 -32767 2147483647 -32767 gsm|lte 4)
01-11 20:25:44.085 D/KeyguardUpdateMonitor(377): received broadcast android.intent.action.BATTERY_CHANGED
01-11 20:25:44.085 D/KeyguardUpdateMonitor(377): handleBatteryUpdate
01-11 20:25:44.165 W/SignalStrength(503): getGsmLevel. this.mGsmSignalBar=4, getGsmSignalStrength()== 19
01-11 20:25:44.165 W/SignalStrength(503): getGsmLevel=4
01-11 20:25:44.165 W/SignalStrength(503): getLevel=4 (SignalStrength: 19 255 -120 -160 -120 -1 -1 99 2147483647 -32767 2147483647 -32767 gsm|lte 4)
01-11 20:25:44.165 W/SignalStrength(503): getGsmLevel. this.mGsmSignalBar=4, getGsmSignalStrength()== 22
01-11 20:25:44.165 W/SignalStrength(503): getGsmLevel=4
01-11 20:25:44.165 W/SignalStrength(503): getLevel=4 (SignalStrength: 22 255 -120 -160 -120 -1 -1 99 2147483647 -32767 2147483647 -32767 gsm|lte 4)
01-11 20:25:44.995 D/dalvikvm(25285): GC_CONCURRENT freed 7306K, 28% free 24402K/33699K, paused 3ms+19ms
01-11 20:25:46.175 W/SignalStrength(503): getGsmLevel. this.mGsmSignalBar=4, getGsmSignalStrength()== 19
01-11 20:25:46.175 W/SignalStrength(503): getGsmLevel=4
01-11 20:25:46.175 W/SignalStrength(503): getLevel=4 (SignalStrength: 19 255 -120 -160 -120 -1 -1 99 2147483647 -32767 2147483647 -32767 gsm|lte 4)
01-11 20:25:46.175 W/SignalStrength(503): getGsmLevel. this.mGsmSignalBar=4, getGsmSignalStrength()== 22
01-11 20:25:46.175 W/SignalStrength(503): getGsmLevel=4
01-11 20:25:46.175 W/SignalStrength(503): getLevel=4 (SignalStrength: 22 255 -120 -160 -120 -1 -1 99 2147483647 -32767 2147483647 -32767 gsm|lte 4)
01-11 20:25:47.175 W/SignalStrength(503): getGsmLevel. this.mGsmSignalBar=4, getGsmSignalStrength()== 19
01-11 20:25:47.175 W/SignalStrength(503): getGsmLevel=4
01-11 20:25:47.175 W/SignalStrength(503): getLevel=4 (SignalStrength: 19 255 -120 -160 -120 -1 -1 99 2147483647 -32767 2147483647 -32767 gsm|lte 4)
01-11 20:25:47.175 W/SignalStrength(503): getGsmLevel. this.mGsmSignalBar=4, getGsmSignalStrength()== 22
01-11 20:25:47.175 W/SignalStrength(503): getGsmLevel=4
01-11 20:25:47.175 W/SignalStrength(503): getLevel=4 (SignalStrength: 22 255 -120 -160 -120 -1 -1 99 2147483647 -32767 2147483647 -32767 gsm|lte 4)
01-11 20:25:48.385 I/NRFW    (1229): profile=wifi
01-11 20:25:48.395 D/dalvikvm(25285): GC_CONCURRENT freed 7414K, 28% free 24340K/33699K, paused 4ms+19ms
01-11 20:25:48.415 I/NRFW    (1229): serverip=103.235.47.88 localIp=10.0.8.1
01-11 20:25:48.435 I/DNS     (1229): 103.235.47.88 h_errno=1
01-11 20:25:48.455 I/DNS     (1229): 112.80.248.171 h_errno=1
01-11 20:25:48.485 I/DNS     (1229): 112.80.248.171 h_errno=1
01-11 20:25:48.995 D/dalvikvm(1229): GC_CONCURRENT freed 3135K, 40% free 11757K/19555K, paused 2ms+19ms
01-11 20:25:49.175 W/SignalStrength(503): getGsmLevel. this.mGsmSignalBar=4, getGsmSignalStrength()== 19
01-11 20:25:49.175 W/SignalStrength(503): getGsmLevel=4
01-11 20:25:49.175 W/SignalStrength(503): getLevel=4 (SignalStrength: 19 255 -120 -160 -120 -1 -1 99 2147483647 -32767 2147483647 -32767 gsm|lte 4)
01-11 20:25:49.175 W/SignalStrength(503): getGsmLevel. this.mGsmSignalBar=4, getGsmSignalStrength()== 22
01-11 20:25:49.175 W/SignalStrength(503): getGsmLevel=4
01-11 20:25:49.175 W/SignalStrength(503): getLevel=4 (SignalStrength: 22 255 -120 -160 -120 -1 -1 99 2147483647 -32767 2147483647 -32767 gsm|lte 4)
01-11 20:25:50.175 W/SignalStrength(503): getGsmLevel. this.mGsmSignalBar=4, getGsmSignalStrength()== 19
01-11 20:25:50.175 W/SignalStrength(503): getGsmLevel=4
01-11 20:25:50.175 W/SignalStrength(503): getLevel=4 (SignalStrength: 19 255 -120 -160 -120 -1 -1 99 2147483647 -32767 2147483647 -32767 gsm|lte 4)
01-11 20:25:50.175 W/SignalStrength(503): getGsmLevel. this.mGsmSignalBar=4, getGsmSignalStrength()== 22
01-11 20:25:50.175 W/SignalStrength(503): getGsmLevel=4
01-11 20:25:50.175 W/SignalStrength(503): getLevel=4 (SignalStrength: 22 255 -120 -160 -120 -1 -1 99 2147483647 -32767 2147483647 -32767 gsm|lte 4)
01-11 20:25:51.885 D/dalvikvm(25285): GC_CONCURRENT freed 7361K, 28% free 24312K/33699K, paused 4ms+19ms
01-11 20:25:52.185 W/SignalStrength(503): getGsmLevel. this.mGsmSignalBar=4, getGsmSignalStrength()== 19
01-11 20:25:52.185 W/SignalStrength(503): getGsmLevel=4
01-11 20:25:52.185 W/SignalStrength(503): getLevel=4 (SignalStrength: 19 255 -120 -160 -120 -1 -1 99 2147483647 -32767 2147483647 -32767 gsm|lte 4)
01-11 20:25:52.185 W/SignalStrength(503): getGsmLevel. this.mGsmSignalBar=4, getGsmSignalStrength()== 22
01-11 20:25:52.185 W/SignalStrength(503): getGsmLevel=4
01-11 20:25:52.185 W/SignalStrength(503): getLevel=4 (SignalStrength: 22 255 -120 -160 -120 -1 -1 99 2147483647 -32767 2147483647 -32767 gsm|lte 4)
01-11 20:25:53.185 W/SignalStrength(503): getGsmLevel. this.mGsmSignalBar=4, getGsmSignalStrength()== 19
01-11 20:25:53.185 W/SignalStrength(503): getGsmLevel=4
01-11 20:25:53.185 W/SignalStrength(503): getLevel=4 (SignalStrength: 19 255 -120 -160 -120 -1 -1 99 2147483647 -32767 2147483647 -32767 gsm|lte 4)
01-11 20:25:53.185 W/SignalStrength(503): getGsmLevel. this.mGsmSignalBar=4, getGsmSignalStrength()== 22
01-11 20:25:53.185 W/SignalStrength(503): getGsmLevel=4
01-11 20:25:53.185 W/SignalStrength(503): getLevel=4 (SignalStrength: 22 255 -120 -160 -120 -1 -1 99 2147483647 -32767 2147483647 -32767 gsm|lte 4)
01-11 20:25:55.145 D/dalvikvm(25285): GC_CONCURRENT freed 7327K, 28% free 24314K/33699K, paused 4ms+18ms
01-11 20:25:55.185 W/SignalStrength(503): getGsmLevel. this.mGsmSignalBar=4, getGsmSignalStrength()== 19
01-11 20:25:55.185 W/SignalStrength(503): getGsmLevel=4
01-11 20:25:55.185 W/SignalStrength(503): getLevel=4 (SignalStrength: 19 255 -120 -160 -120 -1 -1 99 2147483647 -32767 2147483647 -32767 gsm|lte 4)
01-11 20:25:55.185 W/SignalStrength(503): getGsmLevel. this.mGsmSignalBar=4, getGsmSignalStrength()== 22
01-11 20:25:55.185 W/SignalStrength(503): getGsmLevel=4
01-11 20:25:55.185 W/SignalStrength(503): getLevel=4 (SignalStrength: 22 255 -120 -160 -120 -1 -1 99 2147483647 -32767 2147483647 -32767 gsm|lte 4)
01-11 20:25:56.185 W/SignalStrength(503): getGsmLevel. this.mGsmSignalBar=4, getGsmSignalStrength()== 19
01-11 20:25:56.185 W/SignalStrength(503): getGsmLevel=4
01-11 20:25:56.185 W/SignalStrength(503): getLevel=4 (SignalStrength: 19 255 -120 -160 -120 -1 -1 99 2147483647 -32767 2147483647 -32767 gsm|lte 4)
01-11 20:25:56.185 W/SignalStrength(503): getGsmLevel. this.mGsmSignalBar=4, getGsmSignalStrength()== 22
01-11 20:25:56.185 W/SignalStrength(503): getGsmLevel=4
01-11 20:25:56.185 W/SignalStrength(503): getLevel=4 (SignalStrength: 22 255 -120 -160 -120 -1 -1 99 2147483647 -32767 2147483647 -32767 gsm|lte 4)
01-11 20:25:58.195 W/SignalStrength(503): getGsmLevel. this.mGsmSignalBar=4, getGsmSignalStrength()== 19
01-11 20:25:58.195 W/SignalStrength(503): getGsmLevel=4
01-11 20:25:58.195 W/SignalStrength(503): getLevel=4 (SignalStrength: 19 255 -120 -160 -120 -1 -1 99 2147483647 -32767 2147483647 -32767 gsm|lte 4)
01-11 20:25:58.195 W/SignalStrength(503): getGsmLevel. this.mGsmSignalBar=4, getGsmSignalStrength()== 22
01-11 20:25:58.195 W/SignalStrength(503): getGsmLevel=4
01-11 20:25:58.195 W/SignalStrength(503): getLevel=4 (SignalStrength: 22 255 -120 -160 -120 -1 -1 99 2147483647 -32767 2147483647 -32767 gsm|lte 4)
01-11 20:25:58.295 D/dalvikvm(25285): GC_CONCURRENT freed 7335K, 28% free 24309K/33699K, paused 4ms+18ms
01-11 20:25:59.195 W/SignalStrength(503): getGsmLevel. this.mGsmSignalBar=4, getGsmSignalStrength()== 19
01-11 20:25:59.195 W/SignalStrength(503): getGsmLevel=4
01-11 20:25:59.195 W/SignalStrength(503): getLevel=4 (SignalStrength: 19 255 -120 -160 -120 -1 -1 99 2147483647 -32767 2147483647 -32767 gsm|lte 4)
01-11 20:25:59.195 W/SignalStrength(503): getGsmLevel. this.mGsmSignalBar=4, getGsmSignalStrength()== 22
01-11 20:25:59.195 W/SignalStrength(503): getGsmLevel=4
01-11 20:25:59.195 W/SignalStrength(503): getLevel=4 (SignalStrength: 22 255 -120 -160 -120 -1 -1 99 2147483647 -32767 2147483647 -32767 gsm|lte 4)
01-11 20:25:59.575 I/NRFW    (1229): profile=wifi
01-11 20:25:59.595 I/NRFW    (1229): serverip=103.235.47.88 localIp=10.0.8.1
01-11 20:25:59.995 E/AlarmManagerService(377): android_server_AlarmManagerService_set to type=3, 112373.492000000
01-11 20:25:59.995 D/KeyguardUpdateMonitor(377): received broadcast android.intent.action.TIME_TICK
01-11 20:25:59.995 D/KeyguardUpdateMonitor(377): handleTimeUpdate
01-11 20:26:01.195 W/SignalStrength(503): getGsmLevel. this.mGsmSignalBar=4, getGsmSignalStrength()== 19
01-11 20:26:01.195 W/SignalStrength(503): getGsmLevel=4
01-11 20:26:01.195 W/SignalStrength(503): getLevel=4 (SignalStrength: 19 255 -120 -160 -120 -1 -1 99 2147483647 -32767 2147483647 -32767 gsm|lte 4)
01-11 20:26:01.195 W/SignalStrength(503): getGsmLevel. this.mGsmSignalBar=4, getGsmSignalStrength()== 22
01-11 20:26:01.195 W/SignalStrength(503): getGsmLevel=4
01-11 20:26:01.195 W/SignalStrength(503): getLevel=4 (SignalStrength: 22 255 -120 -160 -120 -1 -1 99 2147483647 -32767 2147483647 -32767 gsm|lte 4)
01-11 20:26:01.595 D/dalvikvm(25285): GC_CONCURRENT freed 7322K, 28% free 24314K/33699K, paused 4ms+19ms
01-11 20:26:02.205 W/SignalStrength(503): getGsmLevel. this.mGsmSignalBar=4, getGsmSignalStrength()== 19
01-11 20:26:02.205 W/SignalStrength(503): getGsmLevel=4
01-11 20:26:02.205 W/SignalStrength(503): getLevel=4 (SignalStrength: 19 255 -120 -160 -120 -1 -1 99 2147483647 -32767 2147483647 -32767 gsm|lte 4)
01-11 20:26:02.205 W/SignalStrength(503): getGsmLevel. this.mGsmSignalBar=4, getGsmSignalStrength()== 22
01-11 20:26:02.205 W/SignalStrength(503): getGsmLevel=4
01-11 20:26:02.205 W/SignalStrength(503): getLevel=4 (SignalStrength: 22 255 -120 -160 -120 -1 -1 99 2147483647 -32767 2147483647 -32767 gsm|lte 4)
01-11 20:26:02.645 I/NRFW    (1229): profile=wifi
01-11 20:26:02.665 I/NRFW    (1229): serverip=103.235.47.88 localIp=10.0.8.1
01-11 20:26:04.125 D/KeyguardUpdateMonitor(377): received broadcast android.intent.action.BATTERY_CHANGED
01-11 20:26:04.125 D/KeyguardUpdateMonitor(377): handleBatteryUpdate
01-11 20:26:04.215 W/SignalStrength(503): getGsmLevel. this.mGsmSignalBar=4, getGsmSignalStrength()== 19
01-11 20:26:04.215 W/SignalStrength(503): getGsmLevel=4
01-11 20:26:04.215 W/SignalStrength(503): getLevel=4 (SignalStrength: 19 255 -120 -160 -120 -1 -1 99 2147483647 -32767 2147483647 -32767 gsm|lte 4)
01-11 20:26:04.215 W/SignalStrength(503): getGsmLevel. this.mGsmSignalBar=4, getGsmSignalStrength()== 22
01-11 20:26:04.215 W/SignalStrength(503): getGsmLevel=4
01-11 20:26:04.215 W/SignalStrength(503): getLevel=4 (SignalStrength: 22 255 -120 -160 -120 -1 -1 99 2147483647 -32767 2147483647 -32767 gsm|lte 4)
01-11 20:26:05.055 D/dalvikvm(25285): GC_CONCURRENT freed 7313K, 28% free 24323K/33699K, paused 5ms+18ms
01-11 20:26:05.215 W/SignalStrength(503): getGsmLevel. this.mGsmSignalBar=4, getGsmSignalStrength()== 19
01-11 20:26:05.215 W/SignalStrength(503): getGsmLevel=4
01-11 20:26:05.215 W/SignalStrength(503): getLevel=4 (SignalStrength: 19 255 -120 -160 -120 -1 -1 99 2147483647 -32767 2147483647 -32767 gsm|lte 4)
01-11 20:26:05.215 W/SignalStrength(503): getGsmLevel. this.mGsmSignalBar=4, getGsmSignalStrength()== 22
01-11 20:26:05.215 W/SignalStrength(503): getGsmLevel=4
01-11 20:26:05.215 W/SignalStrength(503): getLevel=4 (SignalStrength: 22 255 -120 -160 -120 -1 -1 99 2147483647 -32767 2147483647 -32767 gsm|lte 4)
01-11 20:26:07.225 W/SignalStrength(503): getGsmLevel. this.mGsmSignalBar=4, getGsmSignalStrength()== 19
01-11 20:26:07.225 W/SignalStrength(503): getGsmLevel=4
01-11 20:26:07.225 W/SignalStrength(503): getLevel=4 (SignalStrength: 19 255 -120 -160 -120 -1 -1 99 2147483647 -32767 2147483647 -32767 gsm|lte 4)
01-11 20:26:07.225 W/SignalStrength(503): getGsmLevel. this.mGsmSignalBar=4, getGsmSignalStrength()== 22
01-11 20:26:07.225 W/SignalStrength(503): getGsmLevel=4
01-11 20:26:07.225 W/SignalStrength(503): getLevel=4 (SignalStrength: 22 255 -120 -160 -120 -1 -1 99 2147483647 -32767 2147483647 -32767 gsm|lte 4)
01-11 20:26:07.415 D/plugin  (684): getDefaultSubscription()
01-11 20:26:07.415 E/MSimTelephonyManager(24146): MSimTelephonyManager sRegistryMsim != null
01-11 20:26:07.425 I/NRFW    (1229): profile=wifi
01-11 20:26:07.435 I/NRFW    (1229): serverip=180.76.3.90 localIp=10.0.8.1
01-11 20:26:07.465 I/DNS     (1229): 180.76.3.90 h_errno=1
01-11 20:26:08.225 W/SignalStrength(503): getGsmLevel. this.mGsmSignalBar=4, getGsmSignalStrength()== 19
01-11 20:26:08.225 W/SignalStrength(503): getGsmLevel=4
01-11 20:26:08.225 W/SignalStrength(503): getLevel=4 (SignalStrength: 19 255 -120 -160 -120 -1 -1 99 2147483647 -32767 2147483647 -32767 gsm|lte 4)
01-11 20:26:08.225 W/SignalStrength(503): getGsmLevel. this.mGsmSignalBar=4, getGsmSignalStrength()== 22
01-11 20:26:08.225 W/SignalStrength(503): getGsmLevel=4
01-11 20:26:08.225 W/SignalStrength(503): getLevel=4 (SignalStrength: 22 255 -120 -160 -120 -1 -1 99 2147483647 -32767 2147483647 -32767 gsm|lte 4)
01-11 20:26:08.665 I/NRFW    (1229): serverip=103.235.47.88 localIp=10.0.8.1
01-11 20:26:08.735 D/dalvikvm(25285): GC_CONCURRENT freed 7297K, 28% free 24359K/33699K, paused 4ms+32ms
01-11 20:26:10.225 W/SignalStrength(503): getGsmLevel. this.mGsmSignalBar=4, getGsmSignalStrength()== 19
01-11 20:26:10.225 W/SignalStrength(503): getGsmLevel=4
01-11 20:26:10.225 W/SignalStrength(503): getLevel=4 (SignalStrength: 19 255 -120 -160 -120 -1 -1 99 2147483647 -32767 2147483647 -32767 gsm|lte 4)
01-11 20:26:10.225 W/SignalStrength(503): getGsmLevel. this.mGsmSignalBar=4, getGsmSignalStrength()== 22
01-11 20:26:10.225 W/SignalStrength(503): getGsmLevel=4
01-11 20:26:10.225 W/SignalStrength(503): getLevel=4 (SignalStrength: 22 255 -120 -160 -120 -1 -1 99 2147483647 -32767 2147483647 -32767 gsm|lte 4)
01-11 20:26:10.445 I/NRFW    (1229): profile=wifi
01-11 20:26:10.465 I/NRFW    (1229): serverip=180.76.3.90 localIp=10.0.8.1
01-11 20:26:12.225 W/SignalStrength(503): getGsmLevel. this.mGsmSignalBar=4, getGsmSignalStrength()== 19
01-11 20:26:12.225 W/SignalStrength(503): getGsmLevel=4
01-11 20:26:12.225 W/SignalStrength(503): getLevel=4 (SignalStrength: 19 255 -120 -160 -120 -1 -1 99 2147483647 -32767 2147483647 -32767 gsm|lte 4)
01-11 20:26:12.225 W/SignalStrength(503): getGsmLevel. this.mGsmSignalBar=4, getGsmSignalStrength()== 22
01-11 20:26:12.225 W/SignalStrength(503): getGsmLevel=4
01-11 20:26:12.225 W/SignalStrength(503): getLevel=4 (SignalStrength: 22 255 -120 -160 -120 -1 -1 99 2147483647 -32767 2147483647 -32767 gsm|lte 4)
01-11 20:26:12.375 D/dalvikvm(25285): GC_CONCURRENT freed 7332K, 28% free 24371K/33699K, paused 3ms+19ms
01-11 20:26:13.235 W/SignalStrength(503): getGsmLevel. this.mGsmSignalBar=4, getGsmSignalStrength()== 19
01-11 20:26:13.235 W/SignalStrength(503): getGsmLevel=4
01-11 20:26:13.235 W/SignalStrength(503): getLevel=4 (SignalStrength: 19 255 -120 -160 -120 -1 -1 99 2147483647 -32767 2147483647 -32767 gsm|lte 4)
01-11 20:26:13.235 W/SignalStrength(503): getGsmLevel. this.mGsmSignalBar=4, getGsmSignalStrength()== 22
01-11 20:26:13.235 W/SignalStrength(503): getGsmLevel=4
01-11 20:26:13.235 W/SignalStrength(503): getLevel=4 (SignalStrength: 22 255 -120 -160 -120 -1 -1 99 2147483647 -32767 2147483647 -32767 gsm|lte 4)
01-11 20:26:14.235 W/SignalStrength(503): getGsmLevel. this.mGsmSignalBar=4, getGsmSignalStrength()== 19
01-11 20:26:14.235 W/SignalStrength(503): getGsmLevel=4
01-11 20:26:14.235 W/SignalStrength(503): getLevel=4 (SignalStrength: 19 255 -120 -160 -120 -1 -1 99 2147483647 -32767 2147483647 -32767 gsm|lte 4)
01-11 20:26:14.235 W/SignalStrength(503): getGsmLevel. this.mGsmSignalBar=4, getGsmSignalStrength()== 22
01-11 20:26:14.235 W/SignalStrength(503): getGsmLevel=4
01-11 20:26:14.235 W/SignalStrength(503): getLevel=4 (SignalStrength: 22 255 -120 -160 -120 -1 -1 99 2147483647 -32767 2147483647 -32767 gsm|lte 4)
01-11 20:26:15.955 D/dalvikvm(25285): GC_CONCURRENT freed 7363K, 28% free 24357K/33699K, paused 4ms+19ms
01-11 20:26:15.975 D/Tethering(377): interfaceLinkStateChanged wlan0, true
01-11 20:26:15.975 D/Tethering(377): interfaceStatusChanged wlan0, true
01-11 20:26:16.235 W/SignalStrength(503): getGsmLevel. this.mGsmSignalBar=4, getGsmSignalStrength()== 19
01-11 20:26:16.235 W/SignalStrength(503): getGsmLevel=4
01-11 20:26:16.235 W/SignalStrength(503): getLevel=4 (SignalStrength: 19 255 -120 -160 -120 -1 -1 99 2147483647 -32767 2147483647 -32767 gsm|lte 4)
01-11 20:26:16.235 W/SignalStrength(503): getGsmLevel. this.mGsmSignalBar=4, getGsmSignalStrength()== 22
01-11 20:26:16.235 W/SignalStrength(503): getGsmLevel=4
01-11 20:26:16.235 W/SignalStrength(503): getLevel=4 (SignalStrength: 22 255 -120 -160 -120 -1 -1 99 2147483647 -32767 2147483647 -32767 gsm|lte 4)
01-11 20:26:16.465 I/NRFW    (1229): profile=wifi
01-11 20:26:16.485 I/NRFW    (1229): serverip=180.76.3.90 localIp=10.0.8.1
01-11 20:26:17.235 W/SignalStrength(503): getGsmLevel. this.mGsmSignalBar=4, getGsmSignalStrength()== 19
01-11 20:26:17.235 W/SignalStrength(503): getGsmLevel=4
01-11 20:26:17.235 W/SignalStrength(503): getLevel=4 (SignalStrength: 19 255 -120 -160 -120 -1 -1 99 2147483647 -32767 2147483647 -32767 gsm|lte 4)
01-11 20:26:17.235 W/SignalStrength(503): getGsmLevel. this.mGsmSignalBar=4, getGsmSignalStrength()== 22
01-11 20:26:17.235 W/SignalStrength(503): getGsmLevel=4
01-11 20:26:17.235 W/SignalStrength(503): getLevel=4 (SignalStrength: 22 255 -120 -160 -120 -1 -1 99 2147483647 -32767 2147483647 -32767 gsm|lte 4)
01-11 20:26:19.065 I/NRFW    (1229): profile=wifi
01-11 20:26:19.125 E/AlarmManagerService(377): android_server_AlarmManagerService_set to type=3, 112414.364000000
01-11 20:26:19.245 W/SignalStrength(503): getGsmLevel. this.mGsmSignalBar=4, getGsmSignalStrength()== 19
01-11 20:26:19.245 W/SignalStrength(503): getGsmLevel=4
01-11 20:26:19.245 W/SignalStrength(503): getLevel=4 (SignalStrength: 19 255 -120 -160 -120 -1 -1 99 2147483647 -32767 2147483647 -32767 gsm|lte 4)
01-11 20:26:19.245 W/SignalStrength(503): getGsmLevel. this.mGsmSignalBar=4, getGsmSignalStrength()== 22
01-11 20:26:19.245 W/SignalStrength(503): getGsmLevel=4
01-11 20:26:19.245 W/SignalStrength(503): getLevel=4 (SignalStrength: 22 255 -120 -160 -120 -1 -1 99 2147483647 -32767 2147483647 -32767 gsm|lte 4)
01-11 20:26:19.645 D/dalvikvm(25285): GC_CONCURRENT freed 7344K, 28% free 24357K/33699K, paused 3ms+19ms
01-11 20:26:20.245 W/SignalStrength(503): getGsmLevel. this.mGsmSignalBar=4, getGsmSignalStrength()== 19
01-11 20:26:20.245 W/SignalStrength(503): getGsmLevel=4
01-11 20:26:20.245 W/SignalStrength(503): getLevel=4 (SignalStrength: 19 255 -120 -160 -120 -1 -1 99 2147483647 -32767 2147483647 -32767 gsm|lte 4)
01-11 20:26:20.245 W/SignalStrength(503): getGsmLevel. this.mGsmSignalBar=4, getGsmSignalStrength()== 22
01-11 20:26:20.245 W/SignalStrength(503): getGsmLevel=4
01-11 20:26:20.245 W/SignalStrength(503): getLevel=4 (SignalStrength: 22 255 -120 -160 -120 -1 -1 99 2147483647 -32767 2147483647 -32767 gsm|lte 4)
01-11 20:26:21.695 E/AlarmManagerService(377): android_server_AlarmManagerService_set to type=0, 1484162832.619000000
01-11 20:26:22.155 I/NRFW    (1229): profile=wifi
01-11 20:26:22.255 W/SignalStrength(503): getGsmLevel. this.mGsmSignalBar=4, getGsmSignalStrength()== 19
01-11 20:26:22.255 W/SignalStrength(503): getGsmLevel=4
01-11 20:26:22.255 W/SignalStrength(503): getLevel=4 (SignalStrength: 19 255 -120 -160 -120 -1 -1 99 2147483647 -32767 2147483647 -32767 gsm|lte 4)
01-11 20:26:22.255 W/SignalStrength(503): getGsmLevel. this.mGsmSignalBar=4, getGsmSignalStrength()== 22
01-11 20:26:22.255 W/SignalStrength(503): getGsmLevel=4
01-11 20:26:22.255 W/SignalStrength(503): getLevel=4 (SignalStrength: 22 255 -120 -160 -120 -1 -1 99 2147483647 -32767 2147483647 -32767 gsm|lte 4)
01-11 20:26:23.005 I/NRFW    (1229): serverip=103.235.47.88 localIp=10.0.8.1
01-11 20:26:23.065 I/DNS     (1229): 103.235.47.88 h_errno=1
01-11 20:26:23.095 I/DNS     (1229): 112.80.248.171 h_errno=1
01-11 20:26:23.105 D/plugin  (684): getDefaultSubscription()
01-11 20:26:23.115 I/DNS     (1229): 112.80.248.171 h_errno=1
01-11 20:26:23.845 D/dalvikvm(377): GC_EXPLICIT freed 1293K, 49% free 15250K/29731K, paused 6ms+27ms
01-11 20:26:23.885 D/dalvikvm(25285): GC_CONCURRENT freed 7358K, 28% free 24343K/33699K, paused 4ms+53ms
01-11 20:26:24.175 D/KeyguardUpdateMonitor(377): received broadcast android.intent.action.BATTERY_CHANGED
01-11 20:26:24.175 D/KeyguardUpdateMonitor(377): handleBatteryUpdate
01-11 20:26:26.025 I/NRFW    (1229): profile=wifi
01-11 20:26:26.035 I/NRFW    (1229): serverip=103.235.47.88 localIp=10.0.8.1
01-11 20:26:27.265 W/SignalStrength(503): getGsmLevel. this.mGsmSignalBar=4, getGsmSignalStrength()== 19
01-11 20:26:27.265 W/SignalStrength(503): getGsmLevel=4
01-11 20:26:27.265 W/SignalStrength(503): getLevel=4 (SignalStrength: 19 255 -120 -160 -120 -1 -1 99 2147483647 -32767 2147483647 -32767 gsm|lte 4)
01-11 20:26:27.265 W/SignalStrength(503): getGsmLevel. this.mGsmSignalBar=4, getGsmSignalStrength()== 22
01-11 20:26:27.265 W/SignalStrength(503): getGsmLevel=4
01-11 20:26:27.265 W/SignalStrength(503): getLevel=4 (SignalStrength: 22 255 -120 -160 -120 -1 -1 99 2147483647 -32767 2147483647 -32767 gsm|lte 4)
01-11 20:26:27.615 D/dalvikvm(25285): GC_CONCURRENT freed 7334K, 28% free 24349K/33699K, paused 4ms+19ms
01-11 20:26:28.265 W/SignalStrength(503): getGsmLevel. this.mGsmSignalBar=4, getGsmSignalStrength()== 19
01-11 20:26:28.265 W/SignalStrength(503): getGsmLevel=4
01-11 20:26:28.265 W/SignalStrength(503): getLevel=4 (SignalStrength: 19 255 -120 -160 -120 -1 -1 99 2147483647 -32767 2147483647 -32767 gsm|lte 4)
01-11 20:26:28.265 W/SignalStrength(503): getGsmLevel. this.mGsmSignalBar=4, getGsmSignalStrength()== 22
01-11 20:26:28.265 W/SignalStrength(503): getGsmLevel=4
01-11 20:26:28.265 W/SignalStrength(503): getLevel=4 (SignalStrength: 22 255 -120 -160 -120 -1 -1 99 2147483647 -32767 2147483647 -32767 gsm|lte 4)
01-11 20:26:29.265 W/SignalStrength(503): getGsmLevel. this.mGsmSignalBar=4, getGsmSignalStrength()== 19
01-11 20:26:29.265 W/SignalStrength(503): getGsmLevel=4
01-11 20:26:29.265 W/SignalStrength(503): getLevel=4 (SignalStrength: 19 255 -120 -160 -120 -1 -1 99 2147483647 -32767 2147483647 -32767 gsm|lte 4)
01-11 20:26:29.265 W/SignalStrength(503): getGsmLevel. this.mGsmSignalBar=4, getGsmSignalStrength()== 22
01-11 20:26:29.265 W/SignalStrength(503): getGsmLevel=4
01-11 20:26:29.265 W/SignalStrength(503): getLevel=4 (SignalStrength: 22 255 -120 -160 -120 -1 -1 99 2147483647 -32767 2147483647 -32767 gsm|lte 4)
01-11 20:26:30.985 D/Tethering(377): interfaceLinkStateChanged wlan0, true
01-11 20:26:30.985 D/Tethering(377): interfaceStatusChanged wlan0, true
01-11 20:26:31.035 D/dalvikvm(25285): GC_CONCURRENT freed 7356K, 28% free 24334K/33699K, paused 4ms+22ms
01-11 20:26:31.265 W/SignalStrength(503): getGsmLevel. this.mGsmSignalBar=4, getGsmSignalStrength()== 19
01-11 20:26:31.265 W/SignalStrength(503): getGsmLevel=4
01-11 20:26:31.265 W/SignalStrength(503): getLevel=4 (SignalStrength: 19 255 -120 -160 -120 -1 -1 99 2147483647 -32767 2147483647 -32767 gsm|lte 4)
01-11 20:26:31.265 W/SignalStrength(503): getGsmLevel. this.mGsmSignalBar=4, getGsmSignalStrength()== 22
01-11 20:26:31.265 W/SignalStrength(503): getGsmLevel=4
01-11 20:26:31.265 W/SignalStrength(503): getLevel=4 (SignalStrength: 22 255 -120 -160 -120 -1 -1 99 2147483647 -32767 2147483647 -32767 gsm|lte 4)
01-11 20:26:32.045 I/NRFW    (1229): profile=wifi
01-11 20:26:32.075 I/NRFW    (1229): serverip=103.235.47.88 localIp=10.0.8.1
01-11 20:26:32.265 W/SignalStrength(503): getGsmLevel. this.mGsmSignalBar=4, getGsmSignalStrength()== 19
01-11 20:26:32.265 W/SignalStrength(503): getGsmLevel=4
01-11 20:26:32.265 W/SignalStrength(503): getLevel=4 (SignalStrength: 19 255 -120 -160 -120 -1 -1 99 2147483647 -32767 2147483647 -32767 gsm|lte 4)
01-11 20:26:32.265 W/SignalStrength(503): getGsmLevel. this.mGsmSignalBar=4, getGsmSignalStrength()== 22
01-11 20:26:32.265 W/SignalStrength(503): getGsmLevel=4
01-11 20:26:32.265 W/SignalStrength(503): getLevel=4 (SignalStrength: 22 255 -120 -160 -120 -1 -1 99 2147483647 -32767 2147483647 -32767 gsm|lte 4)
01-11 20:26:34.275 W/SignalStrength(503): getGsmLevel. this.mGsmSignalBar=4, getGsmSignalStrength()== 19
01-11 20:26:34.275 W/SignalStrength(503): getGsmLevel=4
01-11 20:26:34.275 W/SignalStrength(503): getLevel=4 (SignalStrength: 19 255 -120 -160 -120 -1 -1 99 2147483647 -32767 2147483647 -32767 gsm|lte 4)
01-11 20:26:34.275 W/SignalStrength(503): getGsmLevel. this.mGsmSignalBar=4, getGsmSignalStrength()== 22
01-11 20:26:34.275 W/SignalStrength(503): getGsmLevel=4
01-11 20:26:34.275 W/SignalStrength(503): getLevel=4 (SignalStrength: 22 255 -120 -160 -120 -1 -1 99 2147483647 -32767 2147483647 -32767 gsm|lte 4)
01-11 20:26:34.675 D/dalvikvm(25285): GC_CONCURRENT freed 7331K, 28% free 24338K/33699K, paused 3ms+21ms
01-11 20:26:35.275 W/SignalStrength(503): getGsmLevel. this.mGsmSignalBar=4, getGsmSignalStrength()== 19
01-11 20:26:35.275 W/SignalStrength(503): getGsmLevel=4
01-11 20:26:35.275 W/SignalStrength(503): getLevel=4 (SignalStrength: 19 255 -120 -160 -120 -1 -1 99 2147483647 -32767 2147483647 -32767 gsm|lte 4)
01-11 20:26:35.275 W/SignalStrength(503): getGsmLevel. this.mGsmSignalBar=4, getGsmSignalStrength()== 22
01-11 20:26:35.275 W/SignalStrength(503): getGsmLevel=4
01-11 20:26:35.275 W/SignalStrength(503): getLevel=4 (SignalStrength: 22 255 -120 -160 -120 -1 -1 99 2147483647 -32767 2147483647 -32767 gsm|lte 4)
01-11 20:26:37.275 W/SignalStrength(503): getGsmLevel. this.mGsmSignalBar=4, getGsmSignalStrength()== 19
01-11 20:26:37.275 W/SignalStrength(503): getGsmLevel=4
01-11 20:26:37.275 W/SignalStrength(503): getLevel=4 (SignalStrength: 19 255 -120 -160 -120 -1 -1 99 2147483647 -32767 2147483647 -32767 gsm|lte 4)
01-11 20:26:37.275 W/SignalStrength(503): getGsmLevel. this.mGsmSignalBar=4, getGsmSignalStrength()== 22
01-11 20:26:37.275 W/SignalStrength(503): getGsmLevel=4
01-11 20:26:37.275 W/SignalStrength(503): getLevel=4 (SignalStrength: 22 255 -120 -160 -120 -1 -1 99 2147483647 -32767 2147483647 -32767 gsm|lte 4)
01-11 20:26:38.065 D/dalvikvm(25285): GC_CONCURRENT freed 7334K, 28% free 24342K/33699K, paused 3ms+19ms
01-11 20:26:38.275 W/SignalStrength(503): getGsmLevel. this.mGsmSignalBar=4, getGsmSignalStrength()== 19
01-11 20:26:38.275 W/SignalStrength(503): getGsmLevel=4
01-11 20:26:38.275 W/SignalStrength(503): getLevel=4 (SignalStrength: 19 255 -120 -160 -120 -1 -1 99 2147483647 -32767 2147483647 -32767 gsm|lte 4)
01-11 20:26:38.275 W/SignalStrength(503): getGsmLevel. this.mGsmSignalBar=4, getGsmSignalStrength()== 22
01-11 20:26:38.275 W/SignalStrength(503): getGsmLevel=4
01-11 20:26:38.275 W/SignalStrength(503): getLevel=4 (SignalStrength: 22 255 -120 -160 -120 -1 -1 99 2147483647 -32767 2147483647 -32767 gsm|lte 4)
01-11 20:26:40.285 W/SignalStrength(503): getGsmLevel. this.mGsmSignalBar=4, getGsmSignalStrength()== 19
01-11 20:26:40.285 W/SignalStrength(503): getGsmLevel=4
01-11 20:26:40.285 W/SignalStrength(503): getLevel=4 (SignalStrength: 19 255 -120 -160 -120 -1 -1 99 2147483647 -32767 2147483647 -32767 gsm|lte 4)
01-11 20:26:40.285 W/SignalStrength(503): getGsmLevel. this.mGsmSignalBar=4, getGsmSignalStrength()== 22
01-11 20:26:40.285 W/SignalStrength(503): getGsmLevel=4
01-11 20:26:40.285 W/SignalStrength(503): getLevel=4 (SignalStrength: 22 255 -120 -160 -120 -1 -1 99 2147483647 -32767 2147483647 -32767 gsm|lte 4)
01-11 20:26:41.285 W/SignalStrength(503): getGsmLevel. this.mGsmSignalBar=4, getGsmSignalStrength()== 19
01-11 20:26:41.285 W/SignalStrength(503): getGsmLevel=4
01-11 20:26:41.285 W/SignalStrength(503): getLevel=4 (SignalStrength: 19 255 -120 -160 -120 -1 -1 99 2147483647 -32767 2147483647 -32767 gsm|lte 4)
01-11 20:26:41.285 W/SignalStrength(503): getGsmLevel. this.mGsmSignalBar=4, getGsmSignalStrength()== 22
01-11 20:26:41.285 W/SignalStrength(503): getGsmLevel=4
01-11 20:26:41.285 W/SignalStrength(503): getLevel=4 (SignalStrength: 22 255 -120 -160 -120 -1 -1 99 2147483647 -32767 2147483647 -32767 gsm|lte 4)
01-11 20:26:41.485 D/dalvikvm(25285): GC_CONCURRENT freed 7353K, 28% free 24324K/33699K, paused 4ms+19ms
01-11 20:26:43.285 W/SignalStrength(503): getGsmLevel. this.mGsmSignalBar=4, getGsmSignalStrength()== 19
01-11 20:26:43.285 W/SignalStrength(503): getGsmLevel=4
01-11 20:26:43.285 W/SignalStrength(503): getLevel=4 (SignalStrength: 19 255 -120 -160 -120 -1 -1 99 2147483647 -32767 2147483647 -32767 gsm|lte 4)
01-11 20:26:43.285 W/SignalStrength(503): getGsmLevel. this.mGsmSignalBar=4, getGsmSignalStrength()== 22
01-11 20:26:43.285 W/SignalStrength(503): getGsmLevel=4
01-11 20:26:43.285 W/SignalStrength(503): getLevel=4 (SignalStrength: 22 255 -120 -160 -120 -1 -1 99 2147483647 -32767 2147483647 -32767 gsm|lte 4)
01-11 20:26:44.195 D/KeyguardUpdateMonitor(377): received broadcast android.intent.action.BATTERY_CHANGED
01-11 20:26:44.195 D/KeyguardUpdateMonitor(377): handleBatteryUpdate
01-11 20:26:44.285 W/SignalStrength(503): getGsmLevel. this.mGsmSignalBar=4, getGsmSignalStrength()== 19
01-11 20:26:44.285 W/SignalStrength(503): getGsmLevel=4
01-11 20:26:44.285 W/SignalStrength(503): getLevel=4 (SignalStrength: 19 255 -120 -160 -120 -1 -1 99 2147483647 -32767 2147483647 -32767 gsm|lte 4)
01-11 20:26:44.285 W/SignalStrength(503): getGsmLevel. this.mGsmSignalBar=4, getGsmSignalStrength()== 22
01-11 20:26:44.285 W/SignalStrength(503): getGsmLevel=4
01-11 20:26:44.295 W/SignalStrength(503): getLevel=4 (SignalStrength: 22 255 -120 -160 -120 -1 -1 99 2147483647 -32767 2147483647 -32767 gsm|lte 4)
01-11 20:26:44.835 D/dalvikvm(25285): GC_CONCURRENT freed 7330K, 28% free 24327K/33699K, paused 6ms+19ms
01-11 20:26:46.305 W/SignalStrength(503): getGsmLevel. this.mGsmSignalBar=4, getGsmSignalStrength()== 19
01-11 20:26:46.305 W/SignalStrength(503): getGsmLevel=4
01-11 20:26:46.305 W/SignalStrength(503): getLevel=4 (SignalStrength: 19 255 -120 -160 -120 -1 -1 99 2147483647 -32767 2147483647 -32767 gsm|lte 4)
01-11 20:26:46.305 W/SignalStrength(503): getGsmLevel. this.mGsmSignalBar=4, getGsmSignalStrength()== 22
01-11 20:26:46.305 W/SignalStrength(503): getGsmLevel=4
01-11 20:26:46.305 W/SignalStrength(503): getLevel=4 (SignalStrength: 22 255 -120 -160 -120 -1 -1 99 2147483647 -32767 2147483647 -32767 gsm|lte 4)
01-11 20:26:46.365 I/NRFW    (1229): profile=wifi
01-11 20:26:46.385 I/NRFW    (1229): serverip=103.235.47.88 localIp=10.0.8.1
01-11 20:26:47.305 W/SignalStrength(503): getGsmLevel. this.mGsmSignalBar=4, getGsmSignalStrength()== 19
01-11 20:26:47.305 W/SignalStrength(503): getGsmLevel=4
01-11 20:26:47.305 W/SignalStrength(503): getLevel=4 (SignalStrength: 19 255 -120 -160 -120 -1 -1 99 2147483647 -32767 2147483647 -32767 gsm|lte 4)
01-11 20:26:47.305 W/SignalStrength(503): getGsmLevel. this.mGsmSignalBar=4, getGsmSignalStrength()== 22
01-11 20:26:47.305 W/SignalStrength(503): getGsmLevel=4
01-11 20:26:47.305 W/SignalStrength(503): getLevel=4 (SignalStrength: 22 255 -120 -160 -120 -1 -1 99 2147483647 -32767 2147483647 -32767 gsm|lte 4)
01-11 20:26:48.105 D/dalvikvm(25285): GC_CONCURRENT freed 7345K, 28% free 24316K/33699K, paused 4ms+19ms
01-11 20:26:49.305 W/SignalStrength(503): getGsmLevel. this.mGsmSignalBar=4, getGsmSignalStrength()== 19
01-11 20:26:49.305 W/SignalStrength(503): getGsmLevel=4
01-11 20:26:49.305 W/SignalStrength(503): getLevel=4 (SignalStrength: 19 255 -120 -160 -120 -1 -1 99 2147483647 -32767 2147483647 -32767 gsm|lte 4)
01-11 20:26:49.305 W/SignalStrength(503): getGsmLevel. this.mGsmSignalBar=4, getGsmSignalStrength()== 22
01-11 20:26:49.305 W/SignalStrength(503): getGsmLevel=4
01-11 20:26:49.315 W/SignalStrength(503): getLevel=4 (SignalStrength: 22 255 -120 -160 -120 -1 -1 99 2147483647 -32767 2147483647 -32767 gsm|lte 4)
01-11 20:26:49.425 I/NRFW    (1229): profile=wifi
01-11 20:26:49.445 I/NRFW    (1229): serverip=103.235.47.88 localIp=10.0.8.1
01-11 20:26:50.315 W/SignalStrength(503): getGsmLevel. this.mGsmSignalBar=4, getGsmSignalStrength()== 19
01-11 20:26:50.315 W/SignalStrength(503): getGsmLevel=4
01-11 20:26:50.315 W/SignalStrength(503): getLevel=4 (SignalStrength: 19 255 -120 -160 -120 -1 -1 99 2147483647 -32767 2147483647 -32767 gsm|lte 4)
01-11 20:26:50.315 W/SignalStrength(503): getGsmLevel. this.mGsmSignalBar=4, getGsmSignalStrength()== 22
01-11 20:26:50.315 W/SignalStrength(503): getGsmLevel=4
01-11 20:26:50.315 W/SignalStrength(503): getLevel=4 (SignalStrength: 22 255 -120 -160 -120 -1 -1 99 2147483647 -32767 2147483647 -32767 gsm|lte 4)
01-11 20:26:51.565 D/dalvikvm(25285): GC_CONCURRENT freed 7336K, 28% free 24308K/33699K, paused 3ms+19ms
01-11 20:26:52.315 W/SignalStrength(503): getGsmLevel. this.mGsmSignalBar=4, getGsmSignalStrength()== 19
01-11 20:26:52.315 W/SignalStrength(503): getGsmLevel=4
01-11 20:26:52.315 W/SignalStrength(503): getLevel=4 (SignalStrength: 19 255 -120 -160 -120 -1 -1 99 2147483647 -32767 2147483647 -32767 gsm|lte 4)
01-11 20:26:52.315 W/SignalStrength(503): getGsmLevel. this.mGsmSignalBar=4, getGsmSignalStrength()== 22
01-11 20:26:52.315 W/SignalStrength(503): getGsmLevel=4
01-11 20:26:52.315 W/SignalStrength(503): getLevel=4 (SignalStrength: 22 255 -120 -160 -120 -1 -1 99 2147483647 -32767 2147483647 -32767 gsm|lte 4)
01-11 20:26:53.315 W/SignalStrength(503): getGsmLevel. this.mGsmSignalBar=4, getGsmSignalStrength()== 19
01-11 20:26:53.315 W/SignalStrength(503): getGsmLevel=4
01-11 20:26:53.315 W/SignalStrength(503): getLevel=4 (SignalStrength: 19 255 -120 -160 -120 -1 -1 99 2147483647 -32767 2147483647 -32767 gsm|lte 4)
01-11 20:26:53.315 W/SignalStrength(503): getGsmLevel. this.mGsmSignalBar=4, getGsmSignalStrength()== 22
01-11 20:26:53.315 W/SignalStrength(503): getGsmLevel=4
01-11 20:26:53.315 W/SignalStrength(503): getLevel=4 (SignalStrength: 22 255 -120 -160 -120 -1 -1 99 2147483647 -32767 2147483647 -32767 gsm|lte 4)
01-11 20:26:54.985 D/dalvikvm(25285): GC_CONCURRENT freed 7320K, 28% free 24316K/33699K, paused 3ms+18ms
01-11 20:26:55.325 W/SignalStrength(503): getGsmLevel. this.mGsmSignalBar=4, getGsmSignalStrength()== 19
01-11 20:26:55.325 W/SignalStrength(503): getGsmLevel=4
01-11 20:26:55.325 W/SignalStrength(503): getLevel=4 (SignalStrength: 19 255 -120 -160 -120 -1 -1 99 2147483647 -32767 2147483647 -32767 gsm|lte 4)
01-11 20:26:55.325 W/SignalStrength(503): getGsmLevel. this.mGsmSignalBar=4, getGsmSignalStrength()== 22
01-11 20:26:55.325 W/SignalStrength(503): getGsmLevel=4
01-11 20:26:55.325 W/SignalStrength(503): getLevel=4 (SignalStrength: 22 255 -120 -160 -120 -1 -1 99 2147483647 -32767 2147483647 -32767 gsm|lte 4)
01-11 20:26:55.445 I/NRFW    (1229): profile=wifi
01-11 20:26:55.465 I/NRFW    (1229): serverip=103.235.47.88 localIp=10.0.8.1
01-11 20:26:55.485 I/DNS     (1229): 103.235.47.88 h_errno=1
01-11 20:26:55.515 I/DNS     (1229): 112.80.248.171 h_errno=1
01-11 20:26:55.525 I/DNS     (1229): 112.80.248.171 h_errno=1
01-11 20:26:56.325 W/SignalStrength(503): getGsmLevel. this.mGsmSignalBar=4, getGsmSignalStrength()== 19
01-11 20:26:56.325 W/SignalStrength(503): getGsmLevel=4
01-11 20:26:56.325 W/SignalStrength(503): getLevel=4 (SignalStrength: 19 255 -120 -160 -120 -1 -1 99 2147483647 -32767 2147483647 -32767 gsm|lte 4)
01-11 20:26:56.325 W/SignalStrength(503): getGsmLevel. this.mGsmSignalBar=4, getGsmSignalStrength()== 22
01-11 20:26:56.325 W/SignalStrength(503): getGsmLevel=4
01-11 20:26:56.325 W/SignalStrength(503): getLevel=4 (SignalStrength: 22 255 -120 -160 -120 -1 -1 99 2147483647 -32767 2147483647 -32767 gsm|lte 4)
01-11 20:26:57.585 D/plugin  (684): getDefaultSubscription()
01-11 20:26:57.595 E/MSimTelephonyManager(24146): MSimTelephonyManager sRegistryMsim != null
01-11 20:26:57.625 I/NRFW    (1229): serverip=180.76.3.90 localIp=10.0.8.1
01-11 20:26:57.645 I/DNS     (1229): 180.76.3.90 h_errno=1
01-11 20:26:58.325 W/SignalStrength(503): getGsmLevel. this.mGsmSignalBar=4, getGsmSignalStrength()== 19
01-11 20:26:58.325 W/SignalStrength(503): getGsmLevel=4
01-11 20:26:58.325 W/SignalStrength(503): getLevel=4 (SignalStrength: 19 255 -120 -160 -120 -1 -1 99 2147483647 -32767 2147483647 -32767 gsm|lte 4)
01-11 20:26:58.325 W/SignalStrength(503): getGsmLevel. this.mGsmSignalBar=4, getGsmSignalStrength()== 22
01-11 20:26:58.325 W/SignalStrength(503): getGsmLevel=4
01-11 20:26:58.325 W/SignalStrength(503): getLevel=4 (SignalStrength: 22 255 -120 -160 -120 -1 -1 99 2147483647 -32767 2147483647 -32767 gsm|lte 4)
01-11 20:26:58.485 D/dalvikvm(25285): GC_CONCURRENT freed 7321K, 28% free 24325K/33699K, paused 6ms+18ms
01-11 20:26:59.325 W/SignalStrength(503): getGsmLevel. this.mGsmSignalBar=4, getGsmSignalStrength()== 19
01-11 20:26:59.325 W/SignalStrength(503): getGsmLevel=4
01-11 20:26:59.325 W/SignalStrength(503): getLevel=4 (SignalStrength: 19 255 -120 -160 -120 -1 -1 99 2147483647 -32767 2147483647 -32767 gsm|lte 4)
01-11 20:26:59.325 W/SignalStrength(503): getGsmLevel. this.mGsmSignalBar=4, getGsmSignalStrength()== 22
01-11 20:26:59.325 W/SignalStrength(503): getGsmLevel=4
01-11 20:26:59.325 W/SignalStrength(503): getLevel=4 (SignalStrength: 22 255 -120 -160 -120 -1 -1 99 2147483647 -32767 2147483647 -32767 gsm|lte 4)
01-11 20:26:59.995 E/AlarmManagerService(377): android_server_AlarmManagerService_set to type=3, 112433.503000000
01-11 20:26:59.995 D/KeyguardUpdateMonitor(377): received broadcast android.intent.action.TIME_TICK
01-11 20:26:59.995 D/KeyguardUpdateMonitor(377): handleTimeUpdate
01-11 20:27:00.645 I/NRFW    (1229): profile=wifi
01-11 20:27:00.665 I/NRFW    (1229): serverip=180.76.3.90 localIp=10.0.8.1
01-11 20:27:01.335 W/SignalStrength(503): getGsmLevel. this.mGsmSignalBar=4, getGsmSignalStrength()== 19
01-11 20:27:01.335 W/SignalStrength(503): getGsmLevel=4
01-11 20:27:01.335 W/SignalStrength(503): getLevel=4 (SignalStrength: 19 255 -120 -160 -120 -1 -1 99 2147483647 -32767 2147483647 -32767 gsm|lte 4)
01-11 20:27:01.335 W/SignalStrength(503): getGsmLevel. this.mGsmSignalBar=4, getGsmSignalStrength()== 22
01-11 20:27:01.335 W/SignalStrength(503): getGsmLevel=4
01-11 20:27:01.335 W/SignalStrength(503): getLevel=4 (SignalStrength: 22 255 -120 -160 -120 -1 -1 99 2147483647 -32767 2147483647 -32767 gsm|lte 4)
01-11 20:27:02.055 D/dalvikvm(25285): GC_CONCURRENT freed 7330K, 28% free 24328K/33699K, paused 4ms+19ms
01-11 20:27:03.335 W/SignalStrength(503): getGsmLevel. this.mGsmSignalBar=4, getGsmSignalStrength()== 19
01-11 20:27:03.335 W/SignalStrength(503): getGsmLevel=4
01-11 20:27:03.335 W/SignalStrength(503): getLevel=4 (SignalStrength: 19 255 -120 -160 -120 -1 -1 99 2147483647 -32767 2147483647 -32767 gsm|lte 4)
01-11 20:27:03.335 W/SignalStrength(503): getGsmLevel. this.mGsmSignalBar=4, getGsmSignalStrength()== 22
01-11 20:27:03.335 W/SignalStrength(503): getGsmLevel=4
01-11 20:27:03.335 W/SignalStrength(503): getLevel=4 (SignalStrength: 22 255 -120 -160 -120 -1 -1 99 2147483647 -32767 2147483647 -32767 gsm|lte 4)
01-11 20:27:04.245 D/KeyguardUpdateMonitor(377): received broadcast android.intent.action.BATTERY_CHANGED
01-11 20:27:04.245 D/KeyguardUpdateMonitor(377): handleBatteryUpdate
01-11 20:27:04.335 W/SignalStrength(503): getGsmLevel. this.mGsmSignalBar=4, getGsmSignalStrength()== 19
01-11 20:27:04.335 W/SignalStrength(503): getGsmLevel=4
01-11 20:27:04.335 W/SignalStrength(503): getLevel=4 (SignalStrength: 19 255 -120 -160 -120 -1 -1 99 2147483647 -32767 2147483647 -32767 gsm|lte 4)
01-11 20:27:04.335 W/SignalStrength(503): getGsmLevel. this.mGsmSignalBar=4, getGsmSignalStrength()== 22
01-11 20:27:04.335 W/SignalStrength(503): getGsmLevel=4
01-11 20:27:04.335 W/SignalStrength(503): getLevel=4 (SignalStrength: 22 255 -120 -160 -120 -1 -1 99 2147483647 -32767 2147483647 -32767 gsm|lte 4)
01-11 20:27:05.335 W/SignalStrength(503): getGsmLevel. this.mGsmSignalBar=4, getGsmSignalStrength()== 19
01-11 20:27:05.335 W/SignalStrength(503): getGsmLevel=4
01-11 20:27:05.335 W/SignalStrength(503): getLevel=4 (SignalStrength: 19 255 -120 -160 -120 -1 -1 99 2147483647 -32767 2147483647 -32767 gsm|lte 4)
01-11 20:27:05.335 W/SignalStrength(503): getGsmLevel. this.mGsmSignalBar=4, getGsmSignalStrength()== 22
01-11 20:27:05.335 W/SignalStrength(503): getGsmLevel=4
01-11 20:27:05.335 W/SignalStrength(503): getLevel=4 (SignalStrength: 22 255 -120 -160 -120 -1 -1 99 2147483647 -32767 2147483647 -32767 gsm|lte 4)
01-11 20:27:05.395 D/dalvikvm(25285): GC_CONCURRENT freed 7347K, 28% free 24315K/33699K, paused 5ms+24ms
01-11 20:27:06.665 I/NRFW    (1229): profile=wifi
01-11 20:27:06.685 I/NRFW    (1229): serverip=180.76.3.90 localIp=10.0.8.1
01-11 20:27:07.345 W/SignalStrength(503): getGsmLevel. this.mGsmSignalBar=4, getGsmSignalStrength()== 19
01-11 20:27:07.345 W/SignalStrength(503): getGsmLevel=4
01-11 20:27:07.345 W/SignalStrength(503): getLevel=4 (SignalStrength: 19 255 -120 -160 -120 -1 -1 99 2147483647 -32767 2147483647 -32767 gsm|lte 4)
01-11 20:27:07.345 W/SignalStrength(503): getGsmLevel. this.mGsmSignalBar=4, getGsmSignalStrength()== 22
01-11 20:27:07.345 W/SignalStrength(503): getGsmLevel=4
01-11 20:27:07.345 W/SignalStrength(503): getLevel=4 (SignalStrength: 22 255 -120 -160 -120 -1 -1 99 2147483647 -32767 2147483647 -32767 gsm|lte 4)
01-11 20:27:08.345 W/SignalStrength(503): getGsmLevel. this.mGsmSignalBar=4, getGsmSignalStrength()== 19
01-11 20:27:08.345 W/SignalStrength(503): getGsmLevel=4
01-11 20:27:08.345 W/SignalStrength(503): getLevel=4 (SignalStrength: 19 255 -120 -160 -120 -1 -1 99 2147483647 -32767 2147483647 -32767 gsm|lte 4)
01-11 20:27:08.345 W/SignalStrength(503): getGsmLevel. this.mGsmSignalBar=4, getGsmSignalStrength()== 22
01-11 20:27:08.345 W/SignalStrength(503): getGsmLevel=4
01-11 20:27:08.345 W/SignalStrength(503): getLevel=4 (SignalStrength: 22 255 -120 -160 -120 -1 -1 99 2147483647 -32767 2147483647 -32767 gsm|lte 4)
01-11 20:27:08.685 D/dalvikvm(25285): GC_CONCURRENT freed 7337K, 28% free 24308K/33699K, paused 3ms+18ms
01-11 20:27:09.585 I/NRFW    (1229): profile=wifi
01-11 20:27:09.605 I/NRFW    (1229): serverip=103.235.47.88 localIp=10.0.8.1
01-11 20:27:10.345 W/SignalStrength(503): getGsmLevel. this.mGsmSignalBar=4, getGsmSignalStrength()== 19
01-11 20:27:10.345 W/SignalStrength(503): getGsmLevel=4
01-11 20:27:10.345 W/SignalStrength(503): getLevel=4 (SignalStrength: 19 255 -120 -160 -120 -1 -1 99 2147483647 -32767 2147483647 -32767 gsm|lte 4)
01-11 20:27:10.345 W/SignalStrength(503): getGsmLevel. this.mGsmSignalBar=4, getGsmSignalStrength()== 22
01-11 20:27:10.345 W/SignalStrength(503): getGsmLevel=4
01-11 20:27:10.345 W/SignalStrength(503): getLevel=4 (SignalStrength: 22 255 -120 -160 -120 -1 -1 99 2147483647 -32767 2147483647 -32767 gsm|lte 4)
01-11 20:27:11.345 W/SignalStrength(503): getGsmLevel. this.mGsmSignalBar=4, getGsmSignalStrength()== 19
01-11 20:27:11.345 W/SignalStrength(503): getGsmLevel=4
01-11 20:27:11.345 W/SignalStrength(503): getLevel=4 (SignalStrength: 19 255 -120 -160 -120 -1 -1 99 2147483647 -32767 2147483647 -32767 gsm|lte 4)
01-11 20:27:11.345 W/SignalStrength(503): getGsmLevel. this.mGsmSignalBar=4, getGsmSignalStrength()== 22
01-11 20:27:11.345 W/SignalStrength(503): getGsmLevel=4
01-11 20:27:11.345 W/SignalStrength(503): getLevel=4 (SignalStrength: 22 255 -120 -160 -120 -1 -1 99 2147483647 -32767 2147483647 -32767 gsm|lte 4)
01-11 20:27:11.725 D/dalvikvm(25285): GC_CONCURRENT freed 7343K, 28% free 24286K/33699K, paused 5ms+18ms
01-11 20:27:12.105 D/Tethering(377): interfaceLinkStateChanged wlan0, true
01-11 20:27:12.105 D/Tethering(377): interfaceStatusChanged wlan0, true
01-11 20:27:12.615 E/AlarmManagerService(377): android_server_AlarmManagerService_set to type=0, 1484164222.838000000
01-11 20:27:12.645 I/NRFW    (1229): profile=wifi
01-11 20:27:12.695 I/NRFW    (1229): serverip=103.235.47.88 localIp=10.0.8.1
01-11 20:27:13.075 I/EventLogChimeraService(1728): Aggregate from 1484161032509 (log), 1484161032509 (data)
01-11 20:27:13.355 W/SignalStrength(503): getGsmLevel. this.mGsmSignalBar=4, getGsmSignalStrength()== 19
01-11 20:27:13.355 W/SignalStrength(503): getGsmLevel=4
01-11 20:27:13.355 W/SignalStrength(503): getLevel=4 (SignalStrength: 19 255 -120 -160 -120 -1 -1 99 2147483647 -32767 2147483647 -32767 gsm|lte 4)
01-11 20:27:13.355 W/SignalStrength(503): getGsmLevel. this.mGsmSignalBar=4, getGsmSignalStrength()== 22
01-11 20:27:13.355 W/SignalStrength(503): getGsmLevel=4
