01-11 20:38:23.725 D/SignalClusterView(503): wifi: VISIBLE sig=2130837743 act=2130837721
01-11 20:38:23.725 D/SignalClusterView(503): mobile1: VISIBLE sig=2130837717 act=0 typ=2130837666
01-11 20:38:23.725 D/SignalClusterView(503): mobile2: VISIBLE sig=2130837711 act=0 typ=2130837666
01-11 20:38:23.725 D/StatusBar-NetworkControllerDS(503): changing data overlay icon id to 2130837721
01-11 20:38:25.615 D/KeyguardUpdateMonitor(377): received broadcast android.intent.action.BATTERY_CHANGED
01-11 20:38:25.615 D/KeyguardUpdateMonitor(377): handleBatteryUpdate
01-11 20:38:25.615 D/BatteryService(377): update start
01-11 20:38:25.615 D/BatteryService(377): level:29 scale:100 status:3 health:2 present:true voltage: 3726 temperature: 240 technology: Li-ion AC powered:false USB powered:false icon:17303167 invalid charger:0
01-11 20:38:25.615 D/ThermistorObserver(377): mBatteryBRForAMOLED : onReceive() : newTemperature : 240
01-11 20:38:25.615 V/UiModeManager(377): updateLocked, mLastBroadcastState =0 , oldAction = null
01-11 20:38:25.625 D/STATUSBAR-BatteryController(503): onReceive() - ACTION_BATTERY_CHANGED
01-11 20:38:25.625 D/STATUSBAR-BatteryController(503): onReceive() - level:29
01-11 20:38:25.625 D/STATUSBAR-BatteryController(503): onReceive() - plugged:0
01-11 20:38:25.625 D/STATUSBAR-BatteryController(503): onReceive() - BATTERY_STATUS_DISCHARGING: stat_sys_battery
01-11 20:38:25.625 D/STATUSBAR-PhoneStatusBar(503): ACTION_BATTERY_CHANGED
01-11 20:38:25.625 D/STATUSBAR-PhoneStatusBar(503): NORMAL_BATTERY
01-11 20:38:25.625 D/PowerUI (503): getBatteryOnline : battery online file not found
01-11 20:38:25.725 W/SignalStrength(503): getGsmLevel. this.mGsmSignalBar=4, getGsmSignalStrength()== 19
01-11 20:38:25.725 W/SignalStrength(503): getGsmLevel=4
01-11 20:38:25.725 W/SignalStrength(503): getLevel=4 (SignalStrength: 19 255 -120 -160 -120 -1 -1 99 2147483647 -32767 2147483647 -32767 gsm|lte 4)
01-11 20:38:25.725 W/SignalStrength(503): getGsmLevel. this.mGsmSignalBar=4, getGsmSignalStrength()== 25
01-11 20:38:25.725 W/SignalStrength(503): getGsmLevel=4
01-11 20:38:25.725 W/SignalStrength(503): getLevel=4 (SignalStrength: 25 255 -120 -160 -120 -1 -1 99 2147483647 -32767 2147483647 -32767 gsm|lte 4)
01-11 20:38:25.725 D/StatusBar-NetworkControllerDS(503): refreshViews connected={ wifi } level=4|4 combinedSignalIconId=0x7f0200ef/com.android.systemui:drawable/stat_sys_wifi_signal_4 combinedActivityIconId=0x7f0200d8 mAirplaneMode=false mDataActivity1=0 mDataActivity2=0 mPhoneSignalIconId1=0x7f0200d5 mPhoneSignalIconId2=0x7f0200cf mLastPhoneSignalIconId1=0x7f0200d5 mLastPhoneSignalIconId2=0x7f0200cf mDataDirectionIconId1=0x0 mDataDirectionIconId2=0x0 mDataSignalIconId1=0x7f0200d5 mDataSignalIconId2=0x7f0200cf mDataTypeIconId1=0x7f0200a2 mDataTypeIconId2=0x7f0200a2 mWifiIconId=0x7f0200ef mRoamingIconId1=0x0 mRoamingIconId2=0x0 mBluetoothTetherIconId=0x10806ce
01-11 20:38:25.725 D/SignalClusterView(503): wifi: VISIBLE sig=2130837743 act=2130837720
01-11 20:38:25.725 D/SignalClusterView(503): mobile1: VISIBLE sig=2130837717 act=0 typ=2130837666
01-11 20:38:25.725 D/SignalClusterView(503): mobile2: VISIBLE sig=2130837711 act=0 typ=2130837666
01-11 20:38:25.725 D/SignalClusterView(503): wifi: VISIBLE sig=2130837743 act=2130837720
01-11 20:38:25.725 D/SignalClusterView(503): mobile1: VISIBLE sig=2130837717 act=0 typ=2130837666
01-11 20:38:25.725 D/SignalClusterView(503): mobile2: VISIBLE sig=2130837711 act=0 typ=2130837666
01-11 20:38:25.725 D/SignalClusterView(503): wifi: VISIBLE sig=2130837743 act=2130837720
01-11 20:38:25.725 D/SignalClusterView(503): mobile1: VISIBLE sig=2130837717 act=0 typ=2130837666
01-11 20:38:25.725 D/SignalClusterView(503): mobile2: VISIBLE sig=2130837711 act=0 typ=2130837666
01-11 20:38:25.725 D/StatusBar-NetworkControllerDS(503): changing data overlay icon id to 2130837720
01-11 20:38:26.725 W/SignalStrength(503): getGsmLevel. this.mGsmSignalBar=4, getGsmSignalStrength()== 19
01-11 20:38:26.725 W/SignalStrength(503): getGsmLevel=4
01-11 20:38:26.725 W/SignalStrength(503): getLevel=4 (SignalStrength: 19 255 -120 -160 -120 -1 -1 99 2147483647 -32767 2147483647 -32767 gsm|lte 4)
01-11 20:38:26.725 W/SignalStrength(503): getGsmLevel. this.mGsmSignalBar=4, getGsmSignalStrength()== 25
01-11 20:38:26.725 W/SignalStrength(503): getGsmLevel=4
01-11 20:38:26.725 W/SignalStrength(503): getLevel=4 (SignalStrength: 25 255 -120 -160 -120 -1 -1 99 2147483647 -32767 2147483647 -32767 gsm|lte 4)
01-11 20:38:26.725 D/StatusBar-NetworkControllerDS(503): refreshViews connected={ wifi } level=4|4 combinedSignalIconId=0x7f0200ef/com.android.systemui:drawable/stat_sys_wifi_signal_4 combinedActivityIconId=0x7f0200d9 mAirplaneMode=false mDataActivity1=0 mDataActivity2=0 mPhoneSignalIconId1=0x7f0200d5 mPhoneSignalIconId2=0x7f0200cf mLastPhoneSignalIconId1=0x7f0200d5 mLastPhoneSignalIconId2=0x7f0200cf mDataDirectionIconId1=0x0 mDataDirectionIconId2=0x0 mDataSignalIconId1=0x7f0200d5 mDataSignalIconId2=0x7f0200cf mDataTypeIconId1=0x7f0200a2 mDataTypeIconId2=0x7f0200a2 mWifiIconId=0x7f0200ef mRoamingIconId1=0x0 mRoamingIconId2=0x0 mBluetoothTetherIconId=0x10806ce
01-11 20:38:26.725 D/SignalClusterView(503): wifi: VISIBLE sig=2130837743 act=2130837721
01-11 20:38:26.725 D/SignalClusterView(503): mobile1: VISIBLE sig=2130837717 act=0 typ=2130837666
01-11 20:38:26.725 D/SignalClusterView(503): mobile2: VISIBLE sig=2130837711 act=0 typ=2130837666
01-11 20:38:26.725 D/SignalClusterView(503): wifi: VISIBLE sig=2130837743 act=2130837721
01-11 20:38:26.725 D/SignalClusterView(503): mobile1: VISIBLE sig=2130837717 act=0 typ=2130837666
01-11 20:38:26.725 D/SignalClusterView(503): mobile2: VISIBLE sig=2130837711 act=0 typ=2130837666
01-11 20:38:26.725 D/SignalClusterView(503): wifi: VISIBLE sig=2130837743 act=2130837721
01-11 20:38:26.725 D/SignalClusterView(503): mobile1: VISIBLE sig=2130837717 act=0 typ=2130837666
01-11 20:38:26.725 D/SignalClusterView(503): mobile2: VISIBLE sig=2130837711 act=0 typ=2130837666
01-11 20:38:26.725 D/StatusBar-NetworkControllerDS(503): changing data overlay icon id to 2130837721
01-11 20:38:27.725 W/SignalStrength(503): getGsmLevel. this.mGsmSignalBar=4, getGsmSignalStrength()== 19
01-11 20:38:27.725 W/SignalStrength(503): getGsmLevel=4
01-11 20:38:27.725 W/SignalStrength(503): getLevel=4 (SignalStrength: 19 255 -120 -160 -120 -1 -1 99 2147483647 -32767 2147483647 -32767 gsm|lte 4)
01-11 20:38:27.725 W/SignalStrength(503): getGsmLevel. this.mGsmSignalBar=4, getGsmSignalStrength()== 25
01-11 20:38:27.725 W/SignalStrength(503): getGsmLevel=4
01-11 20:38:27.725 W/SignalStrength(503): getLevel=4 (SignalStrength: 25 255 -120 -160 -120 -1 -1 99 2147483647 -32767 2147483647 -32767 gsm|lte 4)
01-11 20:38:27.725 D/StatusBar-NetworkControllerDS(503): refreshViews connected={ wifi } level=4|4 combinedSignalIconId=0x7f0200ef/com.android.systemui:drawable/stat_sys_wifi_signal_4 combinedActivityIconId=0x7f0200d8 mAirplaneMode=false mDataActivity1=0 mDataActivity2=0 mPhoneSignalIconId1=0x7f0200d5 mPhoneSignalIconId2=0x7f0200cf mLastPhoneSignalIconId1=0x7f0200d5 mLastPhoneSignalIconId2=0x7f0200cf mDataDirectionIconId1=0x0 mDataDirectionIconId2=0x0 mDataSignalIconId1=0x7f0200d5 mDataSignalIconId2=0x7f0200cf mDataTypeIconId1=0x7f0200a2 mDataTypeIconId2=0x7f0200a2 mWifiIconId=0x7f0200ef mRoamingIconId1=0x0 mRoamingIconId2=0x0 mBluetoothTetherIconId=0x10806ce
01-11 20:38:27.725 D/SignalClusterView(503): wifi: VISIBLE sig=2130837743 act=2130837720
01-11 20:38:27.725 D/SignalClusterView(503): mobile1: VISIBLE sig=2130837717 act=0 typ=2130837666
01-11 20:38:27.725 D/SignalClusterView(503): mobile2: VISIBLE sig=2130837711 act=0 typ=2130837666
01-11 20:38:27.725 D/SignalClusterView(503): wifi: VISIBLE sig=2130837743 act=2130837720
01-11 20:38:27.725 D/SignalClusterView(503): mobile1: VISIBLE sig=2130837717 act=0 typ=2130837666
01-11 20:38:27.725 D/SignalClusterView(503): mobile2: VISIBLE sig=2130837711 act=0 typ=2130837666
01-11 20:38:27.725 D/SignalClusterView(503): wifi: VISIBLE sig=2130837743 act=2130837720
01-11 20:38:27.725 D/SignalClusterView(503): mobile1: VISIBLE sig=2130837717 act=0 typ=2130837666
01-11 20:38:27.725 D/SignalClusterView(503): mobile2: VISIBLE sig=2130837711 act=0 typ=2130837666
01-11 20:38:27.725 D/StatusBar-NetworkControllerDS(503): changing data overlay icon id to 2130837720
01-11 20:38:27.785 I/NRFW    (1229): profile=wifi
01-11 20:38:27.875 E/k9      (24225): Got exception while idling for sven_wittig@web.de:Entwurf/Thread-1136
01-11 20:38:27.875 E/k9      (24225): javax.net.ssl.SSLException: Read error: ssl=0xc33140: I/O error during system call, Connection reset by peer
01-11 20:38:27.875 E/k9      (24225): 	at org.apache.harmony.xnet.provider.jsse.NativeCrypto.SSL_read(Native Method)
01-11 20:38:27.875 E/k9      (24225): 	at org.apache.harmony.xnet.provider.jsse.OpenSSLSocketImpl$SSLInputStream.read(OpenSSLSocketImpl.java:671)
01-11 20:38:27.875 E/k9      (24225): 	at java.io.InputStream.read(InputStream.java:163)
01-11 20:38:27.875 E/k9      (24225): 	at java.io.BufferedInputStream.fillbuf(BufferedInputStream.java:142)
01-11 20:38:27.875 E/k9      (24225): 	at java.io.BufferedInputStream.read(BufferedInputStream.java:227)
01-11 20:38:27.875 E/k9      (24225): 	at com.fsck.k9.mail.filter.PeekableInputStream.peek(PeekableInputStream.java:36)
01-11 20:38:27.875 E/k9      (24225): 	at com.fsck.k9.mail.store.imap.ImapResponseParser.readResponse(ImapResponseParser.java:38)
01-11 20:38:27.875 E/k9      (24225): 	at com.fsck.k9.mail.store.imap.ImapResponseParser.readResponse(ImapResponseParser.java:30)
01-11 20:38:27.875 E/k9      (24225): 	at com.fsck.k9.mail.store.imap.ImapResponseParser.readStatusResponse(ImapResponseParser.java:88)
01-11 20:38:27.875 E/k9      (24225): 	at com.fsck.k9.mail.store.imap.ImapConnection.readStatusResponse(ImapConnection.java:635)
01-11 20:38:27.875 E/k9      (24225): 	at com.fsck.k9.mail.store.imap.ImapFolderPusher$PushRunnable.sendIdle(ImapFolderPusher.java:310)
01-11 20:38:27.875 E/k9      (24225): 	at com.fsck.k9.mail.store.imap.ImapFolderPusher$PushRunnable.run(ImapFolderPusher.java:188)
01-11 20:38:27.875 E/k9      (24225): 	at java.lang.Thread.run(Thread.java:856)
01-11 20:38:27.895 E/AlarmManagerService(377): android_server_AlarmManagerService_set to type=0, 1484163512.884000000
01-11 20:38:27.895 W/AlarmManager(377): FACTORY_ON= 0
01-11 20:38:28.335 E/k9      (24225): Got exception while idling for sven_wittig@web.de:INBOX/Thread-1137
01-11 20:38:28.335 E/k9      (24225): javax.net.ssl.SSLException: Read error: ssl=0xabf6d0: I/O error during system call, Connection reset by peer
01-11 20:38:28.335 E/k9      (24225): 	at org.apache.harmony.xnet.provider.jsse.NativeCrypto.SSL_read(Native Method)
01-11 20:38:28.335 E/k9      (24225): 	at org.apache.harmony.xnet.provider.jsse.OpenSSLSocketImpl$SSLInputStream.read(OpenSSLSocketImpl.java:671)
01-11 20:38:28.335 E/k9      (24225): 	at java.io.InputStream.read(InputStream.java:163)
01-11 20:38:28.335 E/k9      (24225): 	at java.io.BufferedInputStream.fillbuf(BufferedInputStream.java:142)
01-11 20:38:28.335 E/k9      (24225): 	at java.io.BufferedInputStream.read(BufferedInputStream.java:227)
01-11 20:38:28.335 E/k9      (24225): 	at com.fsck.k9.mail.filter.PeekableInputStream.peek(PeekableInputStream.java:36)
01-11 20:38:28.335 E/k9      (24225): 	at com.fsck.k9.mail.store.imap.ImapResponseParser.readResponse(ImapResponseParser.java:38)
01-11 20:38:28.335 E/k9      (24225): 	at com.fsck.k9.mail.store.imap.ImapResponseParser.readResponse(ImapResponseParser.java:30)
01-11 20:38:28.335 E/k9      (24225): 	at com.fsck.k9.mail.store.imap.ImapResponseParser.readStatusResponse(ImapResponseParser.java:88)
01-11 20:38:28.335 E/k9      (24225): 	at com.fsck.k9.mail.store.imap.ImapConnection.readStatusResponse(ImapConnection.java:635)
01-11 20:38:28.335 E/k9      (24225): 	at com.fsck.k9.mail.store.imap.ImapFolderPusher$PushRunnable.sendIdle(ImapFolderPusher.java:310)
01-11 20:38:28.335 E/k9      (24225): 	at com.fsck.k9.mail.store.imap.ImapFolderPusher$PushRunnable.run(ImapFolderPusher.java:188)
01-11 20:38:28.335 E/k9      (24225): 	at java.lang.Thread.run(Thread.java:856)
01-11 20:38:28.355 W/AlarmManager(377): FACTORY_ON= 0
01-11 20:38:28.505 E/k9      (24225): Got exception while idling for starship02@gmx.de:INBOX/Thread-1141
01-11 20:38:28.505 E/k9      (24225): javax.net.ssl.SSLException: Read error: ssl=0xd02dd8: I/O error during system call, Connection reset by peer
01-11 20:38:28.505 E/k9      (24225): 	at org.apache.harmony.xnet.provider.jsse.NativeCrypto.SSL_read(Native Method)
01-11 20:38:28.505 E/k9      (24225): 	at org.apache.harmony.xnet.provider.jsse.OpenSSLSocketImpl$SSLInputStream.read(OpenSSLSocketImpl.java:671)
01-11 20:38:28.505 E/k9      (24225): 	at java.io.InputStream.read(InputStream.java:163)
01-11 20:38:28.505 E/k9      (24225): 	at java.io.BufferedInputStream.fillbuf(BufferedInputStream.java:142)
01-11 20:38:28.505 E/k9      (24225): 	at java.io.BufferedInputStream.read(BufferedInputStream.java:227)
01-11 20:38:28.505 E/k9      (24225): 	at com.fsck.k9.mail.filter.PeekableInputStream.peek(PeekableInputStream.java:36)
01-11 20:38:28.505 E/k9      (24225): 	at com.fsck.k9.mail.store.imap.ImapResponseParser.readResponse(ImapResponseParser.java:38)
01-11 20:38:28.505 E/k9      (24225): 	at com.fsck.k9.mail.store.imap.ImapResponseParser.readResponse(ImapResponseParser.java:30)
01-11 20:38:28.505 E/k9      (24225): 	at com.fsck.k9.mail.store.imap.ImapResponseParser.readStatusResponse(ImapResponseParser.java:88)
01-11 20:38:28.505 E/k9      (24225): 	at com.fsck.k9.mail.store.imap.ImapConnection.readStatusResponse(ImapConnection.java:635)
01-11 20:38:28.505 E/k9      (24225): 	at com.fsck.k9.mail.store.imap.ImapFolderPusher$PushRunnable.sendIdle(ImapFolderPusher.java:310)
01-11 20:38:28.505 E/k9      (24225): 	at com.fsck.k9.mail.store.imap.ImapFolderPusher$PushRunnable.run(ImapFolderPusher.java:188)
01-11 20:38:28.505 E/k9      (24225): 	at java.lang.Thread.run(Thread.java:856)
01-11 20:38:28.515 W/AlarmManager(377): FACTORY_ON= 0
01-11 20:38:28.725 W/SignalStrength(503): getGsmLevel. this.mGsmSignalBar=4, getGsmSignalStrength()== 19
01-11 20:38:28.725 W/SignalStrength(503): getGsmLevel=4
01-11 20:38:28.725 W/SignalStrength(503): getLevel=4 (SignalStrength: 19 255 -120 -160 -120 -1 -1 99 2147483647 -32767 2147483647 -32767 gsm|lte 4)
01-11 20:38:28.725 W/SignalStrength(503): getGsmLevel. this.mGsmSignalBar=4, getGsmSignalStrength()== 25
01-11 20:38:28.725 W/SignalStrength(503): getGsmLevel=4
01-11 20:38:28.725 W/SignalStrength(503): getLevel=4 (SignalStrength: 25 255 -120 -160 -120 -1 -1 99 2147483647 -32767 2147483647 -32767 gsm|lte 4)
01-11 20:38:28.725 D/StatusBar-NetworkControllerDS(503): refreshViews connected={ wifi } level=4|4 combinedSignalIconId=0x7f0200ef/com.android.systemui:drawable/stat_sys_wifi_signal_4 combinedActivityIconId=0x7f0200d9 mAirplaneMode=false mDataActivity1=0 mDataActivity2=0 mPhoneSignalIconId1=0x7f0200d5 mPhoneSignalIconId2=0x7f0200cf mLastPhoneSignalIconId1=0x7f0200d5 mLastPhoneSignalIconId2=0x7f0200cf mDataDirectionIconId1=0x0 mDataDirectionIconId2=0x0 mDataSignalIconId1=0x7f0200d5 mDataSignalIconId2=0x7f0200cf mDataTypeIconId1=0x7f0200a2 mDataTypeIconId2=0x7f0200a2 mWifiIconId=0x7f0200ef mRoamingIconId1=0x0 mRoamingIconId2=0x0 mBluetoothTetherIconId=0x10806ce
01-11 20:38:28.725 D/SignalClusterView(503): wifi: VISIBLE sig=2130837743 act=2130837721
01-11 20:38:28.725 D/SignalClusterView(503): mobile1: VISIBLE sig=2130837717 act=0 typ=2130837666
01-11 20:38:28.725 D/SignalClusterView(503): mobile2: VISIBLE sig=2130837711 act=0 typ=2130837666
01-11 20:38:28.725 D/SignalClusterView(503): wifi: VISIBLE sig=2130837743 act=2130837721
01-11 20:38:28.725 D/SignalClusterView(503): mobile1: VISIBLE sig=2130837717 act=0 typ=2130837666
01-11 20:38:28.725 D/SignalClusterView(503): mobile2: VISIBLE sig=2130837711 act=0 typ=2130837666
01-11 20:38:28.725 D/SignalClusterView(503): wifi: VISIBLE sig=2130837743 act=2130837721
01-11 20:38:28.725 D/SignalClusterView(503): mobile1: VISIBLE sig=2130837717 act=0 typ=2130837666
01-11 20:38:28.725 D/SignalClusterView(503): mobile2: VISIBLE sig=2130837711 act=0 typ=2130837666
01-11 20:38:28.735 D/StatusBar-NetworkControllerDS(503): changing data overlay icon id to 2130837721
01-11 20:38:29.275 E/k9      (24225): Got exception while idling for starliner02@gmx.net:INBOX/Thread-1142
01-11 20:38:29.275 E/k9      (24225): javax.net.ssl.SSLException: Read error: ssl=0xb748e8: I/O error during system call, Connection reset by peer
01-11 20:38:29.275 E/k9      (24225): 	at org.apache.harmony.xnet.provider.jsse.NativeCrypto.SSL_read(Native Method)
01-11 20:38:29.275 E/k9      (24225): 	at org.apache.harmony.xnet.provider.jsse.OpenSSLSocketImpl$SSLInputStream.read(OpenSSLSocketImpl.java:671)
01-11 20:38:29.275 E/k9      (24225): 	at java.io.InputStream.read(InputStream.java:163)
01-11 20:38:29.275 E/k9      (24225): 	at java.io.BufferedInputStream.fillbuf(BufferedInputStream.java:142)
01-11 20:38:29.275 E/k9      (24225): 	at java.io.BufferedInputStream.read(BufferedInputStream.java:227)
01-11 20:38:29.275 E/k9      (24225): 	at com.fsck.k9.mail.filter.PeekableInputStream.peek(PeekableInputStream.java:36)
01-11 20:38:29.275 E/k9      (24225): 	at com.fsck.k9.mail.store.imap.ImapResponseParser.readResponse(ImapResponseParser.java:38)
01-11 20:38:29.275 E/k9      (24225): 	at com.fsck.k9.mail.store.imap.ImapResponseParser.readResponse(ImapResponseParser.java:30)
01-11 20:38:29.275 E/k9      (24225): 	at com.fsck.k9.mail.store.imap.ImapResponseParser.readStatusResponse(ImapResponseParser.java:88)
01-11 20:38:29.275 E/k9      (24225): 	at com.fsck.k9.mail.store.imap.ImapConnection.readStatusResponse(ImapConnection.java:635)
01-11 20:38:29.275 E/k9      (24225): 	at com.fsck.k9.mail.store.imap.ImapFolderPusher$PushRunnable.sendIdle(ImapFolderPusher.java:310)
01-11 20:38:29.275 E/k9      (24225): 	at com.fsck.k9.mail.store.imap.ImapFolderPusher$PushRunnable.run(ImapFolderPusher.java:188)
01-11 20:38:29.275 E/k9      (24225): 	at java.lang.Thread.run(Thread.java:856)
01-11 20:38:29.295 W/AlarmManager(377): FACTORY_ON= 0
01-11 20:38:30.225 I/NRFW    (1229): profile=wifi
01-11 20:38:30.235 E/k9      (24225): Got exception while idling for antaiir.antares@googlemail.com:[Google Mail]/Papierkorb/Thread-1140
01-11 20:38:30.235 E/k9      (24225): javax.net.ssl.SSLException: Read error: ssl=0xc281a0: I/O error during system call, Connection reset by peer
01-11 20:38:30.235 E/k9      (24225): 	at org.apache.harmony.xnet.provider.jsse.NativeCrypto.SSL_read(Native Method)
01-11 20:38:30.235 E/k9      (24225): 	at org.apache.harmony.xnet.provider.jsse.OpenSSLSocketImpl$SSLInputStream.read(OpenSSLSocketImpl.java:671)
01-11 20:38:30.235 E/k9      (24225): 	at java.io.InputStream.read(InputStream.java:163)
01-11 20:38:30.235 E/k9      (24225): 	at java.util.zip.InflaterInputStream.fill(InflaterInputStream.java:198)
01-11 20:38:30.235 E/k9      (24225): 	at java.util.zip.InflaterInputStream.read(InflaterInputStream.java:152)
01-11 20:38:30.235 E/k9      (24225): 	at java.io.InputStream.read(InputStream.java:163)
01-11 20:38:30.235 E/k9      (24225): 	at java.io.BufferedInputStream.fillbuf(BufferedInputStream.java:142)
01-11 20:38:30.235 E/k9      (24225): 	at java.io.BufferedInputStream.read(BufferedInputStream.java:227)
01-11 20:38:30.235 E/k9      (24225): 	at com.fsck.k9.mail.filter.PeekableInputStream.peek(PeekableInputStream.java:36)
01-11 20:38:30.235 E/k9      (24225): 	at com.fsck.k9.mail.store.imap.ImapResponseParser.readResponse(ImapResponseParser.java:38)
01-11 20:38:30.235 E/k9      (24225): 	at com.fsck.k9.mail.store.imap.ImapResponseParser.readResponse(ImapResponseParser.java:30)
01-11 20:38:30.235 E/k9      (24225): 	at com.fsck.k9.mail.store.imap.ImapResponseParser.readStatusResponse(ImapResponseParser.java:88)
01-11 20:38:30.235 E/k9      (24225): 	at com.fsck.k9.mail.store.imap.ImapConnection.readStatusResponse(ImapConnection.java:635)
01-11 20:38:30.235 E/k9      (24225): 	at com.fsck.k9.mail.store.imap.ImapFolderPusher$PushRunnable.sendIdle(ImapFolderPusher.java:310)
01-11 20:38:30.235 E/k9      (24225): 	at com.fsck.k9.mail.store.imap.ImapFolderPusher$PushRunnable.run(ImapFolderPusher.java:188)
01-11 20:38:30.235 E/k9      (24225): 	at java.lang.Thread.run(Thread.java:856)
01-11 20:38:30.245 W/AlarmManager(377): FACTORY_ON= 0
01-11 20:38:30.345 E/k9      (24225): Got exception while idling for antaiir.antares@googlemail.com:INBOX/Thread-1138
01-11 20:38:30.345 E/k9      (24225): javax.net.ssl.SSLException: Read error: ssl=0xbb2be8: I/O error during system call, Connection reset by peer
01-11 20:38:30.345 E/k9      (24225): 	at org.apache.harmony.xnet.provider.jsse.NativeCrypto.SSL_read(Native Method)
01-11 20:38:30.345 E/k9      (24225): 	at org.apache.harmony.xnet.provider.jsse.OpenSSLSocketImpl$SSLInputStream.read(OpenSSLSocketImpl.java:671)
01-11 20:38:30.345 E/k9      (24225): 	at java.io.InputStream.read(InputStream.java:163)
01-11 20:38:30.345 E/k9      (24225): 	at java.util.zip.InflaterInputStream.fill(InflaterInputStream.java:198)
01-11 20:38:30.345 E/k9      (24225): 	at java.util.zip.InflaterInputStream.read(InflaterInputStream.java:152)
01-11 20:38:30.345 E/k9      (24225): 	at java.io.InputStream.read(InputStream.java:163)
01-11 20:38:30.345 E/k9      (24225): 	at java.io.BufferedInputStream.fillbuf(BufferedInputStream.java:142)
01-11 20:38:30.345 E/k9      (24225): 	at java.io.BufferedInputStream.read(BufferedInputStream.java:227)
01-11 20:38:30.345 E/k9      (24225): 	at com.fsck.k9.mail.filter.PeekableInputStream.peek(PeekableInputStream.java:36)
01-11 20:38:30.345 E/k9      (24225): 	at com.fsck.k9.mail.store.imap.ImapResponseParser.readResponse(ImapResponseParser.java:38)
01-11 20:38:30.345 E/k9      (24225): 	at com.fsck.k9.mail.store.imap.ImapResponseParser.readResponse(ImapResponseParser.java:30)
01-11 20:38:30.345 E/k9      (24225): 	at com.fsck.k9.mail.store.imap.ImapResponseParser.readStatusResponse(ImapResponseParser.java:88)
01-11 20:38:30.345 E/k9      (24225): 	at com.fsck.k9.mail.store.imap.ImapConnection.readStatusResponse(ImapConnection.java:635)
01-11 20:38:30.345 E/k9      (24225): 	at com.fsck.k9.mail.store.imap.ImapFolderPusher$PushRunnable.sendIdle(ImapFolderPusher.java:310)
01-11 20:38:30.345 E/k9      (24225): 	at com.fsck.k9.mail.store.imap.ImapFolderPusher$PushRunnable.run(ImapFolderPusher.java:188)
01-11 20:38:30.345 E/k9      (24225): 	at java.lang.Thread.run(Thread.java:856)
01-11 20:38:30.355 W/AlarmManager(377): FACTORY_ON= 0
01-11 20:38:30.575 E/k9      (24225): Got exception while idling for antaiir.antares@googlemail.com:[Google Mail]/Gesendet/Thread-1139
01-11 20:38:30.575 E/k9      (24225): javax.net.ssl.SSLException: Read error: ssl=0xa4faa0: I/O error during system call, Connection reset by peer
01-11 20:38:30.575 E/k9      (24225): 	at org.apache.harmony.xnet.provider.jsse.NativeCrypto.SSL_read(Native Method)
01-11 20:38:30.575 E/k9      (24225): 	at org.apache.harmony.xnet.provider.jsse.OpenSSLSocketImpl$SSLInputStream.read(OpenSSLSocketImpl.java:671)
01-11 20:38:30.575 E/k9      (24225): 	at java.io.InputStream.read(InputStream.java:163)
01-11 20:38:30.575 E/k9      (24225): 	at java.util.zip.InflaterInputStream.fill(InflaterInputStream.java:198)
01-11 20:38:30.575 E/k9      (24225): 	at java.util.zip.InflaterInputStream.read(InflaterInputStream.java:152)
01-11 20:38:30.575 E/k9      (24225): 	at java.io.InputStream.read(InputStream.java:163)
01-11 20:38:30.575 E/k9      (24225): 	at java.io.BufferedInputStream.fillbuf(BufferedInputStream.java:142)
01-11 20:38:30.575 E/k9      (24225): 	at java.io.BufferedInputStream.read(BufferedInputStream.java:227)
01-11 20:38:30.575 E/k9      (24225): 	at com.fsck.k9.mail.filter.PeekableInputStream.peek(PeekableInputStream.java:36)
01-11 20:38:30.575 E/k9      (24225): 	at com.fsck.k9.mail.store.imap.ImapResponseParser.readResponse(ImapResponseParser.java:38)
01-11 20:38:30.575 E/k9      (24225): 	at com.fsck.k9.mail.store.imap.ImapResponseParser.readResponse(ImapResponseParser.java:30)
01-11 20:38:30.575 E/k9      (24225): 	at com.fsck.k9.mail.store.imap.ImapResponseParser.readStatusResponse(ImapResponseParser.java:88)
01-11 20:38:30.575 E/k9      (24225): 	at com.fsck.k9.mail.store.imap.ImapConnection.readStatusResponse(ImapConnection.java:635)
01-11 20:38:30.575 E/k9      (24225): 	at com.fsck.k9.mail.store.imap.ImapFolderPusher$PushRunnable.sendIdle(ImapFolderPusher.java:310)
01-11 20:38:30.575 E/k9      (24225): 	at com.fsck.k9.mail.store.imap.ImapFolderPusher$PushRunnable.run(ImapFolderPusher.java:188)
01-11 20:38:30.575 E/k9      (24225): 	at java.lang.Thread.run(Thread.java:856)
01-11 20:38:30.595 W/AlarmManager(377): FACTORY_ON= 0
01-11 20:38:30.845 I/NRFW    (1229): serverip=103.235.47.88 localIp=10.0.8.1
01-11 20:38:31.735 E/k9      (24225): Got exception while idling for sven.wittig@freifunk-gera-greiz.de:Entwürfe/Thread-1147
01-11 20:38:31.735 E/k9      (24225): javax.net.ssl.SSLException: Read error: ssl=0xc8f5f0: I/O error during system call, Connection reset by peer
01-11 20:38:31.735 E/k9      (24225): 	at org.apache.harmony.xnet.provider.jsse.NativeCrypto.SSL_read(Native Method)
01-11 20:38:31.735 E/k9      (24225): 	at org.apache.harmony.xnet.provider.jsse.OpenSSLSocketImpl$SSLInputStream.read(OpenSSLSocketImpl.java:671)
01-11 20:38:31.735 E/k9      (24225): 	at java.io.InputStream.read(InputStream.java:163)
01-11 20:38:31.735 E/k9      (24225): 	at java.io.BufferedInputStream.fillbuf(BufferedInputStream.java:142)
01-11 20:38:31.735 E/k9      (24225): 	at java.io.BufferedInputStream.read(BufferedInputStream.java:227)
01-11 20:38:31.735 E/k9      (24225): 	at com.fsck.k9.mail.filter.PeekableInputStream.peek(PeekableInputStream.java:36)
01-11 20:38:31.735 E/k9      (24225): 	at com.fsck.k9.mail.store.imap.ImapResponseParser.readResponse(ImapResponseParser.java:38)
01-11 20:38:31.735 E/k9      (24225): 	at com.fsck.k9.mail.store.imap.ImapResponseParser.readResponse(ImapResponseParser.java:30)
01-11 20:38:31.735 E/k9      (24225): 	at com.fsck.k9.mail.store.imap.ImapResponseParser.readStatusResponse(ImapResponseParser.java:88)
01-11 20:38:31.735 E/k9      (24225): 	at com.fsck.k9.mail.store.imap.ImapConnection.readStatusResponse(ImapConnection.java:635)
01-11 20:38:31.735 E/k9      (24225): 	at com.fsck.k9.mail.store.imap.ImapFolderPusher$PushRunnable.sendIdle(ImapFolderPusher.java:310)
01-11 20:38:31.735 E/k9      (24225): 	at com.fsck.k9.mail.store.imap.ImapFolderPusher$PushRunnable.run(ImapFolderPusher.java:188)
01-11 20:38:31.735 E/k9      (24225): 	at java.lang.Thread.run(Thread.java:856)
01-11 20:38:31.745 W/AlarmManager(377): FACTORY_ON= 0
01-11 20:38:31.835 E/k9      (24225): Got exception while idling for sven@freifunk-gera-greiz.de:INBOX/Thread-1146
01-11 20:38:31.835 E/k9      (24225): javax.net.ssl.SSLException: Read error: ssl=0xad1910: I/O error during system call, Connection reset by peer
01-11 20:38:31.835 E/k9      (24225): 	at org.apache.harmony.xnet.provider.jsse.NativeCrypto.SSL_read(Native Method)
01-11 20:38:31.835 E/k9      (24225): 	at org.apache.harmony.xnet.provider.jsse.OpenSSLSocketImpl$SSLInputStream.read(OpenSSLSocketImpl.java:671)
01-11 20:38:31.835 E/k9      (24225): 	at java.io.InputStream.read(InputStream.java:163)
01-11 20:38:31.835 E/k9      (24225): 	at java.io.BufferedInputStream.fillbuf(BufferedInputStream.java:142)
01-11 20:38:31.835 E/k9      (24225): 	at java.io.BufferedInputStream.read(BufferedInputStream.java:227)
01-11 20:38:31.835 E/k9      (24225): 	at com.fsck.k9.mail.filter.PeekableInputStream.peek(PeekableInputStream.java:36)
01-11 20:38:31.835 E/k9      (24225): 	at com.fsck.k9.mail.store.imap.ImapResponseParser.readResponse(ImapResponseParser.java:38)
01-11 20:38:31.835 E/k9      (24225): 	at com.fsck.k9.mail.store.imap.ImapResponseParser.readResponse(ImapResponseParser.java:30)
01-11 20:38:31.835 E/k9      (24225): 	at com.fsck.k9.mail.store.imap.ImapResponseParser.readStatusResponse(ImapResponseParser.java:88)
01-11 20:38:31.835 E/k9      (24225): 	at com.fsck.k9.mail.store.imap.ImapConnection.readStatusResponse(ImapConnection.java:635)
01-11 20:38:31.835 E/k9      (24225): 	at com.fsck.k9.mail.store.imap.ImapFolderPusher$PushRunnable.sendIdle(ImapFolderPusher.java:310)
01-11 20:38:31.835 E/k9      (24225): 	at com.fsck.k9.mail.store.imap.ImapFolderPusher$PushRunnable.run(ImapFolderPusher.java:188)
01-11 20:38:31.835 E/k9      (24225): 	at java.lang.Thread.run(Thread.java:856)
01-11 20:38:31.835 E/k9      (24225): Got exception while idling for sven@freifunk-gera-greiz.de:Entwürfe/Thread-1145
01-11 20:38:31.835 E/k9      (24225): javax.net.ssl.SSLException: Read error: ssl=0xad1c30: I/O error during system call, Connection reset by peer
01-11 20:38:31.835 E/k9      (24225): 	at org.apache.harmony.xnet.provider.jsse.NativeCrypto.SSL_read(Native Method)
01-11 20:38:31.835 E/k9      (24225): 	at org.apache.harmony.xnet.provider.jsse.OpenSSLSocketImpl$SSLInputStream.read(OpenSSLSocketImpl.java:671)
01-11 20:38:31.835 E/k9      (24225): 	at java.io.InputStream.read(InputStream.java:163)
01-11 20:38:31.835 E/k9      (24225): 	at java.io.BufferedInputStream.fillbuf(BufferedInputStream.java:142)
01-11 20:38:31.835 E/k9      (24225): 	at java.io.BufferedInputStream.read(BufferedInputStream.java:227)
01-11 20:38:31.835 E/k9      (24225): 	at com.fsck.k9.mail.filter.PeekableInputStream.peek(PeekableInputStream.java:36)
01-11 20:38:31.835 E/k9      (24225): 	at com.fsck.k9.mail.store.imap.ImapResponseParser.readResponse(ImapResponseParser.java:38)
01-11 20:38:31.835 E/k9      (24225): 	at com.fsck.k9.mail.store.imap.ImapResponseParser.readResponse(ImapResponseParser.java:30)
01-11 20:38:31.835 E/k9      (24225): 	at com.fsck.k9.mail.store.imap.ImapResponseParser.readStatusResponse(ImapResponseParser.java:88)
01-11 20:38:31.835 E/k9      (24225): 	at com.fsck.k9.mail.store.imap.ImapConnection.readStatusResponse(ImapConnection.java:635)
01-11 20:38:31.835 E/k9      (24225): 	at com.fsck.k9.mail.store.imap.ImapFolderPusher$PushRunnable.sendIdle(ImapFolderPusher.java:310)
01-11 20:38:31.835 E/k9      (24225): 	at com.fsck.k9.mail.store.imap.ImapFolderPusher$PushRunnable.run(ImapFolderPusher.java:188)
01-11 20:38:31.835 E/k9      (24225): 	at java.lang.Thread.run(Thread.java:856)
01-11 20:38:31.845 E/k9      (24225): Got exception while idling for sven.wittig@freifunk-gera-greiz.de:INBOX/Thread-1148
01-11 20:38:31.845 E/k9      (24225): javax.net.ssl.SSLException: Read error: ssl=0xb16e68: I/O error during system call, Connection reset by peer
01-11 20:38:31.845 E/k9      (24225): 	at org.apache.harmony.xnet.provider.jsse.NativeCrypto.SSL_read(Native Method)
01-11 20:38:31.845 E/k9      (24225): 	at org.apache.harmony.xnet.provider.jsse.OpenSSLSocketImpl$SSLInputStream.read(OpenSSLSocketImpl.java:671)
01-11 20:38:31.845 E/k9      (24225): 	at java.io.InputStream.read(InputStream.java:163)
01-11 20:38:31.845 E/k9      (24225): 	at java.io.BufferedInputStream.fillbuf(BufferedInputStream.java:142)
01-11 20:38:31.845 E/k9      (24225): 	at java.io.BufferedInputStream.read(BufferedInputStream.java:227)
01-11 20:38:31.845 E/k9      (24225): 	at com.fsck.k9.mail.filter.PeekableInputStream.peek(PeekableInputStream.java:36)
01-11 20:38:31.845 E/k9      (24225): 	at com.fsck.k9.mail.store.imap.ImapResponseParser.readResponse(ImapResponseParser.java:38)
01-11 20:38:31.845 E/k9      (24225): 	at com.fsck.k9.mail.store.imap.ImapResponseParser.readResponse(ImapResponseParser.java:30)
01-11 20:38:31.845 E/k9      (24225): 	at com.fsck.k9.mail.store.imap.ImapResponseParser.readStatusResponse(ImapResponseParser.java:88)
01-11 20:38:31.845 E/k9      (24225): 	at com.fsck.k9.mail.store.imap.ImapConnection.readStatusResponse(ImapConnection.java:635)
01-11 20:38:31.845 E/k9      (24225): 	at com.fsck.k9.mail.store.imap.ImapFolderPusher$PushRunnable.sendIdle(ImapFolderPusher.java:310)
01-11 20:38:31.845 E/k9      (24225): 	at com.fsck.k9.mail.store.imap.ImapFolderPusher$PushRunnable.run(ImapFolderPusher.java:188)
01-11 20:38:31.845 E/k9      (24225): 	at java.lang.Thread.run(Thread.java:856)
01-11 20:38:31.855 W/AlarmManager(377): FACTORY_ON= 0
01-11 20:38:31.865 W/AlarmManager(377): FACTORY_ON= 0
01-11 20:38:31.875 W/AlarmManager(377): FACTORY_ON= 0
01-11 20:38:32.875 E/AlarmManagerService(377): android_server_AlarmManagerService_set to type=0, 1484163513.346000000
01-11 20:38:32.875 V/AlarmManager(377): waitForAlarm result :1
01-11 20:38:32.995 I/NRFW    (1229): profile=wifi
01-11 20:38:33.025 I/NRFW    (1229): serverip=212.227.17.178 localIp=10.0.8.1
01-11 20:38:33.335 E/AlarmManagerService(377): android_server_AlarmManagerService_set to type=0, 1484163513.510000000
01-11 20:38:33.335 V/AlarmManager(377): waitForAlarm result :1
01-11 20:38:33.405 I/NRFW    (1229): serverip=212.227.17.178 localIp=10.0.8.1
01-11 20:38:33.505 E/AlarmManagerService(377): android_server_AlarmManagerService_set to type=0, 1484163514.286000000
01-11 20:38:33.505 V/AlarmManager(377): waitForAlarm result :1
01-11 20:38:33.655 I/NRFW    (1229): serverip=212.227.17.170 localIp=10.0.8.1
01-11 20:38:33.865 I/NRFW    (1229): serverip=103.235.47.88 localIp=10.0.8.1
01-11 20:38:34.265 D/STATUSBAR-NotificationService(377): cancelNotification - pkg:com.fsck.k9, id:63, tag:null
01-11 20:38:34.275 E/AlarmManagerService(377): android_server_AlarmManagerService_set to type=0, 1484163515.239000000
01-11 20:38:34.275 V/AlarmManager(377): waitForAlarm result :1
01-11 20:38:34.375 I/NRFW    (1229): serverip=212.227.17.186 localIp=10.0.8.1
01-11 20:38:34.425 D/STATUSBAR-NotificationService(377): cancelNotification - pkg:com.fsck.k9, id:93, tag:null
01-11 20:38:35.165 D/STATUSBAR-NotificationService(377): cancelNotification - pkg:com.fsck.k9, id:3, tag:null
01-11 20:38:35.235 E/AlarmManagerService(377): android_server_AlarmManagerService_set to type=0, 1484163515.351000000
01-11 20:38:35.235 V/AlarmManager(377): waitForAlarm result :1
01-11 20:38:35.345 E/AlarmManagerService(377): android_server_AlarmManagerService_set to type=0, 1484163515.585000000
01-11 20:38:35.345 V/AlarmManager(377): waitForAlarm result :1
01-11 20:38:35.365 I/NRFW    (1229): serverip=74.125.71.16 localIp=10.0.8.1
01-11 20:38:35.425 I/NRFW    (1229): serverip=74.125.71.16 localIp=10.0.8.1
01-11 20:38:35.575 E/AlarmManagerService(377): android_server_AlarmManagerService_set to type=0, 1484163516.738000000
01-11 20:38:35.575 V/AlarmManager(377): waitForAlarm result :1
01-11 20:38:35.625 I/NRFW    (1229): serverip=74.125.71.16 localIp=10.0.8.1
01-11 20:38:35.685 I/dalvikvm(24225): Jit: resizing JitTable from 4096 to 8192
01-11 20:38:35.845 D/dalvikvm(24225): GC_CONCURRENT freed 4728K, 32% free 13129K/19299K, paused 3ms+23ms
01-11 20:38:35.995 I/NRFW    (1229): profile=wifi
01-11 20:38:36.045 I/NRFW    (1229): serverip=212.227.17.178 localIp=10.0.8.1
01-11 20:38:36.135 D/dalvikvm(377): GC_EXPLICIT freed 1747K, 49% free 15277K/29731K, paused 5ms+14ms
01-11 20:38:36.735 E/AlarmManagerService(377): android_server_AlarmManagerService_set to type=0, 1484163516.840000000
01-11 20:38:36.735 V/AlarmManager(377): waitForAlarm result :1
01-11 20:38:36.795 I/NRFW    (1229): serverip=144.76.29.170 localIp=10.0.8.1
01-11 20:38:36.835 E/AlarmManagerService(377): android_server_AlarmManagerService_set to type=0, 1484163516.843000000
01-11 20:38:36.835 D/STATUSBAR-NotificationService(377): cancelNotification - pkg:com.fsck.k9, id:63, tag:null
01-11 20:38:36.835 V/AlarmManager(377): waitForAlarm result :1
01-11 20:38:36.845 E/AlarmManagerService(377): android_server_AlarmManagerService_set to type=0, 1484163516.850000000
01-11 20:38:36.845 E/AlarmManagerService(377): android_server_AlarmManagerService_set to type=0, 1484164222.838000000
01-11 20:38:36.845 V/AlarmManager(377): waitForAlarm result :1
01-11 20:38:36.845 V/AlarmManager(377): waitForAlarm result :1
01-11 20:38:36.895 I/NRFW    (1229): serverip=144.76.29.170 localIp=10.0.8.1
01-11 20:38:36.985 I/NRFW    (1229): serverip=144.76.29.170 localIp=10.0.8.1
01-11 20:38:37.025 I/NRFW    (1229): serverip=144.76.29.170 localIp=10.0.8.1
01-11 20:38:38.105 D/STATUSBAR-NotificationService(377): cancelNotification - pkg:com.fsck.k9, id:18, tag:null
01-11 20:38:39.185 I/NRFW    (1229): profile=wifi
01-11 20:38:39.265 D/STATUSBAR-NotificationService(377): cancelNotification - pkg:com.fsck.k9, id:18, tag:null
01-11 20:38:39.635 D/dalvikvm(24225): GC_CONCURRENT freed 2944K, 29% free 13772K/19299K, paused 3ms+7ms
01-11 20:38:39.785 D/STATUSBAR-NotificationService(377): cancelNotification - pkg:com.fsck.k9, id:18, tag:null
01-11 20:38:39.915 I/NRFW    (1229): serverip=103.235.47.88 localIp=10.0.8.1
01-11 20:38:39.985 D/plugin  (684): getDefaultSubscription()
01-11 20:38:39.985 E/MSimTelephonyManager(24146): MSimTelephonyManager sRegistryMsim != null
01-11 20:38:40.035 I/NRFW    (1229): serverip=180.76.3.90 localIp=10.0.8.1
01-11 20:38:40.035 I/DNS     (1229): 180.76.3.90 h_errno=1
01-11 20:38:40.885 D/dalvikvm(24225): GC_CONCURRENT freed 3425K, 27% free 14134K/19299K, paused 2ms+8ms
01-11 20:38:41.455 D/dalvikvm(24225): GC_CONCURRENT freed 3562K, 26% free 14434K/19299K, paused 2ms+9ms
01-11 20:38:41.665 I/PlayCommon(23879): [1113] com.google.android.play.a.g.e(900): Preparing logs for uploading
01-11 20:38:41.665 I/PlayCommon(23879): [1113] com.google.android.play.a.g.e(902): No file ready to send
01-11 20:38:41.835 D/STATUSBAR-NotificationService(377): cancelNotification - pkg:com.fsck.k9, id:108, tag:null
01-11 20:38:42.005 I/NRFW    (1229): profile=wifi
01-11 20:38:42.605 D/dalvikvm(24225): GC_CONCURRENT freed 4436K, 29% free 14017K/19619K, paused 2ms+10ms
01-11 20:38:42.755 D/QCRIL_RPC(102): Enter qcril_cm_srvsys_event_callback
01-11 20:38:42.755 D/QCRIL_RPC(102): Exit qcril_cm_srvsys_event_callback
01-11 20:38:42.755 I/ONCRPC  (102): rpc_handle_rpc_call: for Xid: 18f6, Prog: 31000000, Vers: d17ed9ea, Proc: 00000014
01-11 20:38:42.755 I/ONCRPC  (102): rpc_handle_rpc_call: Find Status: 0 Xid: 18f6
01-11 20:38:42.755 I/ONCRPC  (102): oncrpc_proxy_handle_cmd_rpc_call: Dispatching xid: 18f6
01-11 20:38:42.955 D/STATUSBAR-NotificationService(377): cancelNotification - pkg:com.fsck.k9, id:123, tag:null
01-11 20:38:43.035 I/NRFW    (1229): serverip=180.76.3.90 localIp=10.0.8.1
01-11 20:38:43.055 D/STATUSBAR-NotificationService(377): cancelNotification - pkg:com.fsck.k9, id:108, tag:null
01-11 20:38:43.205 D/STATUSBAR-NotificationService(377): cancelNotification - pkg:com.fsck.k9, id:123, tag:null
01-11 20:38:45.635 D/BatteryService(377): update start
01-11 20:38:45.645 D/KeyguardUpdateMonitor(377): received broadcast android.intent.action.BATTERY_CHANGED
01-11 20:38:45.645 D/KeyguardUpdateMonitor(377): handleBatteryUpdate
01-11 20:38:45.645 D/BatteryService(377): level:29 scale:100 status:3 health:2 present:true voltage: 3741 temperature: 240 technology: Li-ion AC powered:false USB powered:false icon:17303167 invalid charger:0
01-11 20:38:45.645 D/ThermistorObserver(377): mBatteryBRForAMOLED : onReceive() : newTemperature : 240
01-11 20:38:45.645 V/UiModeManager(377): updateLocked, mLastBroadcastState =0 , oldAction = null
01-11 20:38:45.645 D/STATUSBAR-BatteryController(503): onReceive() - ACTION_BATTERY_CHANGED
01-11 20:38:45.645 D/STATUSBAR-BatteryController(503): onReceive() - level:29
01-11 20:38:45.645 D/STATUSBAR-BatteryController(503): onReceive() - plugged:0
01-11 20:38:45.645 D/STATUSBAR-BatteryController(503): onReceive() - BATTERY_STATUS_DISCHARGING: stat_sys_battery
01-11 20:38:45.645 D/STATUSBAR-PhoneStatusBar(503): ACTION_BATTERY_CHANGED
01-11 20:38:45.645 D/STATUSBAR-PhoneStatusBar(503): NORMAL_BATTERY
01-11 20:38:45.645 D/PowerUI (503): getBatteryOnline : battery online file not found
01-11 20:38:45.755 W/SignalStrength(503): getGsmLevel. this.mGsmSignalBar=4, getGsmSignalStrength()== 19
01-11 20:38:45.755 W/SignalStrength(503): getGsmLevel=4
01-11 20:38:45.755 W/SignalStrength(503): getLevel=4 (SignalStrength: 19 255 -120 -160 -120 -1 -1 99 2147483647 -32767 2147483647 -32767 gsm|lte 4)
01-11 20:38:45.755 W/SignalStrength(503): getGsmLevel. this.mGsmSignalBar=4, getGsmSignalStrength()== 25
01-11 20:38:45.755 W/SignalStrength(503): getGsmLevel=4
01-11 20:38:45.755 W/SignalStrength(503): getLevel=4 (SignalStrength: 25 255 -120 -160 -120 -1 -1 99 2147483647 -32767 2147483647 -32767 gsm|lte 4)
01-11 20:38:45.755 D/StatusBar-NetworkControllerDS(503): refreshViews connected={ wifi } level=4|4 combinedSignalIconId=0x7f0200ef/com.android.systemui:drawable/stat_sys_wifi_signal_4 combinedActivityIconId=0x7f0200d8 mAirplaneMode=false mDataActivity1=0 mDataActivity2=0 mPhoneSignalIconId1=0x7f0200d5 mPhoneSignalIconId2=0x7f0200cf mLastPhoneSignalIconId1=0x7f0200d5 mLastPhoneSignalIconId2=0x7f0200cf mDataDirectionIconId1=0x0 mDataDirectionIconId2=0x0 mDataSignalIconId1=0x7f0200d5 mDataSignalIconId2=0x7f0200cf mDataTypeIconId1=0x7f0200a2 mDataTypeIconId2=0x7f0200a2 mWifiIconId=0x7f0200ef mRoamingIconId1=0x0 mRoamingIconId2=0x0 mBluetoothTetherIconId=0x10806ce
01-11 20:38:45.755 D/SignalClusterView(503): wifi: VISIBLE sig=2130837743 act=2130837720
01-11 20:38:45.755 D/SignalClusterView(503): mobile1: VISIBLE sig=2130837717 act=0 typ=2130837666
01-11 20:38:45.755 D/SignalClusterView(503): mobile2: VISIBLE sig=2130837711 act=0 typ=2130837666
01-11 20:38:45.755 D/SignalClusterView(503): wifi: VISIBLE sig=2130837743 act=2130837720
01-11 20:38:45.755 D/SignalClusterView(503): mobile1: VISIBLE sig=2130837717 act=0 typ=2130837666
01-11 20:38:45.755 D/SignalClusterView(503): mobile2: VISIBLE sig=2130837711 act=0 typ=2130837666
01-11 20:38:45.755 D/SignalClusterView(503): wifi: VISIBLE sig=2130837743 act=2130837720
01-11 20:38:45.755 D/SignalClusterView(503): mobile1: VISIBLE sig=2130837717 act=0 typ=2130837666
01-11 20:38:45.755 D/SignalClusterView(503): mobile2: VISIBLE sig=2130837711 act=0 typ=2130837666
01-11 20:38:45.755 D/StatusBar-NetworkControllerDS(503): changing data overlay icon id to 2130837720
01-11 20:38:47.755 W/SignalStrength(503): getGsmLevel. this.mGsmSignalBar=4, getGsmSignalStrength()== 19
01-11 20:38:47.755 W/SignalStrength(503): getGsmLevel=4
01-11 20:38:47.755 W/SignalStrength(503): getLevel=4 (SignalStrength: 19 255 -120 -160 -120 -1 -1 99 2147483647 -32767 2147483647 -32767 gsm|lte 4)
01-11 20:38:47.755 W/SignalStrength(503): getGsmLevel. this.mGsmSignalBar=4, getGsmSignalStrength()== 25
01-11 20:38:47.755 W/SignalStrength(503): getGsmLevel=4
01-11 20:38:47.755 W/SignalStrength(503): getLevel=4 (SignalStrength: 25 255 -120 -160 -120 -1 -1 99 2147483647 -32767 2147483647 -32767 gsm|lte 4)
01-11 20:38:47.765 D/StatusBar-NetworkControllerDS(503): refreshViews connected={ wifi } level=4|4 combinedSignalIconId=0x7f0200ef/com.android.systemui:drawable/stat_sys_wifi_signal_4 combinedActivityIconId=0x7f0200d9 mAirplaneMode=false mDataActivity1=0 mDataActivity2=0 mPhoneSignalIconId1=0x7f0200d5 mPhoneSignalIconId2=0x7f0200cf mLastPhoneSignalIconId1=0x7f0200d5 mLastPhoneSignalIconId2=0x7f0200cf mDataDirectionIconId1=0x0 mDataDirectionIconId2=0x0 mDataSignalIconId1=0x7f0200d5 mDataSignalIconId2=0x7f0200cf mDataTypeIconId1=0x7f0200a2 mDataTypeIconId2=0x7f0200a2 mWifiIconId=0x7f0200ef mRoamingIconId1=0x0 mRoamingIconId2=0x0 mBluetoothTetherIconId=0x10806ce
01-11 20:38:47.765 D/SignalClusterView(503): wifi: VISIBLE sig=2130837743 act=2130837721
01-11 20:38:47.765 D/SignalClusterView(503): mobile1: VISIBLE sig=2130837717 act=0 typ=2130837666
01-11 20:38:47.765 D/SignalClusterView(503): mobile2: VISIBLE sig=2130837711 act=0 typ=2130837666
01-11 20:38:47.765 D/SignalClusterView(503): wifi: VISIBLE sig=2130837743 act=2130837721
01-11 20:38:47.765 D/SignalClusterView(503): mobile1: VISIBLE sig=2130837717 act=0 typ=2130837666
01-11 20:38:47.765 D/SignalClusterView(503): mobile2: VISIBLE sig=2130837711 act=0 typ=2130837666
01-11 20:38:47.765 D/SignalClusterView(503): wifi: VISIBLE sig=2130837743 act=2130837721
01-11 20:38:47.765 D/SignalClusterView(503): mobile1: VISIBLE sig=2130837717 act=0 typ=2130837666
01-11 20:38:47.765 D/SignalClusterView(503): mobile2: VISIBLE sig=2130837711 act=0 typ=2130837666
01-11 20:38:47.765 D/StatusBar-NetworkControllerDS(503): changing data overlay icon id to 2130837721
01-11 20:38:48.765 W/SignalStrength(503): getGsmLevel. this.mGsmSignalBar=4, getGsmSignalStrength()== 19
01-11 20:38:48.765 W/SignalStrength(503): getGsmLevel=4
01-11 20:38:48.765 W/SignalStrength(503): getLevel=4 (SignalStrength: 19 255 -120 -160 -120 -1 -1 99 2147483647 -32767 2147483647 -32767 gsm|lte 4)
01-11 20:38:48.765 W/SignalStrength(503): getGsmLevel. this.mGsmSignalBar=4, getGsmSignalStrength()== 25
01-11 20:38:48.765 W/SignalStrength(503): getGsmLevel=4
01-11 20:38:48.765 W/SignalStrength(503): getLevel=4 (SignalStrength: 25 255 -120 -160 -120 -1 -1 99 2147483647 -32767 2147483647 -32767 gsm|lte 4)
01-11 20:38:48.765 D/StatusBar-NetworkControllerDS(503): refreshViews connected={ wifi } level=4|4 combinedSignalIconId=0x7f0200ef/com.android.systemui:drawable/stat_sys_wifi_signal_4 combinedActivityIconId=0x7f0200d8 mAirplaneMode=false mDataActivity1=0 mDataActivity2=0 mPhoneSignalIconId1=0x7f0200d5 mPhoneSignalIconId2=0x7f0200cf mLastPhoneSignalIconId1=0x7f0200d5 mLastPhoneSignalIconId2=0x7f0200cf mDataDirectionIconId1=0x0 mDataDirectionIconId2=0x0 mDataSignalIconId1=0x7f0200d5 mDataSignalIconId2=0x7f0200cf mDataTypeIconId1=0x7f0200a2 mDataTypeIconId2=0x7f0200a2 mWifiIconId=0x7f0200ef mRoamingIconId1=0x0 mRoamingIconId2=0x0 mBluetoothTetherIconId=0x10806ce
01-11 20:38:48.765 D/SignalClusterView(503): wifi: VISIBLE sig=2130837743 act=2130837720
01-11 20:38:48.765 D/SignalClusterView(503): mobile1: VISIBLE sig=2130837717 act=0 typ=2130837666
01-11 20:38:48.765 D/SignalClusterView(503): mobile2: VISIBLE sig=2130837711 act=0 typ=2130837666
01-11 20:38:48.765 D/SignalClusterView(503): wifi: VISIBLE sig=2130837743 act=2130837720
01-11 20:38:48.765 D/SignalClusterView(503): mobile1: VISIBLE sig=2130837717 act=0 typ=2130837666
01-11 20:38:48.765 D/SignalClusterView(503): mobile2: VISIBLE sig=2130837711 act=0 typ=2130837666
01-11 20:38:48.765 D/SignalClusterView(503): wifi: VISIBLE sig=2130837743 act=2130837720
01-11 20:38:48.765 D/SignalClusterView(503): mobile1: VISIBLE sig=2130837717 act=0 typ=2130837666
01-11 20:38:48.765 D/SignalClusterView(503): mobile2: VISIBLE sig=2130837711 act=0 typ=2130837666
01-11 20:38:48.765 D/StatusBar-NetworkControllerDS(503): changing data overlay icon id to 2130837720
01-11 20:38:49.025 I/NRFW    (1229): profile=wifi
01-11 20:38:49.035 I/NRFW    (1229): serverip=180.76.3.90 localIp=10.0.8.1
01-11 20:38:49.275 D/Tethering(377): interfaceLinkStateChanged wlan0, true
01-11 20:38:49.275 D/Tethering(377): interfaceStatusChanged wlan0, true
01-11 20:38:50.765 W/SignalStrength(503): getGsmLevel. this.mGsmSignalBar=4, getGsmSignalStrength()== 19
01-11 20:38:50.765 W/SignalStrength(503): getGsmLevel=4
01-11 20:38:50.765 W/SignalStrength(503): getLevel=4 (SignalStrength: 19 255 -120 -160 -120 -1 -1 99 2147483647 -32767 2147483647 -32767 gsm|lte 4)
01-11 20:38:50.765 W/SignalStrength(503): getGsmLevel. this.mGsmSignalBar=4, getGsmSignalStrength()== 25
01-11 20:38:50.765 W/SignalStrength(503): getGsmLevel=4
01-11 20:38:50.765 W/SignalStrength(503): getLevel=4 (SignalStrength: 25 255 -120 -160 -120 -1 -1 99 2147483647 -32767 2147483647 -32767 gsm|lte 4)
01-11 20:38:50.765 D/StatusBar-NetworkControllerDS(503): refreshViews connected={ wifi } level=4|4 combinedSignalIconId=0x7f0200ef/com.android.systemui:drawable/stat_sys_wifi_signal_4 combinedActivityIconId=0x7f0200d9 mAirplaneMode=false mDataActivity1=0 mDataActivity2=0 mPhoneSignalIconId1=0x7f0200d5 mPhoneSignalIconId2=0x7f0200cf mLastPhoneSignalIconId1=0x7f0200d5 mLastPhoneSignalIconId2=0x7f0200cf mDataDirectionIconId1=0x0 mDataDirectionIconId2=0x0 mDataSignalIconId1=0x7f0200d5 mDataSignalIconId2=0x7f0200cf mDataTypeIconId1=0x7f0200a2 mDataTypeIconId2=0x7f0200a2 mWifiIconId=0x7f0200ef mRoamingIconId1=0x0 mRoamingIconId2=0x0 mBluetoothTetherIconId=0x10806ce
01-11 20:38:50.765 D/SignalClusterView(503): wifi: VISIBLE sig=2130837743 act=2130837721
01-11 20:38:50.765 D/SignalClusterView(503): mobile1: VISIBLE sig=2130837717 act=0 typ=2130837666
01-11 20:38:50.765 D/SignalClusterView(503): mobile2: VISIBLE sig=2130837711 act=0 typ=2130837666
01-11 20:38:50.765 D/SignalClusterView(503): wifi: VISIBLE sig=2130837743 act=2130837721
01-11 20:38:50.765 D/SignalClusterView(503): mobile1: VISIBLE sig=2130837717 act=0 typ=2130837666
01-11 20:38:50.765 D/SignalClusterView(503): mobile2: VISIBLE sig=2130837711 act=0 typ=2130837666
01-11 20:38:50.765 D/SignalClusterView(503): wifi: VISIBLE sig=2130837743 act=2130837721
01-11 20:38:50.765 D/SignalClusterView(503): mobile1: VISIBLE sig=2130837717 act=0 typ=2130837666
01-11 20:38:50.765 D/SignalClusterView(503): mobile2: VISIBLE sig=2130837711 act=0 typ=2130837666
01-11 20:38:50.765 D/StatusBar-NetworkControllerDS(503): changing data overlay icon id to 2130837721
01-11 20:38:51.765 W/SignalStrength(503): getGsmLevel. this.mGsmSignalBar=4, getGsmSignalStrength()== 19
01-11 20:38:51.765 W/SignalStrength(503): getGsmLevel=4
01-11 20:38:51.765 W/SignalStrength(503): getLevel=4 (SignalStrength: 19 255 -120 -160 -120 -1 -1 99 2147483647 -32767 2147483647 -32767 gsm|lte 4)
01-11 20:38:51.765 W/SignalStrength(503): getGsmLevel. this.mGsmSignalBar=4, getGsmSignalStrength()== 25
01-11 20:38:51.765 W/SignalStrength(503): getGsmLevel=4
01-11 20:38:51.765 W/SignalStrength(503): getLevel=4 (SignalStrength: 25 255 -120 -160 -120 -1 -1 99 2147483647 -32767 2147483647 -32767 gsm|lte 4)
