01-11 20:34:45.305 W/SignalStrength(503): getLevel=4 (SignalStrength: 22 255 -120 -160 -120 -1 -1 99 2147483647 -32767 2147483647 -32767 gsm|lte 4)
01-11 20:34:45.955 I/NRFW    (1229): profile=wifi
01-11 20:34:45.975 I/NRFW    (1229): serverip=103.235.47.88 localIp=10.0.8.1
01-11 20:34:47.315 W/SignalStrength(503): getGsmLevel. this.mGsmSignalBar=4, getGsmSignalStrength()== 22
01-11 20:34:47.315 W/SignalStrength(503): getGsmLevel=4
01-11 20:34:47.315 W/SignalStrength(503): getLevel=4 (SignalStrength: 22 255 -120 -160 -120 -1 -1 99 2147483647 -32767 2147483647 -32767 gsm|lte 4)
01-11 20:34:47.315 W/SignalStrength(503): getGsmLevel. this.mGsmSignalBar=4, getGsmSignalStrength()== 22
01-11 20:34:47.315 W/SignalStrength(503): getGsmLevel=4
01-11 20:34:47.315 W/SignalStrength(503): getLevel=4 (SignalStrength: 22 255 -120 -160 -120 -1 -1 99 2147483647 -32767 2147483647 -32767 gsm|lte 4)
01-11 20:34:48.315 W/SignalStrength(503): getGsmLevel. this.mGsmSignalBar=4, getGsmSignalStrength()== 22
01-11 20:34:48.315 W/SignalStrength(503): getGsmLevel=4
01-11 20:34:48.315 W/SignalStrength(503): getLevel=4 (SignalStrength: 22 255 -120 -160 -120 -1 -1 99 2147483647 -32767 2147483647 -32767 gsm|lte 4)
01-11 20:34:48.315 W/SignalStrength(503): getGsmLevel. this.mGsmSignalBar=4, getGsmSignalStrength()== 22
01-11 20:34:48.315 W/SignalStrength(503): getGsmLevel=4
01-11 20:34:48.315 W/SignalStrength(503): getLevel=4 (SignalStrength: 22 255 -120 -160 -120 -1 -1 99 2147483647 -32767 2147483647 -32767 gsm|lte 4)
01-11 20:34:48.975 I/NRFW    (1229): profile=wifi
01-11 20:34:48.985 I/NRFW    (1229): serverip=103.235.47.88 localIp=10.0.8.1
01-11 20:34:50.315 W/SignalStrength(503): getGsmLevel. this.mGsmSignalBar=4, getGsmSignalStrength()== 22
01-11 20:34:50.315 W/SignalStrength(503): getGsmLevel=4
01-11 20:34:50.315 W/SignalStrength(503): getLevel=4 (SignalStrength: 22 255 -120 -160 -120 -1 -1 99 2147483647 -32767 2147483647 -32767 gsm|lte 4)
01-11 20:34:50.315 W/SignalStrength(503): getGsmLevel. this.mGsmSignalBar=4, getGsmSignalStrength()== 22
01-11 20:34:50.315 W/SignalStrength(503): getGsmLevel=4
01-11 20:34:50.315 W/SignalStrength(503): getLevel=4 (SignalStrength: 22 255 -120 -160 -120 -1 -1 99 2147483647 -32767 2147483647 -32767 gsm|lte 4)
01-11 20:34:51.315 W/SignalStrength(503): getGsmLevel. this.mGsmSignalBar=4, getGsmSignalStrength()== 22
01-11 20:34:51.315 W/SignalStrength(503): getGsmLevel=4
01-11 20:34:51.315 W/SignalStrength(503): getLevel=4 (SignalStrength: 22 255 -120 -160 -120 -1 -1 99 2147483647 -32767 2147483647 -32767 gsm|lte 4)
01-11 20:34:51.315 W/SignalStrength(503): getGsmLevel. this.mGsmSignalBar=4, getGsmSignalStrength()== 22
01-11 20:34:51.315 W/SignalStrength(503): getGsmLevel=4
01-11 20:34:51.315 W/SignalStrength(503): getLevel=4 (SignalStrength: 22 255 -120 -160 -120 -1 -1 99 2147483647 -32767 2147483647 -32767 gsm|lte 4)
01-11 20:34:52.225 D/Tethering(377): interfaceLinkStateChanged wlan0, true
01-11 20:34:52.225 D/Tethering(377): interfaceStatusChanged wlan0, true
01-11 20:34:52.315 W/SignalStrength(503): getGsmLevel. this.mGsmSignalBar=4, getGsmSignalStrength()== 22
01-11 20:34:52.315 W/SignalStrength(503): getGsmLevel=4
01-11 20:34:52.315 W/SignalStrength(503): getLevel=4 (SignalStrength: 22 255 -120 -160 -120 -1 -1 99 2147483647 -32767 2147483647 -32767 gsm|lte 4)
01-11 20:34:52.315 W/SignalStrength(503): getGsmLevel. this.mGsmSignalBar=4, getGsmSignalStrength()== 22
01-11 20:34:52.315 W/SignalStrength(503): getGsmLevel=4
01-11 20:34:52.315 W/SignalStrength(503): getLevel=4 (SignalStrength: 22 255 -120 -160 -120 -1 -1 99 2147483647 -32767 2147483647 -32767 gsm|lte 4)
01-11 20:34:54.325 W/SignalStrength(503): getGsmLevel. this.mGsmSignalBar=4, getGsmSignalStrength()== 22
01-11 20:34:54.325 W/SignalStrength(503): getGsmLevel=4
01-11 20:34:54.325 W/SignalStrength(503): getLevel=4 (SignalStrength: 22 255 -120 -160 -120 -1 -1 99 2147483647 -32767 2147483647 -32767 gsm|lte 4)
01-11 20:34:54.325 W/SignalStrength(503): getGsmLevel. this.mGsmSignalBar=4, getGsmSignalStrength()== 22
01-11 20:34:54.325 W/SignalStrength(503): getGsmLevel=4
01-11 20:34:54.325 W/SignalStrength(503): getLevel=4 (SignalStrength: 22 255 -120 -160 -120 -1 -1 99 2147483647 -32767 2147483647 -32767 gsm|lte 4)
01-11 20:34:54.985 I/NRFW    (1229): profile=wifi
01-11 20:34:54.995 I/NRFW    (1229): serverip=103.235.47.88 localIp=10.0.8.1
01-11 20:34:55.005 I/DNS     (1229): 103.235.47.88 h_errno=1
01-11 20:34:55.015 I/DNS     (1229): 112.80.248.171 h_errno=1
01-11 20:34:55.025 I/DNS     (1229): 112.80.248.171 h_errno=1
01-11 20:34:55.315 D/dalvikvm(377): GC_EXPLICIT freed 2538K, 49% free 15291K/29731K, paused 6ms+17ms
01-11 20:34:56.325 W/SignalStrength(503): getGsmLevel. this.mGsmSignalBar=4, getGsmSignalStrength()== 22
01-11 20:34:56.325 W/SignalStrength(503): getGsmLevel=4
01-11 20:34:56.325 W/SignalStrength(503): getLevel=4 (SignalStrength: 22 255 -120 -160 -120 -1 -1 99 2147483647 -32767 2147483647 -32767 gsm|lte 4)
01-11 20:34:56.325 W/SignalStrength(503): getGsmLevel. this.mGsmSignalBar=4, getGsmSignalStrength()== 22
01-11 20:34:56.325 W/SignalStrength(503): getGsmLevel=4
01-11 20:34:56.325 W/SignalStrength(503): getLevel=4 (SignalStrength: 22 255 -120 -160 -120 -1 -1 99 2147483647 -32767 2147483647 -32767 gsm|lte 4)
01-11 20:34:57.235 D/Tethering(377): interfaceLinkStateChanged wlan0, true
01-11 20:34:57.235 D/Tethering(377): interfaceStatusChanged wlan0, true
01-11 20:34:57.325 W/SignalStrength(503): getGsmLevel. this.mGsmSignalBar=4, getGsmSignalStrength()== 22
01-11 20:34:57.325 W/SignalStrength(503): getGsmLevel=4
01-11 20:34:57.325 W/SignalStrength(503): getLevel=4 (SignalStrength: 22 255 -120 -160 -120 -1 -1 99 2147483647 -32767 2147483647 -32767 gsm|lte 4)
01-11 20:34:57.325 W/SignalStrength(503): getGsmLevel. this.mGsmSignalBar=4, getGsmSignalStrength()== 22
01-11 20:34:57.325 W/SignalStrength(503): getGsmLevel=4
01-11 20:34:57.325 W/SignalStrength(503): getLevel=4 (SignalStrength: 22 255 -120 -160 -120 -1 -1 99 2147483647 -32767 2147483647 -32767 gsm|lte 4)
01-11 20:34:59.335 W/SignalStrength(503): getGsmLevel. this.mGsmSignalBar=4, getGsmSignalStrength()== 22
01-11 20:34:59.335 W/SignalStrength(503): getGsmLevel=4
01-11 20:34:59.335 W/SignalStrength(503): getLevel=4 (SignalStrength: 22 255 -120 -160 -120 -1 -1 99 2147483647 -32767 2147483647 -32767 gsm|lte 4)
01-11 20:34:59.335 W/SignalStrength(503): getGsmLevel. this.mGsmSignalBar=4, getGsmSignalStrength()== 22
01-11 20:34:59.335 W/SignalStrength(503): getGsmLevel=4
01-11 20:34:59.335 W/SignalStrength(503): getLevel=4 (SignalStrength: 22 255 -120 -160 -120 -1 -1 99 2147483647 -32767 2147483647 -32767 gsm|lte 4)
01-11 20:34:59.995 E/AlarmManagerService(377): android_server_AlarmManagerService_set to type=3, 112913.597000000
01-11 20:34:59.995 D/KeyguardUpdateMonitor(377): received broadcast android.intent.action.TIME_TICK
01-11 20:34:59.995 D/KeyguardUpdateMonitor(377): handleTimeUpdate
01-11 20:35:00.335 W/SignalStrength(503): getGsmLevel. this.mGsmSignalBar=4, getGsmSignalStrength()== 22
01-11 20:35:00.335 W/SignalStrength(503): getGsmLevel=4
01-11 20:35:00.335 W/SignalStrength(503): getLevel=4 (SignalStrength: 22 255 -120 -160 -120 -1 -1 99 2147483647 -32767 2147483647 -32767 gsm|lte 4)
01-11 20:35:00.335 W/SignalStrength(503): getGsmLevel. this.mGsmSignalBar=4, getGsmSignalStrength()== 22
01-11 20:35:00.335 W/SignalStrength(503): getGsmLevel=4
01-11 20:35:00.335 W/SignalStrength(503): getLevel=4 (SignalStrength: 22 255 -120 -160 -120 -1 -1 99 2147483647 -32767 2147483647 -32767 gsm|lte 4)
01-11 20:35:02.335 W/SignalStrength(503): getGsmLevel. this.mGsmSignalBar=4, getGsmSignalStrength()== 22
01-11 20:35:02.335 W/SignalStrength(503): getGsmLevel=4
01-11 20:35:02.335 W/SignalStrength(503): getLevel=4 (SignalStrength: 22 255 -120 -160 -120 -1 -1 99 2147483647 -32767 2147483647 -32767 gsm|lte 4)
01-11 20:35:02.335 W/SignalStrength(503): getGsmLevel. this.mGsmSignalBar=4, getGsmSignalStrength()== 22
01-11 20:35:02.335 W/SignalStrength(503): getGsmLevel=4
01-11 20:35:02.335 W/SignalStrength(503): getLevel=4 (SignalStrength: 22 255 -120 -160 -120 -1 -1 99 2147483647 -32767 2147483647 -32767 gsm|lte 4)
01-11 20:35:03.345 W/SignalStrength(503): getGsmLevel. this.mGsmSignalBar=4, getGsmSignalStrength()== 22
01-11 20:35:03.345 W/SignalStrength(503): getGsmLevel=4
01-11 20:35:03.345 W/SignalStrength(503): getLevel=4 (SignalStrength: 22 255 -120 -160 -120 -1 -1 99 2147483647 -32767 2147483647 -32767 gsm|lte 4)
01-11 20:35:03.345 W/SignalStrength(503): getGsmLevel. this.mGsmSignalBar=4, getGsmSignalStrength()== 22
01-11 20:35:03.345 W/SignalStrength(503): getGsmLevel=4
01-11 20:35:03.345 W/SignalStrength(503): getLevel=4 (SignalStrength: 22 255 -120 -160 -120 -1 -1 99 2147483647 -32767 2147483647 -32767 gsm|lte 4)
01-11 20:35:05.215 D/KeyguardUpdateMonitor(377): received broadcast android.intent.action.BATTERY_CHANGED
01-11 20:35:05.215 D/KeyguardUpdateMonitor(377): handleBatteryUpdate
01-11 20:35:05.345 W/SignalStrength(503): getGsmLevel. this.mGsmSignalBar=4, getGsmSignalStrength()== 22
01-11 20:35:05.345 W/SignalStrength(503): getGsmLevel=4
01-11 20:35:05.345 W/SignalStrength(503): getLevel=4 (SignalStrength: 22 255 -120 -160 -120 -1 -1 99 2147483647 -32767 2147483647 -32767 gsm|lte 4)
01-11 20:35:05.345 W/SignalStrength(503): getGsmLevel. this.mGsmSignalBar=4, getGsmSignalStrength()== 22
01-11 20:35:05.345 W/SignalStrength(503): getGsmLevel=4
01-11 20:35:05.345 W/SignalStrength(503): getLevel=4 (SignalStrength: 22 255 -120 -160 -120 -1 -1 99 2147483647 -32767 2147483647 -32767 gsm|lte 4)
01-11 20:35:06.055 I/NRFW    (1229): profile=wifi
01-11 20:35:06.065 I/NRFW    (1229): serverip=103.235.47.88 localIp=10.0.8.1
01-11 20:35:06.345 W/SignalStrength(503): getGsmLevel. this.mGsmSignalBar=4, getGsmSignalStrength()== 22
01-11 20:35:06.345 W/SignalStrength(503): getGsmLevel=4
01-11 20:35:06.345 W/SignalStrength(503): getLevel=4 (SignalStrength: 22 255 -120 -160 -120 -1 -1 99 2147483647 -32767 2147483647 -32767 gsm|lte 4)
01-11 20:35:06.345 W/SignalStrength(503): getGsmLevel. this.mGsmSignalBar=4, getGsmSignalStrength()== 22
01-11 20:35:06.345 W/SignalStrength(503): getGsmLevel=4
01-11 20:35:06.345 W/SignalStrength(503): getLevel=4 (SignalStrength: 22 255 -120 -160 -120 -1 -1 99 2147483647 -32767 2147483647 -32767 gsm|lte 4)
01-11 20:35:07.785 I/PlayCommon(23879): [1079] com.google.android.play.a.g.e(900): Preparing logs for uploading
01-11 20:35:07.785 I/PlayCommon(23879): [1079] com.google.android.play.a.g.e(902): No file ready to send
01-11 20:35:08.345 W/SignalStrength(503): getGsmLevel. this.mGsmSignalBar=4, getGsmSignalStrength()== 22
01-11 20:35:08.345 W/SignalStrength(503): getGsmLevel=4
01-11 20:35:08.355 W/SignalStrength(503): getLevel=4 (SignalStrength: 22 255 -120 -160 -120 -1 -1 99 2147483647 -32767 2147483647 -32767 gsm|lte 4)
01-11 20:35:08.355 W/SignalStrength(503): getGsmLevel. this.mGsmSignalBar=4, getGsmSignalStrength()== 22
01-11 20:35:08.355 W/SignalStrength(503): getGsmLevel=4
01-11 20:35:08.355 W/SignalStrength(503): getLevel=4 (SignalStrength: 22 255 -120 -160 -120 -1 -1 99 2147483647 -32767 2147483647 -32767 gsm|lte 4)
01-11 20:35:09.075 I/NRFW    (1229): profile=wifi
01-11 20:35:09.085 I/NRFW    (1229): serverip=103.235.47.88 localIp=10.0.8.1
01-11 20:35:09.355 W/SignalStrength(503): getGsmLevel. this.mGsmSignalBar=4, getGsmSignalStrength()== 22
01-11 20:35:09.355 W/SignalStrength(503): getGsmLevel=4
01-11 20:35:09.355 W/SignalStrength(503): getLevel=4 (SignalStrength: 22 255 -120 -160 -120 -1 -1 99 2147483647 -32767 2147483647 -32767 gsm|lte 4)
01-11 20:35:09.355 W/SignalStrength(503): getGsmLevel. this.mGsmSignalBar=4, getGsmSignalStrength()== 22
01-11 20:35:09.355 W/SignalStrength(503): getGsmLevel=4
01-11 20:35:09.355 W/SignalStrength(503): getLevel=4 (SignalStrength: 22 255 -120 -160 -120 -1 -1 99 2147483647 -32767 2147483647 -32767 gsm|lte 4)
01-11 20:35:11.355 W/SignalStrength(503): getGsmLevel. this.mGsmSignalBar=4, getGsmSignalStrength()== 22
01-11 20:35:11.355 W/SignalStrength(503): getGsmLevel=4
01-11 20:35:11.355 W/SignalStrength(503): getLevel=4 (SignalStrength: 22 255 -120 -160 -120 -1 -1 99 2147483647 -32767 2147483647 -32767 gsm|lte 4)
01-11 20:35:11.355 W/SignalStrength(503): getGsmLevel. this.mGsmSignalBar=4, getGsmSignalStrength()== 22
01-11 20:35:11.355 W/SignalStrength(503): getGsmLevel=4
01-11 20:35:11.355 W/SignalStrength(503): getLevel=4 (SignalStrength: 22 255 -120 -160 -120 -1 -1 99 2147483647 -32767 2147483647 -32767 gsm|lte 4)
01-11 20:35:12.355 W/SignalStrength(503): getGsmLevel. this.mGsmSignalBar=4, getGsmSignalStrength()== 22
01-11 20:35:12.355 W/SignalStrength(503): getGsmLevel=4
01-11 20:35:12.355 W/SignalStrength(503): getLevel=4 (SignalStrength: 22 255 -120 -160 -120 -1 -1 99 2147483647 -32767 2147483647 -32767 gsm|lte 4)
01-11 20:35:12.355 W/SignalStrength(503): getGsmLevel. this.mGsmSignalBar=4, getGsmSignalStrength()== 22
01-11 20:35:12.355 W/SignalStrength(503): getGsmLevel=4
01-11 20:35:12.355 W/SignalStrength(503): getLevel=4 (SignalStrength: 22 255 -120 -160 -120 -1 -1 99 2147483647 -32767 2147483647 -32767 gsm|lte 4)
01-11 20:35:14.365 W/SignalStrength(503): getGsmLevel. this.mGsmSignalBar=4, getGsmSignalStrength()== 22
01-11 20:35:14.365 W/SignalStrength(503): getGsmLevel=4
01-11 20:35:14.365 W/SignalStrength(503): getLevel=4 (SignalStrength: 22 255 -120 -160 -120 -1 -1 99 2147483647 -32767 2147483647 -32767 gsm|lte 4)
01-11 20:35:14.365 W/SignalStrength(503): getGsmLevel. this.mGsmSignalBar=4, getGsmSignalStrength()== 22
01-11 20:35:14.365 W/SignalStrength(503): getGsmLevel=4
01-11 20:35:14.365 W/SignalStrength(503): getLevel=4 (SignalStrength: 22 255 -120 -160 -120 -1 -1 99 2147483647 -32767 2147483647 -32767 gsm|lte 4)
01-11 20:35:15.085 I/NRFW    (1229): profile=wifi
01-11 20:35:15.095 I/NRFW    (1229): serverip=103.235.47.88 localIp=10.0.8.1
01-11 20:35:15.365 W/SignalStrength(503): getGsmLevel. this.mGsmSignalBar=4, getGsmSignalStrength()== 22
01-11 20:35:15.365 W/SignalStrength(503): getGsmLevel=4
01-11 20:35:15.365 W/SignalStrength(503): getLevel=4 (SignalStrength: 22 255 -120 -160 -120 -1 -1 99 2147483647 -32767 2147483647 -32767 gsm|lte 4)
01-11 20:35:15.365 W/SignalStrength(503): getGsmLevel. this.mGsmSignalBar=4, getGsmSignalStrength()== 22
01-11 20:35:15.365 W/SignalStrength(503): getGsmLevel=4
01-11 20:35:15.365 W/SignalStrength(503): getLevel=4 (SignalStrength: 22 255 -120 -160 -120 -1 -1 99 2147483647 -32767 2147483647 -32767 gsm|lte 4)
01-11 20:35:16.495 D/QCRIL_RPC(102): Enter qcril_cm_srvsys_event_callback
01-11 20:35:16.495 D/QCRIL_RPC(102): Exit qcril_cm_srvsys_event_callback
01-11 20:35:16.495 D/QCRIL_RPC(102): Enter qcril_sms_cfg_event_callback
01-11 20:35:16.495 D/QCRIL_RPC(102): Exit qcril_sms_cfg_event_callback
01-11 20:35:16.495 D/QCRIL_RPC(102): Enter qcril_sms_cfg_event_callback
01-11 20:35:16.495 D/QCRIL_RPC(102): Exit qcril_sms_cfg_event_callback
01-11 20:35:16.535 D/QCRIL_RPC(102): Enter qcril_cm_phonesvc_command_callback
01-11 20:35:16.535 D/QCRIL_RPC(102): Exit qcril_cm_phonesvc_command_callback
01-11 20:35:16.535 D/QCRIL_RPC(102): Enter qcril_cm_event_command_callback
01-11 20:35:16.535 D/QCRIL_RPC(102): Exit qcril_cm_event_command_callback
01-11 20:35:16.545 D/QCRIL_RPC(102): Enter qcril_cm_phonesvc_event_callback
01-11 20:35:16.545 D/QCRIL_RPC(102): Exit qcril_cm_phonesvc_event_callback
01-11 20:35:16.545 D/QCRIL_RPC(102): Enter qcril_cm_phonesvc_command_callback
01-11 20:35:16.545 D/QCRIL_RPC(102): Exit qcril_cm_phonesvc_command_callback
01-11 20:35:16.545 D/QCRIL_RPC(102): Enter qcril_cm_event_command_callback
01-11 20:35:16.545 D/QCRIL_RPC(102): Exit qcril_cm_event_command_callback
01-11 20:35:16.545 D/QCRIL_RPC(102): Enter qcril_cm_phonesvc_event_callback
01-11 20:35:16.545 D/QCRIL_RPC(102): Exit qcril_cm_phonesvc_event_callback
01-11 20:35:17.365 W/SignalStrength(503): getGsmLevel. this.mGsmSignalBar=4, getGsmSignalStrength()== 22
01-11 20:35:17.365 W/SignalStrength(503): getGsmLevel=4
01-11 20:35:17.365 W/SignalStrength(503): getLevel=4 (SignalStrength: 22 255 -120 -160 -120 -1 -1 99 2147483647 -32767 2147483647 -32767 gsm|lte 4)
01-11 20:35:17.365 W/SignalStrength(503): getGsmLevel. this.mGsmSignalBar=4, getGsmSignalStrength()== 22
01-11 20:35:17.365 W/SignalStrength(503): getGsmLevel=4
01-11 20:35:17.365 W/SignalStrength(503): getLevel=4 (SignalStrength: 22 255 -120 -160 -120 -1 -1 99 2147483647 -32767 2147483647 -32767 gsm|lte 4)
01-11 20:35:18.365 W/SignalStrength(503): getGsmLevel. this.mGsmSignalBar=4, getGsmSignalStrength()== 22
01-11 20:35:18.365 W/SignalStrength(503): getGsmLevel=4
01-11 20:35:18.365 W/SignalStrength(503): getLevel=4 (SignalStrength: 22 255 -120 -160 -120 -1 -1 99 2147483647 -32767 2147483647 -32767 gsm|lte 4)
01-11 20:35:18.365 W/SignalStrength(503): getGsmLevel. this.mGsmSignalBar=4, getGsmSignalStrength()== 22
01-11 20:35:18.365 W/SignalStrength(503): getGsmLevel=4
01-11 20:35:18.365 W/SignalStrength(503): getLevel=4 (SignalStrength: 22 255 -120 -160 -120 -1 -1 99 2147483647 -32767 2147483647 -32767 gsm|lte 4)
01-11 20:35:19.225 E/AlarmManagerService(377): android_server_AlarmManagerService_set to type=3, 112954.365000000
01-11 20:35:19.785 D/plugin  (684): getDefaultSubscription()
01-11 20:35:19.785 E/MSimTelephonyManager(24146): MSimTelephonyManager sRegistryMsim != null
01-11 20:35:19.785 I/NRFW    (1229): profile=wifi
01-11 20:35:19.795 I/NRFW    (1229): serverip=180.76.3.90 localIp=10.0.8.1
01-11 20:35:19.805 I/DNS     (1229): 180.76.3.90 h_errno=1
01-11 20:35:20.375 W/SignalStrength(503): getGsmLevel. this.mGsmSignalBar=4, getGsmSignalStrength()== 22
01-11 20:35:20.375 W/SignalStrength(503): getGsmLevel=4
01-11 20:35:20.375 W/SignalStrength(503): getLevel=4 (SignalStrength: 22 255 -120 -160 -120 -1 -1 99 2147483647 -32767 2147483647 -32767 gsm|lte 4)
01-11 20:35:20.375 W/SignalStrength(503): getGsmLevel. this.mGsmSignalBar=4, getGsmSignalStrength()== 22
01-11 20:35:20.375 W/SignalStrength(503): getGsmLevel=4
01-11 20:35:20.375 W/SignalStrength(503): getLevel=4 (SignalStrength: 22 255 -120 -160 -120 -1 -1 99 2147483647 -32767 2147483647 -32767 gsm|lte 4)
01-11 20:35:21.375 W/SignalStrength(503): getGsmLevel. this.mGsmSignalBar=4, getGsmSignalStrength()== 22
01-11 20:35:21.375 W/SignalStrength(503): getGsmLevel=4
01-11 20:35:21.375 W/SignalStrength(503): getLevel=4 (SignalStrength: 22 255 -120 -160 -120 -1 -1 99 2147483647 -32767 2147483647 -32767 gsm|lte 4)
01-11 20:35:21.375 W/SignalStrength(503): getGsmLevel. this.mGsmSignalBar=4, getGsmSignalStrength()== 22
01-11 20:35:21.375 W/SignalStrength(503): getGsmLevel=4
01-11 20:35:21.375 W/SignalStrength(503): getLevel=4 (SignalStrength: 22 255 -120 -160 -120 -1 -1 99 2147483647 -32767 2147483647 -32767 gsm|lte 4)
01-11 20:35:22.805 I/NRFW    (1229): profile=wifi
01-11 20:35:22.815 I/NRFW    (1229): serverip=180.76.3.90 localIp=10.0.8.1
01-11 20:35:23.375 W/SignalStrength(503): getGsmLevel. this.mGsmSignalBar=4, getGsmSignalStrength()== 22
01-11 20:35:23.375 W/SignalStrength(503): getGsmLevel=4
01-11 20:35:23.375 W/SignalStrength(503): getLevel=4 (SignalStrength: 22 255 -120 -160 -120 -1 -1 99 2147483647 -32767 2147483647 -32767 gsm|lte 4)
01-11 20:35:23.375 W/SignalStrength(503): getGsmLevel. this.mGsmSignalBar=4, getGsmSignalStrength()== 22
01-11 20:35:23.375 W/SignalStrength(503): getGsmLevel=4
01-11 20:35:23.375 W/SignalStrength(503): getLevel=4 (SignalStrength: 22 255 -120 -160 -120 -1 -1 99 2147483647 -32767 2147483647 -32767 gsm|lte 4)
01-11 20:35:25.235 D/KeyguardUpdateMonitor(377): received broadcast android.intent.action.BATTERY_CHANGED
01-11 20:35:25.235 D/KeyguardUpdateMonitor(377): handleBatteryUpdate
01-11 20:35:25.385 W/SignalStrength(503): getGsmLevel. this.mGsmSignalBar=4, getGsmSignalStrength()== 22
01-11 20:35:25.385 W/SignalStrength(503): getGsmLevel=4
01-11 20:35:25.385 W/SignalStrength(503): getLevel=4 (SignalStrength: 22 255 -120 -160 -120 -1 -1 99 2147483647 -32767 2147483647 -32767 gsm|lte 4)
01-11 20:35:25.385 W/SignalStrength(503): getGsmLevel. this.mGsmSignalBar=4, getGsmSignalStrength()== 22
01-11 20:35:25.385 W/SignalStrength(503): getGsmLevel=4
01-11 20:35:25.385 W/SignalStrength(503): getLevel=4 (SignalStrength: 22 255 -120 -160 -120 -1 -1 99 2147483647 -32767 2147483647 -32767 gsm|lte 4)
01-11 20:35:26.385 W/SignalStrength(503): getGsmLevel. this.mGsmSignalBar=4, getGsmSignalStrength()== 22
01-11 20:35:26.385 W/SignalStrength(503): getGsmLevel=4
01-11 20:35:26.385 W/SignalStrength(503): getLevel=4 (SignalStrength: 22 255 -120 -160 -120 -1 -1 99 2147483647 -32767 2147483647 -32767 gsm|lte 4)
01-11 20:35:26.385 W/SignalStrength(503): getGsmLevel. this.mGsmSignalBar=4, getGsmSignalStrength()== 22
01-11 20:35:26.385 W/SignalStrength(503): getGsmLevel=4
01-11 20:35:26.385 W/SignalStrength(503): getLevel=4 (SignalStrength: 22 255 -120 -160 -120 -1 -1 99 2147483647 -32767 2147483647 -32767 gsm|lte 4)
01-11 20:35:27.385 W/SignalStrength(503): getGsmLevel. this.mGsmSignalBar=4, getGsmSignalStrength()== 22
01-11 20:35:27.385 W/SignalStrength(503): getGsmLevel=4
01-11 20:35:27.385 W/SignalStrength(503): getLevel=4 (SignalStrength: 22 255 -120 -160 -120 -1 -1 99 2147483647 -32767 2147483647 -32767 gsm|lte 4)
01-11 20:35:27.385 W/SignalStrength(503): getGsmLevel. this.mGsmSignalBar=4, getGsmSignalStrength()== 22
01-11 20:35:27.385 W/SignalStrength(503): getGsmLevel=4
01-11 20:35:27.385 W/SignalStrength(503): getLevel=4 (SignalStrength: 22 255 -120 -160 -120 -1 -1 99 2147483647 -32767 2147483647 -32767 gsm|lte 4)
01-11 20:35:28.825 I/NRFW    (1229): profile=wifi
01-11 20:35:28.835 I/NRFW    (1229): serverip=180.76.3.90 localIp=10.0.8.1
01-11 20:35:29.115 I/NRFW    (1229): serverip=103.235.47.88 localIp=10.0.8.1
01-11 20:35:29.125 I/DNS     (1229): 103.235.47.88 h_errno=1
01-11 20:35:29.135 I/DNS     (1229): 112.80.248.171 h_errno=1
01-11 20:35:29.395 W/SignalStrength(503): getGsmLevel. this.mGsmSignalBar=4, getGsmSignalStrength()== 22
01-11 20:35:29.395 W/SignalStrength(503): getGsmLevel=4
01-11 20:35:29.395 W/SignalStrength(503): getLevel=4 (SignalStrength: 22 255 -120 -160 -120 -1 -1 99 2147483647 -32767 2147483647 -32767 gsm|lte 4)
01-11 20:35:29.395 W/SignalStrength(503): getGsmLevel. this.mGsmSignalBar=4, getGsmSignalStrength()== 22
01-11 20:35:29.395 W/SignalStrength(503): getGsmLevel=4
01-11 20:35:29.395 W/SignalStrength(503): getLevel=4 (SignalStrength: 22 255 -120 -160 -120 -1 -1 99 2147483647 -32767 2147483647 -32767 gsm|lte 4)
01-11 20:35:30.405 W/SignalStrength(503): getGsmLevel. this.mGsmSignalBar=4, getGsmSignalStrength()== 22
01-11 20:35:30.405 W/SignalStrength(503): getGsmLevel=4
01-11 20:35:30.405 W/SignalStrength(503): getLevel=4 (SignalStrength: 22 255 -120 -160 -120 -1 -1 99 2147483647 -32767 2147483647 -32767 gsm|lte 4)
01-11 20:35:30.405 W/SignalStrength(503): getGsmLevel. this.mGsmSignalBar=4, getGsmSignalStrength()== 22
01-11 20:35:30.405 W/SignalStrength(503): getGsmLevel=4
01-11 20:35:30.405 W/SignalStrength(503): getLevel=4 (SignalStrength: 22 255 -120 -160 -120 -1 -1 99 2147483647 -32767 2147483647 -32767 gsm|lte 4)
01-11 20:35:32.125 I/NRFW    (1229): profile=wifi
01-11 20:35:32.135 I/NRFW    (1229): serverip=103.235.47.88 localIp=10.0.8.1
01-11 20:35:32.405 W/SignalStrength(503): getGsmLevel. this.mGsmSignalBar=4, getGsmSignalStrength()== 22
01-11 20:35:32.405 W/SignalStrength(503): getGsmLevel=4
01-11 20:35:32.405 W/SignalStrength(503): getLevel=4 (SignalStrength: 22 255 -120 -160 -120 -1 -1 99 2147483647 -32767 2147483647 -32767 gsm|lte 4)
01-11 20:35:32.405 W/SignalStrength(503): getGsmLevel. this.mGsmSignalBar=4, getGsmSignalStrength()== 22
01-11 20:35:32.405 W/SignalStrength(503): getGsmLevel=4
01-11 20:35:32.405 W/SignalStrength(503): getLevel=4 (SignalStrength: 22 255 -120 -160 -120 -1 -1 99 2147483647 -32767 2147483647 -32767 gsm|lte 4)
01-11 20:35:33.345 D/Tethering(377): interfaceLinkStateChanged wlan0, true
01-11 20:35:33.345 D/Tethering(377): interfaceStatusChanged wlan0, true
01-11 20:35:33.415 W/SignalStrength(503): getGsmLevel. this.mGsmSignalBar=4, getGsmSignalStrength()== 22
01-11 20:35:33.415 W/SignalStrength(503): getGsmLevel=4
01-11 20:35:33.415 W/SignalStrength(503): getLevel=4 (SignalStrength: 22 255 -120 -160 -120 -1 -1 99 2147483647 -32767 2147483647 -32767 gsm|lte 4)
01-11 20:35:33.415 W/SignalStrength(503): getGsmLevel. this.mGsmSignalBar=4, getGsmSignalStrength()== 22
01-11 20:35:33.415 W/SignalStrength(503): getGsmLevel=4
01-11 20:35:33.415 W/SignalStrength(503): getLevel=4 (SignalStrength: 22 255 -120 -160 -120 -1 -1 99 2147483647 -32767 2147483647 -32767 gsm|lte 4)
01-11 20:35:35.415 W/SignalStrength(503): getGsmLevel. this.mGsmSignalBar=4, getGsmSignalStrength()== 22
01-11 20:35:35.415 W/SignalStrength(503): getGsmLevel=4
01-11 20:35:35.415 W/SignalStrength(503): getLevel=4 (SignalStrength: 22 255 -120 -160 -120 -1 -1 99 2147483647 -32767 2147483647 -32767 gsm|lte 4)
01-11 20:35:35.415 W/SignalStrength(503): getGsmLevel. this.mGsmSignalBar=4, getGsmSignalStrength()== 22
01-11 20:35:35.415 W/SignalStrength(503): getGsmLevel=4
01-11 20:35:35.415 W/SignalStrength(503): getLevel=4 (SignalStrength: 22 255 -120 -160 -120 -1 -1 99 2147483647 -32767 2147483647 -32767 gsm|lte 4)
01-11 20:35:36.415 W/SignalStrength(503): getGsmLevel. this.mGsmSignalBar=4, getGsmSignalStrength()== 22
01-11 20:35:36.415 W/SignalStrength(503): getGsmLevel=4
01-11 20:35:36.415 W/SignalStrength(503): getLevel=4 (SignalStrength: 22 255 -120 -160 -120 -1 -1 99 2147483647 -32767 2147483647 -32767 gsm|lte 4)
01-11 20:35:36.415 W/SignalStrength(503): getGsmLevel. this.mGsmSignalBar=4, getGsmSignalStrength()== 22
01-11 20:35:36.415 W/SignalStrength(503): getGsmLevel=4
01-11 20:35:36.415 W/SignalStrength(503): getLevel=4 (SignalStrength: 22 255 -120 -160 -120 -1 -1 99 2147483647 -32767 2147483647 -32767 gsm|lte 4)
01-11 20:35:38.145 I/NRFW    (1229): profile=wifi
01-11 20:35:38.155 I/NRFW    (1229): serverip=103.235.47.88 localIp=10.0.8.1
01-11 20:35:38.415 W/SignalStrength(503): getGsmLevel. this.mGsmSignalBar=4, getGsmSignalStrength()== 22
01-11 20:35:38.415 W/SignalStrength(503): getGsmLevel=4
01-11 20:35:38.415 W/SignalStrength(503): getLevel=4 (SignalStrength: 22 255 -120 -160 -120 -1 -1 99 2147483647 -32767 2147483647 -32767 gsm|lte 4)
01-11 20:35:38.415 W/SignalStrength(503): getGsmLevel. this.mGsmSignalBar=4, getGsmSignalStrength()== 22
01-11 20:35:38.415 W/SignalStrength(503): getGsmLevel=4
01-11 20:35:38.415 W/SignalStrength(503): getLevel=4 (SignalStrength: 22 255 -120 -160 -120 -1 -1 99 2147483647 -32767 2147483647 -32767 gsm|lte 4)
01-11 20:35:39.425 W/SignalStrength(503): getGsmLevel. this.mGsmSignalBar=4, getGsmSignalStrength()== 22
01-11 20:35:39.425 W/SignalStrength(503): getGsmLevel=4
01-11 20:35:39.425 W/SignalStrength(503): getLevel=4 (SignalStrength: 22 255 -120 -160 -120 -1 -1 99 2147483647 -32767 2147483647 -32767 gsm|lte 4)
01-11 20:35:39.425 W/SignalStrength(503): getGsmLevel. this.mGsmSignalBar=4, getGsmSignalStrength()== 22
01-11 20:35:39.425 W/SignalStrength(503): getGsmLevel=4
01-11 20:35:39.425 W/SignalStrength(503): getLevel=4 (SignalStrength: 22 255 -120 -160 -120 -1 -1 99 2147483647 -32767 2147483647 -32767 gsm|lte 4)
01-11 20:35:41.425 W/SignalStrength(503): getGsmLevel. this.mGsmSignalBar=4, getGsmSignalStrength()== 22
01-11 20:35:41.425 W/SignalStrength(503): getGsmLevel=4
01-11 20:35:41.425 W/SignalStrength(503): getLevel=4 (SignalStrength: 22 255 -120 -160 -120 -1 -1 99 2147483647 -32767 2147483647 -32767 gsm|lte 4)
01-11 20:35:41.425 W/SignalStrength(503): getGsmLevel. this.mGsmSignalBar=4, getGsmSignalStrength()== 22
01-11 20:35:41.425 W/SignalStrength(503): getGsmLevel=4
01-11 20:35:41.425 W/SignalStrength(503): getLevel=4 (SignalStrength: 22 255 -120 -160 -120 -1 -1 99 2147483647 -32767 2147483647 -32767 gsm|lte 4)
01-11 20:35:42.425 W/SignalStrength(503): getGsmLevel. this.mGsmSignalBar=4, getGsmSignalStrength()== 22
01-11 20:35:42.425 W/SignalStrength(503): getGsmLevel=4
01-11 20:35:42.425 W/SignalStrength(503): getLevel=4 (SignalStrength: 22 255 -120 -160 -120 -1 -1 99 2147483647 -32767 2147483647 -32767 gsm|lte 4)
01-11 20:35:42.425 W/SignalStrength(503): getGsmLevel. this.mGsmSignalBar=4, getGsmSignalStrength()== 22
01-11 20:35:42.425 W/SignalStrength(503): getGsmLevel=4
01-11 20:35:42.425 W/SignalStrength(503): getLevel=4 (SignalStrength: 22 255 -120 -160 -120 -1 -1 99 2147483647 -32767 2147483647 -32767 gsm|lte 4)
01-11 20:35:43.295 D/plugin  (684): getDefaultSubscription()
01-11 20:35:44.105 W/SignalStrength(503): getGsmLevel. this.mGsmSignalBar=4, getGsmSignalStrength()== 22
01-11 20:35:44.105 W/SignalStrength(503): getGsmLevel=4
01-11 20:35:44.105 W/SignalStrength(503): getLevel=4 (SignalStrength: 22 255 -120 -160 -120 -1 -1 99 2147483647 -32767 2147483647 -32767 gsm|lte 4)
01-11 20:35:44.105 W/SignalStrength(503): getGsmLevel. this.mGsmSignalBar=4, getGsmSignalStrength()== 22
01-11 20:35:44.105 W/SignalStrength(503): getGsmLevel=4
01-11 20:35:44.105 W/SignalStrength(503): getLevel=4 (SignalStrength: 22 255 -120 -160 -120 -1 -1 99 2147483647 -32767 2147483647 -32767 gsm|lte 4)
01-11 20:35:44.435 W/SignalStrength(503): getGsmLevel. this.mGsmSignalBar=4, getGsmSignalStrength()== 22
01-11 20:35:44.435 W/SignalStrength(503): getGsmLevel=4
01-11 20:35:44.435 W/SignalStrength(503): getLevel=4 (SignalStrength: 22 255 -120 -160 -120 -1 -1 99 2147483647 -32767 2147483647 -32767 gsm|lte 4)
01-11 20:35:44.435 W/SignalStrength(503): getGsmLevel. this.mGsmSignalBar=4, getGsmSignalStrength()== 22
01-11 20:35:44.435 W/SignalStrength(503): getGsmLevel=4
01-11 20:35:44.435 W/SignalStrength(503): getLevel=4 (SignalStrength: 22 255 -120 -160 -120 -1 -1 99 2147483647 -32767 2147483647 -32767 gsm|lte 4)
01-11 20:35:45.275 D/KeyguardUpdateMonitor(377): received broadcast android.intent.action.BATTERY_CHANGED
01-11 20:35:45.275 D/KeyguardUpdateMonitor(377): handleBatteryUpdate
01-11 20:35:45.435 W/SignalStrength(503): getGsmLevel. this.mGsmSignalBar=4, getGsmSignalStrength()== 22
01-11 20:35:45.435 W/SignalStrength(503): getGsmLevel=4
01-11 20:35:45.435 W/SignalStrength(503): getLevel=4 (SignalStrength: 22 255 -120 -160 -120 -1 -1 99 2147483647 -32767 2147483647 -32767 gsm|lte 4)
01-11 20:35:45.435 W/SignalStrength(503): getGsmLevel. this.mGsmSignalBar=4, getGsmSignalStrength()== 22
01-11 20:35:45.435 W/SignalStrength(503): getGsmLevel=4
01-11 20:35:45.435 W/SignalStrength(503): getLevel=4 (SignalStrength: 22 255 -120 -160 -120 -1 -1 99 2147483647 -32767 2147483647 -32767 gsm|lte 4)
01-11 20:35:47.115 W/SignalStrength(503): getGsmLevel. this.mGsmSignalBar=4, getGsmSignalStrength()== 22
01-11 20:35:47.115 W/SignalStrength(503): getGsmLevel=4
01-11 20:35:47.115 W/SignalStrength(503): getLevel=4 (SignalStrength: 22 255 -120 -160 -120 -1 -1 99 2147483647 -32767 2147483647 -32767 gsm|lte 4)
01-11 20:35:47.115 W/SignalStrength(503): getGsmLevel. this.mGsmSignalBar=4, getGsmSignalStrength()== 22
01-11 20:35:47.115 W/SignalStrength(503): getGsmLevel=4
01-11 20:35:47.115 W/SignalStrength(503): getLevel=4 (SignalStrength: 22 255 -120 -160 -120 -1 -1 99 2147483647 -32767 2147483647 -32767 gsm|lte 4)
01-11 20:35:47.435 W/SignalStrength(503): getGsmLevel. this.mGsmSignalBar=4, getGsmSignalStrength()== 22
01-11 20:35:47.435 W/SignalStrength(503): getGsmLevel=4
01-11 20:35:47.435 W/SignalStrength(503): getLevel=4 (SignalStrength: 22 255 -120 -160 -120 -1 -1 99 2147483647 -32767 2147483647 -32767 gsm|lte 4)
01-11 20:35:47.435 W/SignalStrength(503): getGsmLevel. this.mGsmSignalBar=4, getGsmSignalStrength()== 22
01-11 20:35:47.435 W/SignalStrength(503): getGsmLevel=4
01-11 20:35:47.435 W/SignalStrength(503): getLevel=4 (SignalStrength: 22 255 -120 -160 -120 -1 -1 99 2147483647 -32767 2147483647 -32767 gsm|lte 4)
01-11 20:35:48.435 W/SignalStrength(503): getGsmLevel. this.mGsmSignalBar=4, getGsmSignalStrength()== 22
01-11 20:35:48.435 W/SignalStrength(503): getGsmLevel=4
01-11 20:35:48.435 W/SignalStrength(503): getLevel=4 (SignalStrength: 22 255 -120 -160 -120 -1 -1 99 2147483647 -32767 2147483647 -32767 gsm|lte 4)
01-11 20:35:48.435 W/SignalStrength(503): getGsmLevel. this.mGsmSignalBar=4, getGsmSignalStrength()== 22
01-11 20:35:48.435 W/SignalStrength(503): getGsmLevel=4
01-11 20:35:48.435 W/SignalStrength(503): getLevel=4 (SignalStrength: 22 255 -120 -160 -120 -1 -1 99 2147483647 -32767 2147483647 -32767 gsm|lte 4)
01-11 20:35:50.435 W/SignalStrength(503): getGsmLevel. this.mGsmSignalBar=4, getGsmSignalStrength()== 22
01-11 20:35:50.435 W/SignalStrength(503): getGsmLevel=4
01-11 20:35:50.435 W/SignalStrength(503): getLevel=4 (SignalStrength: 22 255 -120 -160 -120 -1 -1 99 2147483647 -32767 2147483647 -32767 gsm|lte 4)
01-11 20:35:50.435 W/SignalStrength(503): getGsmLevel. this.mGsmSignalBar=4, getGsmSignalStrength()== 22
01-11 20:35:50.435 W/SignalStrength(503): getGsmLevel=4
01-11 20:35:50.435 W/SignalStrength(503): getLevel=4 (SignalStrength: 22 255 -120 -160 -120 -1 -1 99 2147483647 -32767 2147483647 -32767 gsm|lte 4)
01-11 20:35:51.445 W/SignalStrength(503): getGsmLevel. this.mGsmSignalBar=4, getGsmSignalStrength()== 22
01-11 20:35:51.445 W/SignalStrength(503): getGsmLevel=4
01-11 20:35:51.445 W/SignalStrength(503): getLevel=4 (SignalStrength: 22 255 -120 -160 -120 -1 -1 99 2147483647 -32767 2147483647 -32767 gsm|lte 4)
01-11 20:35:51.445 W/SignalStrength(503): getGsmLevel. this.mGsmSignalBar=4, getGsmSignalStrength()== 22
01-11 20:35:51.445 W/SignalStrength(503): getGsmLevel=4
01-11 20:35:51.445 W/SignalStrength(503): getLevel=4 (SignalStrength: 22 255 -120 -160 -120 -1 -1 99 2147483647 -32767 2147483647 -32767 gsm|lte 4)
01-11 20:35:52.155 I/NRFW    (1229): profile=wifi
01-11 20:35:52.165 I/NRFW    (1229): serverip=103.235.47.88 localIp=10.0.8.1
01-11 20:35:53.135 W/SignalStrength(503): getGsmLevel. this.mGsmSignalBar=4, getGsmSignalStrength()== 22
01-11 20:35:53.135 W/SignalStrength(503): getGsmLevel=4
01-11 20:35:53.135 W/SignalStrength(503): getLevel=4 (SignalStrength: 22 255 -120 -160 -120 -1 -1 99 2147483647 -32767 2147483647 -32767 gsm|lte 4)
01-11 20:35:53.135 W/SignalStrength(503): getGsmLevel. this.mGsmSignalBar=4, getGsmSignalStrength()== 22
01-11 20:35:53.135 W/SignalStrength(503): getGsmLevel=4
01-11 20:35:53.135 W/SignalStrength(503): getLevel=4 (SignalStrength: 22 255 -120 -160 -120 -1 -1 99 2147483647 -32767 2147483647 -32767 gsm|lte 4)
01-11 20:35:53.445 W/SignalStrength(503): getGsmLevel. this.mGsmSignalBar=4, getGsmSignalStrength()== 22
01-11 20:35:53.445 W/SignalStrength(503): getGsmLevel=4
01-11 20:35:53.445 W/SignalStrength(503): getLevel=4 (SignalStrength: 22 255 -120 -160 -120 -1 -1 99 2147483647 -32767 2147483647 -32767 gsm|lte 4)
01-11 20:35:53.445 W/SignalStrength(503): getGsmLevel. this.mGsmSignalBar=4, getGsmSignalStrength()== 22
01-11 20:35:53.445 W/SignalStrength(503): getGsmLevel=4
01-11 20:35:53.445 W/SignalStrength(503): getLevel=4 (SignalStrength: 22 255 -120 -160 -120 -1 -1 99 2147483647 -32767 2147483647 -32767 gsm|lte 4)
01-11 20:35:54.445 W/SignalStrength(503): getGsmLevel. this.mGsmSignalBar=4, getGsmSignalStrength()== 22
01-11 20:35:54.445 W/SignalStrength(503): getGsmLevel=4
01-11 20:35:54.445 W/SignalStrength(503): getLevel=4 (SignalStrength: 22 255 -120 -160 -120 -1 -1 99 2147483647 -32767 2147483647 -32767 gsm|lte 4)
01-11 20:35:54.445 W/SignalStrength(503): getGsmLevel. this.mGsmSignalBar=4, getGsmSignalStrength()== 22
01-11 20:35:54.445 W/SignalStrength(503): getGsmLevel=4
01-11 20:35:54.445 W/SignalStrength(503): getLevel=4 (SignalStrength: 22 255 -120 -160 -120 -1 -1 99 2147483647 -32767 2147483647 -32767 gsm|lte 4)
01-11 20:35:55.175 I/NRFW    (1229): profile=wifi
01-11 20:35:55.185 I/NRFW    (1229): serverip=103.235.47.88 localIp=10.0.8.1
01-11 20:35:56.455 W/SignalStrength(503): getGsmLevel. this.mGsmSignalBar=4, getGsmSignalStrength()== 22
01-11 20:35:56.455 W/SignalStrength(503): getGsmLevel=4
01-11 20:35:56.455 W/SignalStrength(503): getLevel=4 (SignalStrength: 22 255 -120 -160 -120 -1 -1 99 2147483647 -32767 2147483647 -32767 gsm|lte 4)
01-11 20:35:56.455 W/SignalStrength(503): getGsmLevel. this.mGsmSignalBar=4, getGsmSignalStrength()== 22
01-11 20:35:56.455 W/SignalStrength(503): getGsmLevel=4
01-11 20:35:56.455 W/SignalStrength(503): getLevel=4 (SignalStrength: 22 255 -120 -160 -120 -1 -1 99 2147483647 -32767 2147483647 -32767 gsm|lte 4)
01-11 20:35:57.455 W/SignalStrength(503): getGsmLevel. this.mGsmSignalBar=4, getGsmSignalStrength()== 22
01-11 20:35:57.455 W/SignalStrength(503): getGsmLevel=4
01-11 20:35:57.455 W/SignalStrength(503): getLevel=4 (SignalStrength: 22 255 -120 -160 -120 -1 -1 99 2147483647 -32767 2147483647 -32767 gsm|lte 4)
01-11 20:35:57.455 W/SignalStrength(503): getGsmLevel. this.mGsmSignalBar=4, getGsmSignalStrength()== 22
01-11 20:35:57.455 W/SignalStrength(503): getGsmLevel=4
01-11 20:35:57.455 W/SignalStrength(503): getLevel=4 (SignalStrength: 22 255 -120 -160 -120 -1 -1 99 2147483647 -32767 2147483647 -32767 gsm|lte 4)
01-11 20:35:57.745 D/QCRIL_RPC(102): Enter qcril_cm_srvsys_event_callback
01-11 20:35:57.745 D/QCRIL_RPC(102): Exit qcril_cm_srvsys_event_callback
01-11 20:35:57.755 W/SignalStrength(503): getGsmLevel. this.mGsmSignalBar=4, getGsmSignalStrength()== 19
01-11 20:35:57.755 W/SignalStrength(503): getGsmLevel=4
01-11 20:35:57.755 W/SignalStrength(503): getLevel=4 (SignalStrength: 19 255 -120 -160 -120 -1 -1 99 2147483647 -32767 2147483647 -32767 gsm|lte 4)
01-11 20:35:57.755 W/SignalStrength(503): getGsmLevel. this.mGsmSignalBar=4, getGsmSignalStrength()== 19
01-11 20:35:57.755 W/SignalStrength(503): getGsmLevel=4
01-11 20:35:57.755 W/SignalStrength(503): getLevel=4 (SignalStrength: 19 255 -120 -160 -120 -1 -1 99 2147483647 -32767 2147483647 -32767 gsm|lte 4)
01-11 20:35:57.755 W/SignalStrength(503): getGsmLevel. this.mGsmSignalBar=4, getGsmSignalStrength()== 19
01-11 20:35:57.755 W/SignalStrength(503): getGsmLevel=4
01-11 20:35:57.755 W/SignalStrength(503): getLevel=4 (SignalStrength: 19 255 -120 -160 -120 -1 -1 99 2147483647 -32767 2147483647 -32767 gsm|lte 4)
01-11 20:35:57.755 W/SignalStrength(503): getGsmLevel. this.mGsmSignalBar=4, getGsmSignalStrength()== 22
01-11 20:35:57.755 W/SignalStrength(503): getGsmLevel=4
01-11 20:35:57.755 W/SignalStrength(503): getLevel=4 (SignalStrength: 22 255 -120 -160 -120 -1 -1 99 2147483647 -32767 2147483647 -32767 gsm|lte 4)
01-11 20:35:57.765 W/SignalStrength(377): getGsmLevel. this.mGsmSignalBar=4, getGsmSignalStrength()== 19
01-11 20:35:57.765 W/SignalStrength(377): getGsmLevel=4
01-11 20:35:57.765 W/SignalStrength(377): getLevel=4 (SignalStrength: 19 255 -120 -160 -120 -1 -1 99 2147483647 -32767 2147483647 -32767 gsm|lte 4)
01-11 20:35:57.765 W/SignalStrength(377): getDbm 1
01-11 20:35:57.765 W/SignalStrength(377): getGsmDbm=-75
01-11 20:35:57.765 W/SignalStrength(377): getDbm=-75
01-11 20:35:57.765 W/SignalStrength(377): getAsuLevel 1
01-11 20:35:57.765 W/SignalStrength(377): getGsmAsuLevel=19
01-11 20:35:57.765 W/SignalStrength(377): getAsuLevel=19
01-11 20:35:59.175 W/SignalStrength(503): getGsmLevel. this.mGsmSignalBar=4, getGsmSignalStrength()== 19
01-11 20:35:59.175 W/SignalStrength(503): getGsmLevel=4
01-11 20:35:59.175 W/SignalStrength(503): getLevel=4 (SignalStrength: 19 255 -120 -160 -120 -1 -1 99 2147483647 -32767 2147483647 -32767 gsm|lte 4)
01-11 20:35:59.175 W/SignalStrength(503): getGsmLevel. this.mGsmSignalBar=4, getGsmSignalStrength()== 22
01-11 20:35:59.175 W/SignalStrength(503): getGsmLevel=4
01-11 20:35:59.175 W/SignalStrength(503): getLevel=4 (SignalStrength: 22 255 -120 -160 -120 -1 -1 99 2147483647 -32767 2147483647 -32767 gsm|lte 4)
01-11 20:35:59.455 W/SignalStrength(503): getGsmLevel. this.mGsmSignalBar=4, getGsmSignalStrength()== 19
01-11 20:35:59.455 W/SignalStrength(503): getGsmLevel=4
01-11 20:35:59.455 W/SignalStrength(503): getLevel=4 (SignalStrength: 19 255 -120 -160 -120 -1 -1 99 2147483647 -32767 2147483647 -32767 gsm|lte 4)
01-11 20:35:59.455 W/SignalStrength(503): getGsmLevel. this.mGsmSignalBar=4, getGsmSignalStrength()== 22
01-11 20:35:59.455 W/SignalStrength(503): getGsmLevel=4
01-11 20:35:59.455 W/SignalStrength(503): getLevel=4 (SignalStrength: 22 255 -120 -160 -120 -1 -1 99 2147483647 -32767 2147483647 -32767 gsm|lte 4)
01-11 20:35:59.995 E/AlarmManagerService(377): android_server_AlarmManagerService_set to type=3, 112973.607000000
01-11 20:35:59.995 D/KeyguardUpdateMonitor(377): received broadcast android.intent.action.TIME_TICK
01-11 20:35:59.995 D/KeyguardUpdateMonitor(377): handleTimeUpdate
01-11 20:36:00.455 W/SignalStrength(503): getGsmLevel. this.mGsmSignalBar=4, getGsmSignalStrength()== 19
01-11 20:36:00.455 W/SignalStrength(503): getGsmLevel=4
01-11 20:36:00.455 W/SignalStrength(503): getLevel=4 (SignalStrength: 19 255 -120 -160 -120 -1 -1 99 2147483647 -32767 2147483647 -32767 gsm|lte 4)
01-11 20:36:00.455 W/SignalStrength(503): getGsmLevel. this.mGsmSignalBar=4, getGsmSignalStrength()== 22
01-11 20:36:00.455 W/SignalStrength(503): getGsmLevel=4
01-11 20:36:00.455 W/SignalStrength(503): getLevel=4 (SignalStrength: 22 255 -120 -160 -120 -1 -1 99 2147483647 -32767 2147483647 -32767 gsm|lte 4)
01-11 20:36:01.185 I/NRFW    (1229): profile=wifi
01-11 20:36:01.215 I/NRFW    (1229): serverip=103.235.47.88 localIp=10.0.8.1
01-11 20:36:01.225 I/DNS     (1229): 103.235.47.88 h_errno=1
01-11 20:36:01.235 I/DNS     (1229): 112.80.248.171 h_errno=1
01-11 20:36:01.245 I/DNS     (1229): 112.80.248.171 h_errno=1
01-11 20:36:01.435 D/dalvikvm(1229): GC_CONCURRENT freed 3044K, 40% free 11759K/19555K, paused 2ms+9ms
01-11 20:36:02.465 W/SignalStrength(503): getGsmLevel. this.mGsmSignalBar=4, getGsmSignalStrength()== 19
01-11 20:36:02.465 W/SignalStrength(503): getGsmLevel=4
01-11 20:36:02.465 W/SignalStrength(503): getLevel=4 (SignalStrength: 19 255 -120 -160 -120 -1 -1 99 2147483647 -32767 2147483647 -32767 gsm|lte 4)
01-11 20:36:02.465 W/SignalStrength(503): getGsmLevel. this.mGsmSignalBar=4, getGsmSignalStrength()== 22
01-11 20:36:02.465 W/SignalStrength(503): getGsmLevel=4
01-11 20:36:02.465 W/SignalStrength(503): getLevel=4 (SignalStrength: 22 255 -120 -160 -120 -1 -1 99 2147483647 -32767 2147483647 -32767 gsm|lte 4)
01-11 20:36:03.465 W/SignalStrength(503): getGsmLevel. this.mGsmSignalBar=4, getGsmSignalStrength()== 19
01-11 20:36:03.465 W/SignalStrength(503): getGsmLevel=4
01-11 20:36:03.465 W/SignalStrength(503): getLevel=4 (SignalStrength: 19 255 -120 -160 -120 -1 -1 99 2147483647 -32767 2147483647 -32767 gsm|lte 4)
01-11 20:36:03.465 W/SignalStrength(503): getGsmLevel. this.mGsmSignalBar=4, getGsmSignalStrength()== 22
01-11 20:36:03.465 W/SignalStrength(503): getGsmLevel=4
01-11 20:36:03.465 W/SignalStrength(503): getLevel=4 (SignalStrength: 22 255 -120 -160 -120 -1 -1 99 2147483647 -32767 2147483647 -32767 gsm|lte 4)
01-11 20:36:05.335 D/KeyguardUpdateMonitor(377): received broadcast android.intent.action.BATTERY_CHANGED
01-11 20:36:05.335 D/KeyguardUpdateMonitor(377): handleBatteryUpdate
01-11 20:36:05.465 W/SignalStrength(503): getGsmLevel. this.mGsmSignalBar=4, getGsmSignalStrength()== 19
01-11 20:36:05.465 W/SignalStrength(503): getGsmLevel=4
01-11 20:36:05.465 W/SignalStrength(503): getLevel=4 (SignalStrength: 19 255 -120 -160 -120 -1 -1 99 2147483647 -32767 2147483647 -32767 gsm|lte 4)
01-11 20:36:05.465 W/SignalStrength(503): getGsmLevel. this.mGsmSignalBar=4, getGsmSignalStrength()== 22
01-11 20:36:05.465 W/SignalStrength(503): getGsmLevel=4
01-11 20:36:05.465 W/SignalStrength(503): getLevel=4 (SignalStrength: 22 255 -120 -160 -120 -1 -1 99 2147483647 -32767 2147483647 -32767 gsm|lte 4)
01-11 20:36:06.465 W/SignalStrength(503): getGsmLevel. this.mGsmSignalBar=4, getGsmSignalStrength()== 19
01-11 20:36:06.465 W/SignalStrength(503): getGsmLevel=4
01-11 20:36:06.465 W/SignalStrength(503): getLevel=4 (SignalStrength: 19 255 -120 -160 -120 -1 -1 99 2147483647 -32767 2147483647 -32767 gsm|lte 4)
01-11 20:36:06.465 W/SignalStrength(503): getGsmLevel. this.mGsmSignalBar=4, getGsmSignalStrength()== 22
01-11 20:36:06.465 W/SignalStrength(503): getGsmLevel=4
01-11 20:36:06.465 W/SignalStrength(503): getLevel=4 (SignalStrength: 22 255 -120 -160 -120 -1 -1 99 2147483647 -32767 2147483647 -32767 gsm|lte 4)
01-11 20:36:08.475 W/SignalStrength(503): getGsmLevel. this.mGsmSignalBar=4, getGsmSignalStrength()== 19
01-11 20:36:08.475 W/SignalStrength(503): getGsmLevel=4
01-11 20:36:08.475 W/SignalStrength(503): getLevel=4 (SignalStrength: 19 255 -120 -160 -120 -1 -1 99 2147483647 -32767 2147483647 -32767 gsm|lte 4)
01-11 20:36:08.475 W/SignalStrength(503): getGsmLevel. this.mGsmSignalBar=4, getGsmSignalStrength()== 22
01-11 20:36:08.475 W/SignalStrength(503): getGsmLevel=4
01-11 20:36:08.475 W/SignalStrength(503): getLevel=4 (SignalStrength: 22 255 -120 -160 -120 -1 -1 99 2147483647 -32767 2147483647 -32767 gsm|lte 4)
01-11 20:36:09.475 W/SignalStrength(503): getGsmLevel. this.mGsmSignalBar=4, getGsmSignalStrength()== 19
01-11 20:36:09.475 W/SignalStrength(503): getGsmLevel=4
01-11 20:36:09.475 W/SignalStrength(503): getLevel=4 (SignalStrength: 19 255 -120 -160 -120 -1 -1 99 2147483647 -32767 2147483647 -32767 gsm|lte 4)
01-11 20:36:09.475 W/SignalStrength(503): getGsmLevel. this.mGsmSignalBar=4, getGsmSignalStrength()== 22
01-11 20:36:09.475 W/SignalStrength(503): getGsmLevel=4
01-11 20:36:09.475 W/SignalStrength(503): getLevel=4 (SignalStrength: 22 255 -120 -160 -120 -1 -1 99 2147483647 -32767 2147483647 -32767 gsm|lte 4)
01-11 20:36:09.835 D/plugin  (684): getDefaultSubscription()
01-11 20:36:09.835 E/MSimTelephonyManager(24146): MSimTelephonyManager sRegistryMsim != null
01-11 20:36:09.835 I/NRFW    (1229): profile=wifi
01-11 20:36:09.845 I/NRFW    (1229): serverip=180.76.3.90 localIp=10.0.8.1
01-11 20:36:09.855 I/DNS     (1229): 180.76.3.90 h_errno=1
01-11 20:36:11.475 W/SignalStrength(503): getGsmLevel. this.mGsmSignalBar=4, getGsmSignalStrength()== 19
01-11 20:36:11.475 W/SignalStrength(503): getGsmLevel=4
01-11 20:36:11.475 W/SignalStrength(503): getLevel=4 (SignalStrength: 19 255 -120 -160 -120 -1 -1 99 2147483647 -32767 2147483647 -32767 gsm|lte 4)
01-11 20:36:11.475 W/SignalStrength(503): getGsmLevel. this.mGsmSignalBar=4, getGsmSignalStrength()== 22
01-11 20:36:11.475 W/SignalStrength(503): getGsmLevel=4
01-11 20:36:11.475 W/SignalStrength(503): getLevel=4 (SignalStrength: 22 255 -120 -160 -120 -1 -1 99 2147483647 -32767 2147483647 -32767 gsm|lte 4)
01-11 20:36:12.485 W/SignalStrength(503): getGsmLevel. this.mGsmSignalBar=4, getGsmSignalStrength()== 19
01-11 20:36:12.485 W/SignalStrength(503): getGsmLevel=4
01-11 20:36:12.485 W/SignalStrength(503): getLevel=4 (SignalStrength: 19 255 -120 -160 -120 -1 -1 99 2147483647 -32767 2147483647 -32767 gsm|lte 4)
01-11 20:36:12.485 W/SignalStrength(503): getGsmLevel. this.mGsmSignalBar=4, getGsmSignalStrength()== 22
01-11 20:36:12.485 W/SignalStrength(503): getGsmLevel=4
01-11 20:36:12.485 W/SignalStrength(503): getLevel=4 (SignalStrength: 22 255 -120 -160 -120 -1 -1 99 2147483647 -32767 2147483647 -32767 gsm|lte 4)
01-11 20:36:12.855 I/NRFW    (1229): profile=wifi
01-11 20:36:12.865 I/NRFW    (1229): serverip=180.76.3.90 localIp=10.0.8.1
01-11 20:36:14.485 W/SignalStrength(503): getGsmLevel. this.mGsmSignalBar=4, getGsmSignalStrength()== 19
01-11 20:36:14.485 W/SignalStrength(503): getGsmLevel=4
01-11 20:36:14.485 W/SignalStrength(503): getLevel=4 (SignalStrength: 19 255 -120 -160 -120 -1 -1 99 2147483647 -32767 2147483647 -32767 gsm|lte 4)
01-11 20:36:14.485 W/SignalStrength(503): getGsmLevel. this.mGsmSignalBar=4, getGsmSignalStrength()== 22
01-11 20:36:14.485 W/SignalStrength(503): getGsmLevel=4
01-11 20:36:14.485 W/SignalStrength(503): getLevel=4 (SignalStrength: 22 255 -120 -160 -120 -1 -1 99 2147483647 -32767 2147483647 -32767 gsm|lte 4)
01-11 20:36:15.255 I/NRFW    (1229): profile=wifi
01-11 20:36:15.265 I/NRFW    (1229): serverip=103.235.47.88 localIp=10.0.8.1
01-11 20:36:15.485 W/SignalStrength(503): getGsmLevel. this.mGsmSignalBar=4, getGsmSignalStrength()== 19
01-11 20:36:15.485 W/SignalStrength(503): getGsmLevel=4
01-11 20:36:15.485 W/SignalStrength(503): getLevel=4 (SignalStrength: 19 255 -120 -160 -120 -1 -1 99 2147483647 -32767 2147483647 -32767 gsm|lte 4)
01-11 20:36:15.485 W/SignalStrength(503): getGsmLevel. this.mGsmSignalBar=4, getGsmSignalStrength()== 22
01-11 20:36:15.485 W/SignalStrength(503): getGsmLevel=4
01-11 20:36:15.485 W/SignalStrength(503): getLevel=4 (SignalStrength: 22 255 -120 -160 -120 -1 -1 99 2147483647 -32767 2147483647 -32767 gsm|lte 4)
01-11 20:36:15.855 D/Tethering(377): interfaceLinkStateChanged wlan0, true
01-11 20:36:15.855 D/Tethering(377): interfaceStatusChanged wlan0, true
01-11 20:36:17.485 W/SignalStrength(503): getGsmLevel. this.mGsmSignalBar=4, getGsmSignalStrength()== 19
01-11 20:36:17.485 W/SignalStrength(503): getGsmLevel=4
01-11 20:36:17.485 W/SignalStrength(503): getLevel=4 (SignalStrength: 19 255 -120 -160 -120 -1 -1 99 2147483647 -32767 2147483647 -32767 gsm|lte 4)
01-11 20:36:17.485 W/SignalStrength(503): getGsmLevel. this.mGsmSignalBar=4, getGsmSignalStrength()== 22
01-11 20:36:17.485 W/SignalStrength(503): getGsmLevel=4
01-11 20:36:17.485 W/SignalStrength(503): getLevel=4 (SignalStrength: 22 255 -120 -160 -120 -1 -1 99 2147483647 -32767 2147483647 -32767 gsm|lte 4)
01-11 20:36:18.275 I/NRFW    (1229): profile=wifi
01-11 20:36:18.285 I/NRFW    (1229): serverip=103.235.47.88 localIp=10.0.8.1
01-11 20:36:18.495 W/SignalStrength(503): getGsmLevel. this.mGsmSignalBar=4, getGsmSignalStrength()== 19
01-11 20:36:18.495 W/SignalStrength(503): getGsmLevel=4
01-11 20:36:18.495 W/SignalStrength(503): getLevel=4 (SignalStrength: 19 255 -120 -160 -120 -1 -1 99 2147483647 -32767 2147483647 -32767 gsm|lte 4)
01-11 20:36:18.495 W/SignalStrength(503): getGsmLevel. this.mGsmSignalBar=4, getGsmSignalStrength()== 22
01-11 20:36:18.495 W/SignalStrength(503): getGsmLevel=4
