01-11 20:40:54.165 D/SignalClusterView(503): mobile1: VISIBLE sig=2130837717 act=0 typ=2130837666
01-11 20:40:54.165 D/SignalClusterView(503): mobile2: VISIBLE sig=2130837711 act=0 typ=2130837666
01-11 20:40:54.165 D/SignalClusterView(503): wifi: VISIBLE sig=2130837741 act=2130837721
01-11 20:40:54.165 D/SignalClusterView(503): mobile1: VISIBLE sig=2130837717 act=0 typ=2130837666
01-11 20:40:54.165 D/SignalClusterView(503): mobile2: VISIBLE sig=2130837711 act=0 typ=2130837666
01-11 20:40:54.175 D/SignalClusterView(503): wifi: VISIBLE sig=2130837741 act=2130837721
01-11 20:40:54.175 D/SignalClusterView(503): mobile1: VISIBLE sig=2130837717 act=0 typ=2130837666
01-11 20:40:54.175 D/SignalClusterView(503): mobile2: VISIBLE sig=2130837711 act=0 typ=2130837666
01-11 20:40:54.175 D/StatusBar-NetworkControllerDS(503): changing data overlay icon id to 2130837721
01-11 20:40:54.315 D/lights  (377): write_int /sys/class/leds/button-backlight/brightness = 0
01-11 20:40:54.315 V/PowerManagerService(377): Top Most Needs Intelligent Sleep: true
01-11 20:40:54.315 W/PowerManagerService(377): Timer 0x7->0x3|0x0
01-11 20:40:54.315 I/PowerManagerService(377): Ulight 0x7->0x3|0x0
01-11 20:40:54.315 D/PowerManagerService(377): setLightBrightness : mButtonLight : 0
01-11 20:40:54.815 D/memalloc(25904): /dev/pmem: Unmapping buffer base:0x5277c000 size:9261056 offset:8400896
01-11 20:40:54.815 D/memalloc(111): /dev/pmem: Freeing buffer base:0x42395000 size:860160 offset:8400896 fd:57
01-11 20:40:54.815 D/memalloc(25904): /dev/pmem: Unmapping buffer base:0x51f79000 size:8400896 offset:7540736
01-11 20:40:54.825 D/KeyguardViewMediator(377): setHidden false
01-11 20:40:54.835 D/KeyguardViewMediator(377): setHidden false
01-11 20:40:54.845 W/SurfaceFlinger(111): id=507 Removed idx=3 Map Size=6
01-11 20:40:54.845 W/SurfaceFlinger(111): id=507 Removed idx=-2 Map Size=6
01-11 20:40:54.845 D/KeyguardViewMediator(377): setHidden false
01-11 20:40:54.845 D/memalloc(111): /dev/pmem: Freeing buffer base:0x422c3000 size:860160 offset:7540736 fd:54
01-11 20:40:54.985 D/dalvikvm(25904): GC_FOR_ALLOC freed 821K, 27% free 14796K/20195K, paused 49ms
01-11 20:40:54.985 D/AbsListView(25904): [unregisterDoubleTapMotionListener]
01-11 20:40:54.985 I/MotionRecognitionManager(25904):   .unregisterListener : / listener count = 0->0, listener=android.widget.AbsListView$4@41f1d238
01-11 20:40:55.165 D/KeyguardViewMediator(377): setHidden false
01-11 20:40:55.175 W/SignalStrength(503): getGsmLevel. this.mGsmSignalBar=4, getGsmSignalStrength()== 16
01-11 20:40:55.175 W/SignalStrength(503): getGsmLevel=4
01-11 20:40:55.175 W/SignalStrength(503): getLevel=4 (SignalStrength: 16 255 -120 -160 -120 -1 -1 99 2147483647 -32767 2147483647 -32767 gsm|lte 4)
01-11 20:40:55.175 W/SignalStrength(503): getGsmLevel. this.mGsmSignalBar=4, getGsmSignalStrength()== 22
01-11 20:40:55.175 W/SignalStrength(503): getGsmLevel=4
01-11 20:40:55.175 W/SignalStrength(503): getLevel=4 (SignalStrength: 22 255 -120 -160 -120 -1 -1 99 2147483647 -32767 2147483647 -32767 gsm|lte 4)
01-11 20:40:55.175 D/StatusBar-NetworkControllerDS(503): refreshViews connected={ wifi } level=4|4 combinedSignalIconId=0x7f0200ed/com.android.systemui:drawable/stat_sys_wifi_signal_3 combinedActivityIconId=0x7f0200d8 mAirplaneMode=false mDataActivity1=0 mDataActivity2=0 mPhoneSignalIconId1=0x7f0200d5 mPhoneSignalIconId2=0x7f0200cf mLastPhoneSignalIconId1=0x7f0200d5 mLastPhoneSignalIconId2=0x7f0200cf mDataDirectionIconId1=0x0 mDataDirectionIconId2=0x0 mDataSignalIconId1=0x7f0200d5 mDataSignalIconId2=0x7f0200cf mDataTypeIconId1=0x7f0200a2 mDataTypeIconId2=0x7f0200a2 mWifiIconId=0x7f0200ed mRoamingIconId1=0x0 mRoamingIconId2=0x0 mBluetoothTetherIconId=0x10806ce
01-11 20:40:55.175 D/SignalClusterView(503): wifi: VISIBLE sig=2130837741 act=2130837720
01-11 20:40:55.175 D/SignalClusterView(503): mobile1: VISIBLE sig=2130837717 act=0 typ=2130837666
01-11 20:40:55.175 D/SignalClusterView(503): mobile2: VISIBLE sig=2130837711 act=0 typ=2130837666
01-11 20:40:55.175 D/SignalClusterView(503): wifi: VISIBLE sig=2130837741 act=2130837720
01-11 20:40:55.175 D/SignalClusterView(503): mobile1: VISIBLE sig=2130837717 act=0 typ=2130837666
01-11 20:40:55.175 D/SignalClusterView(503): mobile2: VISIBLE sig=2130837711 act=0 typ=2130837666
01-11 20:40:55.175 D/SignalClusterView(503): wifi: VISIBLE sig=2130837741 act=2130837720
01-11 20:40:55.175 D/SignalClusterView(503): mobile1: VISIBLE sig=2130837717 act=0 typ=2130837666
01-11 20:40:55.175 D/SignalClusterView(503): mobile2: VISIBLE sig=2130837711 act=0 typ=2130837666
01-11 20:40:55.175 D/StatusBar-NetworkControllerDS(503): changing data overlay icon id to 2130837720
01-11 20:40:55.375 D/memalloc(111): /dev/pmem: Allocated buffer base:0x41b92000 size:1474560 offset:7540736 fd:54
01-11 20:40:55.375 D/memalloc(25904): /dev/pmem: Mapped buffer base:0x52867000 size:9015296 offset:7540736 fd:68
01-11 20:40:55.405 I/Adreno200-EGLSUB(111): <CreateImage:1017>: Android Image
01-11 20:40:55.405 I/Adreno200-EGLSUB(111): <GetImageAttributes:1226>: RGBA_8888
01-11 20:40:55.405 D/KeyguardViewMediator(377): setHidden false
01-11 20:40:55.405 D/KeyguardViewMediator(377): setHidden false
01-11 20:40:55.425 D/KeyguardViewMediator(377): setHidden false
01-11 20:40:55.605 D/memalloc(111): /dev/pmem: Allocated buffer base:0x41b92000 size:1474560 offset:9015296 fd:57
01-11 20:40:55.615 D/memalloc(25904): /dev/pmem: Mapped buffer base:0x53d91000 size:10489856 offset:9015296 fd:71
01-11 20:40:55.635 I/Adreno200-EGLSUB(111): <CreateImage:1017>: Android Image
01-11 20:40:55.635 I/Adreno200-EGLSUB(111): <GetImageAttributes:1226>: RGBA_8888
01-11 20:40:56.225 I/NRFW    (1229): profile=wifi
01-11 20:40:56.275 I/NRFW    (1229): serverip=103.235.47.88 localIp=10.0.8.1
01-11 20:40:57.125 W/SignalStrength(503): getGsmLevel. this.mGsmSignalBar=4, getGsmSignalStrength()== 16
01-11 20:40:57.125 W/SignalStrength(503): getGsmLevel=4
01-11 20:40:57.125 W/SignalStrength(503): getLevel=4 (SignalStrength: 16 255 -120 -160 -120 -1 -1 99 2147483647 -32767 2147483647 -32767 gsm|lte 4)
01-11 20:40:57.125 W/SignalStrength(503): getGsmLevel. this.mGsmSignalBar=4, getGsmSignalStrength()== 22
01-11 20:40:57.125 W/SignalStrength(503): getGsmLevel=4
01-11 20:40:57.125 D/TWStatusBar-NetworkControllerDS(503): onReceive() - RSSI_CHANGED_ACTION, WIFI_STATE, NETWORK_STATE
01-11 20:40:57.135 W/SignalStrength(503): getLevel=4 (SignalStrength: 22 255 -120 -160 -120 -1 -1 99 2147483647 -32767 2147483647 -32767 gsm|lte 4)
01-11 20:40:57.135 D/StatusBar-NetworkControllerDS(503): refreshViews connected={ wifi } level=4|4 combinedSignalIconId=0x7f0200ef/com.android.systemui:drawable/stat_sys_wifi_signal_4 combinedActivityIconId=0x7f0200d8 mAirplaneMode=false mDataActivity1=0 mDataActivity2=0 mPhoneSignalIconId1=0x7f0200d5 mPhoneSignalIconId2=0x7f0200cf mLastPhoneSignalIconId1=0x7f0200d5 mLastPhoneSignalIconId2=0x7f0200cf mDataDirectionIconId1=0x0 mDataDirectionIconId2=0x0 mDataSignalIconId1=0x7f0200d5 mDataSignalIconId2=0x7f0200cf mDataTypeIconId1=0x7f0200a2 mDataTypeIconId2=0x7f0200a2 mWifiIconId=0x7f0200ef mRoamingIconId1=0x0 mRoamingIconId2=0x0 mBluetoothTetherIconId=0x10806ce
01-11 20:40:57.135 D/SignalClusterView(503): wifi: VISIBLE sig=2130837743 act=2130837720
01-11 20:40:57.135 D/SignalClusterView(503): mobile1: VISIBLE sig=2130837717 act=0 typ=2130837666
01-11 20:40:57.135 D/SignalClusterView(503): mobile2: VISIBLE sig=2130837711 act=0 typ=2130837666
01-11 20:40:57.135 D/SignalClusterView(503): wifi: VISIBLE sig=2130837743 act=2130837720
01-11 20:40:57.135 D/SignalClusterView(503): mobile1: VISIBLE sig=2130837717 act=0 typ=2130837666
01-11 20:40:57.135 D/SignalClusterView(503): mobile2: VISIBLE sig=2130837711 act=0 typ=2130837666
01-11 20:40:57.135 D/SignalClusterView(503): wifi: VISIBLE sig=2130837743 act=2130837720
01-11 20:40:57.135 D/SignalClusterView(503): mobile1: VISIBLE sig=2130837717 act=0 typ=2130837666
01-11 20:40:57.135 D/SignalClusterView(503): mobile2: VISIBLE sig=2130837711 act=0 typ=2130837666
01-11 20:40:57.175 W/SignalStrength(503): getGsmLevel. this.mGsmSignalBar=4, getGsmSignalStrength()== 16
01-11 20:40:57.175 W/SignalStrength(503): getGsmLevel=4
01-11 20:40:57.175 W/SignalStrength(503): getLevel=4 (SignalStrength: 16 255 -120 -160 -120 -1 -1 99 2147483647 -32767 2147483647 -32767 gsm|lte 4)
01-11 20:40:57.175 W/SignalStrength(503): getGsmLevel. this.mGsmSignalBar=4, getGsmSignalStrength()== 22
01-11 20:40:57.175 W/SignalStrength(503): getGsmLevel=4
01-11 20:40:57.175 W/SignalStrength(503): getLevel=4 (SignalStrength: 22 255 -120 -160 -120 -1 -1 99 2147483647 -32767 2147483647 -32767 gsm|lte 4)
01-11 20:40:57.175 D/StatusBar-NetworkControllerDS(503): refreshViews connected={ wifi } level=4|4 combinedSignalIconId=0x7f0200ef/com.android.systemui:drawable/stat_sys_wifi_signal_4 combinedActivityIconId=0x7f0200d9 mAirplaneMode=false mDataActivity1=0 mDataActivity2=0 mPhoneSignalIconId1=0x7f0200d5 mPhoneSignalIconId2=0x7f0200cf mLastPhoneSignalIconId1=0x7f0200d5 mLastPhoneSignalIconId2=0x7f0200cf mDataDirectionIconId1=0x0 mDataDirectionIconId2=0x0 mDataSignalIconId1=0x7f0200d5 mDataSignalIconId2=0x7f0200cf mDataTypeIconId1=0x7f0200a2 mDataTypeIconId2=0x7f0200a2 mWifiIconId=0x7f0200ef mRoamingIconId1=0x0 mRoamingIconId2=0x0 mBluetoothTetherIconId=0x10806ce
01-11 20:40:57.175 D/SignalClusterView(503): wifi: VISIBLE sig=2130837743 act=2130837721
01-11 20:40:57.175 D/SignalClusterView(503): mobile1: VISIBLE sig=2130837717 act=0 typ=2130837666
01-11 20:40:57.175 D/SignalClusterView(503): mobile2: VISIBLE sig=2130837711 act=0 typ=2130837666
01-11 20:40:57.175 D/SignalClusterView(503): wifi: VISIBLE sig=2130837743 act=2130837721
01-11 20:40:57.175 D/SignalClusterView(503): mobile1: VISIBLE sig=2130837717 act=0 typ=2130837666
01-11 20:40:57.175 D/SignalClusterView(503): mobile2: VISIBLE sig=2130837711 act=0 typ=2130837666
01-11 20:40:57.175 D/SignalClusterView(503): wifi: VISIBLE sig=2130837743 act=2130837721
01-11 20:40:57.175 D/SignalClusterView(503): mobile1: VISIBLE sig=2130837717 act=0 typ=2130837666
01-11 20:40:57.175 D/SignalClusterView(503): mobile2: VISIBLE sig=2130837711 act=0 typ=2130837666
01-11 20:40:57.175 D/StatusBar-NetworkControllerDS(503): changing data overlay icon id to 2130837721
01-11 20:40:58.175 W/SignalStrength(503): getGsmLevel. this.mGsmSignalBar=4, getGsmSignalStrength()== 16
01-11 20:40:58.175 W/SignalStrength(503): getGsmLevel=4
01-11 20:40:58.175 W/SignalStrength(503): getLevel=4 (SignalStrength: 16 255 -120 -160 -120 -1 -1 99 2147483647 -32767 2147483647 -32767 gsm|lte 4)
01-11 20:40:58.175 W/SignalStrength(503): getGsmLevel. this.mGsmSignalBar=4, getGsmSignalStrength()== 22
01-11 20:40:58.175 W/SignalStrength(503): getGsmLevel=4
01-11 20:40:58.175 W/SignalStrength(503): getLevel=4 (SignalStrength: 22 255 -120 -160 -120 -1 -1 99 2147483647 -32767 2147483647 -32767 gsm|lte 4)
01-11 20:40:58.175 D/StatusBar-NetworkControllerDS(503): refreshViews connected={ wifi } level=4|4 combinedSignalIconId=0x7f0200ef/com.android.systemui:drawable/stat_sys_wifi_signal_4 combinedActivityIconId=0x7f0200d8 mAirplaneMode=false mDataActivity1=0 mDataActivity2=0 mPhoneSignalIconId1=0x7f0200d5 mPhoneSignalIconId2=0x7f0200cf mLastPhoneSignalIconId1=0x7f0200d5 mLastPhoneSignalIconId2=0x7f0200cf mDataDirectionIconId1=0x0 mDataDirectionIconId2=0x0 mDataSignalIconId1=0x7f0200d5 mDataSignalIconId2=0x7f0200cf mDataTypeIconId1=0x7f0200a2 mDataTypeIconId2=0x7f0200a2 mWifiIconId=0x7f0200ef mRoamingIconId1=0x0 mRoamingIconId2=0x0 mBluetoothTetherIconId=0x10806ce
01-11 20:40:58.175 D/SignalClusterView(503): wifi: VISIBLE sig=2130837743 act=2130837720
01-11 20:40:58.185 D/SignalClusterView(503): mobile1: VISIBLE sig=2130837717 act=0 typ=2130837666
01-11 20:40:58.185 D/SignalClusterView(503): mobile2: VISIBLE sig=2130837711 act=0 typ=2130837666
01-11 20:40:58.185 D/SignalClusterView(503): wifi: VISIBLE sig=2130837743 act=2130837720
01-11 20:40:58.185 D/SignalClusterView(503): mobile1: VISIBLE sig=2130837717 act=0 typ=2130837666
01-11 20:40:58.185 D/SignalClusterView(503): mobile2: VISIBLE sig=2130837711 act=0 typ=2130837666
01-11 20:40:58.185 D/SignalClusterView(503): wifi: VISIBLE sig=2130837743 act=2130837720
01-11 20:40:58.185 D/SignalClusterView(503): mobile1: VISIBLE sig=2130837717 act=0 typ=2130837666
01-11 20:40:58.185 D/SignalClusterView(503): mobile2: VISIBLE sig=2130837711 act=0 typ=2130837666
01-11 20:40:58.185 D/StatusBar-NetworkControllerDS(503): changing data overlay icon id to 2130837720
01-11 20:40:59.995 E/AlarmManagerService(377): android_server_AlarmManagerService_set to type=3, 113273.666000000
01-11 20:40:59.995 D/KeyguardUpdateMonitor(377): received broadcast android.intent.action.TIME_TICK
01-11 20:40:59.995 D/KeyguardUpdateMonitor(377): handleTimeUpdate
01-11 20:40:59.995 V/AlarmManager(377): waitForAlarm result :8
01-11 20:40:59.995 V/AlarmManager(377): ClockReceiver onReceive() ACTION_TIME_TICK
01-11 20:40:59.995 W/AlarmManager(377): FACTORY_ON= 0
01-11 20:41:00.005 D/STATUSBAR-Clock(503): onReceive() - ACTION_TIME_TICK
01-11 20:41:00.135 W/SignalStrength(503): getGsmLevel. this.mGsmSignalBar=4, getGsmSignalStrength()== 16
01-11 20:41:00.135 W/SignalStrength(503): getGsmLevel=4
01-11 20:41:00.135 W/SignalStrength(503): getLevel=4 (SignalStrength: 16 255 -120 -160 -120 -1 -1 99 2147483647 -32767 2147483647 -32767 gsm|lte 4)
01-11 20:41:00.135 W/SignalStrength(503): getGsmLevel. this.mGsmSignalBar=4, getGsmSignalStrength()== 22
01-11 20:41:00.135 W/SignalStrength(503): getGsmLevel=4
01-11 20:41:00.135 W/SignalStrength(503): getLevel=4 (SignalStrength: 22 255 -120 -160 -120 -1 -1 99 2147483647 -32767 2147483647 -32767 gsm|lte 4)
01-11 20:41:00.135 D/TWStatusBar-NetworkControllerDS(503): onReceive() - RSSI_CHANGED_ACTION, WIFI_STATE, NETWORK_STATE
01-11 20:41:00.145 D/StatusBar-NetworkControllerDS(503): refreshViews connected={ wifi } level=4|4 combinedSignalIconId=0x7f0200ed/com.android.systemui:drawable/stat_sys_wifi_signal_3 combinedActivityIconId=0x7f0200d8 mAirplaneMode=false mDataActivity1=0 mDataActivity2=0 mPhoneSignalIconId1=0x7f0200d5 mPhoneSignalIconId2=0x7f0200cf mLastPhoneSignalIconId1=0x7f0200d5 mLastPhoneSignalIconId2=0x7f0200cf mDataDirectionIconId1=0x0 mDataDirectionIconId2=0x0 mDataSignalIconId1=0x7f0200d5 mDataSignalIconId2=0x7f0200cf mDataTypeIconId1=0x7f0200a2 mDataTypeIconId2=0x7f0200a2 mWifiIconId=0x7f0200ed mRoamingIconId1=0x0 mRoamingIconId2=0x0 mBluetoothTetherIconId=0x10806ce
01-11 20:41:00.145 D/SignalClusterView(503): wifi: VISIBLE sig=2130837741 act=2130837720
01-11 20:41:00.145 D/SignalClusterView(503): mobile1: VISIBLE sig=2130837717 act=0 typ=2130837666
01-11 20:41:00.145 D/SignalClusterView(503): mobile2: VISIBLE sig=2130837711 act=0 typ=2130837666
01-11 20:41:00.145 D/SignalClusterView(503): wifi: VISIBLE sig=2130837741 act=2130837720
01-11 20:41:00.145 D/SignalClusterView(503): mobile1: VISIBLE sig=2130837717 act=0 typ=2130837666
01-11 20:41:00.145 D/SignalClusterView(503): mobile2: VISIBLE sig=2130837711 act=0 typ=2130837666
01-11 20:41:00.145 D/SignalClusterView(503): wifi: VISIBLE sig=2130837741 act=2130837720
01-11 20:41:00.145 D/SignalClusterView(503): mobile1: VISIBLE sig=2130837717 act=0 typ=2130837666
01-11 20:41:00.145 D/SignalClusterView(503): mobile2: VISIBLE sig=2130837711 act=0 typ=2130837666
01-11 20:41:00.185 W/SignalStrength(503): getGsmLevel. this.mGsmSignalBar=4, getGsmSignalStrength()== 16
01-11 20:41:00.185 W/SignalStrength(503): getGsmLevel=4
01-11 20:41:00.185 W/SignalStrength(503): getLevel=4 (SignalStrength: 16 255 -120 -160 -120 -1 -1 99 2147483647 -32767 2147483647 -32767 gsm|lte 4)
01-11 20:41:00.185 W/SignalStrength(503): getGsmLevel. this.mGsmSignalBar=4, getGsmSignalStrength()== 22
01-11 20:41:00.185 W/SignalStrength(503): getGsmLevel=4
01-11 20:41:00.185 W/SignalStrength(503): getLevel=4 (SignalStrength: 22 255 -120 -160 -120 -1 -1 99 2147483647 -32767 2147483647 -32767 gsm|lte 4)
01-11 20:41:00.185 D/StatusBar-NetworkControllerDS(503): refreshViews connected={ wifi } level=4|4 combinedSignalIconId=0x7f0200ed/com.android.systemui:drawable/stat_sys_wifi_signal_3 combinedActivityIconId=0x7f0200d9 mAirplaneMode=false mDataActivity1=0 mDataActivity2=0 mPhoneSignalIconId1=0x7f0200d5 mPhoneSignalIconId2=0x7f0200cf mLastPhoneSignalIconId1=0x7f0200d5 mLastPhoneSignalIconId2=0x7f0200cf mDataDirectionIconId1=0x0 mDataDirectionIconId2=0x0 mDataSignalIconId1=0x7f0200d5 mDataSignalIconId2=0x7f0200cf mDataTypeIconId1=0x7f0200a2 mDataTypeIconId2=0x7f0200a2 mWifiIconId=0x7f0200ed mRoamingIconId1=0x0 mRoamingIconId2=0x0 mBluetoothTetherIconId=0x10806ce
01-11 20:41:00.195 D/SignalClusterView(503): wifi: VISIBLE sig=2130837741 act=2130837721
01-11 20:41:00.195 D/SignalClusterView(503): mobile1: VISIBLE sig=2130837717 act=0 typ=2130837666
01-11 20:41:00.195 D/SignalClusterView(503): mobile2: VISIBLE sig=2130837711 act=0 typ=2130837666
01-11 20:41:00.195 D/SignalClusterView(503): wifi: VISIBLE sig=2130837741 act=2130837721
01-11 20:41:00.195 D/SignalClusterView(503): mobile1: VISIBLE sig=2130837717 act=0 typ=2130837666
01-11 20:41:00.195 D/SignalClusterView(503): mobile2: VISIBLE sig=2130837711 act=0 typ=2130837666
01-11 20:41:00.195 D/SignalClusterView(503): wifi: VISIBLE sig=2130837741 act=2130837721
01-11 20:41:00.195 D/SignalClusterView(503): mobile1: VISIBLE sig=2130837717 act=0 typ=2130837666
01-11 20:41:00.195 D/SignalClusterView(503): mobile2: VISIBLE sig=2130837711 act=0 typ=2130837666
01-11 20:41:00.195 D/StatusBar-NetworkControllerDS(503): changing data overlay icon id to 2130837721
01-11 20:41:01.195 W/SignalStrength(503): getGsmLevel. this.mGsmSignalBar=4, getGsmSignalStrength()== 16
01-11 20:41:01.195 W/SignalStrength(503): getGsmLevel=4
01-11 20:41:01.195 W/SignalStrength(503): getLevel=4 (SignalStrength: 16 255 -120 -160 -120 -1 -1 99 2147483647 -32767 2147483647 -32767 gsm|lte 4)
01-11 20:41:01.195 W/SignalStrength(503): getGsmLevel. this.mGsmSignalBar=4, getGsmSignalStrength()== 22
01-11 20:41:01.195 W/SignalStrength(503): getGsmLevel=4
01-11 20:41:01.195 W/SignalStrength(503): getLevel=4 (SignalStrength: 22 255 -120 -160 -120 -1 -1 99 2147483647 -32767 2147483647 -32767 gsm|lte 4)
01-11 20:41:01.195 D/StatusBar-NetworkControllerDS(503): refreshViews connected={ wifi } level=4|4 combinedSignalIconId=0x7f0200ed/com.android.systemui:drawable/stat_sys_wifi_signal_3 combinedActivityIconId=0x7f0200d8 mAirplaneMode=false mDataActivity1=0 mDataActivity2=0 mPhoneSignalIconId1=0x7f0200d5 mPhoneSignalIconId2=0x7f0200cf mLastPhoneSignalIconId1=0x7f0200d5 mLastPhoneSignalIconId2=0x7f0200cf mDataDirectionIconId1=0x0 mDataDirectionIconId2=0x0 mDataSignalIconId1=0x7f0200d5 mDataSignalIconId2=0x7f0200cf mDataTypeIconId1=0x7f0200a2 mDataTypeIconId2=0x7f0200a2 mWifiIconId=0x7f0200ed mRoamingIconId1=0x0 mRoamingIconId2=0x0 mBluetoothTetherIconId=0x10806ce
01-11 20:41:01.195 D/SignalClusterView(503): wifi: VISIBLE sig=2130837741 act=2130837720
01-11 20:41:01.195 D/SignalClusterView(503): mobile1: VISIBLE sig=2130837717 act=0 typ=2130837666
01-11 20:41:01.195 D/SignalClusterView(503): mobile2: VISIBLE sig=2130837711 act=0 typ=2130837666
01-11 20:41:01.195 D/SignalClusterView(503): wifi: VISIBLE sig=2130837741 act=2130837720
01-11 20:41:01.195 D/SignalClusterView(503): mobile1: VISIBLE sig=2130837717 act=0 typ=2130837666
01-11 20:41:01.195 D/SignalClusterView(503): mobile2: VISIBLE sig=2130837711 act=0 typ=2130837666
01-11 20:41:01.195 D/SignalClusterView(503): wifi: VISIBLE sig=2130837741 act=2130837720
01-11 20:41:01.195 D/SignalClusterView(503): mobile1: VISIBLE sig=2130837717 act=0 typ=2130837666
01-11 20:41:01.195 D/SignalClusterView(503): mobile2: VISIBLE sig=2130837711 act=0 typ=2130837666
01-11 20:41:01.195 D/StatusBar-NetworkControllerDS(503): changing data overlay icon id to 2130837720
01-11 20:41:03.205 W/SignalStrength(503): getGsmLevel. this.mGsmSignalBar=4, getGsmSignalStrength()== 16
01-11 20:41:03.205 W/SignalStrength(503): getGsmLevel=4
01-11 20:41:03.205 W/SignalStrength(503): getLevel=4 (SignalStrength: 16 255 -120 -160 -120 -1 -1 99 2147483647 -32767 2147483647 -32767 gsm|lte 4)
01-11 20:41:03.205 W/SignalStrength(503): getGsmLevel. this.mGsmSignalBar=4, getGsmSignalStrength()== 22
01-11 20:41:03.205 W/SignalStrength(503): getGsmLevel=4
01-11 20:41:03.205 W/SignalStrength(503): getLevel=4 (SignalStrength: 22 255 -120 -160 -120 -1 -1 99 2147483647 -32767 2147483647 -32767 gsm|lte 4)
01-11 20:41:03.205 D/StatusBar-NetworkControllerDS(503): refreshViews connected={ wifi } level=4|4 combinedSignalIconId=0x7f0200ed/com.android.systemui:drawable/stat_sys_wifi_signal_3 combinedActivityIconId=0x7f0200d9 mAirplaneMode=false mDataActivity1=0 mDataActivity2=0 mPhoneSignalIconId1=0x7f0200d5 mPhoneSignalIconId2=0x7f0200cf mLastPhoneSignalIconId1=0x7f0200d5 mLastPhoneSignalIconId2=0x7f0200cf mDataDirectionIconId1=0x0 mDataDirectionIconId2=0x0 mDataSignalIconId1=0x7f0200d5 mDataSignalIconId2=0x7f0200cf mDataTypeIconId1=0x7f0200a2 mDataTypeIconId2=0x7f0200a2 mWifiIconId=0x7f0200ed mRoamingIconId1=0x0 mRoamingIconId2=0x0 mBluetoothTetherIconId=0x10806ce
01-11 20:41:03.205 D/SignalClusterView(503): wifi: VISIBLE sig=2130837741 act=2130837721
01-11 20:41:03.205 D/SignalClusterView(503): mobile1: VISIBLE sig=2130837717 act=0 typ=2130837666
01-11 20:41:03.205 D/SignalClusterView(503): mobile2: VISIBLE sig=2130837711 act=0 typ=2130837666
01-11 20:41:03.205 D/SignalClusterView(503): wifi: VISIBLE sig=2130837741 act=2130837721
01-11 20:41:03.205 D/SignalClusterView(503): mobile1: VISIBLE sig=2130837717 act=0 typ=2130837666
01-11 20:41:03.205 D/SignalClusterView(503): mobile2: VISIBLE sig=2130837711 act=0 typ=2130837666
01-11 20:41:03.205 D/SignalClusterView(503): wifi: VISIBLE sig=2130837741 act=2130837721
01-11 20:41:03.205 D/SignalClusterView(503): mobile1: VISIBLE sig=2130837717 act=0 typ=2130837666
01-11 20:41:03.205 D/SignalClusterView(503): mobile2: VISIBLE sig=2130837711 act=0 typ=2130837666
01-11 20:41:03.205 D/StatusBar-NetworkControllerDS(503): changing data overlay icon id to 2130837721
01-11 20:41:03.765 I/ONCRPC  (102): rpc_handle_rpc_call: for Xid: 1905, Prog: 31000000, Vers: d17ed9ea, Proc: 00000014
01-11 20:41:03.765 D/QCRIL_RPC(102): Enter qcril_cm_srvsys_event_callback
01-11 20:41:03.765 D/QCRIL_RPC(102): Exit qcril_cm_srvsys_event_callback
01-11 20:41:03.765 I/ONCRPC  (102): rpc_handle_rpc_call: Find Status: 0 Xid: 1905
01-11 20:41:03.765 I/ONCRPC  (102): oncrpc_proxy_handle_cmd_rpc_call: Dispatching xid: 1905
01-11 20:41:03.775 W/SignalStrength(377): getGsmLevel. this.mGsmSignalBar=4, getGsmSignalStrength()== 19
01-11 20:41:03.775 W/SignalStrength(377): getGsmLevel=4
01-11 20:41:03.775 W/SignalStrength(377): getLevel=4 (SignalStrength: 19 255 -120 -160 -120 -1 -1 99 2147483647 -32767 2147483647 -32767 gsm|lte 4)
01-11 20:41:03.775 W/SignalStrength(503): getGsmLevel. this.mGsmSignalBar=4, getGsmSignalStrength()== 19
01-11 20:41:03.775 W/SignalStrength(503): getGsmLevel=4
01-11 20:41:03.775 W/SignalStrength(503): getLevel=4 (SignalStrength: 19 255 -120 -160 -120 -1 -1 99 2147483647 -32767 2147483647 -32767 gsm|lte 4)
01-11 20:41:03.775 W/SignalStrength(503): getGsmLevel. this.mGsmSignalBar=4, getGsmSignalStrength()== 19
01-11 20:41:03.775 W/SignalStrength(503): getGsmLevel=4
01-11 20:41:03.775 W/SignalStrength(503): getLevel=4 (SignalStrength: 19 255 -120 -160 -120 -1 -1 99 2147483647 -32767 2147483647 -32767 gsm|lte 4)
01-11 20:41:03.775 W/SignalStrength(503): getGsmLevel. this.mGsmSignalBar=4, getGsmSignalStrength()== 16
01-11 20:41:03.775 W/SignalStrength(503): getGsmLevel=4
01-11 20:41:03.775 W/SignalStrength(503): getLevel=4 (SignalStrength: 16 255 -120 -160 -120 -1 -1 99 2147483647 -32767 2147483647 -32767 gsm|lte 4)
01-11 20:41:03.775 W/SignalStrength(503): getGsmLevel. this.mGsmSignalBar=4, getGsmSignalStrength()== 19
01-11 20:41:03.775 W/SignalStrength(503): getGsmLevel=4
01-11 20:41:03.775 D/TWStatusBar-NetworkControllerDS(503): onSignalStrengthsChanged signalStrength=SignalStrength: 19 255 -120 -160 -120 -1 -1 99 2147483647 -32767 2147483647 -32767 gsm|lte 4 level=4 simslot=1
01-11 20:41:03.775 D/StatusBar-NetworkControllerDS(503): isDualSIM : SimState = 2, SimState2 = 2
01-11 20:41:03.775 D/StatusBar-NetworkControllerDS(503): isDualSIM : SimState = 2, SimState2 = 2
01-11 20:41:03.785 W/SignalStrength(377): getDbm 1
01-11 20:41:03.785 W/SignalStrength(377): getGsmDbm=-75
01-11 20:41:03.785 W/SignalStrength(377): getDbm=-75
01-11 20:41:03.785 W/SignalStrength(377): getAsuLevel 1
01-11 20:41:03.785 W/SignalStrength(377): getGsmAsuLevel=19
01-11 20:41:03.785 W/SignalStrength(377): getAsuLevel=19
01-11 20:41:03.785 W/SignalStrength(503): getLevel=4 (SignalStrength: 19 255 -120 -160 -120 -1 -1 99 2147483647 -32767 2147483647 -32767 gsm|lte 4)
01-11 20:41:03.785 D/StatusBar-NetworkControllerDS(503): refreshViews connected={ wifi } level=4|4 combinedSignalIconId=0x7f0200ed/com.android.systemui:drawable/stat_sys_wifi_signal_3 combinedActivityIconId=0x7f0200d9 mAirplaneMode=false mDataActivity1=0 mDataActivity2=0 mPhoneSignalIconId1=0x7f0200d5 mPhoneSignalIconId2=0x7f0200cf mLastPhoneSignalIconId1=0x7f0200d5 mLastPhoneSignalIconId2=0x7f0200cf mDataDirectionIconId1=0x0 mDataDirectionIconId2=0x0 mDataSignalIconId1=0x7f0200d5 mDataSignalIconId2=0x7f0200cf mDataTypeIconId1=0x7f0200a2 mDataTypeIconId2=0x7f0200a2 mWifiIconId=0x7f0200ed mRoamingIconId1=0x0 mRoamingIconId2=0x0 mBluetoothTetherIconId=0x10806ce
01-11 20:41:03.785 D/SignalClusterView(503): wifi: VISIBLE sig=2130837741 act=2130837721
01-11 20:41:03.785 D/SignalClusterView(503): mobile1: VISIBLE sig=2130837717 act=0 typ=2130837666
01-11 20:41:03.785 D/SignalClusterView(503): mobile2: VISIBLE sig=2130837711 act=0 typ=2130837666
01-11 20:41:03.785 D/SignalClusterView(503): wifi: VISIBLE sig=2130837741 act=2130837721
01-11 20:41:03.805 D/SignalClusterView(503): mobile1: VISIBLE sig=2130837717 act=0 typ=2130837666
01-11 20:41:03.805 D/SignalClusterView(503): mobile2: VISIBLE sig=2130837711 act=0 typ=2130837666
01-11 20:41:03.805 D/SignalClusterView(503): wifi: VISIBLE sig=2130837741 act=2130837721
01-11 20:41:03.805 D/SignalClusterView(503): mobile1: VISIBLE sig=2130837717 act=0 typ=2130837666
01-11 20:41:03.805 D/SignalClusterView(503): mobile2: VISIBLE sig=2130837711 act=0 typ=2130837666
01-11 20:41:04.205 W/SignalStrength(503): getGsmLevel. this.mGsmSignalBar=4, getGsmSignalStrength()== 16
01-11 20:41:04.215 W/SignalStrength(503): getGsmLevel=4
01-11 20:41:04.215 W/SignalStrength(503): getLevel=4 (SignalStrength: 16 255 -120 -160 -120 -1 -1 99 2147483647 -32767 2147483647 -32767 gsm|lte 4)
01-11 20:41:04.215 W/SignalStrength(503): getGsmLevel. this.mGsmSignalBar=4, getGsmSignalStrength()== 19
01-11 20:41:04.215 W/SignalStrength(503): getGsmLevel=4
01-11 20:41:04.215 W/SignalStrength(503): getLevel=4 (SignalStrength: 19 255 -120 -160 -120 -1 -1 99 2147483647 -32767 2147483647 -32767 gsm|lte 4)
01-11 20:41:04.215 D/StatusBar-NetworkControllerDS(503): refreshViews connected={ wifi } level=4|4 combinedSignalIconId=0x7f0200ed/com.android.systemui:drawable/stat_sys_wifi_signal_3 combinedActivityIconId=0x7f0200d8 mAirplaneMode=false mDataActivity1=0 mDataActivity2=0 mPhoneSignalIconId1=0x7f0200d5 mPhoneSignalIconId2=0x7f0200cf mLastPhoneSignalIconId1=0x7f0200d5 mLastPhoneSignalIconId2=0x7f0200cf mDataDirectionIconId1=0x0 mDataDirectionIconId2=0x0 mDataSignalIconId1=0x7f0200d5 mDataSignalIconId2=0x7f0200cf mDataTypeIconId1=0x7f0200a2 mDataTypeIconId2=0x7f0200a2 mWifiIconId=0x7f0200ed mRoamingIconId1=0x0 mRoamingIconId2=0x0 mBluetoothTetherIconId=0x10806ce
01-11 20:41:04.215 D/SignalClusterView(503): wifi: VISIBLE sig=2130837741 act=2130837720
01-11 20:41:04.215 D/SignalClusterView(503): mobile1: VISIBLE sig=2130837717 act=0 typ=2130837666
01-11 20:41:04.215 D/SignalClusterView(503): mobile2: VISIBLE sig=2130837711 act=0 typ=2130837666
01-11 20:41:04.215 D/SignalClusterView(503): wifi: VISIBLE sig=2130837741 act=2130837720
01-11 20:41:04.215 D/SignalClusterView(503): mobile1: VISIBLE sig=2130837717 act=0 typ=2130837666
01-11 20:41:04.215 D/SignalClusterView(503): mobile2: VISIBLE sig=2130837711 act=0 typ=2130837666
01-11 20:41:04.215 D/SignalClusterView(503): wifi: VISIBLE sig=2130837741 act=2130837720
01-11 20:41:04.215 D/SignalClusterView(503): mobile1: VISIBLE sig=2130837717 act=0 typ=2130837666
01-11 20:41:04.215 D/SignalClusterView(503): mobile2: VISIBLE sig=2130837711 act=0 typ=2130837666
01-11 20:41:04.215 D/StatusBar-NetworkControllerDS(503): changing data overlay icon id to 2130837720
01-11 20:41:05.015 I/InputReader(377): Touch event's action is 0x0 (deviceType=0) [pCnt=1, pending(waiting finished signal)=0, s=0.780 ]
01-11 20:41:05.015 I/InputDispatcher(377): Delivering touch to current input target: action: 0x0
01-11 20:41:05.015 D/lights  (377): write_int /sys/class/leds/button-backlight/brightness = 255
01-11 20:41:05.015 I/PowerManagerService(377): Ulight 0x3->0x7|0x0
01-11 20:41:05.015 D/PowerManagerService(377): setLightBrightness : mButtonLight : 61
01-11 20:41:05.085 I/InputReader(377): Touch event's action is 0x1 (deviceType=0) [pCnt=1, pending(waiting finished signal)=0, s=]
01-11 20:41:05.085 I/InputDispatcher(377): Delivering touch to current input target: action: 0x1
01-11 20:41:05.475 D/dalvikvm(25904): GC_FOR_ALLOC freed 2687K, 24% free 15419K/20195K, paused 73ms
01-11 20:41:05.505 D/KeyguardViewMediator(377): setHidden false
01-11 20:41:05.855 D/memalloc(25904): /dev/pmem: Unmapping buffer base:0x52867000 size:9015296 offset:7540736
01-11 20:41:05.855 D/memalloc(111): /dev/pmem: Freeing buffer base:0x422c3000 size:1474560 offset:7540736 fd:54
01-11 20:41:05.855 D/memalloc(25904): /dev/pmem: Unmapping buffer base:0x53d91000 size:10489856 offset:9015296
01-11 20:41:05.865 D/KeyguardViewMediator(377): setHidden false
01-11 20:41:05.885 W/SurfaceFlinger(111): id=509(5) createSurface 0xbbdbc4 (1x1),1 flag=0
01-11 20:41:05.895 D/KeyguardViewMediator(377): setHidden false
01-11 20:41:05.905 W/SurfaceFlinger(111): id=508 Removed idx=3 Map Size=6
01-11 20:41:05.905 W/SurfaceFlinger(111): id=508 Removed idx=-2 Map Size=6
01-11 20:41:05.905 D/KeyguardViewMediator(377): setHidden false
01-11 20:41:05.915 D/memalloc(111): /dev/pmem: Freeing buffer base:0x4242b000 size:1474560 offset:9015296 fd:57
01-11 20:41:05.915 D/KeyguardViewMediator(377): setHidden false
01-11 20:41:05.915 D/BatteryService(377): update start
01-11 20:41:05.925 D/BatteryService(377): level:28 scale:100 status:3 health:2 present:true voltage: 3692 temperature: 230 technology: Li-ion AC powered:false USB powered:false icon:17303167 invalid charger:0
01-11 20:41:05.935 D/KeyguardUpdateMonitor(377): received broadcast android.intent.action.BATTERY_CHANGED
01-11 20:41:05.935 D/KeyguardUpdateMonitor(377): handleBatteryUpdate
01-11 20:41:05.935 D/ThermistorObserver(377): mBatteryBRForAMOLED : onReceive() : newTemperature : 230
01-11 20:41:05.935 V/UiModeManager(377): updateLocked, mLastBroadcastState =0 , oldAction = null
01-11 20:41:05.935 D/STATUSBAR-BatteryController(503): onReceive() - ACTION_BATTERY_CHANGED
01-11 20:41:05.935 D/STATUSBAR-BatteryController(503): onReceive() - level:28
01-11 20:41:05.935 D/STATUSBAR-BatteryController(503): onReceive() - plugged:0
01-11 20:41:05.935 D/STATUSBAR-BatteryController(503): onReceive() - BATTERY_STATUS_DISCHARGING: stat_sys_battery
01-11 20:41:05.935 D/STATUSBAR-PhoneStatusBar(503): ACTION_BATTERY_CHANGED
01-11 20:41:05.935 D/STATUSBAR-PhoneStatusBar(503): NORMAL_BATTERY
01-11 20:41:05.935 D/PowerUI (503): getBatteryOnline : battery online file not found
01-11 20:41:05.945 D/memalloc(111): /dev/pmem: Allocated buffer base:0x41b92000 size:327680 offset:7540736 fd:54
01-11 20:41:05.945 D/memalloc(25904): /dev/pmem: Mapped buffer base:0x5270e000 size:7868416 offset:7540736 fd:69
01-11 20:41:05.955 I/Adreno200-EGLSUB(111): <CreateImage:1017>: Android Image
01-11 20:41:05.955 I/Adreno200-EGLSUB(111): <GetImageAttributes:1226>: RGBA_8888
01-11 20:41:05.955 D/KeyguardViewMediator(377): setHidden false
01-11 20:41:05.955 D/KeyguardViewMediator(377): setHidden false
01-11 20:41:05.965 D/KeyguardViewMediator(377): setHidden false
01-11 20:41:06.155 D/memalloc(111): /dev/pmem: Allocated buffer base:0x41b92000 size:327680 offset:7868416 fd:57
01-11 20:41:06.155 D/memalloc(25904): /dev/pmem: Mapped buffer base:0x537ab000 size:8196096 offset:7868416 fd:72
01-11 20:41:06.165 W/SignalStrength(503): getGsmLevel. this.mGsmSignalBar=4, getGsmSignalStrength()== 16
01-11 20:41:06.165 W/SignalStrength(503): getGsmLevel=4
01-11 20:41:06.165 W/SignalStrength(503): getLevel=4 (SignalStrength: 16 255 -120 -160 -120 -1 -1 99 2147483647 -32767 2147483647 -32767 gsm|lte 4)
01-11 20:41:06.165 W/SignalStrength(503): getGsmLevel. this.mGsmSignalBar=4, getGsmSignalStrength()== 19
01-11 20:41:06.165 W/SignalStrength(503): getGsmLevel=4
01-11 20:41:06.165 W/SignalStrength(503): getLevel=4 (SignalStrength: 19 255 -120 -160 -120 -1 -1 99 2147483647 -32767 2147483647 -32767 gsm|lte 4)
01-11 20:41:06.165 I/Adreno200-EGLSUB(111): <CreateImage:1017>: Android Image
01-11 20:41:06.165 I/Adreno200-EGLSUB(111): <GetImageAttributes:1226>: RGBA_8888
01-11 20:41:06.165 D/TWStatusBar-NetworkControllerDS(503): onReceive() - RSSI_CHANGED_ACTION, WIFI_STATE, NETWORK_STATE
01-11 20:41:06.165 D/StatusBar-NetworkControllerDS(503): refreshViews connected={ wifi } level=4|4 combinedSignalIconId=0x7f0200ef/com.android.systemui:drawable/stat_sys_wifi_signal_4 combinedActivityIconId=0x7f0200d8 mAirplaneMode=false mDataActivity1=0 mDataActivity2=0 mPhoneSignalIconId1=0x7f0200d5 mPhoneSignalIconId2=0x7f0200cf mLastPhoneSignalIconId1=0x7f0200d5 mLastPhoneSignalIconId2=0x7f0200cf mDataDirectionIconId1=0x0 mDataDirectionIconId2=0x0 mDataSignalIconId1=0x7f0200d5 mDataSignalIconId2=0x7f0200cf mDataTypeIconId1=0x7f0200a2 mDataTypeIconId2=0x7f0200a2 mWifiIconId=0x7f0200ef mRoamingIconId1=0x0 mRoamingIconId2=0x0 mBluetoothTetherIconId=0x10806ce
01-11 20:41:06.165 D/SignalClusterView(503): wifi: VISIBLE sig=2130837743 act=2130837720
01-11 20:41:06.165 D/SignalClusterView(503): mobile1: VISIBLE sig=2130837717 act=0 typ=2130837666
01-11 20:41:06.165 D/SignalClusterView(503): mobile2: VISIBLE sig=2130837711 act=0 typ=2130837666
01-11 20:41:06.165 D/SignalClusterView(503): wifi: VISIBLE sig=2130837743 act=2130837720
01-11 20:41:06.165 D/SignalClusterView(503): mobile1: VISIBLE sig=2130837717 act=0 typ=2130837666
01-11 20:41:06.165 D/SignalClusterView(503): mobile2: VISIBLE sig=2130837711 act=0 typ=2130837666
01-11 20:41:06.165 D/SignalClusterView(503): wifi: VISIBLE sig=2130837743 act=2130837720
01-11 20:41:06.185 D/SignalClusterView(503): mobile1: VISIBLE sig=2130837717 act=0 typ=2130837666
01-11 20:41:06.185 D/SignalClusterView(503): mobile2: VISIBLE sig=2130837711 act=0 typ=2130837666
01-11 20:41:06.225 W/SignalStrength(503): getGsmLevel. this.mGsmSignalBar=4, getGsmSignalStrength()== 16
01-11 20:41:06.225 W/SignalStrength(503): getGsmLevel=4
01-11 20:41:06.225 W/SignalStrength(503): getLevel=4 (SignalStrength: 16 255 -120 -160 -120 -1 -1 99 2147483647 -32767 2147483647 -32767 gsm|lte 4)
01-11 20:41:06.225 W/SignalStrength(503): getGsmLevel. this.mGsmSignalBar=4, getGsmSignalStrength()== 19
01-11 20:41:06.225 W/SignalStrength(503): getGsmLevel=4
01-11 20:41:06.225 W/SignalStrength(503): getLevel=4 (SignalStrength: 19 255 -120 -160 -120 -1 -1 99 2147483647 -32767 2147483647 -32767 gsm|lte 4)
01-11 20:41:06.225 D/StatusBar-NetworkControllerDS(503): refreshViews connected={ wifi } level=4|4 combinedSignalIconId=0x7f0200ef/com.android.systemui:drawable/stat_sys_wifi_signal_4 combinedActivityIconId=0x7f0200d9 mAirplaneMode=false mDataActivity1=0 mDataActivity2=0 mPhoneSignalIconId1=0x7f0200d5 mPhoneSignalIconId2=0x7f0200cf mLastPhoneSignalIconId1=0x7f0200d5 mLastPhoneSignalIconId2=0x7f0200cf mDataDirectionIconId1=0x0 mDataDirectionIconId2=0x0 mDataSignalIconId1=0x7f0200d5 mDataSignalIconId2=0x7f0200cf mDataTypeIconId1=0x7f0200a2 mDataTypeIconId2=0x7f0200a2 mWifiIconId=0x7f0200ef mRoamingIconId1=0x0 mRoamingIconId2=0x0 mBluetoothTetherIconId=0x10806ce
01-11 20:41:06.225 D/SignalClusterView(503): wifi: VISIBLE sig=2130837743 act=2130837721
01-11 20:41:06.225 D/SignalClusterView(503): mobile1: VISIBLE sig=2130837717 act=0 typ=2130837666
01-11 20:41:06.225 D/SignalClusterView(503): mobile2: VISIBLE sig=2130837711 act=0 typ=2130837666
01-11 20:41:06.225 D/SignalClusterView(503): wifi: VISIBLE sig=2130837743 act=2130837721
01-11 20:41:06.225 D/SignalClusterView(503): mobile1: VISIBLE sig=2130837717 act=0 typ=2130837666
01-11 20:41:06.225 D/SignalClusterView(503): mobile2: VISIBLE sig=2130837711 act=0 typ=2130837666
01-11 20:41:06.225 D/SignalClusterView(503): wifi: VISIBLE sig=2130837743 act=2130837721
01-11 20:41:06.225 D/SignalClusterView(503): mobile1: VISIBLE sig=2130837717 act=0 typ=2130837666
01-11 20:41:06.225 D/SignalClusterView(503): mobile2: VISIBLE sig=2130837711 act=0 typ=2130837666
01-11 20:41:06.225 D/StatusBar-NetworkControllerDS(503): changing data overlay icon id to 2130837721
01-11 20:41:06.515 D/lights  (377): write_int /sys/class/leds/button-backlight/brightness = 0
01-11 20:41:06.515 V/PowerManagerService(377): Top Most Needs Intelligent Sleep: true
01-11 20:41:06.515 W/PowerManagerService(377): Timer 0x7->0x3|0x0
01-11 20:41:06.515 I/PowerManagerService(377): Ulight 0x7->0x3|0x0
01-11 20:41:06.515 D/PowerManagerService(377): setLightBrightness : mButtonLight : 0
01-11 20:41:06.925 D/AbsListView(25904): [unregisterDoubleTapMotionListener]
01-11 20:41:06.925 D/dalvikvm(25904): GC_CONCURRENT freed 3373K, 22% free 16403K/20899K, paused 2ms+9ms
01-11 20:41:06.925 I/MotionRecognitionManager(25904):   .unregisterListener : / listener count = 0->0, listener=android.widget.AbsListView$4@41a3d368
01-11 20:41:07.225 W/SignalStrength(503): getGsmLevel. this.mGsmSignalBar=4, getGsmSignalStrength()== 16
