01-11 20:36:18.495 W/SignalStrength(503): getLevel=4 (SignalStrength: 22 255 -120 -160 -120 -1 -1 99 2147483647 -32767 2147483647 -32767 gsm|lte 4)
01-11 20:36:18.875 I/NRFW    (1229): serverip=180.76.3.90 localIp=10.0.8.1
01-11 20:36:19.235 E/AlarmManagerService(377): android_server_AlarmManagerService_set to type=3, 113014.364000000
01-11 20:36:19.495 W/SignalStrength(503): getGsmLevel. this.mGsmSignalBar=4, getGsmSignalStrength()== 19
01-11 20:36:19.495 W/SignalStrength(503): getGsmLevel=4
01-11 20:36:19.495 W/SignalStrength(503): getLevel=4 (SignalStrength: 19 255 -120 -160 -120 -1 -1 99 2147483647 -32767 2147483647 -32767 gsm|lte 4)
01-11 20:36:19.495 W/SignalStrength(503): getGsmLevel. this.mGsmSignalBar=4, getGsmSignalStrength()== 22
01-11 20:36:19.495 W/SignalStrength(503): getGsmLevel=4
01-11 20:36:19.495 W/SignalStrength(503): getLevel=4 (SignalStrength: 22 255 -120 -160 -120 -1 -1 99 2147483647 -32767 2147483647 -32767 gsm|lte 4)
01-11 20:36:21.495 W/SignalStrength(503): getGsmLevel. this.mGsmSignalBar=4, getGsmSignalStrength()== 19
01-11 20:36:21.495 W/SignalStrength(503): getGsmLevel=4
01-11 20:36:21.495 W/SignalStrength(503): getLevel=4 (SignalStrength: 19 255 -120 -160 -120 -1 -1 99 2147483647 -32767 2147483647 -32767 gsm|lte 4)
01-11 20:36:21.495 W/SignalStrength(503): getGsmLevel. this.mGsmSignalBar=4, getGsmSignalStrength()== 22
01-11 20:36:21.495 W/SignalStrength(503): getGsmLevel=4
01-11 20:36:21.495 W/SignalStrength(503): getLevel=4 (SignalStrength: 22 255 -120 -160 -120 -1 -1 99 2147483647 -32767 2147483647 -32767 gsm|lte 4)
01-11 20:36:23.495 W/SignalStrength(503): getGsmLevel. this.mGsmSignalBar=4, getGsmSignalStrength()== 19
01-11 20:36:23.495 W/SignalStrength(503): getGsmLevel=4
01-11 20:36:23.495 W/SignalStrength(503): getLevel=4 (SignalStrength: 19 255 -120 -160 -120 -1 -1 99 2147483647 -32767 2147483647 -32767 gsm|lte 4)
01-11 20:36:23.495 W/SignalStrength(503): getGsmLevel. this.mGsmSignalBar=4, getGsmSignalStrength()== 22
01-11 20:36:23.495 W/SignalStrength(503): getGsmLevel=4
01-11 20:36:23.495 W/SignalStrength(503): getLevel=4 (SignalStrength: 22 255 -120 -160 -120 -1 -1 99 2147483647 -32767 2147483647 -32767 gsm|lte 4)
01-11 20:36:24.285 I/NRFW    (1229): profile=wifi
01-11 20:36:24.295 I/NRFW    (1229): serverip=103.235.47.88 localIp=10.0.8.1
01-11 20:36:24.755 D/QCRIL_RPC(102): Enter qcril_cm_srvsys_event_callback
01-11 20:36:24.755 W/SignalStrength(377): getGsmLevel. this.mGsmSignalBar=4, getGsmSignalStrength()== 25
01-11 20:36:24.755 W/SignalStrength(377): getGsmLevel=4
01-11 20:36:24.755 W/SignalStrength(377): getLevel=4 (SignalStrength: 25 255 -120 -160 -120 -1 -1 99 2147483647 -32767 2147483647 -32767 gsm|lte 4)
01-11 20:36:24.755 W/SignalStrength(503): getGsmLevel. this.mGsmSignalBar=4, getGsmSignalStrength()== 25
01-11 20:36:24.755 W/SignalStrength(503): getGsmLevel=4
01-11 20:36:24.755 W/SignalStrength(503): getLevel=4 (SignalStrength: 25 255 -120 -160 -120 -1 -1 99 2147483647 -32767 2147483647 -32767 gsm|lte 4)
01-11 20:36:24.755 W/SignalStrength(503): getGsmLevel. this.mGsmSignalBar=4, getGsmSignalStrength()== 25
01-11 20:36:24.755 W/SignalStrength(503): getGsmLevel=4
01-11 20:36:24.755 W/SignalStrength(503): getLevel=4 (SignalStrength: 25 255 -120 -160 -120 -1 -1 99 2147483647 -32767 2147483647 -32767 gsm|lte 4)
01-11 20:36:24.755 W/SignalStrength(503): getGsmLevel. this.mGsmSignalBar=4, getGsmSignalStrength()== 19
01-11 20:36:24.755 W/SignalStrength(503): getGsmLevel=4
01-11 20:36:24.755 W/SignalStrength(503): getLevel=4 (SignalStrength: 19 255 -120 -160 -120 -1 -1 99 2147483647 -32767 2147483647 -32767 gsm|lte 4)
01-11 20:36:24.755 W/SignalStrength(503): getGsmLevel. this.mGsmSignalBar=4, getGsmSignalStrength()== 25
01-11 20:36:24.755 W/SignalStrength(503): getGsmLevel=4
01-11 20:36:24.755 W/SignalStrength(503): getLevel=4 (SignalStrength: 25 255 -120 -160 -120 -1 -1 99 2147483647 -32767 2147483647 -32767 gsm|lte 4)
01-11 20:36:24.755 W/SignalStrength(377): getDbm 1
01-11 20:36:24.755 W/SignalStrength(377): getGsmDbm=-63
01-11 20:36:24.755 W/SignalStrength(377): getDbm=-63
01-11 20:36:24.755 W/SignalStrength(377): getAsuLevel 1
01-11 20:36:24.755 W/SignalStrength(377): getGsmAsuLevel=25
01-11 20:36:24.755 W/SignalStrength(377): getAsuLevel=25
01-11 20:36:24.755 D/QCRIL_RPC(102): Exit qcril_cm_srvsys_event_callback
01-11 20:36:25.505 W/SignalStrength(503): getGsmLevel. this.mGsmSignalBar=4, getGsmSignalStrength()== 19
01-11 20:36:25.505 W/SignalStrength(503): getGsmLevel=4
01-11 20:36:25.505 W/SignalStrength(503): getLevel=4 (SignalStrength: 19 255 -120 -160 -120 -1 -1 99 2147483647 -32767 2147483647 -32767 gsm|lte 4)
01-11 20:36:25.505 W/SignalStrength(503): getGsmLevel. this.mGsmSignalBar=4, getGsmSignalStrength()== 25
01-11 20:36:25.505 W/SignalStrength(503): getGsmLevel=4
01-11 20:36:25.505 W/SignalStrength(503): getLevel=4 (SignalStrength: 25 255 -120 -160 -120 -1 -1 99 2147483647 -32767 2147483647 -32767 gsm|lte 4)
--------- beginning of /dev/log/system
01-11 20:36:25.505 D/SignalClusterView(503): mobile2: VISIBLE sig=2130837711 act=0 typ=2130837666
01-11 20:36:25.505 D/StatusBar-NetworkControllerDS(503): changing data overlay icon id to 2130837720
01-11 20:36:26.505 W/SignalStrength(503): getGsmLevel. this.mGsmSignalBar=4, getGsmSignalStrength()== 19
01-11 20:36:26.505 W/SignalStrength(503): getGsmLevel=4
01-11 20:36:26.505 W/SignalStrength(503): getLevel=4 (SignalStrength: 19 255 -120 -160 -120 -1 -1 99 2147483647 -32767 2147483647 -32767 gsm|lte 4)
01-11 20:36:26.505 W/SignalStrength(503): getGsmLevel. this.mGsmSignalBar=4, getGsmSignalStrength()== 25
01-11 20:36:26.505 W/SignalStrength(503): getGsmLevel=4
01-11 20:36:26.505 W/SignalStrength(503): getLevel=4 (SignalStrength: 25 255 -120 -160 -120 -1 -1 99 2147483647 -32767 2147483647 -32767 gsm|lte 4)
01-11 20:36:26.505 D/StatusBar-NetworkControllerDS(503): refreshViews connected={ wifi } level=4|4 combinedSignalIconId=0x7f0200ef/com.android.systemui:drawable/stat_sys_wifi_signal_4 combinedActivityIconId=0x7f0200d9 mAirplaneMode=false mDataActivity1=0 mDataActivity2=0 mPhoneSignalIconId1=0x7f0200d5 mPhoneSignalIconId2=0x7f0200cf mLastPhoneSignalIconId1=0x7f0200d5 mLastPhoneSignalIconId2=0x7f0200cf mDataDirectionIconId1=0x0 mDataDirectionIconId2=0x0 mDataSignalIconId1=0x7f0200d5 mDataSignalIconId2=0x7f0200cf mDataTypeIconId1=0x7f0200a2 mDataTypeIconId2=0x7f0200a2 mWifiIconId=0x7f0200ef mRoamingIconId1=0x0 mRoamingIconId2=0x0 mBluetoothTetherIconId=0x10806ce
01-11 20:36:26.505 D/SignalClusterView(503): wifi: VISIBLE sig=2130837743 act=2130837721
01-11 20:36:26.505 D/SignalClusterView(503): mobile1: VISIBLE sig=2130837717 act=0 typ=2130837666
01-11 20:36:26.505 D/SignalClusterView(503): mobile2: VISIBLE sig=2130837711 act=0 typ=2130837666
01-11 20:36:26.505 D/SignalClusterView(503): wifi: VISIBLE sig=2130837743 act=2130837721
01-11 20:36:26.505 D/SignalClusterView(503): mobile1: VISIBLE sig=2130837717 act=0 typ=2130837666
01-11 20:36:26.505 D/SignalClusterView(503): mobile2: VISIBLE sig=2130837711 act=0 typ=2130837666
01-11 20:36:26.505 D/SignalClusterView(503): wifi: VISIBLE sig=2130837743 act=2130837721
01-11 20:36:26.505 D/SignalClusterView(503): mobile1: VISIBLE sig=2130837717 act=0 typ=2130837666
01-11 20:36:26.505 D/SignalClusterView(503): mobile2: VISIBLE sig=2130837711 act=0 typ=2130837666
01-11 20:36:26.505 D/StatusBar-NetworkControllerDS(503): changing data overlay icon id to 2130837721
01-11 20:36:27.505 W/SignalStrength(503): getGsmLevel. this.mGsmSignalBar=4, getGsmSignalStrength()== 19
01-11 20:36:27.505 W/SignalStrength(503): getGsmLevel=4
01-11 20:36:27.505 W/SignalStrength(503): getLevel=4 (SignalStrength: 19 255 -120 -160 -120 -1 -1 99 2147483647 -32767 2147483647 -32767 gsm|lte 4)
01-11 20:36:27.505 W/SignalStrength(503): getGsmLevel. this.mGsmSignalBar=4, getGsmSignalStrength()== 25
01-11 20:36:27.505 W/SignalStrength(503): getGsmLevel=4
01-11 20:36:27.505 W/SignalStrength(503): getLevel=4 (SignalStrength: 25 255 -120 -160 -120 -1 -1 99 2147483647 -32767 2147483647 -32767 gsm|lte 4)
01-11 20:36:27.505 D/StatusBar-NetworkControllerDS(503): refreshViews connected={ wifi } level=4|4 combinedSignalIconId=0x7f0200ef/com.android.systemui:drawable/stat_sys_wifi_signal_4 combinedActivityIconId=0x7f0200d8 mAirplaneMode=false mDataActivity1=0 mDataActivity2=0 mPhoneSignalIconId1=0x7f0200d5 mPhoneSignalIconId2=0x7f0200cf mLastPhoneSignalIconId1=0x7f0200d5 mLastPhoneSignalIconId2=0x7f0200cf mDataDirectionIconId1=0x0 mDataDirectionIconId2=0x0 mDataSignalIconId1=0x7f0200d5 mDataSignalIconId2=0x7f0200cf mDataTypeIconId1=0x7f0200a2 mDataTypeIconId2=0x7f0200a2 mWifiIconId=0x7f0200ef mRoamingIconId1=0x0 mRoamingIconId2=0x0 mBluetoothTetherIconId=0x10806ce
01-11 20:36:27.505 D/SignalClusterView(503): wifi: VISIBLE sig=2130837743 act=2130837720
01-11 20:36:27.505 D/SignalClusterView(503): mobile1: VISIBLE sig=2130837717 act=0 typ=2130837666
01-11 20:36:27.505 D/SignalClusterView(503): mobile2: VISIBLE sig=2130837711 act=0 typ=2130837666
01-11 20:36:27.505 D/SignalClusterView(503): wifi: VISIBLE sig=2130837743 act=2130837720
01-11 20:36:27.505 D/SignalClusterView(503): mobile1: VISIBLE sig=2130837717 act=0 typ=2130837666
01-11 20:36:27.505 D/SignalClusterView(503): mobile2: VISIBLE sig=2130837711 act=0 typ=2130837666
01-11 20:36:27.505 D/SignalClusterView(503): wifi: VISIBLE sig=2130837743 act=2130837720
01-11 20:36:27.505 D/SignalClusterView(503): mobile1: VISIBLE sig=2130837717 act=0 typ=2130837666
01-11 20:36:27.505 D/SignalClusterView(503): mobile2: VISIBLE sig=2130837711 act=0 typ=2130837666
01-11 20:36:27.505 D/StatusBar-NetworkControllerDS(503): changing data overlay icon id to 2130837720
01-11 20:36:29.515 W/SignalStrength(503): getGsmLevel. this.mGsmSignalBar=4, getGsmSignalStrength()== 19
01-11 20:36:29.515 W/SignalStrength(503): getGsmLevel=4
01-11 20:36:29.515 W/SignalStrength(503): getLevel=4 (SignalStrength: 19 255 -120 -160 -120 -1 -1 99 2147483647 -32767 2147483647 -32767 gsm|lte 4)
01-11 20:36:29.515 W/SignalStrength(503): getGsmLevel. this.mGsmSignalBar=4, getGsmSignalStrength()== 25
01-11 20:36:29.515 W/SignalStrength(503): getGsmLevel=4
01-11 20:36:29.515 W/SignalStrength(503): getLevel=4 (SignalStrength: 25 255 -120 -160 -120 -1 -1 99 2147483647 -32767 2147483647 -32767 gsm|lte 4)
01-11 20:36:29.515 D/StatusBar-NetworkControllerDS(503): refreshViews connected={ wifi } level=4|4 combinedSignalIconId=0x7f0200ef/com.android.systemui:drawable/stat_sys_wifi_signal_4 combinedActivityIconId=0x7f0200d9 mAirplaneMode=false mDataActivity1=0 mDataActivity2=0 mPhoneSignalIconId1=0x7f0200d5 mPhoneSignalIconId2=0x7f0200cf mLastPhoneSignalIconId1=0x7f0200d5 mLastPhoneSignalIconId2=0x7f0200cf mDataDirectionIconId1=0x0 mDataDirectionIconId2=0x0 mDataSignalIconId1=0x7f0200d5 mDataSignalIconId2=0x7f0200cf mDataTypeIconId1=0x7f0200a2 mDataTypeIconId2=0x7f0200a2 mWifiIconId=0x7f0200ef mRoamingIconId1=0x0 mRoamingIconId2=0x0 mBluetoothTetherIconId=0x10806ce
01-11 20:36:29.515 D/SignalClusterView(503): wifi: VISIBLE sig=2130837743 act=2130837721
01-11 20:36:29.515 D/SignalClusterView(503): mobile1: VISIBLE sig=2130837717 act=0 typ=2130837666
01-11 20:36:29.515 D/SignalClusterView(503): mobile2: VISIBLE sig=2130837711 act=0 typ=2130837666
01-11 20:36:29.515 D/SignalClusterView(503): wifi: VISIBLE sig=2130837743 act=2130837721
01-11 20:36:29.515 D/SignalClusterView(503): mobile1: VISIBLE sig=2130837717 act=0 typ=2130837666
01-11 20:36:29.515 D/SignalClusterView(503): mobile2: VISIBLE sig=2130837711 act=0 typ=2130837666
01-11 20:36:29.515 D/SignalClusterView(503): wifi: VISIBLE sig=2130837743 act=2130837721
01-11 20:36:29.515 D/SignalClusterView(503): mobile1: VISIBLE sig=2130837717 act=0 typ=2130837666
01-11 20:36:29.515 D/SignalClusterView(503): mobile2: VISIBLE sig=2130837711 act=0 typ=2130837666
01-11 20:36:29.515 D/StatusBar-NetworkControllerDS(503): changing data overlay icon id to 2130837721
01-11 20:36:30.515 W/SignalStrength(503): getGsmLevel. this.mGsmSignalBar=4, getGsmSignalStrength()== 19
01-11 20:36:30.515 W/SignalStrength(503): getGsmLevel=4
01-11 20:36:30.515 W/SignalStrength(503): getLevel=4 (SignalStrength: 19 255 -120 -160 -120 -1 -1 99 2147483647 -32767 2147483647 -32767 gsm|lte 4)
01-11 20:36:30.515 W/SignalStrength(503): getGsmLevel. this.mGsmSignalBar=4, getGsmSignalStrength()== 25
01-11 20:36:30.515 W/SignalStrength(503): getGsmLevel=4
01-11 20:36:30.515 W/SignalStrength(503): getLevel=4 (SignalStrength: 25 255 -120 -160 -120 -1 -1 99 2147483647 -32767 2147483647 -32767 gsm|lte 4)
01-11 20:36:30.515 D/StatusBar-NetworkControllerDS(503): refreshViews connected={ wifi } level=4|4 combinedSignalIconId=0x7f0200ef/com.android.systemui:drawable/stat_sys_wifi_signal_4 combinedActivityIconId=0x7f0200d8 mAirplaneMode=false mDataActivity1=0 mDataActivity2=0 mPhoneSignalIconId1=0x7f0200d5 mPhoneSignalIconId2=0x7f0200cf mLastPhoneSignalIconId1=0x7f0200d5 mLastPhoneSignalIconId2=0x7f0200cf mDataDirectionIconId1=0x0 mDataDirectionIconId2=0x0 mDataSignalIconId1=0x7f0200d5 mDataSignalIconId2=0x7f0200cf mDataTypeIconId1=0x7f0200a2 mDataTypeIconId2=0x7f0200a2 mWifiIconId=0x7f0200ef mRoamingIconId1=0x0 mRoamingIconId2=0x0 mBluetoothTetherIconId=0x10806ce
01-11 20:36:30.515 D/SignalClusterView(503): wifi: VISIBLE sig=2130837743 act=2130837720
01-11 20:36:30.515 D/SignalClusterView(503): mobile1: VISIBLE sig=2130837717 act=0 typ=2130837666
01-11 20:36:30.515 D/SignalClusterView(503): mobile2: VISIBLE sig=2130837711 act=0 typ=2130837666
01-11 20:36:30.515 D/SignalClusterView(503): wifi: VISIBLE sig=2130837743 act=2130837720
01-11 20:36:30.515 D/SignalClusterView(503): mobile1: VISIBLE sig=2130837717 act=0 typ=2130837666
01-11 20:36:30.515 D/SignalClusterView(503): mobile2: VISIBLE sig=2130837711 act=0 typ=2130837666
01-11 20:36:30.515 D/SignalClusterView(503): wifi: VISIBLE sig=2130837743 act=2130837720
01-11 20:36:30.515 D/SignalClusterView(503): mobile1: VISIBLE sig=2130837717 act=0 typ=2130837666
01-11 20:36:30.515 D/SignalClusterView(503): mobile2: VISIBLE sig=2130837711 act=0 typ=2130837666
01-11 20:36:30.515 D/StatusBar-NetworkControllerDS(503): changing data overlay icon id to 2130837720
01-11 20:36:32.515 W/SignalStrength(503): getGsmLevel. this.mGsmSignalBar=4, getGsmSignalStrength()== 19
01-11 20:36:32.515 W/SignalStrength(503): getGsmLevel=4
01-11 20:36:32.515 W/SignalStrength(503): getLevel=4 (SignalStrength: 19 255 -120 -160 -120 -1 -1 99 2147483647 -32767 2147483647 -32767 gsm|lte 4)
01-11 20:36:32.515 W/SignalStrength(503): getGsmLevel. this.mGsmSignalBar=4, getGsmSignalStrength()== 25
01-11 20:36:32.515 W/SignalStrength(503): getGsmLevel=4
01-11 20:36:32.515 W/SignalStrength(503): getLevel=4 (SignalStrength: 25 255 -120 -160 -120 -1 -1 99 2147483647 -32767 2147483647 -32767 gsm|lte 4)
01-11 20:36:32.515 D/StatusBar-NetworkControllerDS(503): refreshViews connected={ wifi } level=4|4 combinedSignalIconId=0x7f0200ef/com.android.systemui:drawable/stat_sys_wifi_signal_4 combinedActivityIconId=0x7f0200d9 mAirplaneMode=false mDataActivity1=0 mDataActivity2=0 mPhoneSignalIconId1=0x7f0200d5 mPhoneSignalIconId2=0x7f0200cf mLastPhoneSignalIconId1=0x7f0200d5 mLastPhoneSignalIconId2=0x7f0200cf mDataDirectionIconId1=0x0 mDataDirectionIconId2=0x0 mDataSignalIconId1=0x7f0200d5 mDataSignalIconId2=0x7f0200cf mDataTypeIconId1=0x7f0200a2 mDataTypeIconId2=0x7f0200a2 mWifiIconId=0x7f0200ef mRoamingIconId1=0x0 mRoamingIconId2=0x0 mBluetoothTetherIconId=0x10806ce
01-11 20:36:32.515 D/SignalClusterView(503): wifi: VISIBLE sig=2130837743 act=2130837721
01-11 20:36:32.515 D/SignalClusterView(503): mobile1: VISIBLE sig=2130837717 act=0 typ=2130837666
01-11 20:36:32.515 D/SignalClusterView(503): mobile2: VISIBLE sig=2130837711 act=0 typ=2130837666
01-11 20:36:32.515 D/SignalClusterView(503): wifi: VISIBLE sig=2130837743 act=2130837721
01-11 20:36:32.515 D/SignalClusterView(503): mobile1: VISIBLE sig=2130837717 act=0 typ=2130837666
01-11 20:36:32.515 D/SignalClusterView(503): mobile2: VISIBLE sig=2130837711 act=0 typ=2130837666
01-11 20:36:32.515 D/SignalClusterView(503): wifi: VISIBLE sig=2130837743 act=2130837721
01-11 20:36:32.515 D/SignalClusterView(503): mobile1: VISIBLE sig=2130837717 act=0 typ=2130837666
01-11 20:36:32.515 D/SignalClusterView(503): mobile2: VISIBLE sig=2130837711 act=0 typ=2130837666
01-11 20:36:32.515 D/StatusBar-NetworkControllerDS(503): changing data overlay icon id to 2130837721
01-11 20:36:33.515 W/SignalStrength(503): getGsmLevel. this.mGsmSignalBar=4, getGsmSignalStrength()== 19
01-11 20:36:33.515 W/SignalStrength(503): getGsmLevel=4
01-11 20:36:33.515 W/SignalStrength(503): getLevel=4 (SignalStrength: 19 255 -120 -160 -120 -1 -1 99 2147483647 -32767 2147483647 -32767 gsm|lte 4)
01-11 20:36:33.515 W/SignalStrength(503): getGsmLevel. this.mGsmSignalBar=4, getGsmSignalStrength()== 25
01-11 20:36:33.515 W/SignalStrength(503): getGsmLevel=4
01-11 20:36:33.515 W/SignalStrength(503): getLevel=4 (SignalStrength: 25 255 -120 -160 -120 -1 -1 99 2147483647 -32767 2147483647 -32767 gsm|lte 4)
01-11 20:36:33.515 D/StatusBar-NetworkControllerDS(503): refreshViews connected={ wifi } level=4|4 combinedSignalIconId=0x7f0200ef/com.android.systemui:drawable/stat_sys_wifi_signal_4 combinedActivityIconId=0x7f0200d8 mAirplaneMode=false mDataActivity1=0 mDataActivity2=0 mPhoneSignalIconId1=0x7f0200d5 mPhoneSignalIconId2=0x7f0200cf mLastPhoneSignalIconId1=0x7f0200d5 mLastPhoneSignalIconId2=0x7f0200cf mDataDirectionIconId1=0x0 mDataDirectionIconId2=0x0 mDataSignalIconId1=0x7f0200d5 mDataSignalIconId2=0x7f0200cf mDataTypeIconId1=0x7f0200a2 mDataTypeIconId2=0x7f0200a2 mWifiIconId=0x7f0200ef mRoamingIconId1=0x0 mRoamingIconId2=0x0 mBluetoothTetherIconId=0x10806ce
01-11 20:36:33.515 D/SignalClusterView(503): wifi: VISIBLE sig=2130837743 act=2130837720
01-11 20:36:33.515 D/SignalClusterView(503): mobile1: VISIBLE sig=2130837717 act=0 typ=2130837666
01-11 20:36:33.515 D/SignalClusterView(503): mobile2: VISIBLE sig=2130837711 act=0 typ=2130837666
01-11 20:36:33.515 D/SignalClusterView(503): wifi: VISIBLE sig=2130837743 act=2130837720
01-11 20:36:33.515 D/SignalClusterView(503): mobile1: VISIBLE sig=2130837717 act=0 typ=2130837666
01-11 20:36:33.515 D/SignalClusterView(503): mobile2: VISIBLE sig=2130837711 act=0 typ=2130837666
01-11 20:36:33.515 D/SignalClusterView(503): wifi: VISIBLE sig=2130837743 act=2130837720
01-11 20:36:33.515 D/SignalClusterView(503): mobile1: VISIBLE sig=2130837717 act=0 typ=2130837666
01-11 20:36:33.515 D/SignalClusterView(503): mobile2: VISIBLE sig=2130837711 act=0 typ=2130837666
01-11 20:36:33.515 D/StatusBar-NetworkControllerDS(503): changing data overlay icon id to 2130837720
01-11 20:36:34.255 D/Tethering(377): interfaceLinkStateChanged wlan0, true
01-11 20:36:34.255 D/Tethering(377): interfaceStatusChanged wlan0, true
01-11 20:36:35.515 W/SignalStrength(503): getGsmLevel. this.mGsmSignalBar=4, getGsmSignalStrength()== 19
01-11 20:36:35.515 W/SignalStrength(503): getGsmLevel=4
01-11 20:36:35.525 W/SignalStrength(503): getLevel=4 (SignalStrength: 19 255 -120 -160 -120 -1 -1 99 2147483647 -32767 2147483647 -32767 gsm|lte 4)
01-11 20:36:35.525 W/SignalStrength(503): getGsmLevel. this.mGsmSignalBar=4, getGsmSignalStrength()== 25
01-11 20:36:35.525 W/SignalStrength(503): getGsmLevel=4
01-11 20:36:35.525 W/SignalStrength(503): getLevel=4 (SignalStrength: 25 255 -120 -160 -120 -1 -1 99 2147483647 -32767 2147483647 -32767 gsm|lte 4)
01-11 20:36:35.525 D/StatusBar-NetworkControllerDS(503): refreshViews connected={ wifi } level=4|4 combinedSignalIconId=0x7f0200ef/com.android.systemui:drawable/stat_sys_wifi_signal_4 combinedActivityIconId=0x7f0200d9 mAirplaneMode=false mDataActivity1=0 mDataActivity2=0 mPhoneSignalIconId1=0x7f0200d5 mPhoneSignalIconId2=0x7f0200cf mLastPhoneSignalIconId1=0x7f0200d5 mLastPhoneSignalIconId2=0x7f0200cf mDataDirectionIconId1=0x0 mDataDirectionIconId2=0x0 mDataSignalIconId1=0x7f0200d5 mDataSignalIconId2=0x7f0200cf mDataTypeIconId1=0x7f0200a2 mDataTypeIconId2=0x7f0200a2 mWifiIconId=0x7f0200ef mRoamingIconId1=0x0 mRoamingIconId2=0x0 mBluetoothTetherIconId=0x10806ce
01-11 20:36:35.525 D/SignalClusterView(503): wifi: VISIBLE sig=2130837743 act=2130837721
01-11 20:36:35.525 D/SignalClusterView(503): mobile1: VISIBLE sig=2130837717 act=0 typ=2130837666
01-11 20:36:35.525 D/SignalClusterView(503): mobile2: VISIBLE sig=2130837711 act=0 typ=2130837666
01-11 20:36:35.525 D/SignalClusterView(503): wifi: VISIBLE sig=2130837743 act=2130837721
01-11 20:36:35.525 D/SignalClusterView(503): mobile1: VISIBLE sig=2130837717 act=0 typ=2130837666
01-11 20:36:35.525 D/SignalClusterView(503): mobile2: VISIBLE sig=2130837711 act=0 typ=2130837666
01-11 20:36:35.525 D/SignalClusterView(503): wifi: VISIBLE sig=2130837743 act=2130837721
01-11 20:36:35.525 D/SignalClusterView(503): mobile1: VISIBLE sig=2130837717 act=0 typ=2130837666
01-11 20:36:35.525 D/SignalClusterView(503): mobile2: VISIBLE sig=2130837711 act=0 typ=2130837666
01-11 20:36:35.525 D/StatusBar-NetworkControllerDS(503): changing data overlay icon id to 2130837721
01-11 20:36:36.525 W/SignalStrength(503): getGsmLevel. this.mGsmSignalBar=4, getGsmSignalStrength()== 19
01-11 20:36:36.525 W/SignalStrength(503): getGsmLevel=4
01-11 20:36:36.525 W/SignalStrength(503): getLevel=4 (SignalStrength: 19 255 -120 -160 -120 -1 -1 99 2147483647 -32767 2147483647 -32767 gsm|lte 4)
01-11 20:36:36.525 W/SignalStrength(503): getGsmLevel. this.mGsmSignalBar=4, getGsmSignalStrength()== 25
01-11 20:36:36.525 W/SignalStrength(503): getGsmLevel=4
01-11 20:36:36.525 W/SignalStrength(503): getLevel=4 (SignalStrength: 25 255 -120 -160 -120 -1 -1 99 2147483647 -32767 2147483647 -32767 gsm|lte 4)
01-11 20:36:36.525 D/StatusBar-NetworkControllerDS(503): refreshViews connected={ wifi } level=4|4 combinedSignalIconId=0x7f0200ef/com.android.systemui:drawable/stat_sys_wifi_signal_4 combinedActivityIconId=0x7f0200d8 mAirplaneMode=false mDataActivity1=0 mDataActivity2=0 mPhoneSignalIconId1=0x7f0200d5 mPhoneSignalIconId2=0x7f0200cf mLastPhoneSignalIconId1=0x7f0200d5 mLastPhoneSignalIconId2=0x7f0200cf mDataDirectionIconId1=0x0 mDataDirectionIconId2=0x0 mDataSignalIconId1=0x7f0200d5 mDataSignalIconId2=0x7f0200cf mDataTypeIconId1=0x7f0200a2 mDataTypeIconId2=0x7f0200a2 mWifiIconId=0x7f0200ef mRoamingIconId1=0x0 mRoamingIconId2=0x0 mBluetoothTetherIconId=0x10806ce
01-11 20:36:36.525 D/SignalClusterView(503): wifi: VISIBLE sig=2130837743 act=2130837720
01-11 20:36:36.525 D/SignalClusterView(503): mobile1: VISIBLE sig=2130837717 act=0 typ=2130837666
01-11 20:36:36.525 D/SignalClusterView(503): mobile2: VISIBLE sig=2130837711 act=0 typ=2130837666
01-11 20:36:36.525 D/SignalClusterView(503): wifi: VISIBLE sig=2130837743 act=2130837720
01-11 20:36:36.525 D/SignalClusterView(503): mobile1: VISIBLE sig=2130837717 act=0 typ=2130837666
01-11 20:36:36.525 D/SignalClusterView(503): mobile2: VISIBLE sig=2130837711 act=0 typ=2130837666
01-11 20:36:36.525 D/SignalClusterView(503): wifi: VISIBLE sig=2130837743 act=2130837720
01-11 20:36:36.525 D/SignalClusterView(503): mobile1: VISIBLE sig=2130837717 act=0 typ=2130837666
01-11 20:36:36.525 D/SignalClusterView(503): mobile2: VISIBLE sig=2130837711 act=0 typ=2130837666
01-11 20:36:36.525 D/StatusBar-NetworkControllerDS(503): changing data overlay icon id to 2130837720
01-11 20:36:38.375 I/NRFW    (1229): profile=wifi
01-11 20:36:38.395 I/NRFW    (1229): serverip=103.235.47.88 localIp=10.0.8.1
01-11 20:36:38.395 I/DNS     (1229): 103.235.47.88 h_errno=1
01-11 20:36:38.415 I/DNS     (1229): 112.80.248.171 h_errno=1
01-11 20:36:38.425 I/DNS     (1229): 112.80.248.171 h_errno=1
01-11 20:36:38.525 W/SignalStrength(503): getGsmLevel. this.mGsmSignalBar=4, getGsmSignalStrength()== 19
01-11 20:36:38.525 W/SignalStrength(503): getGsmLevel=4
01-11 20:36:38.525 W/SignalStrength(503): getLevel=4 (SignalStrength: 19 255 -120 -160 -120 -1 -1 99 2147483647 -32767 2147483647 -32767 gsm|lte 4)
01-11 20:36:38.525 W/SignalStrength(503): getGsmLevel. this.mGsmSignalBar=4, getGsmSignalStrength()== 25
01-11 20:36:38.525 W/SignalStrength(503): getGsmLevel=4
01-11 20:36:38.525 W/SignalStrength(503): getLevel=4 (SignalStrength: 25 255 -120 -160 -120 -1 -1 99 2147483647 -32767 2147483647 -32767 gsm|lte 4)
01-11 20:36:38.525 D/StatusBar-NetworkControllerDS(503): refreshViews connected={ wifi } level=4|4 combinedSignalIconId=0x7f0200ef/com.android.systemui:drawable/stat_sys_wifi_signal_4 combinedActivityIconId=0x7f0200d9 mAirplaneMode=false mDataActivity1=0 mDataActivity2=0 mPhoneSignalIconId1=0x7f0200d5 mPhoneSignalIconId2=0x7f0200cf mLastPhoneSignalIconId1=0x7f0200d5 mLastPhoneSignalIconId2=0x7f0200cf mDataDirectionIconId1=0x0 mDataDirectionIconId2=0x0 mDataSignalIconId1=0x7f0200d5 mDataSignalIconId2=0x7f0200cf mDataTypeIconId1=0x7f0200a2 mDataTypeIconId2=0x7f0200a2 mWifiIconId=0x7f0200ef mRoamingIconId1=0x0 mRoamingIconId2=0x0 mBluetoothTetherIconId=0x10806ce
01-11 20:36:38.525 D/SignalClusterView(503): wifi: VISIBLE sig=2130837743 act=2130837721
01-11 20:36:38.525 D/SignalClusterView(503): mobile1: VISIBLE sig=2130837717 act=0 typ=2130837666
01-11 20:36:38.525 D/SignalClusterView(503): mobile2: VISIBLE sig=2130837711 act=0 typ=2130837666
01-11 20:36:38.525 D/SignalClusterView(503): wifi: VISIBLE sig=2130837743 act=2130837721
01-11 20:36:38.525 D/SignalClusterView(503): mobile1: VISIBLE sig=2130837717 act=0 typ=2130837666
01-11 20:36:38.525 D/SignalClusterView(503): mobile2: VISIBLE sig=2130837711 act=0 typ=2130837666
01-11 20:36:38.525 D/SignalClusterView(503): wifi: VISIBLE sig=2130837743 act=2130837721
01-11 20:36:38.525 D/SignalClusterView(503): mobile1: VISIBLE sig=2130837717 act=0 typ=2130837666
01-11 20:36:38.525 D/SignalClusterView(503): mobile2: VISIBLE sig=2130837711 act=0 typ=2130837666
01-11 20:36:38.525 D/StatusBar-NetworkControllerDS(503): changing data overlay icon id to 2130837721
01-11 20:36:39.525 W/SignalStrength(503): getGsmLevel. this.mGsmSignalBar=4, getGsmSignalStrength()== 19
01-11 20:36:39.525 W/SignalStrength(503): getGsmLevel=4
01-11 20:36:39.525 W/SignalStrength(503): getLevel=4 (SignalStrength: 19 255 -120 -160 -120 -1 -1 99 2147483647 -32767 2147483647 -32767 gsm|lte 4)
01-11 20:36:39.525 W/SignalStrength(503): getGsmLevel. this.mGsmSignalBar=4, getGsmSignalStrength()== 25
01-11 20:36:39.525 W/SignalStrength(503): getGsmLevel=4
01-11 20:36:39.525 W/SignalStrength(503): getLevel=4 (SignalStrength: 25 255 -120 -160 -120 -1 -1 99 2147483647 -32767 2147483647 -32767 gsm|lte 4)
01-11 20:36:39.535 D/StatusBar-NetworkControllerDS(503): refreshViews connected={ wifi } level=4|4 combinedSignalIconId=0x7f0200ef/com.android.systemui:drawable/stat_sys_wifi_signal_4 combinedActivityIconId=0x7f0200d8 mAirplaneMode=false mDataActivity1=0 mDataActivity2=0 mPhoneSignalIconId1=0x7f0200d5 mPhoneSignalIconId2=0x7f0200cf mLastPhoneSignalIconId1=0x7f0200d5 mLastPhoneSignalIconId2=0x7f0200cf mDataDirectionIconId1=0x0 mDataDirectionIconId2=0x0 mDataSignalIconId1=0x7f0200d5 mDataSignalIconId2=0x7f0200cf mDataTypeIconId1=0x7f0200a2 mDataTypeIconId2=0x7f0200a2 mWifiIconId=0x7f0200ef mRoamingIconId1=0x0 mRoamingIconId2=0x0 mBluetoothTetherIconId=0x10806ce
01-11 20:36:39.535 D/SignalClusterView(503): wifi: VISIBLE sig=2130837743 act=2130837720
01-11 20:36:39.535 D/SignalClusterView(503): mobile1: VISIBLE sig=2130837717 act=0 typ=2130837666
01-11 20:36:39.535 D/SignalClusterView(503): mobile2: VISIBLE sig=2130837711 act=0 typ=2130837666
01-11 20:36:39.535 D/SignalClusterView(503): wifi: VISIBLE sig=2130837743 act=2130837720
01-11 20:36:39.535 D/SignalClusterView(503): mobile1: VISIBLE sig=2130837717 act=0 typ=2130837666
01-11 20:36:39.535 D/SignalClusterView(503): mobile2: VISIBLE sig=2130837711 act=0 typ=2130837666
01-11 20:36:39.535 D/SignalClusterView(503): wifi: VISIBLE sig=2130837743 act=2130837720
01-11 20:36:39.535 D/SignalClusterView(503): mobile1: VISIBLE sig=2130837717 act=0 typ=2130837666
01-11 20:36:39.535 D/SignalClusterView(503): mobile2: VISIBLE sig=2130837711 act=0 typ=2130837666
01-11 20:36:39.535 D/StatusBar-NetworkControllerDS(503): changing data overlay icon id to 2130837720
01-11 20:36:41.395 I/NRFW    (1229): profile=wifi
01-11 20:36:41.405 I/NRFW    (1229): serverip=103.235.47.88 localIp=10.0.8.1
01-11 20:36:41.535 W/SignalStrength(503): getGsmLevel. this.mGsmSignalBar=4, getGsmSignalStrength()== 19
01-11 20:36:41.535 W/SignalStrength(503): getGsmLevel=4
01-11 20:36:41.535 W/SignalStrength(503): getLevel=4 (SignalStrength: 19 255 -120 -160 -120 -1 -1 99 2147483647 -32767 2147483647 -32767 gsm|lte 4)
01-11 20:36:41.535 W/SignalStrength(503): getGsmLevel. this.mGsmSignalBar=4, getGsmSignalStrength()== 25
01-11 20:36:41.535 W/SignalStrength(503): getGsmLevel=4
01-11 20:36:41.535 W/SignalStrength(503): getLevel=4 (SignalStrength: 25 255 -120 -160 -120 -1 -1 99 2147483647 -32767 2147483647 -32767 gsm|lte 4)
01-11 20:36:41.535 D/StatusBar-NetworkControllerDS(503): refreshViews connected={ wifi } level=4|4 combinedSignalIconId=0x7f0200ef/com.android.systemui:drawable/stat_sys_wifi_signal_4 combinedActivityIconId=0x7f0200d9 mAirplaneMode=false mDataActivity1=0 mDataActivity2=0 mPhoneSignalIconId1=0x7f0200d5 mPhoneSignalIconId2=0x7f0200cf mLastPhoneSignalIconId1=0x7f0200d5 mLastPhoneSignalIconId2=0x7f0200cf mDataDirectionIconId1=0x0 mDataDirectionIconId2=0x0 mDataSignalIconId1=0x7f0200d5 mDataSignalIconId2=0x7f0200cf mDataTypeIconId1=0x7f0200a2 mDataTypeIconId2=0x7f0200a2 mWifiIconId=0x7f0200ef mRoamingIconId1=0x0 mRoamingIconId2=0x0 mBluetoothTetherIconId=0x10806ce
01-11 20:36:41.535 D/SignalClusterView(503): wifi: VISIBLE sig=2130837743 act=2130837721
01-11 20:36:41.535 D/SignalClusterView(503): mobile1: VISIBLE sig=2130837717 act=0 typ=2130837666
01-11 20:36:41.535 D/SignalClusterView(503): mobile2: VISIBLE sig=2130837711 act=0 typ=2130837666
01-11 20:36:41.535 D/SignalClusterView(503): wifi: VISIBLE sig=2130837743 act=2130837721
01-11 20:36:41.535 D/SignalClusterView(503): mobile1: VISIBLE sig=2130837717 act=0 typ=2130837666
01-11 20:36:41.535 D/SignalClusterView(503): mobile2: VISIBLE sig=2130837711 act=0 typ=2130837666
01-11 20:36:41.535 D/SignalClusterView(503): wifi: VISIBLE sig=2130837743 act=2130837721
01-11 20:36:41.535 D/SignalClusterView(503): mobile1: VISIBLE sig=2130837717 act=0 typ=2130837666
01-11 20:36:41.535 D/SignalClusterView(503): mobile2: VISIBLE sig=2130837711 act=0 typ=2130837666
01-11 20:36:41.535 D/StatusBar-NetworkControllerDS(503): changing data overlay icon id to 2130837721
01-11 20:36:42.535 W/SignalStrength(503): getGsmLevel. this.mGsmSignalBar=4, getGsmSignalStrength()== 19
01-11 20:36:42.535 W/SignalStrength(503): getGsmLevel=4
01-11 20:36:42.535 W/SignalStrength(503): getLevel=4 (SignalStrength: 19 255 -120 -160 -120 -1 -1 99 2147483647 -32767 2147483647 -32767 gsm|lte 4)
01-11 20:36:42.535 W/SignalStrength(503): getGsmLevel. this.mGsmSignalBar=4, getGsmSignalStrength()== 25
01-11 20:36:42.535 W/SignalStrength(503): getGsmLevel=4
01-11 20:36:42.535 W/SignalStrength(503): getLevel=4 (SignalStrength: 25 255 -120 -160 -120 -1 -1 99 2147483647 -32767 2147483647 -32767 gsm|lte 4)
01-11 20:36:42.535 D/StatusBar-NetworkControllerDS(503): refreshViews connected={ wifi } level=4|4 combinedSignalIconId=0x7f0200ef/com.android.systemui:drawable/stat_sys_wifi_signal_4 combinedActivityIconId=0x7f0200d8 mAirplaneMode=false mDataActivity1=0 mDataActivity2=0 mPhoneSignalIconId1=0x7f0200d5 mPhoneSignalIconId2=0x7f0200cf mLastPhoneSignalIconId1=0x7f0200d5 mLastPhoneSignalIconId2=0x7f0200cf mDataDirectionIconId1=0x0 mDataDirectionIconId2=0x0 mDataSignalIconId1=0x7f0200d5 mDataSignalIconId2=0x7f0200cf mDataTypeIconId1=0x7f0200a2 mDataTypeIconId2=0x7f0200a2 mWifiIconId=0x7f0200ef mRoamingIconId1=0x0 mRoamingIconId2=0x0 mBluetoothTetherIconId=0x10806ce
01-11 20:36:42.535 D/SignalClusterView(503): wifi: VISIBLE sig=2130837743 act=2130837720
01-11 20:36:42.535 D/SignalClusterView(503): mobile1: VISIBLE sig=2130837717 act=0 typ=2130837666
01-11 20:36:42.535 D/SignalClusterView(503): mobile2: VISIBLE sig=2130837711 act=0 typ=2130837666
01-11 20:36:42.535 D/SignalClusterView(503): wifi: VISIBLE sig=2130837743 act=2130837720
01-11 20:36:42.535 D/SignalClusterView(503): mobile1: VISIBLE sig=2130837717 act=0 typ=2130837666
01-11 20:36:42.535 D/SignalClusterView(503): mobile2: VISIBLE sig=2130837711 act=0 typ=2130837666
01-11 20:36:42.535 D/SignalClusterView(503): wifi: VISIBLE sig=2130837743 act=2130837720
01-11 20:36:42.535 D/SignalClusterView(503): mobile1: VISIBLE sig=2130837717 act=0 typ=2130837666
01-11 20:36:42.535 D/SignalClusterView(503): mobile2: VISIBLE sig=2130837711 act=0 typ=2130837666
01-11 20:36:42.535 D/StatusBar-NetworkControllerDS(503): changing data overlay icon id to 2130837720
01-11 20:36:43.495 D/plugin  (684): getDefaultSubscription()
01-11 20:36:44.545 W/SignalStrength(503): getGsmLevel. this.mGsmSignalBar=4, getGsmSignalStrength()== 19
01-11 20:36:44.545 W/SignalStrength(503): getGsmLevel=4
01-11 20:36:44.545 W/SignalStrength(503): getLevel=4 (SignalStrength: 19 255 -120 -160 -120 -1 -1 99 2147483647 -32767 2147483647 -32767 gsm|lte 4)
01-11 20:36:44.545 W/SignalStrength(503): getGsmLevel. this.mGsmSignalBar=4, getGsmSignalStrength()== 25
01-11 20:36:44.545 W/SignalStrength(503): getGsmLevel=4
01-11 20:36:44.545 W/SignalStrength(503): getLevel=4 (SignalStrength: 25 255 -120 -160 -120 -1 -1 99 2147483647 -32767 2147483647 -32767 gsm|lte 4)
01-11 20:36:44.545 D/StatusBar-NetworkControllerDS(503): refreshViews connected={ wifi } level=4|4 combinedSignalIconId=0x7f0200ef/com.android.systemui:drawable/stat_sys_wifi_signal_4 combinedActivityIconId=0x7f0200d9 mAirplaneMode=false mDataActivity1=0 mDataActivity2=0 mPhoneSignalIconId1=0x7f0200d5 mPhoneSignalIconId2=0x7f0200cf mLastPhoneSignalIconId1=0x7f0200d5 mLastPhoneSignalIconId2=0x7f0200cf mDataDirectionIconId1=0x0 mDataDirectionIconId2=0x0 mDataSignalIconId1=0x7f0200d5 mDataSignalIconId2=0x7f0200cf mDataTypeIconId1=0x7f0200a2 mDataTypeIconId2=0x7f0200a2 mWifiIconId=0x7f0200ef mRoamingIconId1=0x0 mRoamingIconId2=0x0 mBluetoothTetherIconId=0x10806ce
01-11 20:36:44.545 D/SignalClusterView(503): wifi: VISIBLE sig=2130837743 act=2130837721
01-11 20:36:44.545 D/SignalClusterView(503): mobile1: VISIBLE sig=2130837717 act=0 typ=2130837666
01-11 20:36:44.545 D/SignalClusterView(503): mobile2: VISIBLE sig=2130837711 act=0 typ=2130837666
01-11 20:36:44.545 D/SignalClusterView(503): wifi: VISIBLE sig=2130837743 act=2130837721
01-11 20:36:44.545 D/SignalClusterView(503): mobile1: VISIBLE sig=2130837717 act=0 typ=2130837666
01-11 20:36:44.545 D/SignalClusterView(503): mobile2: VISIBLE sig=2130837711 act=0 typ=2130837666
01-11 20:36:44.545 D/SignalClusterView(503): wifi: VISIBLE sig=2130837743 act=2130837721
01-11 20:36:44.545 D/SignalClusterView(503): mobile1: VISIBLE sig=2130837717 act=0 typ=2130837666
01-11 20:36:44.545 D/SignalClusterView(503): mobile2: VISIBLE sig=2130837711 act=0 typ=2130837666
01-11 20:36:44.545 D/StatusBar-NetworkControllerDS(503): changing data overlay icon id to 2130837721
01-11 20:36:45.385 D/BatteryService(377): update start
01-11 20:36:45.395 D/KeyguardUpdateMonitor(377): received broadcast android.intent.action.BATTERY_CHANGED
01-11 20:36:45.395 D/KeyguardUpdateMonitor(377): handleBatteryUpdate
01-11 20:36:45.395 D/BatteryService(377): level:30 scale:100 status:3 health:2 present:true voltage: 3722 temperature: 250 technology: Li-ion AC powered:false USB powered:false icon:17303167 invalid charger:0
01-11 20:36:45.395 D/ThermistorObserver(377): mBatteryBRForAMOLED : onReceive() : newTemperature : 250
01-11 20:36:45.395 V/UiModeManager(377): updateLocked, mLastBroadcastState =0 , oldAction = null
01-11 20:36:45.395 D/STATUSBAR-BatteryController(503): onReceive() - ACTION_BATTERY_CHANGED
01-11 20:36:45.395 D/STATUSBAR-BatteryController(503): onReceive() - level:30
01-11 20:36:45.395 D/STATUSBAR-BatteryController(503): onReceive() - plugged:0
01-11 20:36:45.395 D/STATUSBAR-BatteryController(503): onReceive() - BATTERY_STATUS_DISCHARGING: stat_sys_battery
01-11 20:36:45.395 D/STATUSBAR-PhoneStatusBar(503): ACTION_BATTERY_CHANGED
01-11 20:36:45.395 D/STATUSBAR-PhoneStatusBar(503): NORMAL_BATTERY
01-11 20:36:45.395 D/PowerUI (503): getBatteryOnline : battery online file not found
01-11 20:36:45.545 W/SignalStrength(503): getGsmLevel. this.mGsmSignalBar=4, getGsmSignalStrength()== 19
01-11 20:36:45.545 W/SignalStrength(503): getGsmLevel=4
01-11 20:36:45.545 W/SignalStrength(503): getLevel=4 (SignalStrength: 19 255 -120 -160 -120 -1 -1 99 2147483647 -32767 2147483647 -32767 gsm|lte 4)
01-11 20:36:45.545 W/SignalStrength(503): getGsmLevel. this.mGsmSignalBar=4, getGsmSignalStrength()== 25
01-11 20:36:45.545 W/SignalStrength(503): getGsmLevel=4
01-11 20:36:45.545 W/SignalStrength(503): getLevel=4 (SignalStrength: 25 255 -120 -160 -120 -1 -1 99 2147483647 -32767 2147483647 -32767 gsm|lte 4)
01-11 20:36:45.545 D/StatusBar-NetworkControllerDS(503): refreshViews connected={ wifi } level=4|4 combinedSignalIconId=0x7f0200ef/com.android.systemui:drawable/stat_sys_wifi_signal_4 combinedActivityIconId=0x7f0200d8 mAirplaneMode=false mDataActivity1=0 mDataActivity2=0 mPhoneSignalIconId1=0x7f0200d5 mPhoneSignalIconId2=0x7f0200cf mLastPhoneSignalIconId1=0x7f0200d5 mLastPhoneSignalIconId2=0x7f0200cf mDataDirectionIconId1=0x0 mDataDirectionIconId2=0x0 mDataSignalIconId1=0x7f0200d5 mDataSignalIconId2=0x7f0200cf mDataTypeIconId1=0x7f0200a2 mDataTypeIconId2=0x7f0200a2 mWifiIconId=0x7f0200ef mRoamingIconId1=0x0 mRoamingIconId2=0x0 mBluetoothTetherIconId=0x10806ce
01-11 20:36:45.545 D/SignalClusterView(503): wifi: VISIBLE sig=2130837743 act=2130837720
01-11 20:36:45.545 D/SignalClusterView(503): mobile1: VISIBLE sig=2130837717 act=0 typ=2130837666
01-11 20:36:45.545 D/SignalClusterView(503): mobile2: VISIBLE sig=2130837711 act=0 typ=2130837666
01-11 20:36:45.545 D/SignalClusterView(503): wifi: VISIBLE sig=2130837743 act=2130837720
01-11 20:36:45.545 D/SignalClusterView(503): mobile1: VISIBLE sig=2130837717 act=0 typ=2130837666
01-11 20:36:45.545 D/SignalClusterView(503): mobile2: VISIBLE sig=2130837711 act=0 typ=2130837666
01-11 20:36:45.545 D/SignalClusterView(503): wifi: VISIBLE sig=2130837743 act=2130837720
01-11 20:36:45.545 D/SignalClusterView(503): mobile1: VISIBLE sig=2130837717 act=0 typ=2130837666
01-11 20:36:45.545 D/SignalClusterView(503): mobile2: VISIBLE sig=2130837711 act=0 typ=2130837666
01-11 20:36:45.545 D/StatusBar-NetworkControllerDS(503): changing data overlay icon id to 2130837720
01-11 20:36:47.405 I/NRFW    (1229): profile=wifi
01-11 20:36:47.415 I/NRFW    (1229): serverip=103.235.47.88 localIp=10.0.8.1
01-11 20:36:47.545 W/SignalStrength(503): getGsmLevel. this.mGsmSignalBar=4, getGsmSignalStrength()== 19
01-11 20:36:47.545 W/SignalStrength(503): getGsmLevel=4
01-11 20:36:47.545 W/SignalStrength(503): getLevel=4 (SignalStrength: 19 255 -120 -160 -120 -1 -1 99 2147483647 -32767 2147483647 -32767 gsm|lte 4)
01-11 20:36:47.545 W/SignalStrength(503): getGsmLevel. this.mGsmSignalBar=4, getGsmSignalStrength()== 25
01-11 20:36:47.545 W/SignalStrength(503): getGsmLevel=4
01-11 20:36:47.545 W/SignalStrength(503): getLevel=4 (SignalStrength: 25 255 -120 -160 -120 -1 -1 99 2147483647 -32767 2147483647 -32767 gsm|lte 4)
01-11 20:36:47.545 D/StatusBar-NetworkControllerDS(503): refreshViews connected={ wifi } level=4|4 combinedSignalIconId=0x7f0200ef/com.android.systemui:drawable/stat_sys_wifi_signal_4 combinedActivityIconId=0x7f0200d9 mAirplaneMode=false mDataActivity1=0 mDataActivity2=0 mPhoneSignalIconId1=0x7f0200d5 mPhoneSignalIconId2=0x7f0200cf mLastPhoneSignalIconId1=0x7f0200d5 mLastPhoneSignalIconId2=0x7f0200cf mDataDirectionIconId1=0x0 mDataDirectionIconId2=0x0 mDataSignalIconId1=0x7f0200d5 mDataSignalIconId2=0x7f0200cf mDataTypeIconId1=0x7f0200a2 mDataTypeIconId2=0x7f0200a2 mWifiIconId=0x7f0200ef mRoamingIconId1=0x0 mRoamingIconId2=0x0 mBluetoothTetherIconId=0x10806ce
01-11 20:36:47.545 D/SignalClusterView(503): wifi: VISIBLE sig=2130837743 act=2130837721
01-11 20:36:47.545 D/SignalClusterView(503): mobile1: VISIBLE sig=2130837717 act=0 typ=2130837666
01-11 20:36:47.545 D/SignalClusterView(503): mobile2: VISIBLE sig=2130837711 act=0 typ=2130837666
01-11 20:36:47.545 D/SignalClusterView(503): wifi: VISIBLE sig=2130837743 act=2130837721
01-11 20:36:47.545 D/SignalClusterView(503): mobile1: VISIBLE sig=2130837717 act=0 typ=2130837666
01-11 20:36:47.545 D/SignalClusterView(503): mobile2: VISIBLE sig=2130837711 act=0 typ=2130837666
01-11 20:36:47.545 D/SignalClusterView(503): wifi: VISIBLE sig=2130837743 act=2130837721
01-11 20:36:47.545 D/SignalClusterView(503): mobile1: VISIBLE sig=2130837717 act=0 typ=2130837666
01-11 20:36:47.545 D/SignalClusterView(503): mobile2: VISIBLE sig=2130837711 act=0 typ=2130837666
01-11 20:36:47.545 D/StatusBar-NetworkControllerDS(503): changing data overlay icon id to 2130837721
01-11 20:36:48.545 W/SignalStrength(503): getGsmLevel. this.mGsmSignalBar=4, getGsmSignalStrength()== 19
01-11 20:36:48.545 W/SignalStrength(503): getGsmLevel=4
01-11 20:36:48.545 W/SignalStrength(503): getLevel=4 (SignalStrength: 19 255 -120 -160 -120 -1 -1 99 2147483647 -32767 2147483647 -32767 gsm|lte 4)
01-11 20:36:48.545 W/SignalStrength(503): getGsmLevel. this.mGsmSignalBar=4, getGsmSignalStrength()== 25
01-11 20:36:48.545 W/SignalStrength(503): getGsmLevel=4
01-11 20:36:48.545 W/SignalStrength(503): getLevel=4 (SignalStrength: 25 255 -120 -160 -120 -1 -1 99 2147483647 -32767 2147483647 -32767 gsm|lte 4)
01-11 20:36:48.545 D/StatusBar-NetworkControllerDS(503): refreshViews connected={ wifi } level=4|4 combinedSignalIconId=0x7f0200ef/com.android.systemui:drawable/stat_sys_wifi_signal_4 combinedActivityIconId=0x7f0200d8 mAirplaneMode=false mDataActivity1=0 mDataActivity2=0 mPhoneSignalIconId1=0x7f0200d5 mPhoneSignalIconId2=0x7f0200cf mLastPhoneSignalIconId1=0x7f0200d5 mLastPhoneSignalIconId2=0x7f0200cf mDataDirectionIconId1=0x0 mDataDirectionIconId2=0x0 mDataSignalIconId1=0x7f0200d5 mDataSignalIconId2=0x7f0200cf mDataTypeIconId1=0x7f0200a2 mDataTypeIconId2=0x7f0200a2 mWifiIconId=0x7f0200ef mRoamingIconId1=0x0 mRoamingIconId2=0x0 mBluetoothTetherIconId=0x10806ce
01-11 20:36:48.545 D/SignalClusterView(503): wifi: VISIBLE sig=2130837743 act=2130837720
01-11 20:36:48.545 D/SignalClusterView(503): mobile1: VISIBLE sig=2130837717 act=0 typ=2130837666
01-11 20:36:48.545 D/SignalClusterView(503): mobile2: VISIBLE sig=2130837711 act=0 typ=2130837666
01-11 20:36:48.545 D/SignalClusterView(503): wifi: VISIBLE sig=2130837743 act=2130837720
01-11 20:36:48.545 D/SignalClusterView(503): mobile1: VISIBLE sig=2130837717 act=0 typ=2130837666
01-11 20:36:48.545 D/SignalClusterView(503): mobile2: VISIBLE sig=2130837711 act=0 typ=2130837666
01-11 20:36:48.545 D/SignalClusterView(503): wifi: VISIBLE sig=2130837743 act=2130837720
01-11 20:36:48.545 D/SignalClusterView(503): mobile1: VISIBLE sig=2130837717 act=0 typ=2130837666
01-11 20:36:48.545 D/SignalClusterView(503): mobile2: VISIBLE sig=2130837711 act=0 typ=2130837666
01-11 20:36:48.545 D/StatusBar-NetworkControllerDS(503): changing data overlay icon id to 2130837720
01-11 20:36:50.555 W/SignalStrength(503): getGsmLevel. this.mGsmSignalBar=4, getGsmSignalStrength()== 19
01-11 20:36:50.555 W/SignalStrength(503): getGsmLevel=4
01-11 20:36:50.555 W/SignalStrength(503): getLevel=4 (SignalStrength: 19 255 -120 -160 -120 -1 -1 99 2147483647 -32767 2147483647 -32767 gsm|lte 4)
01-11 20:36:50.555 W/SignalStrength(503): getGsmLevel. this.mGsmSignalBar=4, getGsmSignalStrength()== 25
01-11 20:36:50.555 W/SignalStrength(503): getGsmLevel=4
01-11 20:36:50.555 W/SignalStrength(503): getLevel=4 (SignalStrength: 25 255 -120 -160 -120 -1 -1 99 2147483647 -32767 2147483647 -32767 gsm|lte 4)
01-11 20:36:50.555 D/StatusBar-NetworkControllerDS(503): refreshViews connected={ wifi } level=4|4 combinedSignalIconId=0x7f0200ef/com.android.systemui:drawable/stat_sys_wifi_signal_4 combinedActivityIconId=0x7f0200d9 mAirplaneMode=false mDataActivity1=0 mDataActivity2=0 mPhoneSignalIconId1=0x7f0200d5 mPhoneSignalIconId2=0x7f0200cf mLastPhoneSignalIconId1=0x7f0200d5 mLastPhoneSignalIconId2=0x7f0200cf mDataDirectionIconId1=0x0 mDataDirectionIconId2=0x0 mDataSignalIconId1=0x7f0200d5 mDataSignalIconId2=0x7f0200cf mDataTypeIconId1=0x7f0200a2 mDataTypeIconId2=0x7f0200a2 mWifiIconId=0x7f0200ef mRoamingIconId1=0x0 mRoamingIconId2=0x0 mBluetoothTetherIconId=0x10806ce
01-11 20:36:50.555 D/SignalClusterView(503): wifi: VISIBLE sig=2130837743 act=2130837721
01-11 20:36:50.555 D/SignalClusterView(503): mobile1: VISIBLE sig=2130837717 act=0 typ=2130837666
01-11 20:36:50.555 D/SignalClusterView(503): mobile2: VISIBLE sig=2130837711 act=0 typ=2130837666
01-11 20:36:50.555 D/SignalClusterView(503): wifi: VISIBLE sig=2130837743 act=2130837721
01-11 20:36:50.555 D/SignalClusterView(503): mobile1: VISIBLE sig=2130837717 act=0 typ=2130837666
01-11 20:36:50.555 D/SignalClusterView(503): mobile2: VISIBLE sig=2130837711 act=0 typ=2130837666
01-11 20:36:50.555 D/SignalClusterView(503): wifi: VISIBLE sig=2130837743 act=2130837721
01-11 20:36:50.555 D/SignalClusterView(503): mobile1: VISIBLE sig=2130837717 act=0 typ=2130837666
01-11 20:36:50.555 D/SignalClusterView(503): mobile2: VISIBLE sig=2130837711 act=0 typ=2130837666
01-11 20:36:50.555 D/StatusBar-NetworkControllerDS(503): changing data overlay icon id to 2130837721
01-11 20:36:51.555 W/SignalStrength(503): getGsmLevel. this.mGsmSignalBar=4, getGsmSignalStrength()== 19
01-11 20:36:51.555 W/SignalStrength(503): getGsmLevel=4
01-11 20:36:51.555 W/SignalStrength(503): getLevel=4 (SignalStrength: 19 255 -120 -160 -120 -1 -1 99 2147483647 -32767 2147483647 -32767 gsm|lte 4)
01-11 20:36:51.555 W/SignalStrength(503): getGsmLevel. this.mGsmSignalBar=4, getGsmSignalStrength()== 25
01-11 20:36:51.555 W/SignalStrength(503): getGsmLevel=4
01-11 20:36:51.555 W/SignalStrength(503): getLevel=4 (SignalStrength: 25 255 -120 -160 -120 -1 -1 99 2147483647 -32767 2147483647 -32767 gsm|lte 4)
01-11 20:36:51.555 D/StatusBar-NetworkControllerDS(503): refreshViews connected={ wifi } level=4|4 combinedSignalIconId=0x7f0200ef/com.android.systemui:drawable/stat_sys_wifi_signal_4 combinedActivityIconId=0x7f0200d8 mAirplaneMode=false mDataActivity1=0 mDataActivity2=0 mPhoneSignalIconId1=0x7f0200d5 mPhoneSignalIconId2=0x7f0200cf mLastPhoneSignalIconId1=0x7f0200d5 mLastPhoneSignalIconId2=0x7f0200cf mDataDirectionIconId1=0x0 mDataDirectionIconId2=0x0 mDataSignalIconId1=0x7f0200d5 mDataSignalIconId2=0x7f0200cf mDataTypeIconId1=0x7f0200a2 mDataTypeIconId2=0x7f0200a2 mWifiIconId=0x7f0200ef mRoamingIconId1=0x0 mRoamingIconId2=0x0 mBluetoothTetherIconId=0x10806ce
01-11 20:36:51.555 D/SignalClusterView(503): wifi: VISIBLE sig=2130837743 act=2130837720
01-11 20:36:51.555 D/SignalClusterView(503): mobile1: VISIBLE sig=2130837717 act=0 typ=2130837666
01-11 20:36:51.555 D/SignalClusterView(503): mobile2: VISIBLE sig=2130837711 act=0 typ=2130837666
01-11 20:36:51.555 D/SignalClusterView(503): wifi: VISIBLE sig=2130837743 act=2130837720
01-11 20:36:51.555 D/SignalClusterView(503): mobile1: VISIBLE sig=2130837717 act=0 typ=2130837666
01-11 20:36:51.555 D/SignalClusterView(503): mobile2: VISIBLE sig=2130837711 act=0 typ=2130837666
01-11 20:36:51.555 D/SignalClusterView(503): wifi: VISIBLE sig=2130837743 act=2130837720
01-11 20:36:51.555 D/SignalClusterView(503): mobile1: VISIBLE sig=2130837717 act=0 typ=2130837666
01-11 20:36:51.555 D/SignalClusterView(503): mobile2: VISIBLE sig=2130837711 act=0 typ=2130837666
01-11 20:36:51.555 D/StatusBar-NetworkControllerDS(503): changing data overlay icon id to 2130837720
01-11 20:36:53.555 W/SignalStrength(503): getGsmLevel. this.mGsmSignalBar=4, getGsmSignalStrength()== 19
01-11 20:36:53.555 W/SignalStrength(503): getGsmLevel=4
01-11 20:36:53.555 W/SignalStrength(503): getLevel=4 (SignalStrength: 19 255 -120 -160 -120 -1 -1 99 2147483647 -32767 2147483647 -32767 gsm|lte 4)
01-11 20:36:53.555 W/SignalStrength(503): getGsmLevel. this.mGsmSignalBar=4, getGsmSignalStrength()== 25
01-11 20:36:53.555 W/SignalStrength(503): getGsmLevel=4
01-11 20:36:53.555 W/SignalStrength(503): getLevel=4 (SignalStrength: 25 255 -120 -160 -120 -1 -1 99 2147483647 -32767 2147483647 -32767 gsm|lte 4)
01-11 20:36:53.555 D/StatusBar-NetworkControllerDS(503): refreshViews connected={ wifi } level=4|4 combinedSignalIconId=0x7f0200ef/com.android.systemui:drawable/stat_sys_wifi_signal_4 combinedActivityIconId=0x7f0200d9 mAirplaneMode=false mDataActivity1=0 mDataActivity2=0 mPhoneSignalIconId1=0x7f0200d5 mPhoneSignalIconId2=0x7f0200cf mLastPhoneSignalIconId1=0x7f0200d5 mLastPhoneSignalIconId2=0x7f0200cf mDataDirectionIconId1=0x0 mDataDirectionIconId2=0x0 mDataSignalIconId1=0x7f0200d5 mDataSignalIconId2=0x7f0200cf mDataTypeIconId1=0x7f0200a2 mDataTypeIconId2=0x7f0200a2 mWifiIconId=0x7f0200ef mRoamingIconId1=0x0 mRoamingIconId2=0x0 mBluetoothTetherIconId=0x10806ce
01-11 20:36:53.555 D/SignalClusterView(503): wifi: VISIBLE sig=2130837743 act=2130837721
01-11 20:36:53.555 D/SignalClusterView(503): mobile1: VISIBLE sig=2130837717 act=0 typ=2130837666
01-11 20:36:53.555 D/SignalClusterView(503): mobile2: VISIBLE sig=2130837711 act=0 typ=2130837666
01-11 20:36:53.555 D/SignalClusterView(503): wifi: VISIBLE sig=2130837743 act=2130837721
01-11 20:36:53.555 D/SignalClusterView(503): mobile1: VISIBLE sig=2130837717 act=0 typ=2130837666
01-11 20:36:53.555 D/SignalClusterView(503): mobile2: VISIBLE sig=2130837711 act=0 typ=2130837666
01-11 20:36:53.555 D/SignalClusterView(503): wifi: VISIBLE sig=2130837743 act=2130837721
01-11 20:36:53.555 D/SignalClusterView(503): mobile1: VISIBLE sig=2130837717 act=0 typ=2130837666
01-11 20:36:53.555 D/SignalClusterView(503): mobile2: VISIBLE sig=2130837711 act=0 typ=2130837666
01-11 20:36:53.555 D/StatusBar-NetworkControllerDS(503): changing data overlay icon id to 2130837721
01-11 20:36:53.995 E/AlarmManagerService(377): android_server_AlarmManagerService_set to type=1, 1484163486.057000000
01-11 20:36:53.995 V/AlarmManager(377): waitForAlarm result :2
