01-11 20:39:23.845 D/StatusBar-NetworkControllerDS(503): refreshViews connected={ wifi } level=4|4 combinedSignalIconId=0x7f0200ef/com.android.systemui:drawable/stat_sys_wifi_signal_4 combinedActivityIconId=0x7f0200d9 mAirplaneMode=false mDataActivity1=0 mDataActivity2=0 mPhoneSignalIconId1=0x7f0200d5 mPhoneSignalIconId2=0x7f0200cf mLastPhoneSignalIconId1=0x7f0200d5 mLastPhoneSignalIconId2=0x7f0200cf mDataDirectionIconId1=0x0 mDataDirectionIconId2=0x0 mDataSignalIconId1=0x7f0200d5 mDataSignalIconId2=0x7f0200cf mDataTypeIconId1=0x7f0200a2 mDataTypeIconId2=0x7f0200a2 mWifiIconId=0x7f0200ef mRoamingIconId1=0x0 mRoamingIconId2=0x0 mBluetoothTetherIconId=0x10806ce
01-11 20:39:23.845 D/SignalClusterView(503): wifi: VISIBLE sig=2130837743 act=2130837721
01-11 20:39:23.845 D/SignalClusterView(503): mobile1: VISIBLE sig=2130837717 act=0 typ=2130837666
01-11 20:39:23.845 D/SignalClusterView(503): mobile2: VISIBLE sig=2130837711 act=0 typ=2130837666
01-11 20:39:23.845 D/SignalClusterView(503): wifi: VISIBLE sig=2130837743 act=2130837721
01-11 20:39:23.845 D/SignalClusterView(503): mobile1: VISIBLE sig=2130837717 act=0 typ=2130837666
01-11 20:39:23.845 D/SignalClusterView(503): mobile2: VISIBLE sig=2130837711 act=0 typ=2130837666
01-11 20:39:23.845 D/SignalClusterView(503): wifi: VISIBLE sig=2130837743 act=2130837721
01-11 20:39:23.845 D/SignalClusterView(503): mobile1: VISIBLE sig=2130837717 act=0 typ=2130837666
01-11 20:39:23.845 D/SignalClusterView(503): mobile2: VISIBLE sig=2130837711 act=0 typ=2130837666
01-11 20:39:23.845 D/StatusBar-NetworkControllerDS(503): changing data overlay icon id to 2130837721
01-11 20:39:24.845 W/SignalStrength(503): getGsmLevel. this.mGsmSignalBar=4, getGsmSignalStrength()== 19
01-11 20:39:24.845 W/SignalStrength(503): getGsmLevel=4
01-11 20:39:24.845 W/SignalStrength(503): getLevel=4 (SignalStrength: 19 255 -120 -160 -120 -1 -1 99 2147483647 -32767 2147483647 -32767 gsm|lte 4)
01-11 20:39:24.845 W/SignalStrength(503): getGsmLevel. this.mGsmSignalBar=4, getGsmSignalStrength()== 25
01-11 20:39:24.845 W/SignalStrength(503): getGsmLevel=4
01-11 20:39:24.845 W/SignalStrength(503): getLevel=4 (SignalStrength: 25 255 -120 -160 -120 -1 -1 99 2147483647 -32767 2147483647 -32767 gsm|lte 4)
01-11 20:39:24.845 D/StatusBar-NetworkControllerDS(503): refreshViews connected={ wifi } level=4|4 combinedSignalIconId=0x7f0200ef/com.android.systemui:drawable/stat_sys_wifi_signal_4 combinedActivityIconId=0x7f0200d8 mAirplaneMode=false mDataActivity1=0 mDataActivity2=0 mPhoneSignalIconId1=0x7f0200d5 mPhoneSignalIconId2=0x7f0200cf mLastPhoneSignalIconId1=0x7f0200d5 mLastPhoneSignalIconId2=0x7f0200cf mDataDirectionIconId1=0x0 mDataDirectionIconId2=0x0 mDataSignalIconId1=0x7f0200d5 mDataSignalIconId2=0x7f0200cf mDataTypeIconId1=0x7f0200a2 mDataTypeIconId2=0x7f0200a2 mWifiIconId=0x7f0200ef mRoamingIconId1=0x0 mRoamingIconId2=0x0 mBluetoothTetherIconId=0x10806ce
01-11 20:39:24.845 D/SignalClusterView(503): wifi: VISIBLE sig=2130837743 act=2130837720
01-11 20:39:24.845 D/SignalClusterView(503): mobile1: VISIBLE sig=2130837717 act=0 typ=2130837666
01-11 20:39:24.845 D/SignalClusterView(503): mobile2: VISIBLE sig=2130837711 act=0 typ=2130837666
01-11 20:39:24.845 D/SignalClusterView(503): wifi: VISIBLE sig=2130837743 act=2130837720
01-11 20:39:24.845 D/SignalClusterView(503): mobile1: VISIBLE sig=2130837717 act=0 typ=2130837666
01-11 20:39:24.845 D/SignalClusterView(503): mobile2: VISIBLE sig=2130837711 act=0 typ=2130837666
01-11 20:39:24.845 D/SignalClusterView(503): wifi: VISIBLE sig=2130837743 act=2130837720
01-11 20:39:24.845 D/SignalClusterView(503): mobile1: VISIBLE sig=2130837717 act=0 typ=2130837666
01-11 20:39:24.845 D/SignalClusterView(503): mobile2: VISIBLE sig=2130837711 act=0 typ=2130837666
01-11 20:39:24.845 D/StatusBar-NetworkControllerDS(503): changing data overlay icon id to 2130837720
01-11 20:39:25.705 D/BatteryService(377): update start
01-11 20:39:25.715 D/KeyguardUpdateMonitor(377): received broadcast android.intent.action.BATTERY_CHANGED
01-11 20:39:25.715 D/KeyguardUpdateMonitor(377): handleBatteryUpdate
01-11 20:39:25.715 D/BatteryService(377): level:29 scale:100 status:3 health:2 present:true voltage: 3720 temperature: 240 technology: Li-ion AC powered:false USB powered:false icon:17303167 invalid charger:0
01-11 20:39:25.715 D/ThermistorObserver(377): mBatteryBRForAMOLED : onReceive() : newTemperature : 240
01-11 20:39:25.715 V/UiModeManager(377): updateLocked, mLastBroadcastState =0 , oldAction = null
01-11 20:39:25.715 D/STATUSBAR-BatteryController(503): onReceive() - ACTION_BATTERY_CHANGED
01-11 20:39:25.715 D/STATUSBAR-BatteryController(503): onReceive() - level:29
01-11 20:39:25.715 D/STATUSBAR-BatteryController(503): onReceive() - plugged:0
01-11 20:39:25.715 D/STATUSBAR-BatteryController(503): onReceive() - BATTERY_STATUS_DISCHARGING: stat_sys_battery
01-11 20:39:25.715 D/STATUSBAR-PhoneStatusBar(503): ACTION_BATTERY_CHANGED
01-11 20:39:25.715 D/STATUSBAR-PhoneStatusBar(503): NORMAL_BATTERY
01-11 20:39:25.715 D/PowerUI (503): getBatteryOnline : battery online file not found
01-11 20:39:26.045 I/NRFW    (1229): profile=wifi
01-11 20:39:26.055 I/NRFW    (1229): serverip=103.235.47.88 localIp=10.0.8.1
01-11 20:39:26.055 I/DNS     (1229): 103.235.47.88 h_errno=1
01-11 20:39:26.445 I/DNS     (1229): 112.80.248.171 h_errno=1
01-11 20:39:26.545 I/DNS     (1229): 112.80.248.171 h_errno=1
01-11 20:39:26.845 W/SignalStrength(503): getGsmLevel. this.mGsmSignalBar=4, getGsmSignalStrength()== 19
01-11 20:39:26.845 W/SignalStrength(503): getGsmLevel=4
01-11 20:39:26.845 W/SignalStrength(503): getLevel=4 (SignalStrength: 19 255 -120 -160 -120 -1 -1 99 2147483647 -32767 2147483647 -32767 gsm|lte 4)
01-11 20:39:26.845 W/SignalStrength(503): getGsmLevel. this.mGsmSignalBar=4, getGsmSignalStrength()== 25
01-11 20:39:26.845 W/SignalStrength(503): getGsmLevel=4
01-11 20:39:26.845 W/SignalStrength(503): getLevel=4 (SignalStrength: 25 255 -120 -160 -120 -1 -1 99 2147483647 -32767 2147483647 -32767 gsm|lte 4)
01-11 20:39:26.845 D/StatusBar-NetworkControllerDS(503): refreshViews connected={ wifi } level=4|4 combinedSignalIconId=0x7f0200ef/com.android.systemui:drawable/stat_sys_wifi_signal_4 combinedActivityIconId=0x7f0200d9 mAirplaneMode=false mDataActivity1=0 mDataActivity2=0 mPhoneSignalIconId1=0x7f0200d5 mPhoneSignalIconId2=0x7f0200cf mLastPhoneSignalIconId1=0x7f0200d5 mLastPhoneSignalIconId2=0x7f0200cf mDataDirectionIconId1=0x0 mDataDirectionIconId2=0x0 mDataSignalIconId1=0x7f0200d5 mDataSignalIconId2=0x7f0200cf mDataTypeIconId1=0x7f0200a2 mDataTypeIconId2=0x7f0200a2 mWifiIconId=0x7f0200ef mRoamingIconId1=0x0 mRoamingIconId2=0x0 mBluetoothTetherIconId=0x10806ce
01-11 20:39:26.855 D/SignalClusterView(503): wifi: VISIBLE sig=2130837743 act=2130837721
01-11 20:39:26.855 D/SignalClusterView(503): mobile1: VISIBLE sig=2130837717 act=0 typ=2130837666
01-11 20:39:26.855 D/SignalClusterView(503): mobile2: VISIBLE sig=2130837711 act=0 typ=2130837666
01-11 20:39:26.855 D/SignalClusterView(503): wifi: VISIBLE sig=2130837743 act=2130837721
01-11 20:39:26.855 D/SignalClusterView(503): mobile1: VISIBLE sig=2130837717 act=0 typ=2130837666
01-11 20:39:26.855 D/SignalClusterView(503): mobile2: VISIBLE sig=2130837711 act=0 typ=2130837666
01-11 20:39:26.855 D/SignalClusterView(503): wifi: VISIBLE sig=2130837743 act=2130837721
01-11 20:39:26.855 D/SignalClusterView(503): mobile1: VISIBLE sig=2130837717 act=0 typ=2130837666
01-11 20:39:26.855 D/SignalClusterView(503): mobile2: VISIBLE sig=2130837711 act=0 typ=2130837666
01-11 20:39:26.855 D/StatusBar-NetworkControllerDS(503): changing data overlay icon id to 2130837721
01-11 20:39:27.855 W/SignalStrength(503): getGsmLevel. this.mGsmSignalBar=4, getGsmSignalStrength()== 19
01-11 20:39:27.855 W/SignalStrength(503): getGsmLevel=4
01-11 20:39:27.855 W/SignalStrength(503): getLevel=4 (SignalStrength: 19 255 -120 -160 -120 -1 -1 99 2147483647 -32767 2147483647 -32767 gsm|lte 4)
01-11 20:39:27.855 W/SignalStrength(503): getGsmLevel. this.mGsmSignalBar=4, getGsmSignalStrength()== 25
01-11 20:39:27.855 W/SignalStrength(503): getGsmLevel=4
01-11 20:39:27.855 W/SignalStrength(503): getLevel=4 (SignalStrength: 25 255 -120 -160 -120 -1 -1 99 2147483647 -32767 2147483647 -32767 gsm|lte 4)
01-11 20:39:27.855 D/StatusBar-NetworkControllerDS(503): refreshViews connected={ wifi } level=4|4 combinedSignalIconId=0x7f0200ef/com.android.systemui:drawable/stat_sys_wifi_signal_4 combinedActivityIconId=0x7f0200d8 mAirplaneMode=false mDataActivity1=0 mDataActivity2=0 mPhoneSignalIconId1=0x7f0200d5 mPhoneSignalIconId2=0x7f0200cf mLastPhoneSignalIconId1=0x7f0200d5 mLastPhoneSignalIconId2=0x7f0200cf mDataDirectionIconId1=0x0 mDataDirectionIconId2=0x0 mDataSignalIconId1=0x7f0200d5 mDataSignalIconId2=0x7f0200cf mDataTypeIconId1=0x7f0200a2 mDataTypeIconId2=0x7f0200a2 mWifiIconId=0x7f0200ef mRoamingIconId1=0x0 mRoamingIconId2=0x0 mBluetoothTetherIconId=0x10806ce
01-11 20:39:27.855 D/SignalClusterView(503): wifi: VISIBLE sig=2130837743 act=2130837720
01-11 20:39:27.855 D/SignalClusterView(503): mobile1: VISIBLE sig=2130837717 act=0 typ=2130837666
01-11 20:39:27.855 D/SignalClusterView(503): mobile2: VISIBLE sig=2130837711 act=0 typ=2130837666
01-11 20:39:27.855 D/SignalClusterView(503): wifi: VISIBLE sig=2130837743 act=2130837720
01-11 20:39:27.855 D/SignalClusterView(503): mobile1: VISIBLE sig=2130837717 act=0 typ=2130837666
01-11 20:39:27.855 D/SignalClusterView(503): mobile2: VISIBLE sig=2130837711 act=0 typ=2130837666
01-11 20:39:27.855 D/SignalClusterView(503): wifi: VISIBLE sig=2130837743 act=2130837720
01-11 20:39:27.855 D/SignalClusterView(503): mobile1: VISIBLE sig=2130837717 act=0 typ=2130837666
01-11 20:39:27.855 D/SignalClusterView(503): mobile2: VISIBLE sig=2130837711 act=0 typ=2130837666
01-11 20:39:27.855 D/StatusBar-NetworkControllerDS(503): changing data overlay icon id to 2130837720
01-11 20:39:29.855 W/SignalStrength(503): getGsmLevel. this.mGsmSignalBar=4, getGsmSignalStrength()== 19
01-11 20:39:29.855 W/SignalStrength(503): getGsmLevel=4
01-11 20:39:29.855 W/SignalStrength(503): getLevel=4 (SignalStrength: 19 255 -120 -160 -120 -1 -1 99 2147483647 -32767 2147483647 -32767 gsm|lte 4)
01-11 20:39:29.855 W/SignalStrength(503): getGsmLevel. this.mGsmSignalBar=4, getGsmSignalStrength()== 25
01-11 20:39:29.855 W/SignalStrength(503): getGsmLevel=4
01-11 20:39:29.855 W/SignalStrength(503): getLevel=4 (SignalStrength: 25 255 -120 -160 -120 -1 -1 99 2147483647 -32767 2147483647 -32767 gsm|lte 4)
01-11 20:39:29.855 D/StatusBar-NetworkControllerDS(503): refreshViews connected={ wifi } level=4|4 combinedSignalIconId=0x7f0200ef/com.android.systemui:drawable/stat_sys_wifi_signal_4 combinedActivityIconId=0x7f0200d9 mAirplaneMode=false mDataActivity1=0 mDataActivity2=0 mPhoneSignalIconId1=0x7f0200d5 mPhoneSignalIconId2=0x7f0200cf mLastPhoneSignalIconId1=0x7f0200d5 mLastPhoneSignalIconId2=0x7f0200cf mDataDirectionIconId1=0x0 mDataDirectionIconId2=0x0 mDataSignalIconId1=0x7f0200d5 mDataSignalIconId2=0x7f0200cf mDataTypeIconId1=0x7f0200a2 mDataTypeIconId2=0x7f0200a2 mWifiIconId=0x7f0200ef mRoamingIconId1=0x0 mRoamingIconId2=0x0 mBluetoothTetherIconId=0x10806ce
01-11 20:39:29.855 D/SignalClusterView(503): wifi: VISIBLE sig=2130837743 act=2130837721
01-11 20:39:29.855 D/SignalClusterView(503): mobile1: VISIBLE sig=2130837717 act=0 typ=2130837666
01-11 20:39:29.855 D/SignalClusterView(503): mobile2: VISIBLE sig=2130837711 act=0 typ=2130837666
01-11 20:39:29.855 D/SignalClusterView(503): wifi: VISIBLE sig=2130837743 act=2130837721
01-11 20:39:29.855 D/SignalClusterView(503): mobile1: VISIBLE sig=2130837717 act=0 typ=2130837666
01-11 20:39:29.855 D/SignalClusterView(503): mobile2: VISIBLE sig=2130837711 act=0 typ=2130837666
01-11 20:39:29.855 D/SignalClusterView(503): wifi: VISIBLE sig=2130837743 act=2130837721
01-11 20:39:29.855 D/SignalClusterView(503): mobile1: VISIBLE sig=2130837717 act=0 typ=2130837666
01-11 20:39:29.855 D/SignalClusterView(503): mobile2: VISIBLE sig=2130837711 act=0 typ=2130837666
01-11 20:39:29.855 D/StatusBar-NetworkControllerDS(503): changing data overlay icon id to 2130837721
01-11 20:39:30.085 D/plugin  (684): getDefaultSubscription()
01-11 20:39:30.095 E/MSimTelephonyManager(24146): MSimTelephonyManager sRegistryMsim != null
01-11 20:39:30.095 I/NRFW    (1229): profile=wifi
01-11 20:39:30.105 I/NRFW    (1229): serverip=180.76.3.90 localIp=10.0.8.1
01-11 20:39:30.235 I/DNS     (1229): 180.76.3.90 h_errno=1
01-11 20:39:31.855 W/SignalStrength(503): getGsmLevel. this.mGsmSignalBar=4, getGsmSignalStrength()== 19
01-11 20:39:31.855 W/SignalStrength(503): getGsmLevel=4
01-11 20:39:31.855 W/SignalStrength(503): getLevel=4 (SignalStrength: 19 255 -120 -160 -120 -1 -1 99 2147483647 -32767 2147483647 -32767 gsm|lte 4)
01-11 20:39:31.855 W/SignalStrength(503): getGsmLevel. this.mGsmSignalBar=4, getGsmSignalStrength()== 25
01-11 20:39:31.855 W/SignalStrength(503): getGsmLevel=4
01-11 20:39:31.855 W/SignalStrength(503): getLevel=4 (SignalStrength: 25 255 -120 -160 -120 -1 -1 99 2147483647 -32767 2147483647 -32767 gsm|lte 4)
01-11 20:39:31.855 D/StatusBar-NetworkControllerDS(503): refreshViews connected={ wifi } level=4|4 combinedSignalIconId=0x7f0200ef/com.android.systemui:drawable/stat_sys_wifi_signal_4 combinedActivityIconId=0x7f0200d8 mAirplaneMode=false mDataActivity1=0 mDataActivity2=0 mPhoneSignalIconId1=0x7f0200d5 mPhoneSignalIconId2=0x7f0200cf mLastPhoneSignalIconId1=0x7f0200d5 mLastPhoneSignalIconId2=0x7f0200cf mDataDirectionIconId1=0x0 mDataDirectionIconId2=0x0 mDataSignalIconId1=0x7f0200d5 mDataSignalIconId2=0x7f0200cf mDataTypeIconId1=0x7f0200a2 mDataTypeIconId2=0x7f0200a2 mWifiIconId=0x7f0200ef mRoamingIconId1=0x0 mRoamingIconId2=0x0 mBluetoothTetherIconId=0x10806ce
01-11 20:39:31.855 D/SignalClusterView(503): wifi: VISIBLE sig=2130837743 act=2130837720
01-11 20:39:31.855 D/SignalClusterView(503): mobile1: VISIBLE sig=2130837717 act=0 typ=2130837666
01-11 20:39:31.855 D/SignalClusterView(503): mobile2: VISIBLE sig=2130837711 act=0 typ=2130837666
01-11 20:39:31.865 D/SignalClusterView(503): wifi: VISIBLE sig=2130837743 act=2130837720
01-11 20:39:31.865 D/SignalClusterView(503): mobile1: VISIBLE sig=2130837717 act=0 typ=2130837666
01-11 20:39:31.865 D/SignalClusterView(503): mobile2: VISIBLE sig=2130837711 act=0 typ=2130837666
01-11 20:39:31.865 D/SignalClusterView(503): wifi: VISIBLE sig=2130837743 act=2130837720
01-11 20:39:31.865 D/SignalClusterView(503): mobile1: VISIBLE sig=2130837717 act=0 typ=2130837666
01-11 20:39:31.865 D/SignalClusterView(503): mobile2: VISIBLE sig=2130837711 act=0 typ=2130837666
01-11 20:39:31.865 D/StatusBar-NetworkControllerDS(503): changing data overlay icon id to 2130837720
01-11 20:39:32.865 W/SignalStrength(503): getGsmLevel. this.mGsmSignalBar=4, getGsmSignalStrength()== 19
01-11 20:39:32.865 W/SignalStrength(503): getGsmLevel=4
01-11 20:39:32.865 W/SignalStrength(503): getLevel=4 (SignalStrength: 19 255 -120 -160 -120 -1 -1 99 2147483647 -32767 2147483647 -32767 gsm|lte 4)
01-11 20:39:32.865 W/SignalStrength(503): getGsmLevel. this.mGsmSignalBar=4, getGsmSignalStrength()== 25
01-11 20:39:32.865 W/SignalStrength(503): getGsmLevel=4
01-11 20:39:32.865 W/SignalStrength(503): getLevel=4 (SignalStrength: 25 255 -120 -160 -120 -1 -1 99 2147483647 -32767 2147483647 -32767 gsm|lte 4)
01-11 20:39:32.865 D/StatusBar-NetworkControllerDS(503): refreshViews connected={ wifi } level=4|4 combinedSignalIconId=0x7f0200ef/com.android.systemui:drawable/stat_sys_wifi_signal_4 combinedActivityIconId=0x7f0200d9 mAirplaneMode=false mDataActivity1=0 mDataActivity2=0 mPhoneSignalIconId1=0x7f0200d5 mPhoneSignalIconId2=0x7f0200cf mLastPhoneSignalIconId1=0x7f0200d5 mLastPhoneSignalIconId2=0x7f0200cf mDataDirectionIconId1=0x0 mDataDirectionIconId2=0x0 mDataSignalIconId1=0x7f0200d5 mDataSignalIconId2=0x7f0200cf mDataTypeIconId1=0x7f0200a2 mDataTypeIconId2=0x7f0200a2 mWifiIconId=0x7f0200ef mRoamingIconId1=0x0 mRoamingIconId2=0x0 mBluetoothTetherIconId=0x10806ce
01-11 20:39:32.865 D/SignalClusterView(503): wifi: VISIBLE sig=2130837743 act=2130837721
01-11 20:39:32.865 D/SignalClusterView(503): mobile1: VISIBLE sig=2130837717 act=0 typ=2130837666
01-11 20:39:32.865 D/SignalClusterView(503): mobile2: VISIBLE sig=2130837711 act=0 typ=2130837666
01-11 20:39:32.865 D/SignalClusterView(503): wifi: VISIBLE sig=2130837743 act=2130837721
01-11 20:39:32.865 D/SignalClusterView(503): mobile1: VISIBLE sig=2130837717 act=0 typ=2130837666
01-11 20:39:32.865 D/SignalClusterView(503): mobile2: VISIBLE sig=2130837711 act=0 typ=2130837666
01-11 20:39:32.865 D/SignalClusterView(503): wifi: VISIBLE sig=2130837743 act=2130837721
01-11 20:39:32.865 D/SignalClusterView(503): mobile1: VISIBLE sig=2130837717 act=0 typ=2130837666
01-11 20:39:32.865 D/SignalClusterView(503): mobile2: VISIBLE sig=2130837711 act=0 typ=2130837666
01-11 20:39:32.865 D/StatusBar-NetworkControllerDS(503): changing data overlay icon id to 2130837721
01-11 20:39:33.115 I/NRFW    (1229): profile=wifi
01-11 20:39:33.125 I/NRFW    (1229): serverip=180.76.3.90 localIp=10.0.8.1
01-11 20:39:33.865 W/SignalStrength(503): getGsmLevel. this.mGsmSignalBar=4, getGsmSignalStrength()== 19
01-11 20:39:33.865 W/SignalStrength(503): getGsmLevel=4
01-11 20:39:33.865 W/SignalStrength(503): getLevel=4 (SignalStrength: 19 255 -120 -160 -120 -1 -1 99 2147483647 -32767 2147483647 -32767 gsm|lte 4)
01-11 20:39:33.865 W/SignalStrength(503): getGsmLevel. this.mGsmSignalBar=4, getGsmSignalStrength()== 25
01-11 20:39:33.865 W/SignalStrength(503): getGsmLevel=4
01-11 20:39:33.865 W/SignalStrength(503): getLevel=4 (SignalStrength: 25 255 -120 -160 -120 -1 -1 99 2147483647 -32767 2147483647 -32767 gsm|lte 4)
01-11 20:39:33.865 D/StatusBar-NetworkControllerDS(503): refreshViews connected={ wifi } level=4|4 combinedSignalIconId=0x7f0200ef/com.android.systemui:drawable/stat_sys_wifi_signal_4 combinedActivityIconId=0x7f0200d8 mAirplaneMode=false mDataActivity1=0 mDataActivity2=0 mPhoneSignalIconId1=0x7f0200d5 mPhoneSignalIconId2=0x7f0200cf mLastPhoneSignalIconId1=0x7f0200d5 mLastPhoneSignalIconId2=0x7f0200cf mDataDirectionIconId1=0x0 mDataDirectionIconId2=0x0 mDataSignalIconId1=0x7f0200d5 mDataSignalIconId2=0x7f0200cf mDataTypeIconId1=0x7f0200a2 mDataTypeIconId2=0x7f0200a2 mWifiIconId=0x7f0200ef mRoamingIconId1=0x0 mRoamingIconId2=0x0 mBluetoothTetherIconId=0x10806ce
01-11 20:39:33.865 D/SignalClusterView(503): wifi: VISIBLE sig=2130837743 act=2130837720
01-11 20:39:33.865 D/SignalClusterView(503): mobile1: VISIBLE sig=2130837717 act=0 typ=2130837666
01-11 20:39:33.865 D/SignalClusterView(503): mobile2: VISIBLE sig=2130837711 act=0 typ=2130837666
01-11 20:39:33.865 D/SignalClusterView(503): wifi: VISIBLE sig=2130837743 act=2130837720
01-11 20:39:33.865 D/SignalClusterView(503): mobile1: VISIBLE sig=2130837717 act=0 typ=2130837666
01-11 20:39:33.865 D/SignalClusterView(503): mobile2: VISIBLE sig=2130837711 act=0 typ=2130837666
01-11 20:39:33.865 D/SignalClusterView(503): wifi: VISIBLE sig=2130837743 act=2130837720
01-11 20:39:33.865 D/SignalClusterView(503): mobile1: VISIBLE sig=2130837717 act=0 typ=2130837666
01-11 20:39:33.865 D/SignalClusterView(503): mobile2: VISIBLE sig=2130837711 act=0 typ=2130837666
01-11 20:39:33.865 D/StatusBar-NetworkControllerDS(503): changing data overlay icon id to 2130837720
01-11 20:39:35.865 W/SignalStrength(503): getGsmLevel. this.mGsmSignalBar=4, getGsmSignalStrength()== 19
01-11 20:39:35.865 W/SignalStrength(503): getGsmLevel=4
01-11 20:39:35.865 W/SignalStrength(503): getLevel=4 (SignalStrength: 19 255 -120 -160 -120 -1 -1 99 2147483647 -32767 2147483647 -32767 gsm|lte 4)
01-11 20:39:35.865 W/SignalStrength(503): getGsmLevel. this.mGsmSignalBar=4, getGsmSignalStrength()== 25
01-11 20:39:35.865 W/SignalStrength(503): getGsmLevel=4
01-11 20:39:35.865 W/SignalStrength(503): getLevel=4 (SignalStrength: 25 255 -120 -160 -120 -1 -1 99 2147483647 -32767 2147483647 -32767 gsm|lte 4)
01-11 20:39:35.865 D/StatusBar-NetworkControllerDS(503): refreshViews connected={ wifi } level=4|4 combinedSignalIconId=0x7f0200ef/com.android.systemui:drawable/stat_sys_wifi_signal_4 combinedActivityIconId=0x7f0200d9 mAirplaneMode=false mDataActivity1=0 mDataActivity2=0 mPhoneSignalIconId1=0x7f0200d5 mPhoneSignalIconId2=0x7f0200cf mLastPhoneSignalIconId1=0x7f0200d5 mLastPhoneSignalIconId2=0x7f0200cf mDataDirectionIconId1=0x0 mDataDirectionIconId2=0x0 mDataSignalIconId1=0x7f0200d5 mDataSignalIconId2=0x7f0200cf mDataTypeIconId1=0x7f0200a2 mDataTypeIconId2=0x7f0200a2 mWifiIconId=0x7f0200ef mRoamingIconId1=0x0 mRoamingIconId2=0x0 mBluetoothTetherIconId=0x10806ce
01-11 20:39:35.865 D/SignalClusterView(503): wifi: VISIBLE sig=2130837743 act=2130837721
01-11 20:39:35.865 D/SignalClusterView(503): mobile1: VISIBLE sig=2130837717 act=0 typ=2130837666
01-11 20:39:35.865 D/SignalClusterView(503): mobile2: VISIBLE sig=2130837711 act=0 typ=2130837666
01-11 20:39:35.865 D/SignalClusterView(503): wifi: VISIBLE sig=2130837743 act=2130837721
01-11 20:39:35.865 D/SignalClusterView(503): mobile1: VISIBLE sig=2130837717 act=0 typ=2130837666
01-11 20:39:35.865 D/SignalClusterView(503): mobile2: VISIBLE sig=2130837711 act=0 typ=2130837666
01-11 20:39:35.865 D/SignalClusterView(503): wifi: VISIBLE sig=2130837743 act=2130837721
01-11 20:39:35.865 D/SignalClusterView(503): mobile1: VISIBLE sig=2130837717 act=0 typ=2130837666
01-11 20:39:35.865 D/SignalClusterView(503): mobile2: VISIBLE sig=2130837711 act=0 typ=2130837666
01-11 20:39:35.865 D/StatusBar-NetworkControllerDS(503): changing data overlay icon id to 2130837721
01-11 20:39:36.075 D/Tethering(377): interfaceLinkStateChanged wlan0, true
01-11 20:39:36.075 D/Tethering(377): interfaceStatusChanged wlan0, true
01-11 20:39:36.865 W/SignalStrength(503): getGsmLevel. this.mGsmSignalBar=4, getGsmSignalStrength()== 19
01-11 20:39:36.865 W/SignalStrength(503): getGsmLevel=4
01-11 20:39:36.865 W/SignalStrength(503): getLevel=4 (SignalStrength: 19 255 -120 -160 -120 -1 -1 99 2147483647 -32767 2147483647 -32767 gsm|lte 4)
01-11 20:39:36.865 W/SignalStrength(503): getGsmLevel. this.mGsmSignalBar=4, getGsmSignalStrength()== 25
01-11 20:39:36.865 W/SignalStrength(503): getGsmLevel=4
01-11 20:39:36.865 W/SignalStrength(503): getLevel=4 (SignalStrength: 25 255 -120 -160 -120 -1 -1 99 2147483647 -32767 2147483647 -32767 gsm|lte 4)
01-11 20:39:36.865 D/StatusBar-NetworkControllerDS(503): refreshViews connected={ wifi } level=4|4 combinedSignalIconId=0x7f0200ef/com.android.systemui:drawable/stat_sys_wifi_signal_4 combinedActivityIconId=0x7f0200d8 mAirplaneMode=false mDataActivity1=0 mDataActivity2=0 mPhoneSignalIconId1=0x7f0200d5 mPhoneSignalIconId2=0x7f0200cf mLastPhoneSignalIconId1=0x7f0200d5 mLastPhoneSignalIconId2=0x7f0200cf mDataDirectionIconId1=0x0 mDataDirectionIconId2=0x0 mDataSignalIconId1=0x7f0200d5 mDataSignalIconId2=0x7f0200cf mDataTypeIconId1=0x7f0200a2 mDataTypeIconId2=0x7f0200a2 mWifiIconId=0x7f0200ef mRoamingIconId1=0x0 mRoamingIconId2=0x0 mBluetoothTetherIconId=0x10806ce
01-11 20:39:36.865 D/SignalClusterView(503): wifi: VISIBLE sig=2130837743 act=2130837720
01-11 20:39:36.865 D/SignalClusterView(503): mobile1: VISIBLE sig=2130837717 act=0 typ=2130837666
01-11 20:39:36.865 D/SignalClusterView(503): mobile2: VISIBLE sig=2130837711 act=0 typ=2130837666
01-11 20:39:36.865 D/SignalClusterView(503): wifi: VISIBLE sig=2130837743 act=2130837720
01-11 20:39:36.865 D/SignalClusterView(503): mobile1: VISIBLE sig=2130837717 act=0 typ=2130837666
01-11 20:39:36.865 D/SignalClusterView(503): mobile2: VISIBLE sig=2130837711 act=0 typ=2130837666
01-11 20:39:36.865 D/SignalClusterView(503): wifi: VISIBLE sig=2130837743 act=2130837720
01-11 20:39:36.865 D/SignalClusterView(503): mobile1: VISIBLE sig=2130837717 act=0 typ=2130837666
01-11 20:39:36.865 D/SignalClusterView(503): mobile2: VISIBLE sig=2130837711 act=0 typ=2130837666
01-11 20:39:36.865 D/StatusBar-NetworkControllerDS(503): changing data overlay icon id to 2130837720
01-11 20:39:37.195 I/NRFW    (1229): profile=wifi
01-11 20:39:37.215 I/NRFW    (1229): serverip=103.235.47.88 localIp=10.0.8.1
01-11 20:39:37.875 D/SignalClusterView(503): wifi: VISIBLE sig=2130837743 act=2130837721
01-11 20:39:37.875 D/SignalClusterView(503): mobile1: VISIBLE sig=2130837717 act=0 typ=2130837666
01-11 20:39:37.875 D/SignalClusterView(503): mobile2: VISIBLE sig=2130837711 act=0 typ=2130837666
01-11 20:39:37.875 D/SignalClusterView(503): wifi: VISIBLE sig=2130837743 act=2130837721
01-11 20:39:37.875 D/SignalClusterView(503): mobile1: VISIBLE sig=2130837717 act=0 typ=2130837666
01-11 20:39:37.875 D/SignalClusterView(503): mobile2: VISIBLE sig=2130837711 act=0 typ=2130837666
01-11 20:39:37.875 D/SignalClusterView(503): wifi: VISIBLE sig=2130837743 act=2130837721
01-11 20:39:37.875 D/SignalClusterView(503): mobile1: VISIBLE sig=2130837717 act=0 typ=2130837666
01-11 20:39:37.875 D/SignalClusterView(503): mobile2: VISIBLE sig=2130837711 act=0 typ=2130837666
01-11 20:39:37.875 D/StatusBar-NetworkControllerDS(503): changing data overlay icon id to 2130837721
01-11 20:39:37.875 W/SignalStrength(503): getGsmLevel. this.mGsmSignalBar=4, getGsmSignalStrength()== 19
01-11 20:39:37.875 W/SignalStrength(503): getGsmLevel=4
01-11 20:39:37.875 W/SignalStrength(503): getLevel=4 (SignalStrength: 19 255 -120 -160 -120 -1 -1 99 2147483647 -32767 2147483647 -32767 gsm|lte 4)
01-11 20:39:37.875 W/SignalStrength(503): getGsmLevel. this.mGsmSignalBar=4, getGsmSignalStrength()== 25
01-11 20:39:37.875 W/SignalStrength(503): getGsmLevel=4
01-11 20:39:37.875 W/SignalStrength(503): getLevel=4 (SignalStrength: 25 255 -120 -160 -120 -1 -1 99 2147483647 -32767 2147483647 -32767 gsm|lte 4)
01-11 20:39:37.875 D/StatusBar-NetworkControllerDS(503): refreshViews connected={ wifi } level=4|4 combinedSignalIconId=0x7f0200ef/com.android.systemui:drawable/stat_sys_wifi_signal_4 combinedActivityIconId=0x7f0200d9 mAirplaneMode=false mDataActivity1=0 mDataActivity2=0 mPhoneSignalIconId1=0x7f0200d5 mPhoneSignalIconId2=0x7f0200cf mLastPhoneSignalIconId1=0x7f0200d5 mLastPhoneSignalIconId2=0x7f0200cf mDataDirectionIconId1=0x0 mDataDirectionIconId2=0x0 mDataSignalIconId1=0x7f0200d5 mDataSignalIconId2=0x7f0200cf mDataTypeIconId1=0x7f0200a2 mDataTypeIconId2=0x7f0200a2 mWifiIconId=0x7f0200ef mRoamingIconId1=0x0 mRoamingIconId2=0x0 mBluetoothTetherIconId=0x10806ce
01-11 20:39:39.135 I/NRFW    (1229): serverip=180.76.3.90 localIp=10.0.8.1
01-11 20:39:39.875 W/SignalStrength(503): getGsmLevel. this.mGsmSignalBar=4, getGsmSignalStrength()== 19
01-11 20:39:39.875 W/SignalStrength(503): getGsmLevel=4
01-11 20:39:39.875 W/SignalStrength(503): getLevel=4 (SignalStrength: 19 255 -120 -160 -120 -1 -1 99 2147483647 -32767 2147483647 -32767 gsm|lte 4)
01-11 20:39:39.875 W/SignalStrength(503): getGsmLevel. this.mGsmSignalBar=4, getGsmSignalStrength()== 25
01-11 20:39:39.875 W/SignalStrength(503): getGsmLevel=4
01-11 20:39:39.875 W/SignalStrength(503): getLevel=4 (SignalStrength: 25 255 -120 -160 -120 -1 -1 99 2147483647 -32767 2147483647 -32767 gsm|lte 4)
01-11 20:39:39.875 D/StatusBar-NetworkControllerDS(503): refreshViews connected={ wifi } level=4|4 combinedSignalIconId=0x7f0200ef/com.android.systemui:drawable/stat_sys_wifi_signal_4 combinedActivityIconId=0x7f0200d8 mAirplaneMode=false mDataActivity1=0 mDataActivity2=0 mPhoneSignalIconId1=0x7f0200d5 mPhoneSignalIconId2=0x7f0200cf mLastPhoneSignalIconId1=0x7f0200d5 mLastPhoneSignalIconId2=0x7f0200cf mDataDirectionIconId1=0x0 mDataDirectionIconId2=0x0 mDataSignalIconId1=0x7f0200d5 mDataSignalIconId2=0x7f0200cf mDataTypeIconId1=0x7f0200a2 mDataTypeIconId2=0x7f0200a2 mWifiIconId=0x7f0200ef mRoamingIconId1=0x0 mRoamingIconId2=0x0 mBluetoothTetherIconId=0x10806ce
01-11 20:39:39.875 D/SignalClusterView(503): wifi: VISIBLE sig=2130837743 act=2130837720
01-11 20:39:39.875 D/SignalClusterView(503): mobile1: VISIBLE sig=2130837717 act=0 typ=2130837666
01-11 20:39:39.875 D/SignalClusterView(503): mobile2: VISIBLE sig=2130837711 act=0 typ=2130837666
01-11 20:39:39.875 D/SignalClusterView(503): wifi: VISIBLE sig=2130837743 act=2130837720
01-11 20:39:39.875 D/SignalClusterView(503): mobile1: VISIBLE sig=2130837717 act=0 typ=2130837666
01-11 20:39:39.875 D/SignalClusterView(503): mobile2: VISIBLE sig=2130837711 act=0 typ=2130837666
01-11 20:39:39.875 D/SignalClusterView(503): wifi: VISIBLE sig=2130837743 act=2130837720
01-11 20:39:39.875 D/SignalClusterView(503): mobile1: VISIBLE sig=2130837717 act=0 typ=2130837666
01-11 20:39:39.875 D/SignalClusterView(503): mobile2: VISIBLE sig=2130837711 act=0 typ=2130837666
01-11 20:39:39.875 D/StatusBar-NetworkControllerDS(503): changing data overlay icon id to 2130837720
01-11 20:39:40.215 I/NRFW    (1229): profile=wifi
01-11 20:39:40.225 I/NRFW    (1229): serverip=103.235.47.88 localIp=10.0.8.1
01-11 20:39:41.875 W/SignalStrength(503): getGsmLevel. this.mGsmSignalBar=4, getGsmSignalStrength()== 19
01-11 20:39:41.875 W/SignalStrength(503): getGsmLevel=4
01-11 20:39:41.875 W/SignalStrength(503): getLevel=4 (SignalStrength: 19 255 -120 -160 -120 -1 -1 99 2147483647 -32767 2147483647 -32767 gsm|lte 4)
01-11 20:39:41.875 W/SignalStrength(503): getGsmLevel. this.mGsmSignalBar=4, getGsmSignalStrength()== 25
01-11 20:39:41.875 W/SignalStrength(503): getGsmLevel=4
01-11 20:39:41.875 W/SignalStrength(503): getLevel=4 (SignalStrength: 25 255 -120 -160 -120 -1 -1 99 2147483647 -32767 2147483647 -32767 gsm|lte 4)
01-11 20:39:41.875 D/StatusBar-NetworkControllerDS(503): refreshViews connected={ wifi } level=4|4 combinedSignalIconId=0x7f0200ef/com.android.systemui:drawable/stat_sys_wifi_signal_4 combinedActivityIconId=0x7f0200d9 mAirplaneMode=false mDataActivity1=0 mDataActivity2=0 mPhoneSignalIconId1=0x7f0200d5 mPhoneSignalIconId2=0x7f0200cf mLastPhoneSignalIconId1=0x7f0200d5 mLastPhoneSignalIconId2=0x7f0200cf mDataDirectionIconId1=0x0 mDataDirectionIconId2=0x0 mDataSignalIconId1=0x7f0200d5 mDataSignalIconId2=0x7f0200cf mDataTypeIconId1=0x7f0200a2 mDataTypeIconId2=0x7f0200a2 mWifiIconId=0x7f0200ef mRoamingIconId1=0x0 mRoamingIconId2=0x0 mBluetoothTetherIconId=0x10806ce
01-11 20:39:41.875 D/SignalClusterView(503): wifi: VISIBLE sig=2130837743 act=2130837721
01-11 20:39:41.875 D/SignalClusterView(503): mobile1: VISIBLE sig=2130837717 act=0 typ=2130837666
01-11 20:39:41.875 D/SignalClusterView(503): mobile2: VISIBLE sig=2130837711 act=0 typ=2130837666
01-11 20:39:41.875 D/SignalClusterView(503): wifi: VISIBLE sig=2130837743 act=2130837721
01-11 20:39:41.875 D/SignalClusterView(503): mobile1: VISIBLE sig=2130837717 act=0 typ=2130837666
01-11 20:39:41.875 D/SignalClusterView(503): mobile2: VISIBLE sig=2130837711 act=0 typ=2130837666
01-11 20:39:41.875 D/SignalClusterView(503): wifi: VISIBLE sig=2130837743 act=2130837721
01-11 20:39:41.875 D/SignalClusterView(503): mobile1: VISIBLE sig=2130837717 act=0 typ=2130837666
01-11 20:39:41.875 D/SignalClusterView(503): mobile2: VISIBLE sig=2130837711 act=0 typ=2130837666
01-11 20:39:41.875 D/StatusBar-NetworkControllerDS(503): changing data overlay icon id to 2130837721
01-11 20:39:43.875 W/SignalStrength(503): getGsmLevel. this.mGsmSignalBar=4, getGsmSignalStrength()== 19
01-11 20:39:43.875 W/SignalStrength(503): getGsmLevel=4
01-11 20:39:43.875 W/SignalStrength(503): getLevel=4 (SignalStrength: 19 255 -120 -160 -120 -1 -1 99 2147483647 -32767 2147483647 -32767 gsm|lte 4)
01-11 20:39:43.875 W/SignalStrength(503): getGsmLevel. this.mGsmSignalBar=4, getGsmSignalStrength()== 25
01-11 20:39:43.875 W/SignalStrength(503): getGsmLevel=4
01-11 20:39:43.875 W/SignalStrength(503): getLevel=4 (SignalStrength: 25 255 -120 -160 -120 -1 -1 99 2147483647 -32767 2147483647 -32767 gsm|lte 4)
01-11 20:39:43.875 D/StatusBar-NetworkControllerDS(503): refreshViews connected={ wifi } level=4|4 combinedSignalIconId=0x7f0200ef/com.android.systemui:drawable/stat_sys_wifi_signal_4 combinedActivityIconId=0x7f0200d8 mAirplaneMode=false mDataActivity1=0 mDataActivity2=0 mPhoneSignalIconId1=0x7f0200d5 mPhoneSignalIconId2=0x7f0200cf mLastPhoneSignalIconId1=0x7f0200d5 mLastPhoneSignalIconId2=0x7f0200cf mDataDirectionIconId1=0x0 mDataDirectionIconId2=0x0 mDataSignalIconId1=0x7f0200d5 mDataSignalIconId2=0x7f0200cf mDataTypeIconId1=0x7f0200a2 mDataTypeIconId2=0x7f0200a2 mWifiIconId=0x7f0200ef mRoamingIconId1=0x0 mRoamingIconId2=0x0 mBluetoothTetherIconId=0x10806ce
01-11 20:39:43.885 D/SignalClusterView(503): wifi: VISIBLE sig=2130837743 act=2130837720
01-11 20:39:43.885 D/SignalClusterView(503): mobile1: VISIBLE sig=2130837717 act=0 typ=2130837666
01-11 20:39:43.885 D/SignalClusterView(503): mobile2: VISIBLE sig=2130837711 act=0 typ=2130837666
01-11 20:39:43.885 D/SignalClusterView(503): wifi: VISIBLE sig=2130837743 act=2130837720
01-11 20:39:43.885 D/SignalClusterView(503): mobile1: VISIBLE sig=2130837717 act=0 typ=2130837666
01-11 20:39:43.885 D/SignalClusterView(503): mobile2: VISIBLE sig=2130837711 act=0 typ=2130837666
01-11 20:39:43.885 D/SignalClusterView(503): wifi: VISIBLE sig=2130837743 act=2130837720
01-11 20:39:43.885 D/SignalClusterView(503): mobile1: VISIBLE sig=2130837717 act=0 typ=2130837666
01-11 20:39:43.885 D/SignalClusterView(503): mobile2: VISIBLE sig=2130837711 act=0 typ=2130837666
01-11 20:39:43.885 D/StatusBar-NetworkControllerDS(503): changing data overlay icon id to 2130837720
01-11 20:39:44.865 D/QCRIL_RPC(102): Enter qcril_sms_cfg_event_callback
01-11 20:39:44.865 D/QCRIL_RPC(102): Exit qcril_sms_cfg_event_callback
01-11 20:39:44.865 D/QCRIL_RPC(102): Enter qcril_sms_cfg_event_callback
01-11 20:39:44.865 D/QCRIL_RPC(102): Exit qcril_sms_cfg_event_callback
01-11 20:39:44.865 I/ONCRPC  (102): rpc_handle_rpc_call: for Xid: 18fa, Prog: 31000003, Vers: cf0d42a3, Proc: 00000003
01-11 20:39:44.865 I/ONCRPC  (102): rpc_handle_rpc_call: Find Status: 0 Xid: 18fa
01-11 20:39:44.865 I/ONCRPC  (102): oncrpc_proxy_handle_cmd_rpc_call: Dispatching xid: 18fa
01-11 20:39:44.865 I/ONCRPC  (102): rpc_handle_rpc_call: for Xid: 18fb, Prog: 31000003, Vers: cf0d42a3, Proc: 00000003
01-11 20:39:44.865 I/ONCRPC  (102): rpc_handle_rpc_call: Find Status: 0 Xid: 18fb
01-11 20:39:44.865 I/ONCRPC  (102): oncrpc_proxy_handle_cmd_rpc_call: Dispatching xid: 18fb
01-11 20:39:44.885 W/SignalStrength(503): getGsmLevel. this.mGsmSignalBar=4, getGsmSignalStrength()== 19
01-11 20:39:44.885 W/SignalStrength(503): getGsmLevel=4
01-11 20:39:44.885 W/SignalStrength(503): getLevel=4 (SignalStrength: 19 255 -120 -160 -120 -1 -1 99 2147483647 -32767 2147483647 -32767 gsm|lte 4)
01-11 20:39:44.885 W/SignalStrength(503): getGsmLevel. this.mGsmSignalBar=4, getGsmSignalStrength()== 25
01-11 20:39:44.885 W/SignalStrength(503): getGsmLevel=4
01-11 20:39:44.885 W/SignalStrength(503): getLevel=4 (SignalStrength: 25 255 -120 -160 -120 -1 -1 99 2147483647 -32767 2147483647 -32767 gsm|lte 4)
01-11 20:39:44.885 D/StatusBar-NetworkControllerDS(503): refreshViews connected={ wifi } level=4|4 combinedSignalIconId=0x7f0200ef/com.android.systemui:drawable/stat_sys_wifi_signal_4 combinedActivityIconId=0x7f0200d9 mAirplaneMode=false mDataActivity1=0 mDataActivity2=0 mPhoneSignalIconId1=0x7f0200d5 mPhoneSignalIconId2=0x7f0200cf mLastPhoneSignalIconId1=0x7f0200d5 mLastPhoneSignalIconId2=0x7f0200cf mDataDirectionIconId1=0x0 mDataDirectionIconId2=0x0 mDataSignalIconId1=0x7f0200d5 mDataSignalIconId2=0x7f0200cf mDataTypeIconId1=0x7f0200a2 mDataTypeIconId2=0x7f0200a2 mWifiIconId=0x7f0200ef mRoamingIconId1=0x0 mRoamingIconId2=0x0 mBluetoothTetherIconId=0x10806ce
01-11 20:39:44.885 D/SignalClusterView(503): wifi: VISIBLE sig=2130837743 act=2130837721
01-11 20:39:44.885 D/SignalClusterView(503): mobile1: VISIBLE sig=2130837717 act=0 typ=2130837666
01-11 20:39:44.885 D/SignalClusterView(503): mobile2: VISIBLE sig=2130837711 act=0 typ=2130837666
01-11 20:39:44.885 D/SignalClusterView(503): wifi: VISIBLE sig=2130837743 act=2130837721
01-11 20:39:44.885 D/SignalClusterView(503): mobile1: VISIBLE sig=2130837717 act=0 typ=2130837666
01-11 20:39:44.885 D/SignalClusterView(503): mobile2: VISIBLE sig=2130837711 act=0 typ=2130837666
01-11 20:39:44.885 D/SignalClusterView(503): wifi: VISIBLE sig=2130837743 act=2130837721
01-11 20:39:44.885 D/SignalClusterView(503): mobile1: VISIBLE sig=2130837717 act=0 typ=2130837666
01-11 20:39:44.885 D/SignalClusterView(503): mobile2: VISIBLE sig=2130837711 act=0 typ=2130837666
01-11 20:39:44.885 D/StatusBar-NetworkControllerDS(503): changing data overlay icon id to 2130837721
01-11 20:39:45.745 D/BatteryService(377): update start
01-11 20:39:45.755 D/KeyguardUpdateMonitor(377): received broadcast android.intent.action.BATTERY_CHANGED
01-11 20:39:45.755 D/KeyguardUpdateMonitor(377): handleBatteryUpdate
01-11 20:39:45.755 D/BatteryService(377): level:29 scale:100 status:3 health:2 present:true voltage: 3665 temperature: 230 technology: Li-ion AC powered:false USB powered:false icon:17303167 invalid charger:0
01-11 20:39:45.755 D/ThermistorObserver(377): mBatteryBRForAMOLED : onReceive() : newTemperature : 230
01-11 20:39:45.755 V/UiModeManager(377): updateLocked, mLastBroadcastState =0 , oldAction = null
01-11 20:39:45.755 D/STATUSBAR-BatteryController(503): onReceive() - ACTION_BATTERY_CHANGED
01-11 20:39:45.755 D/STATUSBAR-BatteryController(503): onReceive() - level:29
01-11 20:39:45.755 D/STATUSBAR-BatteryController(503): onReceive() - plugged:0
01-11 20:39:45.755 D/STATUSBAR-BatteryController(503): onReceive() - BATTERY_STATUS_DISCHARGING: stat_sys_battery
01-11 20:39:45.755 D/STATUSBAR-PhoneStatusBar(503): ACTION_BATTERY_CHANGED
01-11 20:39:45.755 D/STATUSBAR-PhoneStatusBar(503): NORMAL_BATTERY
01-11 20:39:45.755 D/PowerUI (503): getBatteryOnline : battery online file not found
01-11 20:39:45.885 W/SignalStrength(503): getGsmLevel. this.mGsmSignalBar=4, getGsmSignalStrength()== 19
01-11 20:39:45.885 W/SignalStrength(503): getGsmLevel=4
01-11 20:39:45.885 W/SignalStrength(503): getLevel=4 (SignalStrength: 19 255 -120 -160 -120 -1 -1 99 2147483647 -32767 2147483647 -32767 gsm|lte 4)
01-11 20:39:45.885 W/SignalStrength(503): getGsmLevel. this.mGsmSignalBar=4, getGsmSignalStrength()== 25
01-11 20:39:45.885 W/SignalStrength(503): getGsmLevel=4
01-11 20:39:45.885 W/SignalStrength(503): getLevel=4 (SignalStrength: 25 255 -120 -160 -120 -1 -1 99 2147483647 -32767 2147483647 -32767 gsm|lte 4)
01-11 20:39:45.885 D/StatusBar-NetworkControllerDS(503): refreshViews connected={ wifi } level=4|4 combinedSignalIconId=0x7f0200ef/com.android.systemui:drawable/stat_sys_wifi_signal_4 combinedActivityIconId=0x7f0200d8 mAirplaneMode=false mDataActivity1=0 mDataActivity2=0 mPhoneSignalIconId1=0x7f0200d5 mPhoneSignalIconId2=0x7f0200cf mLastPhoneSignalIconId1=0x7f0200d5 mLastPhoneSignalIconId2=0x7f0200cf mDataDirectionIconId1=0x0 mDataDirectionIconId2=0x0 mDataSignalIconId1=0x7f0200d5 mDataSignalIconId2=0x7f0200cf mDataTypeIconId1=0x7f0200a2 mDataTypeIconId2=0x7f0200a2 mWifiIconId=0x7f0200ef mRoamingIconId1=0x0 mRoamingIconId2=0x0 mBluetoothTetherIconId=0x10806ce
01-11 20:39:45.885 D/SignalClusterView(503): wifi: VISIBLE sig=2130837743 act=2130837720
01-11 20:39:45.885 D/SignalClusterView(503): mobile1: VISIBLE sig=2130837717 act=0 typ=2130837666
01-11 20:39:45.885 D/SignalClusterView(503): mobile2: VISIBLE sig=2130837711 act=0 typ=2130837666
01-11 20:39:45.885 D/SignalClusterView(503): wifi: VISIBLE sig=2130837743 act=2130837720
01-11 20:39:45.885 D/SignalClusterView(503): mobile1: VISIBLE sig=2130837717 act=0 typ=2130837666
01-11 20:39:45.885 D/SignalClusterView(503): mobile2: VISIBLE sig=2130837711 act=0 typ=2130837666
01-11 20:39:45.885 D/SignalClusterView(503): wifi: VISIBLE sig=2130837743 act=2130837720
01-11 20:39:45.885 D/SignalClusterView(503): mobile1: VISIBLE sig=2130837717 act=0 typ=2130837666
01-11 20:39:45.885 D/SignalClusterView(503): mobile2: VISIBLE sig=2130837711 act=0 typ=2130837666
01-11 20:39:45.885 D/StatusBar-NetworkControllerDS(503): changing data overlay icon id to 2130837720
01-11 20:39:46.225 I/NRFW    (1229): profile=wifi
01-11 20:39:46.235 I/NRFW    (1229): serverip=103.235.47.88 localIp=10.0.8.1
01-11 20:39:46.825 D/QCRIL_RPC(102): Enter qcril_sms_cfg_event_callback
01-11 20:39:46.825 D/QCRIL_RPC(102): Exit qcril_sms_cfg_event_callback
01-11 20:39:46.825 D/QCRIL_RPC(102): Enter qcril_sms_cfg_event_callback
01-11 20:39:46.825 D/QCRIL_RPC(102): Exit qcril_sms_cfg_event_callback
01-11 20:39:46.825 I/ONCRPC  (102): rpc_handle_rpc_call: for Xid: 18fc, Prog: 31000003, Vers: cf0d42a3, Proc: 00000003
01-11 20:39:46.825 I/ONCRPC  (102): rpc_handle_rpc_call: Find Status: 0 Xid: 18fc
01-11 20:39:46.825 I/ONCRPC  (102): oncrpc_proxy_handle_cmd_rpc_call: Dispatching xid: 18fc
01-11 20:39:46.825 I/ONCRPC  (102): rpc_handle_rpc_call: for Xid: 18fd, Prog: 31000003, Vers: cf0d42a3, Proc: 00000003
01-11 20:39:46.825 I/ONCRPC  (102): rpc_handle_rpc_call: Find Status: 0 Xid: 18fd
01-11 20:39:46.825 I/ONCRPC  (102): oncrpc_proxy_handle_cmd_rpc_call: Dispatching xid: 18fd
01-11 20:39:47.115 D/Tethering(377): interfaceLinkStateChanged wlan0, true
01-11 20:39:47.115 D/Tethering(377): interfaceStatusChanged wlan0, true
01-11 20:39:48.885 W/SignalStrength(503): getGsmLevel. this.mGsmSignalBar=4, getGsmSignalStrength()== 19
01-11 20:39:48.885 W/SignalStrength(503): getGsmLevel=4
01-11 20:39:48.885 W/SignalStrength(503): getLevel=4 (SignalStrength: 19 255 -120 -160 -120 -1 -1 99 2147483647 -32767 2147483647 -32767 gsm|lte 4)
01-11 20:39:48.885 W/SignalStrength(503): getGsmLevel. this.mGsmSignalBar=4, getGsmSignalStrength()== 25
01-11 20:39:48.885 W/SignalStrength(503): getGsmLevel=4
01-11 20:39:48.885 W/SignalStrength(503): getLevel=4 (SignalStrength: 25 255 -120 -160 -120 -1 -1 99 2147483647 -32767 2147483647 -32767 gsm|lte 4)
01-11 20:39:48.885 D/StatusBar-NetworkControllerDS(503): refreshViews connected={ wifi } level=4|4 combinedSignalIconId=0x7f0200ef/com.android.systemui:drawable/stat_sys_wifi_signal_4 combinedActivityIconId=0x7f0200d9 mAirplaneMode=false mDataActivity1=0 mDataActivity2=0 mPhoneSignalIconId1=0x7f0200d5 mPhoneSignalIconId2=0x7f0200cf mLastPhoneSignalIconId1=0x7f0200d5 mLastPhoneSignalIconId2=0x7f0200cf mDataDirectionIconId1=0x0 mDataDirectionIconId2=0x0 mDataSignalIconId1=0x7f0200d5 mDataSignalIconId2=0x7f0200cf mDataTypeIconId1=0x7f0200a2 mDataTypeIconId2=0x7f0200a2 mWifiIconId=0x7f0200ef mRoamingIconId1=0x0 mRoamingIconId2=0x0 mBluetoothTetherIconId=0x10806ce
01-11 20:39:48.885 D/SignalClusterView(503): wifi: VISIBLE sig=2130837743 act=2130837721
01-11 20:39:48.885 D/SignalClusterView(503): mobile1: VISIBLE sig=2130837717 act=0 typ=2130837666
01-11 20:39:48.885 D/SignalClusterView(503): mobile2: VISIBLE sig=2130837711 act=0 typ=2130837666
01-11 20:39:48.895 D/SignalClusterView(503): wifi: VISIBLE sig=2130837743 act=2130837721
01-11 20:39:48.895 D/SignalClusterView(503): mobile1: VISIBLE sig=2130837717 act=0 typ=2130837666
01-11 20:39:48.895 D/SignalClusterView(503): mobile2: VISIBLE sig=2130837711 act=0 typ=2130837666
01-11 20:39:48.895 D/SignalClusterView(503): wifi: VISIBLE sig=2130837743 act=2130837721
01-11 20:39:48.895 D/SignalClusterView(503): mobile1: VISIBLE sig=2130837717 act=0 typ=2130837666
01-11 20:39:48.895 D/SignalClusterView(503): mobile2: VISIBLE sig=2130837711 act=0 typ=2130837666
01-11 20:39:48.895 D/StatusBar-NetworkControllerDS(503): changing data overlay icon id to 2130837721
01-11 20:39:49.895 W/SignalStrength(503): getGsmLevel. this.mGsmSignalBar=4, getGsmSignalStrength()== 19
01-11 20:39:49.895 W/SignalStrength(503): getGsmLevel=4
01-11 20:39:49.895 W/SignalStrength(503): getLevel=4 (SignalStrength: 19 255 -120 -160 -120 -1 -1 99 2147483647 -32767 2147483647 -32767 gsm|lte 4)
01-11 20:39:49.895 W/SignalStrength(503): getGsmLevel. this.mGsmSignalBar=4, getGsmSignalStrength()== 25
01-11 20:39:49.895 W/SignalStrength(503): getGsmLevel=4
01-11 20:39:49.895 W/SignalStrength(503): getLevel=4 (SignalStrength: 25 255 -120 -160 -120 -1 -1 99 2147483647 -32767 2147483647 -32767 gsm|lte 4)
01-11 20:39:49.895 D/StatusBar-NetworkControllerDS(503): refreshViews connected={ wifi } level=4|4 combinedSignalIconId=0x7f0200ef/com.android.systemui:drawable/stat_sys_wifi_signal_4 combinedActivityIconId=0x7f0200d8 mAirplaneMode=false mDataActivity1=0 mDataActivity2=0 mPhoneSignalIconId1=0x7f0200d5 mPhoneSignalIconId2=0x7f0200cf mLastPhoneSignalIconId1=0x7f0200d5 mLastPhoneSignalIconId2=0x7f0200cf mDataDirectionIconId1=0x0 mDataDirectionIconId2=0x0 mDataSignalIconId1=0x7f0200d5 mDataSignalIconId2=0x7f0200cf mDataTypeIconId1=0x7f0200a2 mDataTypeIconId2=0x7f0200a2 mWifiIconId=0x7f0200ef mRoamingIconId1=0x0 mRoamingIconId2=0x0 mBluetoothTetherIconId=0x10806ce
01-11 20:39:49.895 D/SignalClusterView(503): wifi: VISIBLE sig=2130837743 act=2130837720
01-11 20:39:49.895 D/SignalClusterView(503): mobile1: VISIBLE sig=2130837717 act=0 typ=2130837666
01-11 20:39:49.895 D/SignalClusterView(503): mobile2: VISIBLE sig=2130837711 act=0 typ=2130837666
01-11 20:39:49.895 D/SignalClusterView(503): wifi: VISIBLE sig=2130837743 act=2130837720
01-11 20:39:49.895 D/SignalClusterView(503): mobile1: VISIBLE sig=2130837717 act=0 typ=2130837666
01-11 20:39:49.895 D/SignalClusterView(503): mobile2: VISIBLE sig=2130837711 act=0 typ=2130837666
01-11 20:39:49.895 D/SignalClusterView(503): wifi: VISIBLE sig=2130837743 act=2130837720
01-11 20:39:49.895 D/SignalClusterView(503): mobile1: VISIBLE sig=2130837717 act=0 typ=2130837666
01-11 20:39:49.895 D/SignalClusterView(503): mobile2: VISIBLE sig=2130837711 act=0 typ=2130837666
01-11 20:39:49.895 D/StatusBar-NetworkControllerDS(503): changing data overlay icon id to 2130837720
01-11 20:39:51.895 W/SignalStrength(503): getGsmLevel. this.mGsmSignalBar=4, getGsmSignalStrength()== 19
01-11 20:39:51.895 W/SignalStrength(503): getGsmLevel=4
01-11 20:39:51.895 W/SignalStrength(503): getLevel=4 (SignalStrength: 19 255 -120 -160 -120 -1 -1 99 2147483647 -32767 2147483647 -32767 gsm|lte 4)
01-11 20:39:51.895 W/SignalStrength(503): getGsmLevel. this.mGsmSignalBar=4, getGsmSignalStrength()== 25
01-11 20:39:51.895 W/SignalStrength(503): getGsmLevel=4
01-11 20:39:51.895 W/SignalStrength(503): getLevel=4 (SignalStrength: 25 255 -120 -160 -120 -1 -1 99 2147483647 -32767 2147483647 -32767 gsm|lte 4)
01-11 20:39:51.895 D/StatusBar-NetworkControllerDS(503): refreshViews connected={ wifi } level=4|4 combinedSignalIconId=0x7f0200ef/com.android.systemui:drawable/stat_sys_wifi_signal_4 combinedActivityIconId=0x7f0200d9 mAirplaneMode=false mDataActivity1=0 mDataActivity2=0 mPhoneSignalIconId1=0x7f0200d5 mPhoneSignalIconId2=0x7f0200cf mLastPhoneSignalIconId1=0x7f0200d5 mLastPhoneSignalIconId2=0x7f0200cf mDataDirectionIconId1=0x0 mDataDirectionIconId2=0x0 mDataSignalIconId1=0x7f0200d5 mDataSignalIconId2=0x7f0200cf mDataTypeIconId1=0x7f0200a2 mDataTypeIconId2=0x7f0200a2 mWifiIconId=0x7f0200ef mRoamingIconId1=0x0 mRoamingIconId2=0x0 mBluetoothTetherIconId=0x10806ce
01-11 20:39:51.895 D/SignalClusterView(503): wifi: VISIBLE sig=2130837743 act=2130837721
01-11 20:39:51.895 D/SignalClusterView(503): mobile1: VISIBLE sig=2130837717 act=0 typ=2130837666
01-11 20:39:51.895 D/SignalClusterView(503): mobile2: VISIBLE sig=2130837711 act=0 typ=2130837666
01-11 20:39:51.895 D/SignalClusterView(503): wifi: VISIBLE sig=2130837743 act=2130837721
01-11 20:39:51.895 D/SignalClusterView(503): mobile1: VISIBLE sig=2130837717 act=0 typ=2130837666
01-11 20:39:51.895 D/SignalClusterView(503): mobile2: VISIBLE sig=2130837711 act=0 typ=2130837666
01-11 20:39:51.895 D/SignalClusterView(503): wifi: VISIBLE sig=2130837743 act=2130837721
01-11 20:39:51.895 D/SignalClusterView(503): mobile1: VISIBLE sig=2130837717 act=0 typ=2130837666
01-11 20:39:51.895 D/SignalClusterView(503): mobile2: VISIBLE sig=2130837711 act=0 typ=2130837666
01-11 20:39:51.895 D/StatusBar-NetworkControllerDS(503): changing data overlay icon id to 2130837721
01-11 20:39:52.895 W/SignalStrength(503): getGsmLevel. this.mGsmSignalBar=4, getGsmSignalStrength()== 19
01-11 20:39:52.895 W/SignalStrength(503): getGsmLevel=4
01-11 20:39:52.895 W/SignalStrength(503): getLevel=4 (SignalStrength: 19 255 -120 -160 -120 -1 -1 99 2147483647 -32767 2147483647 -32767 gsm|lte 4)
01-11 20:39:52.895 W/SignalStrength(503): getGsmLevel. this.mGsmSignalBar=4, getGsmSignalStrength()== 25
01-11 20:39:52.895 W/SignalStrength(503): getGsmLevel=4
01-11 20:39:52.895 W/SignalStrength(503): getLevel=4 (SignalStrength: 25 255 -120 -160 -120 -1 -1 99 2147483647 -32767 2147483647 -32767 gsm|lte 4)
01-11 20:39:52.895 D/StatusBar-NetworkControllerDS(503): refreshViews connected={ wifi } level=4|4 combinedSignalIconId=0x7f0200ef/com.android.systemui:drawable/stat_sys_wifi_signal_4 combinedActivityIconId=0x7f0200d8 mAirplaneMode=false mDataActivity1=0 mDataActivity2=0 mPhoneSignalIconId1=0x7f0200d5 mPhoneSignalIconId2=0x7f0200cf mLastPhoneSignalIconId1=0x7f0200d5 mLastPhoneSignalIconId2=0x7f0200cf mDataDirectionIconId1=0x0 mDataDirectionIconId2=0x0 mDataSignalIconId1=0x7f0200d5 mDataSignalIconId2=0x7f0200cf mDataTypeIconId1=0x7f0200a2 mDataTypeIconId2=0x7f0200a2 mWifiIconId=0x7f0200ef mRoamingIconId1=0x0 mRoamingIconId2=0x0 mBluetoothTetherIconId=0x10806ce
01-11 20:39:52.895 D/SignalClusterView(503): wifi: VISIBLE sig=2130837743 act=2130837720
01-11 20:39:52.895 D/SignalClusterView(503): mobile1: VISIBLE sig=2130837717 act=0 typ=2130837666
01-11 20:39:52.895 D/SignalClusterView(503): mobile2: VISIBLE sig=2130837711 act=0 typ=2130837666
01-11 20:39:52.895 D/SignalClusterView(503): wifi: VISIBLE sig=2130837743 act=2130837720
01-11 20:39:52.895 D/SignalClusterView(503): mobile1: VISIBLE sig=2130837717 act=0 typ=2130837666
01-11 20:39:52.895 D/SignalClusterView(503): mobile2: VISIBLE sig=2130837711 act=0 typ=2130837666
01-11 20:39:52.895 D/SignalClusterView(503): wifi: VISIBLE sig=2130837743 act=2130837720
01-11 20:39:52.895 D/SignalClusterView(503): mobile1: VISIBLE sig=2130837717 act=0 typ=2130837666
01-11 20:39:52.895 D/SignalClusterView(503): mobile2: VISIBLE sig=2130837711 act=0 typ=2130837666
01-11 20:39:52.895 D/StatusBar-NetworkControllerDS(503): changing data overlay icon id to 2130837720
