01-11 20:39:53.025 D/Tethering(377): interfaceLinkStateChanged wlan0, true
01-11 20:39:53.025 D/Tethering(377): interfaceStatusChanged wlan0, true
01-11 20:39:54.905 D/StatusBar-NetworkControllerDS(503): refreshViews connected={ wifi } level=4|4 combinedSignalIconId=0x7f0200ef/com.android.systemui:drawable/stat_sys_wifi_signal_4 combinedActivityIconId=0x7f0200d9 mAirplaneMode=false mDataActivity1=0 mDataActivity2=0 mPhoneSignalIconId1=0x7f0200d5 mPhoneSignalIconId2=0x7f0200cf mLastPhoneSignalIconId1=0x7f0200d5 mLastPhoneSignalIconId2=0x7f0200cf mDataDirectionIconId1=0x0 mDataDirectionIconId2=0x0 mDataSignalIconId1=0x7f0200d5 mDataSignalIconId2=0x7f0200cf mDataTypeIconId1=0x7f0200a2 mDataTypeIconId2=0x7f0200a2 mWifiIconId=0x7f0200ef mRoamingIconId1=0x0 mRoamingIconId2=0x0 mBluetoothTetherIconId=0x10806ce
01-11 20:39:54.905 W/SignalStrength(503): getGsmLevel. this.mGsmSignalBar=4, getGsmSignalStrength()== 19
01-11 20:39:54.905 W/SignalStrength(503): getGsmLevel=4
01-11 20:39:54.905 W/SignalStrength(503): getLevel=4 (SignalStrength: 19 255 -120 -160 -120 -1 -1 99 2147483647 -32767 2147483647 -32767 gsm|lte 4)
01-11 20:39:54.905 W/SignalStrength(503): getGsmLevel. this.mGsmSignalBar=4, getGsmSignalStrength()== 25
01-11 20:39:54.905 W/SignalStrength(503): getLevel=4 (SignalStrength: 25 255 -120 -160 -120 -1 -1 99 2147483647 -32767 2147483647 -32767 gsm|lte 4)
01-11 20:39:54.905 W/SignalStrength(503): getGsmLevel=4
01-11 20:39:54.925 D/SignalClusterView(503): wifi: VISIBLE sig=2130837743 act=2130837721
01-11 20:39:54.925 D/SignalClusterView(503): mobile1: VISIBLE sig=2130837717 act=0 typ=2130837666
01-11 20:39:54.925 D/SignalClusterView(503): mobile2: VISIBLE sig=2130837711 act=0 typ=2130837666
01-11 20:39:54.925 D/SignalClusterView(503): wifi: VISIBLE sig=2130837743 act=2130837721
01-11 20:39:54.925 D/SignalClusterView(503): mobile1: VISIBLE sig=2130837717 act=0 typ=2130837666
01-11 20:39:54.925 D/SignalClusterView(503): mobile2: VISIBLE sig=2130837711 act=0 typ=2130837666
01-11 20:39:54.925 D/SignalClusterView(503): wifi: VISIBLE sig=2130837743 act=2130837721
01-11 20:39:54.925 D/SignalClusterView(503): mobile1: VISIBLE sig=2130837717 act=0 typ=2130837666
01-11 20:39:54.925 D/SignalClusterView(503): mobile2: VISIBLE sig=2130837711 act=0 typ=2130837666
01-11 20:39:54.925 D/StatusBar-NetworkControllerDS(503): changing data overlay icon id to 2130837721
01-11 20:39:54.965 D/dalvikvm(503): GC_CONCURRENT freed 4395K, 53% free 15611K/32675K, paused 2ms+5ms
01-11 20:39:55.905 W/SignalStrength(503): getGsmLevel. this.mGsmSignalBar=4, getGsmSignalStrength()== 19
01-11 20:39:55.905 W/SignalStrength(503): getGsmLevel=4
01-11 20:39:55.905 W/SignalStrength(503): getLevel=4 (SignalStrength: 19 255 -120 -160 -120 -1 -1 99 2147483647 -32767 2147483647 -32767 gsm|lte 4)
01-11 20:39:55.905 W/SignalStrength(503): getGsmLevel. this.mGsmSignalBar=4, getGsmSignalStrength()== 25
01-11 20:39:55.905 W/SignalStrength(503): getGsmLevel=4
01-11 20:39:55.905 W/SignalStrength(503): getLevel=4 (SignalStrength: 25 255 -120 -160 -120 -1 -1 99 2147483647 -32767 2147483647 -32767 gsm|lte 4)
01-11 20:39:55.905 D/StatusBar-NetworkControllerDS(503): refreshViews connected={ wifi } level=4|4 combinedSignalIconId=0x7f0200ef/com.android.systemui:drawable/stat_sys_wifi_signal_4 combinedActivityIconId=0x7f0200d8 mAirplaneMode=false mDataActivity1=0 mDataActivity2=0 mPhoneSignalIconId1=0x7f0200d5 mPhoneSignalIconId2=0x7f0200cf mLastPhoneSignalIconId1=0x7f0200d5 mLastPhoneSignalIconId2=0x7f0200cf mDataDirectionIconId1=0x0 mDataDirectionIconId2=0x0 mDataSignalIconId1=0x7f0200d5 mDataSignalIconId2=0x7f0200cf mDataTypeIconId1=0x7f0200a2 mDataTypeIconId2=0x7f0200a2 mWifiIconId=0x7f0200ef mRoamingIconId1=0x0 mRoamingIconId2=0x0 mBluetoothTetherIconId=0x10806ce
01-11 20:39:55.905 D/SignalClusterView(503): wifi: VISIBLE sig=2130837743 act=2130837720
01-11 20:39:55.905 D/SignalClusterView(503): mobile1: VISIBLE sig=2130837717 act=0 typ=2130837666
01-11 20:39:55.905 D/SignalClusterView(503): mobile2: VISIBLE sig=2130837711 act=0 typ=2130837666
01-11 20:39:55.905 D/SignalClusterView(503): wifi: VISIBLE sig=2130837743 act=2130837720
01-11 20:39:55.915 D/SignalClusterView(503): mobile1: VISIBLE sig=2130837717 act=0 typ=2130837666
01-11 20:39:55.915 D/SignalClusterView(503): mobile2: VISIBLE sig=2130837711 act=0 typ=2130837666
01-11 20:39:55.915 D/SignalClusterView(503): wifi: VISIBLE sig=2130837743 act=2130837720
01-11 20:39:55.915 D/SignalClusterView(503): mobile1: VISIBLE sig=2130837717 act=0 typ=2130837666
01-11 20:39:55.915 D/SignalClusterView(503): mobile2: VISIBLE sig=2130837711 act=0 typ=2130837666
01-11 20:39:55.915 D/StatusBar-NetworkControllerDS(503): changing data overlay icon id to 2130837720
01-11 20:39:56.915 W/SignalStrength(503): getGsmLevel. this.mGsmSignalBar=4, getGsmSignalStrength()== 19
01-11 20:39:56.915 W/SignalStrength(503): getGsmLevel=4
01-11 20:39:56.915 W/SignalStrength(503): getLevel=4 (SignalStrength: 19 255 -120 -160 -120 -1 -1 99 2147483647 -32767 2147483647 -32767 gsm|lte 4)
01-11 20:39:56.915 W/SignalStrength(503): getGsmLevel. this.mGsmSignalBar=4, getGsmSignalStrength()== 25
01-11 20:39:56.915 W/SignalStrength(503): getGsmLevel=4
01-11 20:39:56.915 W/SignalStrength(503): getLevel=4 (SignalStrength: 25 255 -120 -160 -120 -1 -1 99 2147483647 -32767 2147483647 -32767 gsm|lte 4)
01-11 20:39:56.915 D/StatusBar-NetworkControllerDS(503): refreshViews connected={ wifi } level=4|4 combinedSignalIconId=0x7f0200ef/com.android.systemui:drawable/stat_sys_wifi_signal_4 combinedActivityIconId=0x7f0200d9 mAirplaneMode=false mDataActivity1=0 mDataActivity2=0 mPhoneSignalIconId1=0x7f0200d5 mPhoneSignalIconId2=0x7f0200cf mLastPhoneSignalIconId1=0x7f0200d5 mLastPhoneSignalIconId2=0x7f0200cf mDataDirectionIconId1=0x0 mDataDirectionIconId2=0x0 mDataSignalIconId1=0x7f0200d5 mDataSignalIconId2=0x7f0200cf mDataTypeIconId1=0x7f0200a2 mDataTypeIconId2=0x7f0200a2 mWifiIconId=0x7f0200ef mRoamingIconId1=0x0 mRoamingIconId2=0x0 mBluetoothTetherIconId=0x10806ce
01-11 20:39:56.915 D/SignalClusterView(503): wifi: VISIBLE sig=2130837743 act=2130837721
01-11 20:39:56.915 D/SignalClusterView(503): mobile1: VISIBLE sig=2130837717 act=0 typ=2130837666
01-11 20:39:56.915 D/SignalClusterView(503): mobile2: VISIBLE sig=2130837711 act=0 typ=2130837666
01-11 20:39:56.915 D/SignalClusterView(503): wifi: VISIBLE sig=2130837743 act=2130837721
01-11 20:39:56.915 D/SignalClusterView(503): mobile1: VISIBLE sig=2130837717 act=0 typ=2130837666
01-11 20:39:56.915 D/SignalClusterView(503): mobile2: VISIBLE sig=2130837711 act=0 typ=2130837666
01-11 20:39:56.915 D/SignalClusterView(503): wifi: VISIBLE sig=2130837743 act=2130837721
01-11 20:39:56.925 D/SignalClusterView(503): mobile1: VISIBLE sig=2130837717 act=0 typ=2130837666
01-11 20:39:56.925 D/SignalClusterView(503): mobile2: VISIBLE sig=2130837711 act=0 typ=2130837666
01-11 20:39:56.925 D/StatusBar-NetworkControllerDS(503): changing data overlay icon id to 2130837721
01-11 20:39:57.925 W/SignalStrength(503): getGsmLevel. this.mGsmSignalBar=4, getGsmSignalStrength()== 19
01-11 20:39:57.925 W/SignalStrength(503): getGsmLevel=4
01-11 20:39:57.925 W/SignalStrength(503): getLevel=4 (SignalStrength: 19 255 -120 -160 -120 -1 -1 99 2147483647 -32767 2147483647 -32767 gsm|lte 4)
01-11 20:39:57.925 W/SignalStrength(503): getGsmLevel. this.mGsmSignalBar=4, getGsmSignalStrength()== 25
01-11 20:39:57.925 W/SignalStrength(503): getGsmLevel=4
01-11 20:39:57.925 W/SignalStrength(503): getLevel=4 (SignalStrength: 25 255 -120 -160 -120 -1 -1 99 2147483647 -32767 2147483647 -32767 gsm|lte 4)
01-11 20:39:57.925 D/StatusBar-NetworkControllerDS(503): refreshViews connected={ wifi } level=4|4 combinedSignalIconId=0x7f0200ef/com.android.systemui:drawable/stat_sys_wifi_signal_4 combinedActivityIconId=0x7f0200d8 mAirplaneMode=false mDataActivity1=0 mDataActivity2=0 mPhoneSignalIconId1=0x7f0200d5 mPhoneSignalIconId2=0x7f0200cf mLastPhoneSignalIconId1=0x7f0200d5 mLastPhoneSignalIconId2=0x7f0200cf mDataDirectionIconId1=0x0 mDataDirectionIconId2=0x0 mDataSignalIconId1=0x7f0200d5 mDataSignalIconId2=0x7f0200cf mDataTypeIconId1=0x7f0200a2 mDataTypeIconId2=0x7f0200a2 mWifiIconId=0x7f0200ef mRoamingIconId1=0x0 mRoamingIconId2=0x0 mBluetoothTetherIconId=0x10806ce
01-11 20:39:57.925 D/SignalClusterView(503): wifi: VISIBLE sig=2130837743 act=2130837720
01-11 20:39:57.925 D/SignalClusterView(503): mobile1: VISIBLE sig=2130837717 act=0 typ=2130837666
01-11 20:39:57.925 D/SignalClusterView(503): mobile2: VISIBLE sig=2130837711 act=0 typ=2130837666
01-11 20:39:57.925 D/SignalClusterView(503): wifi: VISIBLE sig=2130837743 act=2130837720
01-11 20:39:57.925 D/SignalClusterView(503): mobile1: VISIBLE sig=2130837717 act=0 typ=2130837666
01-11 20:39:57.925 D/SignalClusterView(503): mobile2: VISIBLE sig=2130837711 act=0 typ=2130837666
01-11 20:39:57.935 D/SignalClusterView(503): wifi: VISIBLE sig=2130837743 act=2130837720
01-11 20:39:57.935 D/SignalClusterView(503): mobile1: VISIBLE sig=2130837717 act=0 typ=2130837666
01-11 20:39:57.935 D/SignalClusterView(503): mobile2: VISIBLE sig=2130837711 act=0 typ=2130837666
01-11 20:39:57.935 D/StatusBar-NetworkControllerDS(503): changing data overlay icon id to 2130837720
01-11 20:39:59.155 I/InputReader(377): Touch event's action is 0x0 (deviceType=0) [pCnt=1, pending(waiting finished signal)=0, s=0.766 ]
01-11 20:39:59.155 I/InputDispatcher(377): Delivering touch to current input target: action: 0x0
01-11 20:39:59.155 I/PowerManagerService(377): Ulight 0x3->0x7|0x0
01-11 20:39:59.155 D/PowerManagerService(377): setLightBrightness : mButtonLight : 61
01-11 20:39:59.165 D/lights  (377): write_int /sys/class/leds/button-backlight/brightness = 255
01-11 20:39:59.205 D/memalloc(111): /dev/pmem: Allocated buffer base:0x41b92000 size:1044480 offset:0 fd:42
01-11 20:39:59.205 D/memalloc(25285): /dev/pmem: Mapped buffer base:0x53de2000 size:1044480 offset:0 fd:79
01-11 20:39:59.205 I/Adreno200-EGLSUB(111): <CreateImage:1017>: Android Image
01-11 20:39:59.205 I/Adreno200-EGLSUB(111): <GetImageAttributes:1226>: RGBA_8888
01-11 20:39:59.245 I/InputReader(377): Touch event's action is 0x1 (deviceType=0) [pCnt=1, pending(waiting finished signal)=0, s=]
01-11 20:39:59.245 I/InputDispatcher(377): Delivering touch to current input target: action: 0x1
01-11 20:39:59.255 D/memalloc(25285): /dev/pmem: Unmapping buffer base:0x54fa5000 size:7049216 offset:6004736
01-11 20:39:59.255 D/memalloc(25285): /dev/pmem: Unmapping buffer base:0x56115000 size:8769536 offset:7725056
01-11 20:39:59.255 D/memalloc(25285): /dev/pmem: Unmapping buffer base:0x53de2000 size:1044480 offset:0
01-11 20:39:59.255 D/memalloc(111): /dev/pmem: Freeing buffer base:0x4214c000 size:1044480 offset:6004736 fd:48
01-11 20:39:59.255 D/memalloc(111): /dev/pmem: Freeing buffer base:0x41b92000 size:1044480 offset:0 fd:42
01-11 20:39:59.265 D/KeyguardViewMediator(377): setHidden false
01-11 20:39:59.275 D/KeyguardViewMediator(377): setHidden false
01-11 20:39:59.285 W/SurfaceFlinger(111): id=496 Removed idx=3 Map Size=5
01-11 20:39:59.285 W/SurfaceFlinger(111): id=496 Removed idx=-2 Map Size=5
01-11 20:39:59.285 D/KeyguardViewMediator(377): setHidden false
01-11 20:39:59.285 D/KeyguardViewMediator(377): setHidden false
01-11 20:39:59.295 D/memalloc(111): /dev/pmem: Freeing buffer base:0x422f0000 size:1044480 offset:7725056 fd:60
01-11 20:39:59.295 I/ClipboardServiceEx(377): Send intent for dismiss clipboard dialog inside hideCurrentInputLocked() !
01-11 20:39:59.935 W/SignalStrength(503): getGsmLevel. this.mGsmSignalBar=4, getGsmSignalStrength()== 19
01-11 20:39:59.935 W/SignalStrength(503): getGsmLevel=4
01-11 20:39:59.935 W/SignalStrength(503): getLevel=4 (SignalStrength: 19 255 -120 -160 -120 -1 -1 99 2147483647 -32767 2147483647 -32767 gsm|lte 4)
01-11 20:39:59.935 W/SignalStrength(503): getGsmLevel. this.mGsmSignalBar=4, getGsmSignalStrength()== 25
01-11 20:39:59.935 W/SignalStrength(503): getGsmLevel=4
01-11 20:39:59.945 W/SignalStrength(503): getLevel=4 (SignalStrength: 25 255 -120 -160 -120 -1 -1 99 2147483647 -32767 2147483647 -32767 gsm|lte 4)
01-11 20:39:59.945 D/StatusBar-NetworkControllerDS(503): refreshViews connected={ wifi } level=4|4 combinedSignalIconId=0x7f0200ef/com.android.systemui:drawable/stat_sys_wifi_signal_4 combinedActivityIconId=0x7f0200d9 mAirplaneMode=false mDataActivity1=0 mDataActivity2=0 mPhoneSignalIconId1=0x7f0200d5 mPhoneSignalIconId2=0x7f0200cf mLastPhoneSignalIconId1=0x7f0200d5 mLastPhoneSignalIconId2=0x7f0200cf mDataDirectionIconId1=0x0 mDataDirectionIconId2=0x0 mDataSignalIconId1=0x7f0200d5 mDataSignalIconId2=0x7f0200cf mDataTypeIconId1=0x7f0200a2 mDataTypeIconId2=0x7f0200a2 mWifiIconId=0x7f0200ef mRoamingIconId1=0x0 mRoamingIconId2=0x0 mBluetoothTetherIconId=0x10806ce
01-11 20:39:59.945 D/SignalClusterView(503): wifi: VISIBLE sig=2130837743 act=2130837721
01-11 20:39:59.945 D/SignalClusterView(503): mobile1: VISIBLE sig=2130837717 act=0 typ=2130837666
01-11 20:39:59.945 D/SignalClusterView(503): mobile2: VISIBLE sig=2130837711 act=0 typ=2130837666
01-11 20:39:59.945 D/SignalClusterView(503): wifi: VISIBLE sig=2130837743 act=2130837721
01-11 20:39:59.945 D/SignalClusterView(503): mobile1: VISIBLE sig=2130837717 act=0 typ=2130837666
01-11 20:39:59.945 D/SignalClusterView(503): mobile2: VISIBLE sig=2130837711 act=0 typ=2130837666
01-11 20:39:59.945 D/SignalClusterView(503): wifi: VISIBLE sig=2130837743 act=2130837721
01-11 20:39:59.945 D/SignalClusterView(503): mobile1: VISIBLE sig=2130837717 act=0 typ=2130837666
01-11 20:39:59.945 D/SignalClusterView(503): mobile2: VISIBLE sig=2130837711 act=0 typ=2130837666
01-11 20:39:59.945 D/StatusBar-NetworkControllerDS(503): changing data overlay icon id to 2130837721
01-11 20:39:59.995 E/AlarmManagerService(377): android_server_AlarmManagerService_set to type=3, 113213.645000000
01-11 20:39:59.995 V/AlarmManager(377): waitForAlarm result :8
01-11 20:39:59.995 V/AlarmManager(377): ClockReceiver onReceive() ACTION_TIME_TICK
01-11 20:39:59.995 W/AlarmManager(377): FACTORY_ON= 0
01-11 20:40:00.005 D/KeyguardUpdateMonitor(377): received broadcast android.intent.action.TIME_TICK
01-11 20:40:00.005 D/KeyguardUpdateMonitor(377): handleTimeUpdate
01-11 20:40:00.005 D/STATUSBAR-Clock(503): onReceive() - ACTION_TIME_TICK
01-11 20:40:00.205 I/InputReader(377): Touch event's action is 0x0 (deviceType=0) [pCnt=1, pending(waiting finished signal)=0, s=0.767 ]
01-11 20:40:00.205 I/InputDispatcher(377): Delivering touch to current input target: action: 0x0
01-11 20:40:00.265 I/NRFW    (1229): profile=wifi
01-11 20:40:00.275 I/NRFW    (1229): serverip=103.235.47.88 localIp=10.0.8.1
01-11 20:40:00.285 I/DNS     (1229): 103.235.47.88 h_errno=1
01-11 20:40:00.305 I/InputReader(377): Touch event's action is 0x1 (deviceType=0) [pCnt=1, pending(waiting finished signal)=0, s=]
01-11 20:40:00.305 I/InputDispatcher(377): Delivering touch to current input target: action: 0x1
01-11 20:40:00.305 I/DNS     (1229): 112.80.248.171 h_errno=1
01-11 20:40:00.315 I/DNS     (1229): 112.80.248.171 h_errno=1
01-11 20:40:00.955 W/SignalStrength(503): getGsmLevel. this.mGsmSignalBar=4, getGsmSignalStrength()== 19
01-11 20:40:00.955 W/SignalStrength(503): getGsmLevel=4
01-11 20:40:00.955 W/SignalStrength(503): getLevel=4 (SignalStrength: 19 255 -120 -160 -120 -1 -1 99 2147483647 -32767 2147483647 -32767 gsm|lte 4)
01-11 20:40:00.955 W/SignalStrength(503): getGsmLevel. this.mGsmSignalBar=4, getGsmSignalStrength()== 25
01-11 20:40:00.955 W/SignalStrength(503): getGsmLevel=4
01-11 20:40:00.955 W/SignalStrength(503): getLevel=4 (SignalStrength: 25 255 -120 -160 -120 -1 -1 99 2147483647 -32767 2147483647 -32767 gsm|lte 4)
01-11 20:40:00.955 D/StatusBar-NetworkControllerDS(503): refreshViews connected={ wifi } level=4|4 combinedSignalIconId=0x7f0200ef/com.android.systemui:drawable/stat_sys_wifi_signal_4 combinedActivityIconId=0x7f0200d8 mAirplaneMode=false mDataActivity1=0 mDataActivity2=0 mPhoneSignalIconId1=0x7f0200d5 mPhoneSignalIconId2=0x7f0200cf mLastPhoneSignalIconId1=0x7f0200d5 mLastPhoneSignalIconId2=0x7f0200cf mDataDirectionIconId1=0x0 mDataDirectionIconId2=0x0 mDataSignalIconId1=0x7f0200d5 mDataSignalIconId2=0x7f0200cf mDataTypeIconId1=0x7f0200a2 mDataTypeIconId2=0x7f0200a2 mWifiIconId=0x7f0200ef mRoamingIconId1=0x0 mRoamingIconId2=0x0 mBluetoothTetherIconId=0x10806ce
01-11 20:40:00.955 D/SignalClusterView(503): wifi: VISIBLE sig=2130837743 act=2130837720
01-11 20:40:00.955 D/SignalClusterView(503): mobile1: VISIBLE sig=2130837717 act=0 typ=2130837666
01-11 20:40:00.955 D/SignalClusterView(503): mobile2: VISIBLE sig=2130837711 act=0 typ=2130837666
01-11 20:40:00.955 D/SignalClusterView(503): wifi: VISIBLE sig=2130837743 act=2130837720
01-11 20:40:00.955 D/SignalClusterView(503): mobile1: VISIBLE sig=2130837717 act=0 typ=2130837666
01-11 20:40:00.955 D/SignalClusterView(503): mobile2: VISIBLE sig=2130837711 act=0 typ=2130837666
01-11 20:40:00.955 D/SignalClusterView(503): wifi: VISIBLE sig=2130837743 act=2130837720
01-11 20:40:00.955 D/SignalClusterView(503): mobile1: VISIBLE sig=2130837717 act=0 typ=2130837666
01-11 20:40:00.955 D/SignalClusterView(503): mobile2: VISIBLE sig=2130837711 act=0 typ=2130837666
01-11 20:40:00.955 D/StatusBar-NetworkControllerDS(503): changing data overlay icon id to 2130837720
01-11 20:40:01.715 D/lights  (377): write_int /sys/class/leds/button-backlight/brightness = 0
01-11 20:40:01.715 V/PowerManagerService(377): Top Most Needs Intelligent Sleep: true
01-11 20:40:01.715 W/PowerManagerService(377): Timer 0x7->0x3|0x3
01-11 20:40:01.715 I/PowerManagerService(377): Ulight 0x7->0x3|0x0
01-11 20:40:01.715 D/PowerManagerService(377): setLightBrightness : mButtonLight : 0
01-11 20:40:01.885 I/InputReader(377): Touch event's action is 0x0 (deviceType=0) [pCnt=1, pending(waiting finished signal)=0, s=0.768 ]
01-11 20:40:01.885 I/InputDispatcher(377): Delivering touch to current input target: action: 0x0
01-11 20:40:01.885 D/lights  (377): write_int /sys/class/leds/button-backlight/brightness = 255
01-11 20:40:01.885 I/PowerManagerService(377): Ulight 0x3->0x7|0x0
01-11 20:40:01.885 D/PowerManagerService(377): setLightBrightness : mButtonLight : 61
01-11 20:40:02.495 I/InputReader(377): Touch event's action is 0x1 (deviceType=0) [pCnt=1, pending(waiting finished signal)=0, s=]
01-11 20:40:02.495 I/InputDispatcher(377): Delivering touch to current input target: action: 0x1
01-11 20:40:02.955 W/SignalStrength(503): getGsmLevel. this.mGsmSignalBar=4, getGsmSignalStrength()== 19
01-11 20:40:02.955 W/SignalStrength(503): getGsmLevel=4
01-11 20:40:02.955 W/SignalStrength(503): getLevel=4 (SignalStrength: 19 255 -120 -160 -120 -1 -1 99 2147483647 -32767 2147483647 -32767 gsm|lte 4)
01-11 20:40:02.955 W/SignalStrength(503): getGsmLevel. this.mGsmSignalBar=4, getGsmSignalStrength()== 25
01-11 20:40:02.955 W/SignalStrength(503): getGsmLevel=4
01-11 20:40:02.955 W/SignalStrength(503): getLevel=4 (SignalStrength: 25 255 -120 -160 -120 -1 -1 99 2147483647 -32767 2147483647 -32767 gsm|lte 4)
01-11 20:40:02.955 D/StatusBar-NetworkControllerDS(503): refreshViews connected={ wifi } level=4|4 combinedSignalIconId=0x7f0200ef/com.android.systemui:drawable/stat_sys_wifi_signal_4 combinedActivityIconId=0x7f0200d9 mAirplaneMode=false mDataActivity1=0 mDataActivity2=0 mPhoneSignalIconId1=0x7f0200d5 mPhoneSignalIconId2=0x7f0200cf mLastPhoneSignalIconId1=0x7f0200d5 mLastPhoneSignalIconId2=0x7f0200cf mDataDirectionIconId1=0x0 mDataDirectionIconId2=0x0 mDataSignalIconId1=0x7f0200d5 mDataSignalIconId2=0x7f0200cf mDataTypeIconId1=0x7f0200a2 mDataTypeIconId2=0x7f0200a2 mWifiIconId=0x7f0200ef mRoamingIconId1=0x0 mRoamingIconId2=0x0 mBluetoothTetherIconId=0x10806ce
01-11 20:40:02.955 D/SignalClusterView(503): wifi: VISIBLE sig=2130837743 act=2130837721
01-11 20:40:02.955 D/SignalClusterView(503): mobile1: VISIBLE sig=2130837717 act=0 typ=2130837666
01-11 20:40:02.955 D/SignalClusterView(503): mobile2: VISIBLE sig=2130837711 act=0 typ=2130837666
01-11 20:40:02.955 D/SignalClusterView(503): wifi: VISIBLE sig=2130837743 act=2130837721
01-11 20:40:02.955 D/SignalClusterView(503): mobile1: VISIBLE sig=2130837717 act=0 typ=2130837666
01-11 20:40:02.955 D/SignalClusterView(503): mobile2: VISIBLE sig=2130837711 act=0 typ=2130837666
01-11 20:40:02.965 D/SignalClusterView(503): wifi: VISIBLE sig=2130837743 act=2130837721
01-11 20:40:02.965 D/SignalClusterView(503): mobile1: VISIBLE sig=2130837717 act=0 typ=2130837666
01-11 20:40:02.965 D/SignalClusterView(503): mobile2: VISIBLE sig=2130837711 act=0 typ=2130837666
01-11 20:40:02.965 D/StatusBar-NetworkControllerDS(503): changing data overlay icon id to 2130837721
01-11 20:40:03.285 I/NRFW    (1229): profile=wifi
01-11 20:40:03.315 I/NRFW    (1229): serverip=103.235.47.88 localIp=10.0.8.1
01-11 20:40:03.905 D/lights  (377): write_int /sys/class/leds/button-backlight/brightness = 0
01-11 20:40:03.905 V/PowerManagerService(377): Top Most Needs Intelligent Sleep: true
01-11 20:40:03.905 W/PowerManagerService(377): Timer 0x7->0x3|0x3
01-11 20:40:03.905 I/PowerManagerService(377): Ulight 0x7->0x3|0x0
01-11 20:40:03.905 D/PowerManagerService(377): setLightBrightness : mButtonLight : 0
01-11 20:40:03.965 W/SignalStrength(503): getGsmLevel. this.mGsmSignalBar=4, getGsmSignalStrength()== 19
01-11 20:40:03.965 W/SignalStrength(503): getGsmLevel=4
01-11 20:40:03.965 W/SignalStrength(503): getLevel=4 (SignalStrength: 19 255 -120 -160 -120 -1 -1 99 2147483647 -32767 2147483647 -32767 gsm|lte 4)
01-11 20:40:03.965 W/SignalStrength(503): getGsmLevel. this.mGsmSignalBar=4, getGsmSignalStrength()== 25
01-11 20:40:03.965 W/SignalStrength(503): getGsmLevel=4
01-11 20:40:03.965 W/SignalStrength(503): getLevel=4 (SignalStrength: 25 255 -120 -160 -120 -1 -1 99 2147483647 -32767 2147483647 -32767 gsm|lte 4)
01-11 20:40:03.965 D/StatusBar-NetworkControllerDS(503): refreshViews connected={ wifi } level=4|4 combinedSignalIconId=0x7f0200ef/com.android.systemui:drawable/stat_sys_wifi_signal_4 combinedActivityIconId=0x7f0200d8 mAirplaneMode=false mDataActivity1=0 mDataActivity2=0 mPhoneSignalIconId1=0x7f0200d5 mPhoneSignalIconId2=0x7f0200cf mLastPhoneSignalIconId1=0x7f0200d5 mLastPhoneSignalIconId2=0x7f0200cf mDataDirectionIconId1=0x0 mDataDirectionIconId2=0x0 mDataSignalIconId1=0x7f0200d5 mDataSignalIconId2=0x7f0200cf mDataTypeIconId1=0x7f0200a2 mDataTypeIconId2=0x7f0200a2 mWifiIconId=0x7f0200ef mRoamingIconId1=0x0 mRoamingIconId2=0x0 mBluetoothTetherIconId=0x10806ce
01-11 20:40:03.965 D/SignalClusterView(503): wifi: VISIBLE sig=2130837743 act=2130837720
01-11 20:40:03.965 D/SignalClusterView(503): mobile1: VISIBLE sig=2130837717 act=0 typ=2130837666
01-11 20:40:03.965 D/SignalClusterView(503): mobile2: VISIBLE sig=2130837711 act=0 typ=2130837666
01-11 20:40:03.965 D/SignalClusterView(503): wifi: VISIBLE sig=2130837743 act=2130837720
01-11 20:40:03.965 D/SignalClusterView(503): mobile1: VISIBLE sig=2130837717 act=0 typ=2130837666
01-11 20:40:03.975 D/SignalClusterView(503): mobile2: VISIBLE sig=2130837711 act=0 typ=2130837666
01-11 20:40:03.975 D/SignalClusterView(503): wifi: VISIBLE sig=2130837743 act=2130837720
01-11 20:40:03.975 D/SignalClusterView(503): mobile1: VISIBLE sig=2130837717 act=0 typ=2130837666
01-11 20:40:03.975 D/SignalClusterView(503): mobile2: VISIBLE sig=2130837711 act=0 typ=2130837666
01-11 20:40:03.975 D/StatusBar-NetworkControllerDS(503): changing data overlay icon id to 2130837720
01-11 20:40:05.585 I/InputReader(377): Touch event's action is 0x0 (deviceType=0) [pCnt=1, pending(waiting finished signal)=0, s=0.769 ]
01-11 20:40:05.585 I/InputDispatcher(377): Delivering touch to current input target: action: 0x0
01-11 20:40:05.585 D/lights  (377): write_int /sys/class/leds/button-backlight/brightness = 255
01-11 20:40:05.585 I/PowerManagerService(377): Ulight 0x3->0x7|0x0
01-11 20:40:05.585 D/PowerManagerService(377): setLightBrightness : mButtonLight : 61
01-11 20:40:05.795 D/BatteryService(377): update start
01-11 20:40:05.805 D/BatteryService(377): level:29 scale:100 status:3 health:2 present:true voltage: 3675 temperature: 230 technology: Li-ion AC powered:false USB powered:false icon:17303167 invalid charger:0
01-11 20:40:05.815 D/KeyguardUpdateMonitor(377): received broadcast android.intent.action.BATTERY_CHANGED
01-11 20:40:05.815 D/KeyguardUpdateMonitor(377): handleBatteryUpdate
01-11 20:40:05.815 D/ThermistorObserver(377): mBatteryBRForAMOLED : onReceive() : newTemperature : 230
01-11 20:40:05.815 V/UiModeManager(377): updateLocked, mLastBroadcastState =0 , oldAction = null
01-11 20:40:05.815 D/STATUSBAR-BatteryController(503): onReceive() - ACTION_BATTERY_CHANGED
01-11 20:40:05.815 D/STATUSBAR-BatteryController(503): onReceive() - level:29
01-11 20:40:05.815 D/STATUSBAR-BatteryController(503): onReceive() - plugged:0
01-11 20:40:05.815 D/STATUSBAR-BatteryController(503): onReceive() - BATTERY_STATUS_DISCHARGING: stat_sys_battery
01-11 20:40:05.815 D/STATUSBAR-PhoneStatusBar(503): ACTION_BATTERY_CHANGED
01-11 20:40:05.815 D/STATUSBAR-PhoneStatusBar(503): NORMAL_BATTERY
01-11 20:40:05.815 D/PowerUI (503): getBatteryOnline : battery online file not found
01-11 20:40:05.975 W/SignalStrength(503): getGsmLevel. this.mGsmSignalBar=4, getGsmSignalStrength()== 19
01-11 20:40:05.975 W/SignalStrength(503): getGsmLevel=4
01-11 20:40:05.975 W/SignalStrength(503): getLevel=4 (SignalStrength: 19 255 -120 -160 -120 -1 -1 99 2147483647 -32767 2147483647 -32767 gsm|lte 4)
01-11 20:40:05.975 W/SignalStrength(503): getGsmLevel. this.mGsmSignalBar=4, getGsmSignalStrength()== 25
01-11 20:40:05.975 W/SignalStrength(503): getGsmLevel=4
01-11 20:40:05.975 W/SignalStrength(503): getLevel=4 (SignalStrength: 25 255 -120 -160 -120 -1 -1 99 2147483647 -32767 2147483647 -32767 gsm|lte 4)
01-11 20:40:05.975 D/StatusBar-NetworkControllerDS(503): refreshViews connected={ wifi } level=4|4 combinedSignalIconId=0x7f0200ef/com.android.systemui:drawable/stat_sys_wifi_signal_4 combinedActivityIconId=0x7f0200d9 mAirplaneMode=false mDataActivity1=0 mDataActivity2=0 mPhoneSignalIconId1=0x7f0200d5 mPhoneSignalIconId2=0x7f0200cf mLastPhoneSignalIconId1=0x7f0200d5 mLastPhoneSignalIconId2=0x7f0200cf mDataDirectionIconId1=0x0 mDataDirectionIconId2=0x0 mDataSignalIconId1=0x7f0200d5 mDataSignalIconId2=0x7f0200cf mDataTypeIconId1=0x7f0200a2 mDataTypeIconId2=0x7f0200a2 mWifiIconId=0x7f0200ef mRoamingIconId1=0x0 mRoamingIconId2=0x0 mBluetoothTetherIconId=0x10806ce
01-11 20:40:05.975 D/SignalClusterView(503): wifi: VISIBLE sig=2130837743 act=2130837721
01-11 20:40:05.975 D/SignalClusterView(503): mobile1: VISIBLE sig=2130837717 act=0 typ=2130837666
01-11 20:40:05.975 D/SignalClusterView(503): mobile2: VISIBLE sig=2130837711 act=0 typ=2130837666
01-11 20:40:05.975 D/SignalClusterView(503): wifi: VISIBLE sig=2130837743 act=2130837721
01-11 20:40:05.975 D/SignalClusterView(503): mobile1: VISIBLE sig=2130837717 act=0 typ=2130837666
01-11 20:40:05.975 D/SignalClusterView(503): mobile2: VISIBLE sig=2130837711 act=0 typ=2130837666
01-11 20:40:05.975 D/SignalClusterView(503): wifi: VISIBLE sig=2130837743 act=2130837721
01-11 20:40:05.975 D/SignalClusterView(503): mobile1: VISIBLE sig=2130837717 act=0 typ=2130837666
01-11 20:40:05.975 D/SignalClusterView(503): mobile2: VISIBLE sig=2130837711 act=0 typ=2130837666
01-11 20:40:05.985 D/StatusBar-NetworkControllerDS(503): changing data overlay icon id to 2130837721
01-11 20:40:06.145 I/InputReader(377): Touch event's action is 0x1 (deviceType=0) [pCnt=1, pending(waiting finished signal)=0, s=]
01-11 20:40:06.145 I/InputDispatcher(377): Delivering touch to current input target: action: 0x1
01-11 20:40:06.685 I/InputReader(377): Touch event's action is 0x0 (deviceType=0) [pCnt=1, pending(waiting finished signal)=0, s=0.770 ]
01-11 20:40:06.685 I/InputDispatcher(377): Delivering touch to current input target: action: 0x0
01-11 20:40:06.765 I/InputReader(377): Touch event's action is 0x1 (deviceType=0) [pCnt=1, pending(waiting finished signal)=0, s=]
01-11 20:40:06.765 I/InputDispatcher(377): Delivering touch to current input target: action: 0x1
01-11 20:40:06.815 D/AbsListView(25285): Get MotionRecognitionManager
01-11 20:40:06.985 W/SignalStrength(503): getGsmLevel. this.mGsmSignalBar=4, getGsmSignalStrength()== 19
01-11 20:40:06.985 W/SignalStrength(503): getGsmLevel=4
01-11 20:40:06.985 W/SignalStrength(503): getLevel=4 (SignalStrength: 19 255 -120 -160 -120 -1 -1 99 2147483647 -32767 2147483647 -32767 gsm|lte 4)
01-11 20:40:06.985 W/SignalStrength(503): getGsmLevel. this.mGsmSignalBar=4, getGsmSignalStrength()== 25
01-11 20:40:06.985 W/SignalStrength(503): getGsmLevel=4
01-11 20:40:06.985 W/SignalStrength(503): getLevel=4 (SignalStrength: 25 255 -120 -160 -120 -1 -1 99 2147483647 -32767 2147483647 -32767 gsm|lte 4)
01-11 20:40:06.985 D/StatusBar-NetworkControllerDS(503): refreshViews connected={ wifi } level=4|4 combinedSignalIconId=0x7f0200ef/com.android.systemui:drawable/stat_sys_wifi_signal_4 combinedActivityIconId=0x7f0200d8 mAirplaneMode=false mDataActivity1=0 mDataActivity2=0 mPhoneSignalIconId1=0x7f0200d5 mPhoneSignalIconId2=0x7f0200cf mLastPhoneSignalIconId1=0x7f0200d5 mLastPhoneSignalIconId2=0x7f0200cf mDataDirectionIconId1=0x0 mDataDirectionIconId2=0x0 mDataSignalIconId1=0x7f0200d5 mDataSignalIconId2=0x7f0200cf mDataTypeIconId1=0x7f0200a2 mDataTypeIconId2=0x7f0200a2 mWifiIconId=0x7f0200ef mRoamingIconId1=0x0 mRoamingIconId2=0x0 mBluetoothTetherIconId=0x10806ce
01-11 20:40:06.985 D/SignalClusterView(503): wifi: VISIBLE sig=2130837743 act=2130837720
01-11 20:40:06.985 D/SignalClusterView(503): mobile1: VISIBLE sig=2130837717 act=0 typ=2130837666
01-11 20:40:06.985 D/SignalClusterView(503): mobile2: VISIBLE sig=2130837711 act=0 typ=2130837666
01-11 20:40:06.985 D/SignalClusterView(503): wifi: VISIBLE sig=2130837743 act=2130837720
01-11 20:40:06.985 D/SignalClusterView(503): mobile1: VISIBLE sig=2130837717 act=0 typ=2130837666
01-11 20:40:06.985 D/SignalClusterView(503): mobile2: VISIBLE sig=2130837711 act=0 typ=2130837666
01-11 20:40:06.985 D/SignalClusterView(503): wifi: VISIBLE sig=2130837743 act=2130837720
01-11 20:40:06.985 D/SignalClusterView(503): mobile1: VISIBLE sig=2130837717 act=0 typ=2130837666
01-11 20:40:06.985 D/SignalClusterView(503): mobile2: VISIBLE sig=2130837711 act=0 typ=2130837666
01-11 20:40:06.985 D/StatusBar-NetworkControllerDS(503): changing data overlay icon id to 2130837720
01-11 20:40:07.885 I/PlayCommon(23879): [1079] com.google.android.play.a.g.e(900): Preparing logs for uploading
01-11 20:40:07.885 I/PlayCommon(23879): [1079] com.google.android.play.a.g.e(902): No file ready to send
01-11 20:40:08.165 I/InputReader(377): Touch event's action is 0x0 (deviceType=0) [pCnt=1, pending(waiting finished signal)=0, s=0.771 ]
01-11 20:40:08.165 I/InputDispatcher(377): Delivering touch to current input target: action: 0x0
01-11 20:40:08.265 I/InputReader(377): Touch event's action is 0x1 (deviceType=0) [pCnt=1, pending(waiting finished signal)=0, s=]
01-11 20:40:08.265 I/InputDispatcher(377): Delivering touch to current input target: action: 0x1
01-11 20:40:08.405 I/power   (377): *** acquire_dvfs_lock : lockType : 1  freq : 1008000 
01-11 20:40:08.405 D/PowerManagerService(377): acquireDVFSLockLocked : type : DVFS_MIN_LIMIT  frequency : 1008000  uid : 1000  pid : 377  tag : ActivityManager
01-11 20:40:08.455 D/KeyguardViewMediator(377): setHidden false
01-11 20:40:08.475 I/ApplicationUsage(377): handleMessage : MSG_UPDATE_USAGE_DB
01-11 20:40:08.475 I/ApplicationUsage(377): Updating Usage Statistics in DB @ 1484163608479
01-11 20:40:08.745 D/dalvikvm(25285): GC_FOR_ALLOC freed 2526K, 26% free 25432K/34019K, paused 115ms
01-11 20:40:08.755 I/dalvikvm-heap(25285): Grow heap (frag case) to 26.133MB for 262160-byte allocation
01-11 20:40:08.855 D/dalvikvm(25285): GC_FOR_ALLOC freed 1011K, 29% free 24676K/34339K, paused 100ms
01-11 20:40:08.985 W/SignalStrength(503): getGsmLevel. this.mGsmSignalBar=4, getGsmSignalStrength()== 19
01-11 20:40:08.985 W/SignalStrength(503): getGsmLevel=4
01-11 20:40:08.985 W/SignalStrength(503): getLevel=4 (SignalStrength: 19 255 -120 -160 -120 -1 -1 99 2147483647 -32767 2147483647 -32767 gsm|lte 4)
01-11 20:40:08.985 W/SignalStrength(503): getGsmLevel. this.mGsmSignalBar=4, getGsmSignalStrength()== 25
01-11 20:40:08.985 W/SignalStrength(503): getGsmLevel=4
01-11 20:40:08.985 W/SignalStrength(503): getLevel=4 (SignalStrength: 25 255 -120 -160 -120 -1 -1 99 2147483647 -32767 2147483647 -32767 gsm|lte 4)
01-11 20:40:08.985 D/StatusBar-NetworkControllerDS(503): refreshViews connected={ wifi } level=4|4 combinedSignalIconId=0x7f0200ef/com.android.systemui:drawable/stat_sys_wifi_signal_4 combinedActivityIconId=0x7f0200d9 mAirplaneMode=false mDataActivity1=0 mDataActivity2=0 mPhoneSignalIconId1=0x7f0200d5 mPhoneSignalIconId2=0x7f0200cf mLastPhoneSignalIconId1=0x7f0200d5 mLastPhoneSignalIconId2=0x7f0200cf mDataDirectionIconId1=0x0 mDataDirectionIconId2=0x0 mDataSignalIconId1=0x7f0200d5 mDataSignalIconId2=0x7f0200cf mDataTypeIconId1=0x7f0200a2 mDataTypeIconId2=0x7f0200a2 mWifiIconId=0x7f0200ef mRoamingIconId1=0x0 mRoamingIconId2=0x0 mBluetoothTetherIconId=0x10806ce
01-11 20:40:08.985 D/SignalClusterView(503): wifi: VISIBLE sig=2130837743 act=2130837721
01-11 20:40:08.985 D/SignalClusterView(503): mobile1: VISIBLE sig=2130837717 act=0 typ=2130837666
01-11 20:40:08.985 D/SignalClusterView(503): mobile2: VISIBLE sig=2130837711 act=0 typ=2130837666
01-11 20:40:08.985 D/SignalClusterView(503): wifi: VISIBLE sig=2130837743 act=2130837721
01-11 20:40:08.985 D/SignalClusterView(503): mobile1: VISIBLE sig=2130837717 act=0 typ=2130837666
01-11 20:40:08.985 D/SignalClusterView(503): mobile2: VISIBLE sig=2130837711 act=0 typ=2130837666
01-11 20:40:08.985 D/SignalClusterView(503): wifi: VISIBLE sig=2130837743 act=2130837721
01-11 20:40:08.985 D/SignalClusterView(503): mobile1: VISIBLE sig=2130837717 act=0 typ=2130837666
01-11 20:40:08.985 D/SignalClusterView(503): mobile2: VISIBLE sig=2130837711 act=0 typ=2130837666
01-11 20:40:08.985 D/StatusBar-NetworkControllerDS(503): changing data overlay icon id to 2130837721
01-11 20:40:09.165 D/dalvikvm(25285): GC_FOR_ALLOC freed 524K, 29% free 24523K/34339K, paused 106ms
01-11 20:40:09.165 I/dalvikvm-heap(25285): Grow heap (frag case) to 26.950MB for 2048016-byte allocation
01-11 20:40:09.295 D/dalvikvm(25285): GC_FOR_ALLOC freed <1K, 28% free 26522K/36387K, paused 103ms
01-11 20:40:09.305 I/NRFW    (1229): profile=wifi
01-11 20:40:09.335 I/NRFW    (1229): serverip=103.235.47.88 localIp=10.0.8.1
01-11 20:40:09.405 I/power   (377): *** release_dvfs_lock : lockType : 1 
01-11 20:40:09.405 D/PowerManagerService(377): releaseDVFSLockLocked : all DVFS_MIN_LIMIT are released 
01-11 20:40:09.435 D/AbsListView(25285): Get MotionRecognitionManager
01-11 20:40:09.505 D/AbsListView(25285): Get MotionRecognitionManager
01-11 20:40:09.665 D/lights  (377): write_int /sys/class/leds/button-backlight/brightness = 0
01-11 20:40:09.665 V/PowerManagerService(377): Top Most Needs Intelligent Sleep: true
01-11 20:40:09.665 W/PowerManagerService(377): Timer 0x7->0x3|0x3
01-11 20:40:09.665 I/PowerManagerService(377): Ulight 0x7->0x3|0x0
01-11 20:40:09.665 D/PowerManagerService(377): setLightBrightness : mButtonLight : 0
01-11 20:40:09.925 I/webclipboard(25285): clipservice: android.sec.clipboard.ClipboardExManager@4285fdd0
01-11 20:40:09.985 W/SignalStrength(503): getGsmLevel. this.mGsmSignalBar=4, getGsmSignalStrength()== 19
01-11 20:40:09.985 W/SignalStrength(503): getGsmLevel=4
01-11 20:40:09.985 W/SignalStrength(503): getLevel=4 (SignalStrength: 19 255 -120 -160 -120 -1 -1 99 2147483647 -32767 2147483647 -32767 gsm|lte 4)
01-11 20:40:09.985 W/SignalStrength(503): getGsmLevel. this.mGsmSignalBar=4, getGsmSignalStrength()== 25
01-11 20:40:09.985 W/SignalStrength(503): getGsmLevel=4
01-11 20:40:09.985 W/SignalStrength(503): getLevel=4 (SignalStrength: 25 255 -120 -160 -120 -1 -1 99 2147483647 -32767 2147483647 -32767 gsm|lte 4)
01-11 20:40:09.985 D/StatusBar-NetworkControllerDS(503): refreshViews connected={ wifi } level=4|4 combinedSignalIconId=0x7f0200ef/com.android.systemui:drawable/stat_sys_wifi_signal_4 combinedActivityIconId=0x7f0200d8 mAirplaneMode=false mDataActivity1=0 mDataActivity2=0 mPhoneSignalIconId1=0x7f0200d5 mPhoneSignalIconId2=0x7f0200cf mLastPhoneSignalIconId1=0x7f0200d5 mLastPhoneSignalIconId2=0x7f0200cf mDataDirectionIconId1=0x0 mDataDirectionIconId2=0x0 mDataSignalIconId1=0x7f0200d5 mDataSignalIconId2=0x7f0200cf mDataTypeIconId1=0x7f0200a2 mDataTypeIconId2=0x7f0200a2 mWifiIconId=0x7f0200ef mRoamingIconId1=0x0 mRoamingIconId2=0x0 mBluetoothTetherIconId=0x10806ce
01-11 20:40:09.995 D/SignalClusterView(503): wifi: VISIBLE sig=2130837743 act=2130837720
01-11 20:40:09.995 D/SignalClusterView(503): mobile1: VISIBLE sig=2130837717 act=0 typ=2130837666
01-11 20:40:09.995 D/SignalClusterView(503): mobile2: VISIBLE sig=2130837711 act=0 typ=2130837666
01-11 20:40:09.995 D/SignalClusterView(503): wifi: VISIBLE sig=2130837743 act=2130837720
01-11 20:40:09.995 D/SignalClusterView(503): mobile1: VISIBLE sig=2130837717 act=0 typ=2130837666
01-11 20:40:09.995 D/SignalClusterView(503): mobile2: VISIBLE sig=2130837711 act=0 typ=2130837666
01-11 20:40:09.995 D/SignalClusterView(503): wifi: VISIBLE sig=2130837743 act=2130837720
01-11 20:40:09.995 D/SignalClusterView(503): mobile1: VISIBLE sig=2130837717 act=0 typ=2130837666
01-11 20:40:09.995 D/SignalClusterView(503): mobile2: VISIBLE sig=2130837711 act=0 typ=2130837666
01-11 20:40:09.995 D/StatusBar-NetworkControllerDS(503): changing data overlay icon id to 2130837720
01-11 20:40:10.925 W/SurfaceFlinger(111): id=499(10) createSurface 0xbc7e24 (1x1),1 flag=400
01-11 20:40:10.935 D/STATUSBAR-StatusBarManagerService(377): setSystemUiVisibility(0x0)
01-11 20:40:10.935 D/STATUSBAR-StatusBarManagerService(377): manageDisableList what=0x0 pkg=WindowManager.LayoutParams
01-11 20:40:10.955 D/KeyguardViewMediator(377): setHidden false
01-11 20:40:10.965 I/Adreno200-EGLSUB(25285): <ConfigWindowMatch:2218>: Format RGBA_8888.
01-11 20:40:10.975 D/memalloc(111): /dev/pmem: Allocated buffer base:0x41b92000 size:1536000 offset:0 fd:42
01-11 20:40:10.975 D/memalloc(25285): /dev/pmem: Mapped buffer base:0x54fa5000 size:1536000 offset:0 fd:110
01-11 20:40:11.905 V/        (25285): NotificationPresenterImpl::setSettingsValue 0 
01-11 20:40:11.905 V/        (25285): NotificationPresenterImpl::setSettingsValue 0 
01-11 20:40:11.955 W/SignalStrength(503): getGsmLevel. this.mGsmSignalBar=4, getGsmSignalStrength()== 19
01-11 20:40:11.955 W/SignalStrength(503): getGsmLevel=4
01-11 20:40:11.955 W/SignalStrength(503): getLevel=4 (SignalStrength: 19 255 -120 -160 -120 -1 -1 99 2147483647 -32767 2147483647 -32767 gsm|lte 4)
01-11 20:40:11.955 W/SignalStrength(503): getGsmLevel. this.mGsmSignalBar=4, getGsmSignalStrength()== 25
01-11 20:40:11.955 W/SignalStrength(503): getGsmLevel=4
01-11 20:40:11.955 W/SignalStrength(503): getLevel=4 (SignalStrength: 25 255 -120 -160 -120 -1 -1 99 2147483647 -32767 2147483647 -32767 gsm|lte 4)
01-11 20:40:11.955 D/TWStatusBar-NetworkControllerDS(503): onReceive() - RSSI_CHANGED_ACTION, WIFI_STATE, NETWORK_STATE
01-11 20:40:11.955 D/StatusBar-NetworkControllerDS(503): refreshViews connected={ wifi } level=4|4 combinedSignalIconId=0x7f0200ed/com.android.systemui:drawable/stat_sys_wifi_signal_3 combinedActivityIconId=0x7f0200d8 mAirplaneMode=false mDataActivity1=0 mDataActivity2=0 mPhoneSignalIconId1=0x7f0200d5 mPhoneSignalIconId2=0x7f0200cf mLastPhoneSignalIconId1=0x7f0200d5 mLastPhoneSignalIconId2=0x7f0200cf mDataDirectionIconId1=0x0 mDataDirectionIconId2=0x0 mDataSignalIconId1=0x7f0200d5 mDataSignalIconId2=0x7f0200cf mDataTypeIconId1=0x7f0200a2 mDataTypeIconId2=0x7f0200a2 mWifiIconId=0x7f0200ed mRoamingIconId1=0x0 mRoamingIconId2=0x0 mBluetoothTetherIconId=0x10806ce
01-11 20:40:11.955 D/SignalClusterView(503): wifi: VISIBLE sig=2130837741 act=2130837720
01-11 20:40:11.955 D/SignalClusterView(503): mobile1: VISIBLE sig=2130837717 act=0 typ=2130837666
01-11 20:40:11.955 D/SignalClusterView(503): mobile2: VISIBLE sig=2130837711 act=0 typ=2130837666
01-11 20:40:11.955 D/SignalClusterView(503): wifi: VISIBLE sig=2130837741 act=2130837720
01-11 20:40:11.955 D/SignalClusterView(503): mobile1: VISIBLE sig=2130837717 act=0 typ=2130837666
01-11 20:40:11.955 D/SignalClusterView(503): mobile2: VISIBLE sig=2130837711 act=0 typ=2130837666
01-11 20:40:11.955 D/SignalClusterView(503): wifi: VISIBLE sig=2130837741 act=2130837720
01-11 20:40:11.955 D/SignalClusterView(503): mobile1: VISIBLE sig=2130837717 act=0 typ=2130837666
01-11 20:40:11.955 D/SignalClusterView(503): mobile2: VISIBLE sig=2130837711 act=0 typ=2130837666
01-11 20:40:11.975 I/ApplicationUsage(377): Done Updating Usage Statistics in DB @ 1484163611984
01-11 20:40:11.995 W/SignalStrength(503): getGsmLevel. this.mGsmSignalBar=4, getGsmSignalStrength()== 19
01-11 20:40:11.995 W/SignalStrength(503): getGsmLevel=4
01-11 20:40:11.995 W/SignalStrength(503): getLevel=4 (SignalStrength: 19 255 -120 -160 -120 -1 -1 99 2147483647 -32767 2147483647 -32767 gsm|lte 4)
01-11 20:40:11.995 W/SignalStrength(503): getGsmLevel. this.mGsmSignalBar=4, getGsmSignalStrength()== 25
01-11 20:40:11.995 W/SignalStrength(503): getGsmLevel=4
01-11 20:40:11.995 W/SignalStrength(503): getLevel=4 (SignalStrength: 25 255 -120 -160 -120 -1 -1 99 2147483647 -32767 2147483647 -32767 gsm|lte 4)
01-11 20:40:11.995 D/StatusBar-NetworkControllerDS(503): refreshViews connected={ wifi } level=4|4 combinedSignalIconId=0x7f0200ed/com.android.systemui:drawable/stat_sys_wifi_signal_3 combinedActivityIconId=0x7f0200d9 mAirplaneMode=false mDataActivity1=0 mDataActivity2=0 mPhoneSignalIconId1=0x7f0200d5 mPhoneSignalIconId2=0x7f0200cf mLastPhoneSignalIconId1=0x7f0200d5 mLastPhoneSignalIconId2=0x7f0200cf mDataDirectionIconId1=0x0 mDataDirectionIconId2=0x0 mDataSignalIconId1=0x7f0200d5 mDataSignalIconId2=0x7f0200cf mDataTypeIconId1=0x7f0200a2 mDataTypeIconId2=0x7f0200a2 mWifiIconId=0x7f0200ed mRoamingIconId1=0x0 mRoamingIconId2=0x0 mBluetoothTetherIconId=0x10806ce
01-11 20:40:11.995 D/SignalClusterView(503): wifi: VISIBLE sig=2130837741 act=2130837721
01-11 20:40:11.995 D/SignalClusterView(503): mobile1: VISIBLE sig=2130837717 act=0 typ=2130837666
01-11 20:40:11.995 D/SignalClusterView(503): mobile2: VISIBLE sig=2130837711 act=0 typ=2130837666
01-11 20:40:11.995 D/SignalClusterView(503): wifi: VISIBLE sig=2130837741 act=2130837721
01-11 20:40:11.995 D/SignalClusterView(503): mobile1: VISIBLE sig=2130837717 act=0 typ=2130837666
01-11 20:40:11.995 D/SignalClusterView(503): mobile2: VISIBLE sig=2130837711 act=0 typ=2130837666
01-11 20:40:11.995 D/SignalClusterView(503): wifi: VISIBLE sig=2130837741 act=2130837721
01-11 20:40:11.995 D/SignalClusterView(503): mobile1: VISIBLE sig=2130837717 act=0 typ=2130837666
01-11 20:40:11.995 D/SignalClusterView(503): mobile2: VISIBLE sig=2130837711 act=0 typ=2130837666
01-11 20:40:11.995 D/StatusBar-NetworkControllerDS(503): changing data overlay icon id to 2130837721
01-11 20:40:12.295 I/GATE    (25285): <GATE-M>DEV_ACTION_COMPLETED</GATE-M>
01-11 20:40:12.415 D/WML_SISO(25285): InitPasteboardJni
01-11 20:40:12.445 I/ClipboardServiceEx(377): Send intent for dismiss clipboard dialog inside hideCurrentInputLocked() !
01-11 20:40:12.525 D/KeyguardViewMediator(377): setHidden false
01-11 20:40:12.775 D/memalloc(111): /dev/pmem: Allocated buffer base:0x41b92000 size:1536000 offset:6004736 fd:48
01-11 20:40:12.775 D/memalloc(25285): /dev/pmem: Mapped buffer base:0x56688000 size:7540736 offset:6004736 fd:115
01-11 20:40:12.775 D/KeyguardViewMediator(377): setHidden false
01-11 20:40:12.775 I/ActivityManager(377): Displayed shortComponentName: +4s338ms
01-11 20:40:12.785 I/Adreno200-EGLSUB(111): <CreateImage:1017>: Android Image
01-11 20:40:12.785 I/Adreno200-EGLSUB(111): <GetImageAttributes:1226>: RGBA_8888
01-11 20:40:12.785 D/KeyguardViewMediator(377): setHidden false
01-11 20:40:12.785 D/DEFERED_APP_VISIBILITY(377): tweaking closing app
01-11 20:40:12.795 D/KeyguardViewMediator(377): setHidden false
01-11 20:40:12.815 D/KeyguardViewMediator(377): setHidden false
01-11 20:40:12.825 D/KeyguardViewMediator(377): setHidden false
01-11 20:40:12.845 D/KeyguardViewMediator(377): setHidden false
01-11 20:40:12.865 D/KeyguardViewMediator(377): setHidden false
01-11 20:40:12.875 D/KeyguardViewMediator(377): setHidden false
01-11 20:40:12.885 D/memalloc(111): /dev/pmem: Allocated buffer base:0x41b92000 size:1536000 offset:7540736 fd:54
01-11 20:40:12.895 D/KeyguardViewMediator(377): setHidden false
01-11 20:40:12.895 D/memalloc(25285): /dev/pmem: Mapped buffer base:0x5977a000 size:9076736 offset:7540736 fd:118
01-11 20:40:12.905 D/KeyguardViewMediator(377): setHidden false
01-11 20:40:12.965 D/KeyguardViewMediator(377): setHidden false
01-11 20:40:12.975 D/KeyguardViewMediator(377): setHidden false
01-11 20:40:12.985 I/Adreno200-EGLSUB(111): <CreateImage:1017>: Android Image
01-11 20:40:12.985 I/Adreno200-EGLSUB(111): <GetImageAttributes:1226>: RGBA_8888
01-11 20:40:12.995 W/SignalStrength(503): getGsmLevel. this.mGsmSignalBar=4, getGsmSignalStrength()== 19
01-11 20:40:12.995 W/SignalStrength(503): getGsmLevel=4
01-11 20:40:12.995 W/SignalStrength(503): getLevel=4 (SignalStrength: 19 255 -120 -160 -120 -1 -1 99 2147483647 -32767 2147483647 -32767 gsm|lte 4)
01-11 20:40:12.995 W/SignalStrength(503): getGsmLevel. this.mGsmSignalBar=4, getGsmSignalStrength()== 25
01-11 20:40:12.995 W/SignalStrength(503): getGsmLevel=4
01-11 20:40:12.995 W/SignalStrength(503): getLevel=4 (SignalStrength: 25 255 -120 -160 -120 -1 -1 99 2147483647 -32767 2147483647 -32767 gsm|lte 4)
01-11 20:40:13.005 I/Adreno200-EGLSUB(111): <CreateImage:1017>: Android Image
01-11 20:40:13.005 I/Adreno200-EGLSUB(111): <GetImageAttributes:1226>: RGBA_8888
01-11 20:40:13.005 D/OpenGLRenderer(25285): Flushing caches (mode 0)
01-11 20:40:13.005 D/StatusBar-NetworkControllerDS(503): refreshViews connected={ wifi } level=4|4 combinedSignalIconId=0x7f0200ed/com.android.systemui:drawable/stat_sys_wifi_signal_3 combinedActivityIconId=0x7f0200d8 mAirplaneMode=false mDataActivity1=0 mDataActivity2=0 mPhoneSignalIconId1=0x7f0200d5 mPhoneSignalIconId2=0x7f0200cf mLastPhoneSignalIconId1=0x7f0200d5 mLastPhoneSignalIconId2=0x7f0200cf mDataDirectionIconId1=0x0 mDataDirectionIconId2=0x0 mDataSignalIconId1=0x7f0200d5 mDataSignalIconId2=0x7f0200cf mDataTypeIconId1=0x7f0200a2 mDataTypeIconId2=0x7f0200a2 mWifiIconId=0x7f0200ed mRoamingIconId1=0x0 mRoamingIconId2=0x0 mBluetoothTetherIconId=0x10806ce
01-11 20:40:13.005 D/SignalClusterView(503): wifi: VISIBLE sig=2130837741 act=2130837720
01-11 20:40:13.005 D/SignalClusterView(503): mobile1: VISIBLE sig=2130837717 act=0 typ=2130837666
01-11 20:40:13.005 D/SignalClusterView(503): mobile2: VISIBLE sig=2130837711 act=0 typ=2130837666
01-11 20:40:13.005 D/SignalClusterView(503): wifi: VISIBLE sig=2130837741 act=2130837720
01-11 20:40:13.005 D/SignalClusterView(503): mobile1: VISIBLE sig=2130837717 act=0 typ=2130837666
01-11 20:40:13.005 D/SignalClusterView(503): mobile2: VISIBLE sig=2130837711 act=0 typ=2130837666
01-11 20:40:13.005 D/SignalClusterView(503): wifi: VISIBLE sig=2130837741 act=2130837720
01-11 20:40:13.005 D/SignalClusterView(503): mobile1: VISIBLE sig=2130837717 act=0 typ=2130837666
01-11 20:40:13.005 D/SignalClusterView(503): mobile2: VISIBLE sig=2130837711 act=0 typ=2130837666
01-11 20:40:13.005 D/StatusBar-NetworkControllerDS(503): changing data overlay icon id to 2130837720
01-11 20:40:13.025 D/memalloc(25285): /dev/pmem: Unmapping buffer base:0x56eda000 size:11964416 offset:10428416
01-11 20:40:13.035 D/memalloc(25285): /dev/pmem: Unmapping buffer base:0x57a43000 size:13500416 offset:11964416
01-11 20:40:13.045 D/memalloc(25285): /dev/pmem: Unmapping buffer base:0x58723000 size:15036416 offset:13500416
01-11 20:40:13.045 D/memalloc(111): /dev/pmem: Freeing buffer base:0x42584000 size:1536000 offset:10428416 fd:57
01-11 20:40:13.045 D/memalloc(111): /dev/pmem: Freeing buffer base:0x426fb000 size:1536000 offset:11964416 fd:66
01-11 20:40:13.045 W/SurfaceFlinger(111): id=495 Removed idx=1 Map Size=5
01-11 20:40:13.045 D/KeyguardViewMediator(377): setHidden false
01-11 20:40:13.045 W/SurfaceFlinger(111): id=495 Removed idx=-2 Map Size=5
01-11 20:40:13.045 D/memalloc(111): /dev/pmem: Freeing buffer base:0x42872000 size:1536000 offset:13500416 fd:69
01-11 20:40:13.295 D/dalvikvm(25285): GC_CONCURRENT freed 6472K, 25% free 27423K/36387K, paused 4ms+11ms
01-11 20:40:13.665 D/dalvikvm(25285): GC_FOR_ALLOC freed 2246K, 24% free 27896K/36387K, paused 105ms
01-11 20:40:14.035 D/dalvikvm(25285): GC_FOR_ALLOC freed 2117K, 22% free 28492K/36387K, paused 109ms
01-11 20:40:14.365 D/InputReader(377): Input event: value=1
01-11 20:40:14.365 D/lights  (377): write_int /sys/class/leds/button-backlight/brightness = 255
01-11 20:40:14.365 I/PowerManagerService(377): Ulight 0x3->0x7|0x0
01-11 20:40:14.365 D/PowerManagerService(377): setLightBrightness : mButtonLight : 61
01-11 20:40:14.375 I/InputDispatcher(377): Delivering key to current input target: action: 0x0
01-11 20:40:14.515 D/dalvikvm(25285): GC_FOR_ALLOC freed 2768K, 21% free 29313K/36963K, paused 121ms
01-11 20:40:14.545 D/InputReader(377): Input event: value=0
01-11 20:40:14.545 I/InputDispatcher(377): Delivering key to current input target: action: 0x1
01-11 20:40:14.545 I/ClipboardServiceEx(377): mCBPickerDialog enter case. MSG_DISMISS_DIALOG
01-11 20:40:14.655 I/power   (377): *** acquire_dvfs_lock : lockType : 1  freq : 1008000 
01-11 20:40:14.655 D/PowerManagerService(377): acquireDVFSLockLocked : type : DVFS_MIN_LIMIT  frequency : 1008000  uid : 1000  pid : 377  tag : ActivityManager
01-11 20:40:14.675 D/KeyguardViewMediator(377): setHidden false
01-11 20:40:14.725 W/AlarmManager(377): setInexactRepeating ignored because interval 0 is invalid
01-11 20:40:14.785 W/SurfaceFlinger(111): id=500(11) createSurface 0xbc1c14 (480x800),1 flag=400
