--------- beginning of /dev/log/main
01-11 20:24:07.985 W/SignalStrength(503): getLevel=4 (SignalStrength: 22 255 -120 -160 -120 -1 -1 99 2147483647 -32767 2147483647 -32767 gsm|lte 4)
01-11 20:24:09.375 I/NRFW    (1229): profile=wifi
01-11 20:24:09.395 I/NRFW    (1229): serverip=103.235.47.88 localIp=10.0.8.1
01-11 20:24:09.485 D/dalvikvm(25285): GC_CONCURRENT freed 7358K, 28% free 24344K/33699K, paused 3ms+17ms
01-11 20:24:09.995 W/SignalStrength(503): getGsmLevel. this.mGsmSignalBar=4, getGsmSignalStrength()== 19
01-11 20:24:09.995 W/SignalStrength(503): getGsmLevel=4
01-11 20:24:09.995 W/SignalStrength(503): getLevel=4 (SignalStrength: 19 255 -120 -160 -120 -1 -1 99 2147483647 -32767 2147483647 -32767 gsm|lte 4)
01-11 20:24:09.995 W/SignalStrength(503): getGsmLevel. this.mGsmSignalBar=4, getGsmSignalStrength()== 22
01-11 20:24:09.995 W/SignalStrength(503): getGsmLevel=4
01-11 20:24:09.995 W/SignalStrength(503): getLevel=4 (SignalStrength: 22 255 -120 -160 -120 -1 -1 99 2147483647 -32767 2147483647 -32767 gsm|lte 4)
01-11 20:24:10.995 W/SignalStrength(503): getGsmLevel. this.mGsmSignalBar=4, getGsmSignalStrength()== 19
01-11 20:24:10.995 W/SignalStrength(503): getGsmLevel=4
01-11 20:24:10.995 W/SignalStrength(503): getLevel=4 (SignalStrength: 19 255 -120 -160 -120 -1 -1 99 2147483647 -32767 2147483647 -32767 gsm|lte 4)
01-11 20:24:10.995 W/SignalStrength(503): getGsmLevel. this.mGsmSignalBar=4, getGsmSignalStrength()== 22
01-11 20:24:10.995 W/SignalStrength(503): getGsmLevel=4
01-11 20:24:10.995 W/SignalStrength(503): getLevel=4 (SignalStrength: 22 255 -120 -160 -120 -1 -1 99 2147483647 -32767 2147483647 -32767 gsm|lte 4)
01-11 20:24:11.995 W/SignalStrength(503): getGsmLevel. this.mGsmSignalBar=4, getGsmSignalStrength()== 19
01-11 20:24:11.995 W/SignalStrength(503): getGsmLevel=4
01-11 20:24:11.995 W/SignalStrength(503): getLevel=4 (SignalStrength: 19 255 -120 -160 -120 -1 -1 99 2147483647 -32767 2147483647 -32767 gsm|lte 4)
01-11 20:24:11.995 W/SignalStrength(503): getGsmLevel. this.mGsmSignalBar=4, getGsmSignalStrength()== 22
01-11 20:24:11.995 W/SignalStrength(503): getGsmLevel=4
01-11 20:24:11.995 W/SignalStrength(503): getLevel=4 (SignalStrength: 22 255 -120 -160 -120 -1 -1 99 2147483647 -32767 2147483647 -32767 gsm|lte 4)
01-11 20:24:12.725 D/dalvikvm(25285): GC_CONCURRENT freed 7375K, 28% free 24308K/33699K, paused 3ms+19ms
01-11 20:24:13.995 W/SignalStrength(503): getGsmLevel. this.mGsmSignalBar=4, getGsmSignalStrength()== 19
01-11 20:24:13.995 W/SignalStrength(503): getGsmLevel=4
01-11 20:24:13.995 W/SignalStrength(503): getLevel=4 (SignalStrength: 19 255 -120 -160 -120 -1 -1 99 2147483647 -32767 2147483647 -32767 gsm|lte 4)
01-11 20:24:13.995 W/SignalStrength(503): getGsmLevel. this.mGsmSignalBar=4, getGsmSignalStrength()== 22
01-11 20:24:13.995 W/SignalStrength(503): getGsmLevel=4
01-11 20:24:13.995 W/SignalStrength(503): getLevel=4 (SignalStrength: 22 255 -120 -160 -120 -1 -1 99 2147483647 -32767 2147483647 -32767 gsm|lte 4)
01-11 20:24:15.385 I/NRFW    (1229): profile=wifi
01-11 20:24:15.405 I/NRFW    (1229): serverip=103.235.47.88 localIp=10.0.8.1
01-11 20:24:16.005 W/SignalStrength(503): getGsmLevel. this.mGsmSignalBar=4, getGsmSignalStrength()== 19
01-11 20:24:16.005 W/SignalStrength(503): getGsmLevel=4
01-11 20:24:16.005 W/SignalStrength(503): getLevel=4 (SignalStrength: 19 255 -120 -160 -120 -1 -1 99 2147483647 -32767 2147483647 -32767 gsm|lte 4)
01-11 20:24:16.005 W/SignalStrength(503): getGsmLevel. this.mGsmSignalBar=4, getGsmSignalStrength()== 22
01-11 20:24:16.005 W/SignalStrength(503): getGsmLevel=4
01-11 20:24:16.005 W/SignalStrength(503): getLevel=4 (SignalStrength: 22 255 -120 -160 -120 -1 -1 99 2147483647 -32767 2147483647 -32767 gsm|lte 4)
01-11 20:24:16.225 D/dalvikvm(25285): GC_CONCURRENT freed 7301K, 28% free 24335K/33699K, paused 6ms+19ms
01-11 20:24:16.765 D/plugin  (684): getDefaultSubscription()
01-11 20:24:19.045 I/NRFW    (1229): profile=wifi
01-11 20:24:19.075 E/AlarmManagerService(377): android_server_AlarmManagerService_set to type=3, 112294.365000000
01-11 20:24:19.685 D/dalvikvm(25285): GC_CONCURRENT freed 7323K, 28% free 24348K/33699K, paused 3ms+19ms
01-11 20:24:23.015 W/SignalStrength(503): getGsmLevel. this.mGsmSignalBar=4, getGsmSignalStrength()== 19
01-11 20:24:23.015 W/SignalStrength(503): getGsmLevel=4
01-11 20:24:23.015 W/SignalStrength(503): getLevel=4 (SignalStrength: 19 255 -120 -160 -120 -1 -1 99 2147483647 -32767 2147483647 -32767 gsm|lte 4)
01-11 20:24:23.015 W/SignalStrength(503): getGsmLevel. this.mGsmSignalBar=4, getGsmSignalStrength()== 22
01-11 20:24:23.015 W/SignalStrength(503): getGsmLevel=4
01-11 20:24:23.015 W/SignalStrength(503): getLevel=4 (SignalStrength: 22 255 -120 -160 -120 -1 -1 99 2147483647 -32767 2147483647 -32767 gsm|lte 4)
01-11 20:24:23.315 D/dalvikvm(25285): GC_CONCURRENT freed 7328K, 28% free 24361K/33699K, paused 5ms+19ms
01-11 20:24:23.925 D/KeyguardUpdateMonitor(377): received broadcast android.intent.action.BATTERY_CHANGED
01-11 20:24:23.925 D/KeyguardUpdateMonitor(377): handleBatteryUpdate
01-11 20:24:25.015 W/SignalStrength(503): getGsmLevel. this.mGsmSignalBar=4, getGsmSignalStrength()== 19
01-11 20:24:25.015 W/SignalStrength(503): getGsmLevel=4
01-11 20:24:25.015 W/SignalStrength(503): getLevel=4 (SignalStrength: 19 255 -120 -160 -120 -1 -1 99 2147483647 -32767 2147483647 -32767 gsm|lte 4)
01-11 20:24:25.015 W/SignalStrength(503): getGsmLevel. this.mGsmSignalBar=4, getGsmSignalStrength()== 22
01-11 20:24:25.015 W/SignalStrength(503): getGsmLevel=4
01-11 20:24:25.015 W/SignalStrength(503): getLevel=4 (SignalStrength: 22 255 -120 -160 -120 -1 -1 99 2147483647 -32767 2147483647 -32767 gsm|lte 4)
01-11 20:24:26.015 W/SignalStrength(503): getGsmLevel. this.mGsmSignalBar=4, getGsmSignalStrength()== 19
01-11 20:24:26.015 W/SignalStrength(503): getGsmLevel=4
01-11 20:24:26.015 W/SignalStrength(503): getLevel=4 (SignalStrength: 19 255 -120 -160 -120 -1 -1 99 2147483647 -32767 2147483647 -32767 gsm|lte 4)
01-11 20:24:26.015 W/SignalStrength(503): getGsmLevel. this.mGsmSignalBar=4, getGsmSignalStrength()== 22
01-11 20:24:26.015 W/SignalStrength(503): getGsmLevel=4
01-11 20:24:26.015 W/SignalStrength(503): getLevel=4 (SignalStrength: 22 255 -120 -160 -120 -1 -1 99 2147483647 -32767 2147483647 -32767 gsm|lte 4)
01-11 20:24:26.395 D/Tethering(377): interfaceLinkStateChanged wlan0, true
01-11 20:24:26.395 D/Tethering(377): interfaceStatusChanged wlan0, true
01-11 20:24:27.085 D/dalvikvm(25285): GC_CONCURRENT freed 7357K, 28% free 24348K/33699K, paused 4ms+20ms
01-11 20:24:27.125 D/plugin  (684): getDefaultSubscription()
01-11 20:24:27.135 E/MSimTelephonyManager(24146): MSimTelephonyManager sRegistryMsim != null
01-11 20:24:27.135 I/NRFW    (1229): profile=wifi
01-11 20:24:27.155 I/NRFW    (1229): serverip=180.76.3.90 localIp=10.0.8.1
01-11 20:24:27.545 I/DNS     (1229): 180.76.3.90 h_errno=1
01-11 20:24:27.795 D/dalvikvm(1229): GC_CONCURRENT freed 3129K, 40% free 11773K/19555K, paused 2ms+19ms
01-11 20:24:28.015 W/SignalStrength(503): getGsmLevel. this.mGsmSignalBar=4, getGsmSignalStrength()== 19
01-11 20:24:28.015 W/SignalStrength(503): getGsmLevel=4
01-11 20:24:28.015 W/SignalStrength(503): getLevel=4 (SignalStrength: 19 255 -120 -160 -120 -1 -1 99 2147483647 -32767 2147483647 -32767 gsm|lte 4)
01-11 20:24:28.015 W/SignalStrength(503): getGsmLevel. this.mGsmSignalBar=4, getGsmSignalStrength()== 22
01-11 20:24:28.015 W/SignalStrength(503): getGsmLevel=4
01-11 20:24:28.015 W/SignalStrength(503): getLevel=4 (SignalStrength: 22 255 -120 -160 -120 -1 -1 99 2147483647 -32767 2147483647 -32767 gsm|lte 4)
01-11 20:24:29.025 W/SignalStrength(503): getGsmLevel. this.mGsmSignalBar=4, getGsmSignalStrength()== 19
01-11 20:24:29.025 W/SignalStrength(503): getGsmLevel=4
01-11 20:24:29.025 W/SignalStrength(503): getLevel=4 (SignalStrength: 19 255 -120 -160 -120 -1 -1 99 2147483647 -32767 2147483647 -32767 gsm|lte 4)
01-11 20:24:29.025 W/SignalStrength(503): getGsmLevel. this.mGsmSignalBar=4, getGsmSignalStrength()== 22
01-11 20:24:29.025 W/SignalStrength(503): getGsmLevel=4
01-11 20:24:29.025 W/SignalStrength(503): getLevel=4 (SignalStrength: 22 255 -120 -160 -120 -1 -1 99 2147483647 -32767 2147483647 -32767 gsm|lte 4)
01-11 20:24:29.695 I/NRFW    (1229): serverip=103.235.47.88 localIp=10.0.8.1
01-11 20:24:30.155 I/NRFW    (1229): profile=wifi
01-11 20:24:30.175 I/NRFW    (1229): serverip=180.76.3.90 localIp=10.0.8.1
01-11 20:24:30.955 D/dalvikvm(25285): GC_CONCURRENT freed 7332K, 28% free 24351K/33699K, paused 4ms+19ms
01-11 20:24:31.025 W/SignalStrength(503): getGsmLevel. this.mGsmSignalBar=4, getGsmSignalStrength()== 19
01-11 20:24:31.025 W/SignalStrength(503): getGsmLevel=4
01-11 20:24:31.025 W/SignalStrength(503): getLevel=4 (SignalStrength: 19 255 -120 -160 -120 -1 -1 99 2147483647 -32767 2147483647 -32767 gsm|lte 4)
01-11 20:24:31.025 W/SignalStrength(503): getGsmLevel. this.mGsmSignalBar=4, getGsmSignalStrength()== 22
01-11 20:24:31.025 W/SignalStrength(503): getGsmLevel=4
01-11 20:24:31.025 W/SignalStrength(503): getLevel=4 (SignalStrength: 22 255 -120 -160 -120 -1 -1 99 2147483647 -32767 2147483647 -32767 gsm|lte 4)
01-11 20:24:32.725 I/NRFW    (1229): serverip=103.235.47.88 localIp=10.0.8.1
01-11 20:24:33.155 I/NRFW    (1229): profile=wifi
01-11 20:24:33.235 V/NativeCrypto(654): Read error: ssl=0xb69848: I/O error during system call, Connection reset by peer
01-11 20:24:33.325 V/NativeCrypto(654): SSL shutdown failed: ssl=0xb69848: I/O error during system call, Broken pipe
01-11 20:24:33.645 E/AlarmManagerService(377): android_server_AlarmManagerService_set to type=2, 112274.942000000
01-11 20:24:34.745 D/dalvikvm(25285): GC_CONCURRENT freed 7332K, 28% free 24361K/33699K, paused 4ms+19ms
01-11 20:24:35.025 W/SignalStrength(503): getGsmLevel. this.mGsmSignalBar=4, getGsmSignalStrength()== 19
01-11 20:24:35.025 W/SignalStrength(503): getGsmLevel=4
01-11 20:24:35.025 W/SignalStrength(503): getLevel=4 (SignalStrength: 19 255 -120 -160 -120 -1 -1 99 2147483647 -32767 2147483647 -32767 gsm|lte 4)
01-11 20:24:35.025 W/SignalStrength(503): getGsmLevel. this.mGsmSignalBar=4, getGsmSignalStrength()== 22
01-11 20:24:35.025 W/SignalStrength(503): getGsmLevel=4
01-11 20:24:35.035 W/SignalStrength(503): getLevel=4 (SignalStrength: 22 255 -120 -160 -120 -1 -1 99 2147483647 -32767 2147483647 -32767 gsm|lte 4)
01-11 20:24:36.165 I/NRFW    (1229): profile=wifi
01-11 20:24:36.185 I/NRFW    (1229): serverip=180.76.3.90 localIp=10.0.8.1
01-11 20:24:36.585 W/SignalStrength(503): getGsmLevel. this.mGsmSignalBar=4, getGsmSignalStrength()== 19
01-11 20:24:36.585 W/SignalStrength(503): getGsmLevel=4
01-11 20:24:36.585 W/SignalStrength(503): getLevel=4 (SignalStrength: 19 255 -120 -160 -120 -1 -1 99 2147483647 -32767 2147483647 -32767 gsm|lte 4)
01-11 20:24:36.585 W/SignalStrength(503): getGsmLevel. this.mGsmSignalBar=4, getGsmSignalStrength()== 22
01-11 20:24:36.585 W/SignalStrength(503): getGsmLevel=4
01-11 20:24:36.585 W/SignalStrength(503): getLevel=4 (SignalStrength: 22 255 -120 -160 -120 -1 -1 99 2147483647 -32767 2147483647 -32767 gsm|lte 4)
01-11 20:24:36.585 W/SignalStrength(503): getGsmLevel. this.mGsmSignalBar=4, getGsmSignalStrength()== 19
01-11 20:24:36.585 W/SignalStrength(503): getGsmLevel=4
01-11 20:24:36.585 W/SignalStrength(503): getLevel=4 (SignalStrength: 19 255 -120 -160 -120 -1 -1 99 2147483647 -32767 2147483647 -32767 gsm|lte 4)
01-11 20:24:36.585 W/SignalStrength(503): getGsmLevel. this.mGsmSignalBar=4, getGsmSignalStrength()== 22
01-11 20:24:36.585 W/SignalStrength(503): getGsmLevel=4
01-11 20:24:36.585 W/SignalStrength(503): getLevel=4 (SignalStrength: 22 255 -120 -160 -120 -1 -1 99 2147483647 -32767 2147483647 -32767 gsm|lte 4)
01-11 20:24:37.035 W/SignalStrength(503): getGsmLevel. this.mGsmSignalBar=4, getGsmSignalStrength()== 19
01-11 20:24:37.035 W/SignalStrength(503): getGsmLevel=4
01-11 20:24:37.035 W/SignalStrength(503): getLevel=4 (SignalStrength: 19 255 -120 -160 -120 -1 -1 99 2147483647 -32767 2147483647 -32767 gsm|lte 4)
01-11 20:24:37.035 W/SignalStrength(503): getGsmLevel. this.mGsmSignalBar=4, getGsmSignalStrength()== 22
01-11 20:24:37.035 W/SignalStrength(503): getGsmLevel=4
01-11 20:24:37.035 W/SignalStrength(503): getLevel=4 (SignalStrength: 22 255 -120 -160 -120 -1 -1 99 2147483647 -32767 2147483647 -32767 gsm|lte 4)
01-11 20:24:38.035 W/SignalStrength(503): getGsmLevel. this.mGsmSignalBar=4, getGsmSignalStrength()== 19
01-11 20:24:38.035 W/SignalStrength(503): getGsmLevel=4
01-11 20:24:38.035 W/SignalStrength(503): getLevel=4 (SignalStrength: 19 255 -120 -160 -120 -1 -1 99 2147483647 -32767 2147483647 -32767 gsm|lte 4)
01-11 20:24:38.035 W/SignalStrength(503): getGsmLevel. this.mGsmSignalBar=4, getGsmSignalStrength()== 22
01-11 20:24:38.035 W/SignalStrength(503): getGsmLevel=4
01-11 20:24:38.035 W/SignalStrength(503): getLevel=4 (SignalStrength: 22 255 -120 -160 -120 -1 -1 99 2147483647 -32767 2147483647 -32767 gsm|lte 4)
01-11 20:24:38.455 D/dalvikvm(25285): GC_CONCURRENT freed 7359K, 28% free 24344K/33699K, paused 3ms+19ms
01-11 20:24:38.745 I/NRFW    (1229): serverip=103.235.47.88 localIp=10.0.8.1
01-11 20:24:38.765 I/DNS     (1229): 103.235.47.88 h_errno=1
01-11 20:24:38.795 I/DNS     (1229): 112.80.248.171 h_errno=1
01-11 20:24:38.805 I/DNS     (1229): 112.80.248.171 h_errno=1
01-11 20:24:40.035 W/SignalStrength(503): getGsmLevel. this.mGsmSignalBar=4, getGsmSignalStrength()== 19
01-11 20:24:40.035 W/SignalStrength(503): getGsmLevel=4
01-11 20:24:40.035 W/SignalStrength(503): getLevel=4 (SignalStrength: 19 255 -120 -160 -120 -1 -1 99 2147483647 -32767 2147483647 -32767 gsm|lte 4)
01-11 20:24:40.035 W/SignalStrength(503): getGsmLevel. this.mGsmSignalBar=4, getGsmSignalStrength()== 22
01-11 20:24:40.035 W/SignalStrength(503): getGsmLevel=4
01-11 20:24:40.035 W/SignalStrength(503): getLevel=4 (SignalStrength: 22 255 -120 -160 -120 -1 -1 99 2147483647 -32767 2147483647 -32767 gsm|lte 4)
01-11 20:24:40.575 E/AlarmManagerService(377): android_server_AlarmManagerService_set to type=2, 112500.000000000
01-11 20:24:41.095 I/NRFW    (1229): profile=wifi
01-11 20:24:41.115 I/NRFW    (1229): serverip=74.125.206.188 localIp=10.0.8.1
01-11 20:24:42.325 D/dalvikvm(25285): GC_CONCURRENT freed 7375K, 28% free 24308K/33699K, paused 3ms+17ms
01-11 20:24:43.965 D/KeyguardUpdateMonitor(377): received broadcast android.intent.action.BATTERY_CHANGED
01-11 20:24:43.965 D/KeyguardUpdateMonitor(377): handleBatteryUpdate
01-11 20:24:44.045 W/SignalStrength(503): getGsmLevel. this.mGsmSignalBar=4, getGsmSignalStrength()== 19
01-11 20:24:44.045 W/SignalStrength(503): getGsmLevel=4
01-11 20:24:44.045 W/SignalStrength(503): getLevel=4 (SignalStrength: 19 255 -120 -160 -120 -1 -1 99 2147483647 -32767 2147483647 -32767 gsm|lte 4)
01-11 20:24:44.045 W/SignalStrength(503): getGsmLevel. this.mGsmSignalBar=4, getGsmSignalStrength()== 22
01-11 20:24:44.045 W/SignalStrength(503): getGsmLevel=4
01-11 20:24:44.045 W/SignalStrength(503): getLevel=4 (SignalStrength: 22 255 -120 -160 -120 -1 -1 99 2147483647 -32767 2147483647 -32767 gsm|lte 4)
01-11 20:24:44.125 I/NRFW    (1229): profile=wifi
01-11 20:24:44.125 I/NRFW    (1229): serverip=74.125.206.188 localIp=10.0.8.1
01-11 20:24:45.045 W/SignalStrength(503): getGsmLevel. this.mGsmSignalBar=4, getGsmSignalStrength()== 19
01-11 20:24:45.045 W/SignalStrength(503): getGsmLevel=4
01-11 20:24:45.045 W/SignalStrength(503): getLevel=4 (SignalStrength: 19 255 -120 -160 -120 -1 -1 99 2147483647 -32767 2147483647 -32767 gsm|lte 4)
01-11 20:24:45.045 W/SignalStrength(503): getGsmLevel. this.mGsmSignalBar=4, getGsmSignalStrength()== 22
01-11 20:24:45.045 W/SignalStrength(503): getGsmLevel=4
01-11 20:24:45.045 W/SignalStrength(503): getLevel=4 (SignalStrength: 22 255 -120 -160 -120 -1 -1 99 2147483647 -32767 2147483647 -32767 gsm|lte 4)
01-11 20:24:45.595 I/dalvikvm(24491): Could not find method android.view.View.setBackground, referenced from method eep.a
01-11 20:24:45.595 W/dalvikvm(24491): VFY: unable to resolve virtual method 5370: Landroid/view/View;.setBackground (Landroid/graphics/drawable/Drawable;)V
01-11 20:24:45.595 D/dalvikvm(24491): VFY: replacing opcode 0x6e at 0x001a
01-11 20:24:45.605 I/dalvikvm(24491): Could not find method android.text.TextUtils.getLayoutDirectionFromLocale, referenced from method eep.d
01-11 20:24:45.605 W/dalvikvm(24491): VFY: unable to resolve static method 4911: Landroid/text/TextUtils;.getLayoutDirectionFromLocale (Ljava/util/Locale;)I
01-11 20:24:45.605 D/dalvikvm(24491): VFY: replacing opcode 0x71 at 0x000c
01-11 20:24:45.925 W/SignalStrength(503): getGsmLevel. this.mGsmSignalBar=4, getGsmSignalStrength()== 19
01-11 20:24:45.925 W/SignalStrength(503): getGsmLevel=4
01-11 20:24:45.925 W/SignalStrength(503): getLevel=4 (SignalStrength: 19 255 -120 -160 -120 -1 -1 99 2147483647 -32767 2147483647 -32767 gsm|lte 4)
01-11 20:24:45.925 W/SignalStrength(503): getGsmLevel. this.mGsmSignalBar=4, getGsmSignalStrength()== 22
01-11 20:24:45.925 W/SignalStrength(503): getGsmLevel=4
01-11 20:24:45.925 W/SignalStrength(503): getLevel=4 (SignalStrength: 22 255 -120 -160 -120 -1 -1 99 2147483647 -32767 2147483647 -32767 gsm|lte 4)
01-11 20:24:45.925 W/SignalStrength(503): getGsmLevel. this.mGsmSignalBar=4, getGsmSignalStrength()== 19
01-11 20:24:45.925 W/SignalStrength(503): getGsmLevel=4
01-11 20:24:45.925 W/SignalStrength(503): getLevel=4 (SignalStrength: 19 255 -120 -160 -120 -1 -1 99 2147483647 -32767 2147483647 -32767 gsm|lte 4)
01-11 20:24:45.925 W/SignalStrength(503): getGsmLevel. this.mGsmSignalBar=4, getGsmSignalStrength()== 22
01-11 20:24:45.925 W/SignalStrength(503): getGsmLevel=4
01-11 20:24:45.925 W/SignalStrength(503): getLevel=4 (SignalStrength: 22 255 -120 -160 -120 -1 -1 99 2147483647 -32767 2147483647 -32767 gsm|lte 4)
01-11 20:24:45.985 D/dalvikvm(25285): GC_CONCURRENT freed 7282K, 28% free 24414K/33699K, paused 3ms+20ms
01-11 20:24:47.055 W/SignalStrength(503): getGsmLevel. this.mGsmSignalBar=4, getGsmSignalStrength()== 19
01-11 20:24:47.055 W/SignalStrength(503): getGsmLevel=4
01-11 20:24:47.055 W/SignalStrength(503): getLevel=4 (SignalStrength: 19 255 -120 -160 -120 -1 -1 99 2147483647 -32767 2147483647 -32767 gsm|lte 4)
01-11 20:24:47.055 W/SignalStrength(503): getGsmLevel. this.mGsmSignalBar=4, getGsmSignalStrength()== 22
01-11 20:24:47.055 W/SignalStrength(503): getGsmLevel=4
01-11 20:24:47.055 W/SignalStrength(503): getLevel=4 (SignalStrength: 22 255 -120 -160 -120 -1 -1 99 2147483647 -32767 2147483647 -32767 gsm|lte 4)
01-11 20:24:49.055 W/SignalStrength(503): getGsmLevel. this.mGsmSignalBar=4, getGsmSignalStrength()== 19
01-11 20:24:49.055 W/SignalStrength(503): getGsmLevel=4
01-11 20:24:49.055 W/SignalStrength(503): getLevel=4 (SignalStrength: 19 255 -120 -160 -120 -1 -1 99 2147483647 -32767 2147483647 -32767 gsm|lte 4)
01-11 20:24:49.055 W/SignalStrength(503): getGsmLevel. this.mGsmSignalBar=4, getGsmSignalStrength()== 22
01-11 20:24:49.055 W/SignalStrength(503): getGsmLevel=4
01-11 20:24:49.055 W/SignalStrength(503): getLevel=4 (SignalStrength: 22 255 -120 -160 -120 -1 -1 99 2147483647 -32767 2147483647 -32767 gsm|lte 4)
01-11 20:24:49.555 D/dalvikvm(25285): GC_CONCURRENT freed 7417K, 28% free 24353K/33699K, paused 3ms+19ms
01-11 20:24:51.055 W/SignalStrength(503): getGsmLevel. this.mGsmSignalBar=4, getGsmSignalStrength()== 19
01-11 20:24:51.055 W/SignalStrength(503): getGsmLevel=4
01-11 20:24:51.055 W/SignalStrength(503): getLevel=4 (SignalStrength: 19 255 -120 -160 -120 -1 -1 99 2147483647 -32767 2147483647 -32767 gsm|lte 4)
01-11 20:24:51.055 W/SignalStrength(503): getGsmLevel. this.mGsmSignalBar=4, getGsmSignalStrength()== 22
01-11 20:24:51.055 W/SignalStrength(503): getGsmLevel=4
01-11 20:24:51.055 W/SignalStrength(503): getLevel=4 (SignalStrength: 22 255 -120 -160 -120 -1 -1 99 2147483647 -32767 2147483647 -32767 gsm|lte 4)
01-11 20:24:52.055 W/SignalStrength(503): getGsmLevel. this.mGsmSignalBar=4, getGsmSignalStrength()== 19
01-11 20:24:52.055 W/SignalStrength(503): getGsmLevel=4
01-11 20:24:52.055 W/SignalStrength(503): getLevel=4 (SignalStrength: 19 255 -120 -160 -120 -1 -1 99 2147483647 -32767 2147483647 -32767 gsm|lte 4)
01-11 20:24:52.055 W/SignalStrength(503): getGsmLevel. this.mGsmSignalBar=4, getGsmSignalStrength()== 22
01-11 20:24:52.055 W/SignalStrength(503): getGsmLevel=4
01-11 20:24:52.055 W/SignalStrength(503): getLevel=4 (SignalStrength: 22 255 -120 -160 -120 -1 -1 99 2147483647 -32767 2147483647 -32767 gsm|lte 4)
01-11 20:24:52.875 D/dalvikvm(25285): GC_CONCURRENT freed 7359K, 28% free 24331K/33699K, paused 4ms+17ms
01-11 20:24:52.945 I/NRFW    (1229): profile=wifi
01-11 20:24:52.975 I/NRFW    (1229): serverip=103.235.47.88 localIp=10.0.8.1
01-11 20:24:53.065 W/SignalStrength(503): getGsmLevel. this.mGsmSignalBar=4, getGsmSignalStrength()== 19
01-11 20:24:53.065 W/SignalStrength(503): getGsmLevel=4
01-11 20:24:53.065 W/SignalStrength(503): getLevel=4 (SignalStrength: 19 255 -120 -160 -120 -1 -1 99 2147483647 -32767 2147483647 -32767 gsm|lte 4)
01-11 20:24:53.065 W/SignalStrength(503): getGsmLevel. this.mGsmSignalBar=4, getGsmSignalStrength()== 22
01-11 20:24:53.065 W/SignalStrength(503): getGsmLevel=4
01-11 20:24:53.065 W/SignalStrength(503): getLevel=4 (SignalStrength: 22 255 -120 -160 -120 -1 -1 99 2147483647 -32767 2147483647 -32767 gsm|lte 4)
01-11 20:24:54.065 W/SignalStrength(503): getGsmLevel. this.mGsmSignalBar=4, getGsmSignalStrength()== 19
01-11 20:24:54.065 W/SignalStrength(503): getGsmLevel=4
01-11 20:24:54.065 W/SignalStrength(503): getLevel=4 (SignalStrength: 19 255 -120 -160 -120 -1 -1 99 2147483647 -32767 2147483647 -32767 gsm|lte 4)
01-11 20:24:54.065 W/SignalStrength(503): getGsmLevel. this.mGsmSignalBar=4, getGsmSignalStrength()== 22
01-11 20:24:54.065 W/SignalStrength(503): getGsmLevel=4
01-11 20:24:54.065 W/SignalStrength(503): getLevel=4 (SignalStrength: 22 255 -120 -160 -120 -1 -1 99 2147483647 -32767 2147483647 -32767 gsm|lte 4)
01-11 20:24:56.015 I/NRFW    (1229): profile=wifi
01-11 20:24:56.045 I/NRFW    (1229): serverip=103.235.47.88 localIp=10.0.8.1
01-11 20:24:56.075 W/SignalStrength(503): getGsmLevel. this.mGsmSignalBar=4, getGsmSignalStrength()== 19
01-11 20:24:56.075 W/SignalStrength(503): getGsmLevel=4
01-11 20:24:56.075 W/SignalStrength(503): getLevel=4 (SignalStrength: 19 255 -120 -160 -120 -1 -1 99 2147483647 -32767 2147483647 -32767 gsm|lte 4)
01-11 20:24:56.075 W/SignalStrength(503): getGsmLevel. this.mGsmSignalBar=4, getGsmSignalStrength()== 22
01-11 20:24:56.075 W/SignalStrength(503): getGsmLevel=4
01-11 20:24:56.075 W/SignalStrength(503): getLevel=4 (SignalStrength: 22 255 -120 -160 -120 -1 -1 99 2147483647 -32767 2147483647 -32767 gsm|lte 4)
01-11 20:24:56.075 D/dalvikvm(25285): GC_CONCURRENT freed 7357K, 28% free 24309K/33699K, paused 3ms+28ms
01-11 20:24:58.075 W/SignalStrength(503): getGsmLevel. this.mGsmSignalBar=4, getGsmSignalStrength()== 19
01-11 20:24:58.075 W/SignalStrength(503): getGsmLevel=4
01-11 20:24:58.075 W/SignalStrength(503): getLevel=4 (SignalStrength: 19 255 -120 -160 -120 -1 -1 99 2147483647 -32767 2147483647 -32767 gsm|lte 4)
01-11 20:24:58.075 W/SignalStrength(503): getGsmLevel. this.mGsmSignalBar=4, getGsmSignalStrength()== 22
01-11 20:24:58.075 W/SignalStrength(503): getGsmLevel=4
01-11 20:24:58.075 W/SignalStrength(503): getLevel=4 (SignalStrength: 22 255 -120 -160 -120 -1 -1 99 2147483647 -32767 2147483647 -32767 gsm|lte 4)
01-11 20:24:59.085 W/SignalStrength(503): getGsmLevel. this.mGsmSignalBar=4, getGsmSignalStrength()== 19
01-11 20:24:59.085 W/SignalStrength(503): getGsmLevel=4
01-11 20:24:59.085 W/SignalStrength(503): getLevel=4 (SignalStrength: 19 255 -120 -160 -120 -1 -1 99 2147483647 -32767 2147483647 -32767 gsm|lte 4)
01-11 20:24:59.085 W/SignalStrength(503): getGsmLevel. this.mGsmSignalBar=4, getGsmSignalStrength()== 22
01-11 20:24:59.085 W/SignalStrength(503): getGsmLevel=4
01-11 20:24:59.085 W/SignalStrength(503): getLevel=4 (SignalStrength: 22 255 -120 -160 -120 -1 -1 99 2147483647 -32767 2147483647 -32767 gsm|lte 4)
01-11 20:24:59.575 D/dalvikvm(25285): GC_CONCURRENT freed 7298K, 28% free 24339K/33699K, paused 4ms+19ms
01-11 20:24:59.995 E/AlarmManagerService(377): android_server_AlarmManagerService_set to type=3, 112313.460000000
01-11 20:24:59.995 D/KeyguardUpdateMonitor(377): received broadcast android.intent.action.TIME_TICK
01-11 20:24:59.995 D/KeyguardUpdateMonitor(377): handleTimeUpdate
01-11 20:25:01.085 W/SignalStrength(503): getGsmLevel. this.mGsmSignalBar=4, getGsmSignalStrength()== 19
01-11 20:25:01.085 W/SignalStrength(503): getGsmLevel=4
01-11 20:25:01.085 W/SignalStrength(503): getLevel=4 (SignalStrength: 19 255 -120 -160 -120 -1 -1 99 2147483647 -32767 2147483647 -32767 gsm|lte 4)
01-11 20:25:01.085 W/SignalStrength(503): getGsmLevel. this.mGsmSignalBar=4, getGsmSignalStrength()== 22
01-11 20:25:01.085 W/SignalStrength(503): getGsmLevel=4
01-11 20:25:01.085 W/SignalStrength(503): getLevel=4 (SignalStrength: 22 255 -120 -160 -120 -1 -1 99 2147483647 -32767 2147483647 -32767 gsm|lte 4)
01-11 20:25:02.025 I/NRFW    (1229): profile=wifi
01-11 20:25:02.045 I/NRFW    (1229): serverip=103.235.47.88 localIp=10.0.8.1
01-11 20:25:02.085 W/SignalStrength(503): getGsmLevel. this.mGsmSignalBar=4, getGsmSignalStrength()== 19
01-11 20:25:02.085 W/SignalStrength(503): getGsmLevel=4
01-11 20:25:02.085 W/SignalStrength(503): getLevel=4 (SignalStrength: 19 255 -120 -160 -120 -1 -1 99 2147483647 -32767 2147483647 -32767 gsm|lte 4)
01-11 20:25:02.085 W/SignalStrength(503): getGsmLevel. this.mGsmSignalBar=4, getGsmSignalStrength()== 22
01-11 20:25:02.085 W/SignalStrength(503): getGsmLevel=4
01-11 20:25:02.085 W/SignalStrength(503): getLevel=4 (SignalStrength: 22 255 -120 -160 -120 -1 -1 99 2147483647 -32767 2147483647 -32767 gsm|lte 4)
01-11 20:25:02.185 D/Tethering(377): interfaceLinkStateChanged wlan0, true
01-11 20:25:02.185 D/Tethering(377): interfaceStatusChanged wlan0, true
01-11 20:25:02.895 D/dalvikvm(25285): GC_CONCURRENT freed 7334K, 28% free 24343K/33699K, paused 4ms+22ms
01-11 20:25:03.995 D/KeyguardUpdateMonitor(377): received broadcast android.intent.action.BATTERY_CHANGED
01-11 20:25:03.995 D/KeyguardUpdateMonitor(377): handleBatteryUpdate
01-11 20:25:04.085 W/SignalStrength(503): getGsmLevel. this.mGsmSignalBar=4, getGsmSignalStrength()== 19
01-11 20:25:04.085 W/SignalStrength(503): getGsmLevel=4
01-11 20:25:04.085 W/SignalStrength(503): getLevel=4 (SignalStrength: 19 255 -120 -160 -120 -1 -1 99 2147483647 -32767 2147483647 -32767 gsm|lte 4)
01-11 20:25:04.085 W/SignalStrength(503): getGsmLevel. this.mGsmSignalBar=4, getGsmSignalStrength()== 22
01-11 20:25:04.085 W/SignalStrength(503): getGsmLevel=4
01-11 20:25:04.085 W/SignalStrength(503): getLevel=4 (SignalStrength: 22 255 -120 -160 -120 -1 -1 99 2147483647 -32767 2147483647 -32767 gsm|lte 4)
01-11 20:25:05.095 W/SignalStrength(503): getGsmLevel. this.mGsmSignalBar=4, getGsmSignalStrength()== 19
01-11 20:25:05.095 W/SignalStrength(503): getGsmLevel=4
01-11 20:25:05.095 W/SignalStrength(503): getLevel=4 (SignalStrength: 19 255 -120 -160 -120 -1 -1 99 2147483647 -32767 2147483647 -32767 gsm|lte 4)
01-11 20:25:05.095 W/SignalStrength(503): getGsmLevel. this.mGsmSignalBar=4, getGsmSignalStrength()== 22
01-11 20:25:05.095 W/SignalStrength(503): getGsmLevel=4
01-11 20:25:05.095 W/SignalStrength(503): getLevel=4 (SignalStrength: 22 255 -120 -160 -120 -1 -1 99 2147483647 -32767 2147483647 -32767 gsm|lte 4)
01-11 20:25:06.385 D/dalvikvm(25285): GC_CONCURRENT freed 7330K, 28% free 24352K/33699K, paused 4ms+19ms
01-11 20:25:07.095 W/SignalStrength(503): getGsmLevel. this.mGsmSignalBar=4, getGsmSignalStrength()== 19
01-11 20:25:07.095 W/SignalStrength(503): getGsmLevel=4
01-11 20:25:07.095 W/SignalStrength(503): getLevel=4 (SignalStrength: 19 255 -120 -160 -120 -1 -1 99 2147483647 -32767 2147483647 -32767 gsm|lte 4)
01-11 20:25:07.095 W/SignalStrength(503): getGsmLevel. this.mGsmSignalBar=4, getGsmSignalStrength()== 22
01-11 20:25:07.095 W/SignalStrength(503): getGsmLevel=4
01-11 20:25:07.095 W/SignalStrength(503): getLevel=4 (SignalStrength: 22 255 -120 -160 -120 -1 -1 99 2147483647 -32767 2147483647 -32767 gsm|lte 4)
01-11 20:25:07.435 I/PlayCommon(23879): [1079] com.google.android.play.a.g.e(900): Preparing logs for uploading
01-11 20:25:07.455 I/PlayCommon(23879): [1079] com.google.android.play.a.g.e(902): No file ready to send
01-11 20:25:08.095 W/SignalStrength(503): getGsmLevel. this.mGsmSignalBar=4, getGsmSignalStrength()== 19
01-11 20:25:08.095 W/SignalStrength(503): getGsmLevel=4
01-11 20:25:08.095 W/SignalStrength(503): getLevel=4 (SignalStrength: 19 255 -120 -160 -120 -1 -1 99 2147483647 -32767 2147483647 -32767 gsm|lte 4)
01-11 20:25:08.095 W/SignalStrength(503): getGsmLevel. this.mGsmSignalBar=4, getGsmSignalStrength()== 22
01-11 20:25:08.095 W/SignalStrength(503): getGsmLevel=4
01-11 20:25:08.095 W/SignalStrength(503): getLevel=4 (SignalStrength: 22 255 -120 -160 -120 -1 -1 99 2147483647 -32767 2147483647 -32767 gsm|lte 4)
01-11 20:25:09.615 D/dalvikvm(25285): GC_CONCURRENT freed 7361K, 28% free 24333K/33699K, paused 4ms+19ms
01-11 20:25:10.095 W/SignalStrength(503): getGsmLevel. this.mGsmSignalBar=4, getGsmSignalStrength()== 19
01-11 20:25:10.095 W/SignalStrength(503): getGsmLevel=4
01-11 20:25:10.095 W/SignalStrength(503): getLevel=4 (SignalStrength: 19 255 -120 -160 -120 -1 -1 99 2147483647 -32767 2147483647 -32767 gsm|lte 4)
01-11 20:25:10.095 W/SignalStrength(503): getGsmLevel. this.mGsmSignalBar=4, getGsmSignalStrength()== 22
01-11 20:25:10.095 W/SignalStrength(503): getGsmLevel=4
01-11 20:25:10.095 W/SignalStrength(503): getLevel=4 (SignalStrength: 22 255 -120 -160 -120 -1 -1 99 2147483647 -32767 2147483647 -32767 gsm|lte 4)
01-11 20:25:11.105 W/SignalStrength(503): getGsmLevel. this.mGsmSignalBar=4, getGsmSignalStrength()== 19
01-11 20:25:11.105 W/SignalStrength(503): getGsmLevel=4
01-11 20:25:11.105 W/SignalStrength(503): getLevel=4 (SignalStrength: 19 255 -120 -160 -120 -1 -1 99 2147483647 -32767 2147483647 -32767 gsm|lte 4)
01-11 20:25:11.105 W/SignalStrength(503): getGsmLevel. this.mGsmSignalBar=4, getGsmSignalStrength()== 22
01-11 20:25:11.105 W/SignalStrength(503): getGsmLevel=4
01-11 20:25:11.105 W/SignalStrength(503): getLevel=4 (SignalStrength: 22 255 -120 -160 -120 -1 -1 99 2147483647 -32767 2147483647 -32767 gsm|lte 4)
01-11 20:25:13.105 W/SignalStrength(503): getGsmLevel. this.mGsmSignalBar=4, getGsmSignalStrength()== 19
01-11 20:25:13.105 W/SignalStrength(503): getGsmLevel=4
01-11 20:25:13.105 W/SignalStrength(503): getLevel=4 (SignalStrength: 19 255 -120 -160 -120 -1 -1 99 2147483647 -32767 2147483647 -32767 gsm|lte 4)
01-11 20:25:13.105 W/SignalStrength(503): getGsmLevel. this.mGsmSignalBar=4, getGsmSignalStrength()== 22
01-11 20:25:13.105 W/SignalStrength(503): getGsmLevel=4
01-11 20:25:13.105 W/SignalStrength(503): getLevel=4 (SignalStrength: 22 255 -120 -160 -120 -1 -1 99 2147483647 -32767 2147483647 -32767 gsm|lte 4)
01-11 20:25:13.215 D/dalvikvm(25285): GC_CONCURRENT freed 7337K, 28% free 24326K/33699K, paused 4ms+19ms
01-11 20:25:14.105 W/SignalStrength(503): getGsmLevel. this.mGsmSignalBar=4, getGsmSignalStrength()== 19
01-11 20:25:14.105 W/SignalStrength(503): getGsmLevel=4
01-11 20:25:14.105 W/SignalStrength(503): getLevel=4 (SignalStrength: 19 255 -120 -160 -120 -1 -1 99 2147483647 -32767 2147483647 -32767 gsm|lte 4)
01-11 20:25:14.105 W/SignalStrength(503): getGsmLevel. this.mGsmSignalBar=4, getGsmSignalStrength()== 22
01-11 20:25:14.105 W/SignalStrength(503): getGsmLevel=4
01-11 20:25:14.105 W/SignalStrength(503): getLevel=4 (SignalStrength: 22 255 -120 -160 -120 -1 -1 99 2147483647 -32767 2147483647 -32767 gsm|lte 4)
01-11 20:25:16.085 I/NRFW    (1229): profile=wifi
01-11 20:25:16.105 I/NRFW    (1229): serverip=103.235.47.88 localIp=10.0.8.1
01-11 20:25:16.105 W/SignalStrength(503): getGsmLevel. this.mGsmSignalBar=4, getGsmSignalStrength()== 19
01-11 20:25:16.105 W/SignalStrength(503): getGsmLevel=4
01-11 20:25:16.105 W/SignalStrength(503): getLevel=4 (SignalStrength: 19 255 -120 -160 -120 -1 -1 99 2147483647 -32767 2147483647 -32767 gsm|lte 4)
01-11 20:25:16.105 W/SignalStrength(503): getGsmLevel. this.mGsmSignalBar=4, getGsmSignalStrength()== 22
01-11 20:25:16.105 W/SignalStrength(503): getGsmLevel=4
01-11 20:25:16.105 W/SignalStrength(503): getLevel=4 (SignalStrength: 22 255 -120 -160 -120 -1 -1 99 2147483647 -32767 2147483647 -32767 gsm|lte 4)
01-11 20:25:16.125 I/DNS     (1229): 103.235.47.88 h_errno=1
01-11 20:25:16.155 I/DNS     (1229): 112.80.248.171 h_errno=1
01-11 20:25:16.535 D/dalvikvm(25285): GC_CONCURRENT freed 7333K, 28% free 24323K/33699K, paused 3ms+39ms
01-11 20:25:17.105 W/SignalStrength(503): getGsmLevel. this.mGsmSignalBar=4, getGsmSignalStrength()== 19
01-11 20:25:17.105 W/SignalStrength(503): getGsmLevel=4
01-11 20:25:17.115 W/SignalStrength(503): getLevel=4 (SignalStrength: 19 255 -120 -160 -120 -1 -1 99 2147483647 -32767 2147483647 -32767 gsm|lte 4)
01-11 20:25:17.115 W/SignalStrength(503): getGsmLevel. this.mGsmSignalBar=4, getGsmSignalStrength()== 22
01-11 20:25:17.115 W/SignalStrength(503): getGsmLevel=4
01-11 20:25:17.115 W/SignalStrength(503): getLevel=4 (SignalStrength: 22 255 -120 -160 -120 -1 -1 99 2147483647 -32767 2147483647 -32767 gsm|lte 4)
01-11 20:25:17.275 D/plugin  (684): getDefaultSubscription()
01-11 20:25:17.275 E/MSimTelephonyManager(24146): MSimTelephonyManager sRegistryMsim != null
01-11 20:25:17.285 I/NRFW    (1229): serverip=180.76.3.90 localIp=10.0.8.1
01-11 20:25:17.305 I/DNS     (1229): 180.76.3.90 h_errno=1
01-11 20:25:19.065 D/plugin  (684): getDefaultSubscription()
01-11 20:25:19.095 E/AlarmManagerService(377): android_server_AlarmManagerService_set to type=3, 112354.364000000
01-11 20:25:19.115 W/SignalStrength(503): getGsmLevel. this.mGsmSignalBar=4, getGsmSignalStrength()== 19
01-11 20:25:19.115 W/SignalStrength(503): getGsmLevel=4
01-11 20:25:19.115 W/SignalStrength(503): getLevel=4 (SignalStrength: 19 255 -120 -160 -120 -1 -1 99 2147483647 -32767 2147483647 -32767 gsm|lte 4)
01-11 20:25:19.115 W/SignalStrength(503): getGsmLevel. this.mGsmSignalBar=4, getGsmSignalStrength()== 22
01-11 20:25:19.115 W/SignalStrength(503): getGsmLevel=4
01-11 20:25:19.115 W/SignalStrength(503): getLevel=4 (SignalStrength: 22 255 -120 -160 -120 -1 -1 99 2147483647 -32767 2147483647 -32767 gsm|lte 4)
01-11 20:25:19.175 I/NRFW    (1229): profile=wifi
01-11 20:25:19.195 I/NRFW    (1229): serverip=103.235.47.88 localIp=10.0.8.1
01-11 20:25:20.115 W/SignalStrength(503): getGsmLevel. this.mGsmSignalBar=4, getGsmSignalStrength()== 19
01-11 20:25:20.115 W/SignalStrength(503): getGsmLevel=4
01-11 20:25:20.115 W/SignalStrength(503): getLevel=4 (SignalStrength: 19 255 -120 -160 -120 -1 -1 99 2147483647 -32767 2147483647 -32767 gsm|lte 4)
01-11 20:25:20.115 W/SignalStrength(503): getGsmLevel. this.mGsmSignalBar=4, getGsmSignalStrength()== 22
01-11 20:25:20.115 W/SignalStrength(503): getGsmLevel=4
01-11 20:25:20.115 W/SignalStrength(503): getLevel=4 (SignalStrength: 22 255 -120 -160 -120 -1 -1 99 2147483647 -32767 2147483647 -32767 gsm|lte 4)
01-11 20:25:20.175 D/dalvikvm(25285): GC_CONCURRENT freed 7327K, 28% free 24329K/33699K, paused 3ms+24ms
01-11 20:25:20.325 I/NRFW    (1229): serverip=180.76.3.90 localIp=10.0.8.1
01-11 20:25:22.115 W/SignalStrength(503): getGsmLevel. this.mGsmSignalBar=4, getGsmSignalStrength()== 19
01-11 20:25:22.115 W/SignalStrength(503): getGsmLevel=4
01-11 20:25:22.115 W/SignalStrength(503): getLevel=4 (SignalStrength: 19 255 -120 -160 -120 -1 -1 99 2147483647 -32767 2147483647 -32767 gsm|lte 4)
01-11 20:25:22.115 W/SignalStrength(503): getGsmLevel. this.mGsmSignalBar=4, getGsmSignalStrength()== 22
01-11 20:25:22.115 W/SignalStrength(503): getGsmLevel=4
01-11 20:25:22.115 W/SignalStrength(503): getLevel=4 (SignalStrength: 22 255 -120 -160 -120 -1 -1 99 2147483647 -32767 2147483647 -32767 gsm|lte 4)
01-11 20:25:23.125 W/SignalStrength(503): getGsmLevel. this.mGsmSignalBar=4, getGsmSignalStrength()== 19
01-11 20:25:23.125 W/SignalStrength(503): getGsmLevel=4
01-11 20:25:23.125 W/SignalStrength(503): getLevel=4 (SignalStrength: 19 255 -120 -160 -120 -1 -1 99 2147483647 -32767 2147483647 -32767 gsm|lte 4)
01-11 20:25:23.125 W/SignalStrength(503): getGsmLevel. this.mGsmSignalBar=4, getGsmSignalStrength()== 22
01-11 20:25:23.125 W/SignalStrength(503): getGsmLevel=4
01-11 20:25:23.125 W/SignalStrength(503): getLevel=4 (SignalStrength: 22 255 -120 -160 -120 -1 -1 99 2147483647 -32767 2147483647 -32767 gsm|lte 4)
01-11 20:25:23.505 D/dalvikvm(25285): GC_CONCURRENT freed 7309K, 28% free 24354K/33699K, paused 4ms+20ms
01-11 20:25:24.045 D/KeyguardUpdateMonitor(377): received broadcast android.intent.action.BATTERY_CHANGED
01-11 20:25:24.045 D/KeyguardUpdateMonitor(377): handleBatteryUpdate
01-11 20:25:24.675 I/ActivityThread(25604): Pub com.wssyncmldm.ContentProvider: com.wssyncmldm.database.wssdmdbContentProvider
01-11 20:25:24.725 I/DBG_WSS_DM(25604): [][Line:67][onCreate] 
01-11 20:25:24.785 I/DBG_WSS_DM(25604): [v3_1207_3_1][Line:863][isWifiOnly] isWifiOnly : false
01-11 20:25:24.825 I/DBG_WSS_DM(25604): [v3_1207_3_1][Line:23][initialize] jEd1gSu3jVl8YzFc4wgbTuBr+cL+meRy5osZnj4vi0U=
01-11 20:25:24.825 I/DBG_WSS_DM(25604): [v3_1207_3_1][Line:24][initialize] jEd1gSu3jVl8YzFc4wgbTl1EJ9pRSX7FxHVhB8owKzl3o63nokSujfTEanrHiU41
01-11 20:25:24.835 I/DBG_WSS_DM(25604): [v3_1207_3_1][Line:25][initialize] 8AjDbx2cLPQgUFpNel7pJ5xuP8lPcd6CEHvpV1beEHg=
01-11 20:25:24.835 I/DBG_WSS_DM(25604): [v3_1207_3_1][Line:26][initialize] nOFeDLNnkLs7pSa7Vf1Zj+J/AvpyHb1vVouMI68Z1os=
01-11 20:25:24.875 I/DBG_WSS_DM(25604): [v3_1207_3_1][Line:5277][smldmdbGetFotaStartStatus] MIHms8gTL9QFz4xKbDrPXQ==
01-11 20:25:24.875 I/DBG_WSS_DM(25604): [v3_1207_3_1][Line:50][onCreate] DMApplication Start !
01-11 20:25:24.935 I/DBG_WSS_DM(25604): [v3_1207_3_1][Line:189][smlTaskHandler] SMLMSG_OS_INITIALIZED
01-11 20:25:24.955 I/DBG_WSS_DM(25604): [v3_1207_3_1][Line:157][smldmAgentSetSyncMode] nSync = 0
01-11 20:25:25.005 D/plugin  (684): getDefaultSubscription()
01-11 20:25:25.005 E/MSimTelephonyManager(25604): MSimTelephonyManager sRegistryMsim != null
01-11 20:25:25.045 I/DBG_WSS_DM(25604): [v3_1207_3_1][Line:524][initExternalStorageState] 
01-11 20:25:25.065 I/DBG_WSS_DM(25604): [v3_1207_3_1][Line:538][getEnableLiveDemoFromCSCFeature] enable LiveDemo : false
01-11 20:25:25.125 W/SignalStrength(503): getGsmLevel. this.mGsmSignalBar=4, getGsmSignalStrength()== 19
01-11 20:25:25.125 W/SignalStrength(503): getGsmLevel=4
01-11 20:25:25.125 W/SignalStrength(503): getLevel=4 (SignalStrength: 19 255 -120 -160 -120 -1 -1 99 2147483647 -32767 2147483647 -32767 gsm|lte 4)
01-11 20:25:25.125 W/SignalStrength(503): getGsmLevel. this.mGsmSignalBar=4, getGsmSignalStrength()== 22
01-11 20:25:25.125 W/SignalStrength(503): getGsmLevel=4
01-11 20:25:25.125 W/SignalStrength(503): getLevel=4 (SignalStrength: 22 255 -120 -160 -120 -1 -1 99 2147483647 -32767 2147483647 -32767 gsm|lte 4)
01-11 20:25:25.135 I/DBG_WSS_DM(25604): [v3_1207_3_1][Line:3176][smldbDMffs_Init] smldbDMffs_Init
01-11 20:25:25.155 I/DBG_WSS_DM(25604): [v3_1207_3_1][Line:574][initExternalStorageState] gHbRZlJtQiChQLBKNmIP4f7w1pSgULb04cjyd5XRYzeoMWVtfCJKeNJDRFzHTueU
01-11 20:25:25.155 I/DBG_WSS_DM(25604): [v3_1207_3_1][Line:575][initExternalStorageState] QbalbKDvTGUPp/N3iYm73ocz5GiaytnXqUh0ItGHP1G7z0RDzbWakhvIJ06nVY3J
01-11 20:25:25.155 I/DBG_WSS_DM(25604): [v3_1207_3_1][Line:576][initExternalStorageState] oQb8aPRReyF5pBtzbDUgG0u/OStgJWYCrLfLNd9gSzP3FZ3+2yBuvBxu7/xXRjo1
01-11 20:25:25.165 I/DBG_WSS_DM(25604): [v3_1207_3_1][Line:577][initExternalStorageState] oQb8aPRReyF5pBtzbDUgG6aV4yMRxiZKwf7cZsTobX15ofKRDKYdJPfninXuV5c3
01-11 20:25:25.165 I/DBG_WSS_DM(25604): [v3_1207_3_1][Line:579][initExternalStorageState] bExternalStorageAvailable [true]
01-11 20:25:25.165 I/DBG_WSS_DM(25604): [v3_1207_3_1][Line:580][initExternalStorageState] bExternalSDStorageAvailable [true]
01-11 20:25:25.185 I/NRFW    (1229): profile=wifi
01-11 20:25:25.205 I/NRFW    (1229): serverip=103.235.47.88 localIp=10.0.8.1
01-11 20:25:25.255 D/plugin  (684): getDefaultSubscription()
01-11 20:25:25.255 D/plugin  (684): getDefaultSubscription()
01-11 20:25:25.265 D/plugin  (684): getDefaultSubscription()
01-11 20:25:25.585 I/DBG_WSS_DM(25604): [v3_1207_3_1][Line:542][onCallStateChanged] >>>>>>>>>>> onCallStateChanged
01-11 20:25:25.585 I/DBG_WSS_DM(25604): [v3_1207_3_1][Line:554][onCallStateChanged] >>>>>>>>>>> CALL_STATE_IDLE
01-11 20:25:25.615 D/plugin  (684): getDefaultSubscription()
01-11 20:25:25.615 D/plugin  (684): getDefaultSubscription()
01-11 20:25:25.625 D/plugin  (684): getDefaultSubscription()
01-11 20:25:25.665 I/DBG_WSS_DM(25604): [v3_1207_3_1][Line:1691][ProtoIsWIFIConnected] WiFi Connected
01-11 20:25:25.695 I/DBG_WSS_DM(25604): [v3_1207_3_1][Line:1691][ProtoIsWIFIConnected] WiFi Connected
01-11 20:25:26.125 W/SignalStrength(503): getGsmLevel. this.mGsmSignalBar=4, getGsmSignalStrength()== 19
01-11 20:25:26.125 W/SignalStrength(503): getGsmLevel=4
01-11 20:25:26.125 W/SignalStrength(503): getLevel=4 (SignalStrength: 19 255 -120 -160 -120 -1 -1 99 2147483647 -32767 2147483647 -32767 gsm|lte 4)
01-11 20:25:26.125 W/SignalStrength(503): getGsmLevel. this.mGsmSignalBar=4, getGsmSignalStrength()== 22
01-11 20:25:26.125 W/SignalStrength(503): getGsmLevel=4
01-11 20:25:26.125 W/SignalStrength(503): getLevel=4 (SignalStrength: 22 255 -120 -160 -120 -1 -1 99 2147483647 -32767 2147483647 -32767 gsm|lte 4)
01-11 20:25:26.225 I/DBG_WSS_DM(25604): [v3_1207_3_1][Line:199][smlTaskHandler] SMLMSG_PHONEBOOK_INITIALIZED
01-11 20:25:26.315 I/NRFW    (1229): serverip=180.76.3.90 localIp=10.0.8.1
01-11 20:25:27.315 D/dalvikvm(25285): GC_CONCURRENT freed 7325K, 28% free 24369K/33699K, paused 5ms+19ms
01-11 20:25:28.125 W/SignalStrength(503): getGsmLevel. this.mGsmSignalBar=4, getGsmSignalStrength()== 19
01-11 20:25:28.125 W/SignalStrength(503): getGsmLevel=4
01-11 20:25:28.125 W/SignalStrength(503): getLevel=4 (SignalStrength: 19 255 -120 -160 -120 -1 -1 99 2147483647 -32767 2147483647 -32767 gsm|lte 4)
01-11 20:25:28.125 W/SignalStrength(503): getGsmLevel. this.mGsmSignalBar=4, getGsmSignalStrength()== 22
01-11 20:25:28.125 W/SignalStrength(503): getGsmLevel=4
01-11 20:25:28.125 W/SignalStrength(503): getLevel=4 (SignalStrength: 22 255 -120 -160 -120 -1 -1 99 2147483647 -32767 2147483647 -32767 gsm|lte 4)
01-11 20:25:29.145 W/SignalStrength(503): getGsmLevel. this.mGsmSignalBar=4, getGsmSignalStrength()== 19
01-11 20:25:29.145 W/SignalStrength(503): getGsmLevel=4
01-11 20:25:29.145 W/SignalStrength(503): getLevel=4 (SignalStrength: 19 255 -120 -160 -120 -1 -1 99 2147483647 -32767 2147483647 -32767 gsm|lte 4)
01-11 20:25:29.145 W/SignalStrength(503): getGsmLevel. this.mGsmSignalBar=4, getGsmSignalStrength()== 22
01-11 20:25:29.145 W/SignalStrength(503): getGsmLevel=4
01-11 20:25:29.145 W/SignalStrength(503): getLevel=4 (SignalStrength: 22 255 -120 -160 -120 -1 -1 99 2147483647 -32767 2147483647 -32767 gsm|lte 4)
01-11 20:25:30.615 D/dalvikvm(25285): GC_CONCURRENT freed 7351K, 28% free 24366K/33699K, paused 5ms+19ms
01-11 20:25:31.145 W/SignalStrength(503): getGsmLevel. this.mGsmSignalBar=4, getGsmSignalStrength()== 19
01-11 20:25:31.145 W/SignalStrength(503): getGsmLevel=4
01-11 20:25:31.145 W/SignalStrength(503): getLevel=4 (SignalStrength: 19 255 -120 -160 -120 -1 -1 99 2147483647 -32767 2147483647 -32767 gsm|lte 4)
01-11 20:25:31.145 W/SignalStrength(503): getGsmLevel. this.mGsmSignalBar=4, getGsmSignalStrength()== 22
01-11 20:25:31.145 W/SignalStrength(503): getGsmLevel=4
01-11 20:25:31.145 W/SignalStrength(503): getLevel=4 (SignalStrength: 22 255 -120 -160 -120 -1 -1 99 2147483647 -32767 2147483647 -32767 gsm|lte 4)
01-11 20:25:32.145 W/SignalStrength(503): getGsmLevel. this.mGsmSignalBar=4, getGsmSignalStrength()== 19
01-11 20:25:32.145 W/SignalStrength(503): getGsmLevel=4
01-11 20:25:32.145 W/SignalStrength(503): getLevel=4 (SignalStrength: 19 255 -120 -160 -120 -1 -1 99 2147483647 -32767 2147483647 -32767 gsm|lte 4)
01-11 20:25:32.145 W/SignalStrength(503): getGsmLevel. this.mGsmSignalBar=4, getGsmSignalStrength()== 22
01-11 20:25:32.145 W/SignalStrength(503): getGsmLevel=4
01-11 20:25:32.145 W/SignalStrength(503): getLevel=4 (SignalStrength: 22 255 -120 -160 -120 -1 -1 99 2147483647 -32767 2147483647 -32767 gsm|lte 4)
01-11 20:25:33.895 D/dalvikvm(25285): GC_CONCURRENT freed 7370K, 28% free 24343K/33699K, paused 4ms+18ms
01-11 20:25:34.155 W/SignalStrength(503): getGsmLevel. this.mGsmSignalBar=4, getGsmSignalStrength()== 19
01-11 20:25:34.155 W/SignalStrength(503): getGsmLevel=4
01-11 20:25:34.155 W/SignalStrength(503): getLevel=4 (SignalStrength: 19 255 -120 -160 -120 -1 -1 99 2147483647 -32767 2147483647 -32767 gsm|lte 4)
01-11 20:25:34.155 W/SignalStrength(503): getGsmLevel. this.mGsmSignalBar=4, getGsmSignalStrength()== 22
01-11 20:25:34.155 W/SignalStrength(503): getGsmLevel=4
01-11 20:25:34.155 W/SignalStrength(503): getLevel=4 (SignalStrength: 22 255 -120 -160 -120 -1 -1 99 2147483647 -32767 2147483647 -32767 gsm|lte 4)
01-11 20:25:35.155 W/SignalStrength(503): getGsmLevel. this.mGsmSignalBar=4, getGsmSignalStrength()== 19
01-11 20:25:35.155 W/SignalStrength(503): getGsmLevel=4
01-11 20:25:35.155 W/SignalStrength(503): getLevel=4 (SignalStrength: 19 255 -120 -160 -120 -1 -1 99 2147483647 -32767 2147483647 -32767 gsm|lte 4)
01-11 20:25:35.155 W/SignalStrength(503): getGsmLevel. this.mGsmSignalBar=4, getGsmSignalStrength()== 22
01-11 20:25:35.155 W/SignalStrength(503): getGsmLevel=4
01-11 20:25:35.155 W/SignalStrength(503): getLevel=4 (SignalStrength: 22 255 -120 -160 -120 -1 -1 99 2147483647 -32767 2147483647 -32767 gsm|lte 4)
01-11 20:25:37.155 W/SignalStrength(503): getGsmLevel. this.mGsmSignalBar=4, getGsmSignalStrength()== 19
01-11 20:25:37.155 W/SignalStrength(503): getGsmLevel=4
01-11 20:25:37.155 W/SignalStrength(503): getLevel=4 (SignalStrength: 19 255 -120 -160 -120 -1 -1 99 2147483647 -32767 2147483647 -32767 gsm|lte 4)
01-11 20:25:37.155 W/SignalStrength(503): getGsmLevel. this.mGsmSignalBar=4, getGsmSignalStrength()== 22
01-11 20:25:37.155 W/SignalStrength(503): getGsmLevel=4
01-11 20:25:37.155 W/SignalStrength(503): getLevel=4 (SignalStrength: 22 255 -120 -160 -120 -1 -1 99 2147483647 -32767 2147483647 -32767 gsm|lte 4)
01-11 20:25:37.185 D/dalvikvm(25285): GC_CONCURRENT freed 7337K, 28% free 24346K/33699K, paused 3ms+19ms
01-11 20:25:38.155 W/SignalStrength(503): getGsmLevel. this.mGsmSignalBar=4, getGsmSignalStrength()== 19
01-11 20:25:38.155 W/SignalStrength(503): getGsmLevel=4
01-11 20:25:38.155 W/SignalStrength(503): getLevel=4 (SignalStrength: 19 255 -120 -160 -120 -1 -1 99 2147483647 -32767 2147483647 -32767 gsm|lte 4)
01-11 20:25:38.155 W/SignalStrength(503): getGsmLevel. this.mGsmSignalBar=4, getGsmSignalStrength()== 22
01-11 20:25:38.155 W/SignalStrength(503): getGsmLevel=4
01-11 20:25:38.155 W/SignalStrength(503): getLevel=4 (SignalStrength: 22 255 -120 -160 -120 -1 -1 99 2147483647 -32767 2147483647 -32767 gsm|lte 4)
01-11 20:25:39.235 I/NRFW    (1229): profile=wifi
01-11 20:25:39.255 I/NRFW    (1229): serverip=103.235.47.88 localIp=10.0.8.1
01-11 20:25:39.325 I/DBG_WSS_DM(25604): [v3_1207_3_1][Line:668][smldmWaitBearerSetting] waits 13 sec
01-11 20:25:39.425 I/DBG_WSS_DM(25604): [v3_1207_3_1][Line:5065][smldmdbGetFUMOStatus] smldmdbGetFUMOStatus 0
01-11 20:25:39.445 I/DBG_WSS_DM(25604): [v3_1207_3_1][Line:1874][wssGetUpdateReport] wssGetUpdateReport : 0
01-11 20:25:39.455 I/DBG_WSS_DM(25604): [v3_1207_3_1][Line:222][smlTaskHandler] SMLMSG_DM_SYNCML_INIT
01-11 20:25:39.455 I/DBG_WSS_DM(25604): [v3_1207_3_1][Line:1691][ProtoIsWIFIConnected] WiFi Connected
01-11 20:25:39.585 I/DBG_WSS_DM(25604): [v3_1207_3_1][Line:439][setCurProfileIndex] poj+UUD/w7kk5KRDrPx8Tw==
01-11 20:25:39.615 I/DBG_WSS_DM(25604): [v3_1207_3_1][Line:31][wssdmFeatureGetBearerSettingFromCSCFotaDataBase] 
01-11 20:25:39.655 I/DBG_WSS_DM(25604): [v3_1207_3_1][Line:5237][smldmdbGetFotaBearerStatus] mBx7mVxoIsllXXAhedT9QA==
01-11 20:25:39.675 I/DBG_WSS_DM(25604): [v3_1207_3_1][Line:44][wssdmFeatureGetBearerSettingFromCSCFotaDataBase] jEd1gSu3jVl8YzFc4wgbTuBr+cL+meRy5osZnj4vi0U=
01-11 20:25:39.725 I/DBG_WSS_DM(25604): [v3_1207_3_1][Line:45][wssdmFeatureGetBearerSettingFromCSCFotaDataBase] jEd1gSu3jVl8YzFc4wgbTl1EJ9pRSX7FxHVhB8owKzl3o63nokSujfTEanrHiU41
01-11 20:25:39.815 I/DBG_WSS_DM(25604): [v3_1207_3_1][Line:46][wssdmFeatureGetBearerSettingFromCSCFotaDataBase] 8AjDbx2cLPQgUFpNel7pJ5xuP8lPcd6CEHvpV1beEHg=
01-11 20:25:39.815 I/DBG_WSS_DM(25604): [v3_1207_3_1][Line:47][wssdmFeatureGetBearerSettingFromCSCFotaDataBase] nOFeDLNnkLs7pSa7Vf1Zj+J/AvpyHb1vVouMI68Z1os=
01-11 20:25:40.085 I/ActivityThread(25619): Pub com.sec.dsm.system.dsmcontentprovider: com.sec.dsm.system.DSMContentProvider
01-11 20:25:40.165 W/SignalStrength(503): getGsmLevel. this.mGsmSignalBar=4, getGsmSignalStrength()== 19
01-11 20:25:40.165 W/SignalStrength(503): getGsmLevel=4
01-11 20:25:40.165 W/SignalStrength(503): getLevel=4 (SignalStrength: 19 255 -120 -160 -120 -1 -1 99 2147483647 -32767 2147483647 -32767 gsm|lte 4)
01-11 20:25:40.165 W/SignalStrength(503): getGsmLevel. this.mGsmSignalBar=4, getGsmSignalStrength()== 22
01-11 20:25:40.165 W/SignalStrength(503): getGsmLevel=4
01-11 20:25:40.165 W/SignalStrength(503): getLevel=4 (SignalStrength: 22 255 -120 -160 -120 -1 -1 99 2147483647 -32767 2147483647 -32767 gsm|lte 4)
01-11 20:25:40.405 I/DBG_WSS_DM(25604): [v3_1207_3_1][Line:684][wssLawmoAdpGetServerUrl] url : null
01-11 20:25:40.475 I/DBG_WSS_DM(25604): [v3_1207_3_1][Line:225][_smldevAdpGetSalesCode] LF/yVZ0mMygkpBtzBCzQ1a9eaSUYCDaY4X6KlZLd+WQ=
01-11 20:25:40.695 I/DBG_WSS_DM(25604): [v3_1207_3_1][Line:7764][smldmdbChangeLawmoServerInfo] serverURL =https://dm.samsungdive.com/v1/sdm/magicsync/dm
01-11 20:25:40.695 I/DBG_WSS_DM(25604): [v3_1207_3_1][Line:7794][smldmdbChangeLawmoServerInfo] Not Changed Lawmo ServerInfo
