01-11 20:40:14.785 D/KeyguardViewMediator(377): setHidden false
01-11 20:40:14.785 I/Adreno200-EGLSUB(25285): <ConfigWindowMatch:2218>: Format RGBA_8888.
01-11 20:40:14.785 D/memalloc(111): /dev/pmem: Allocated buffer base:0x41b92000 size:1536000 offset:9076736 fd:57
01-11 20:40:14.785 D/STATUSBAR-StatusBarManagerService(377): setSystemUiVisibility(0x0)
01-11 20:40:14.785 D/STATUSBAR-StatusBarManagerService(377): manageDisableList what=0x0 pkg=WindowManager.LayoutParams
01-11 20:40:14.795 D/memalloc(25285): /dev/pmem: Mapped buffer base:0x5530c000 size:10612736 offset:9076736 fd:99
01-11 20:40:14.825 I/ClipboardServiceEx(377): Send intent for dismiss clipboard dialog inside hideCurrentInputLocked() !
01-11 20:40:14.855 D/KeyguardViewMediator(377): setHidden false
01-11 20:40:14.965 W/SignalStrength(503): getGsmLevel. this.mGsmSignalBar=4, getGsmSignalStrength()== 19
01-11 20:40:14.965 W/SignalStrength(503): getGsmLevel=4
01-11 20:40:14.965 W/SignalStrength(503): getLevel=4 (SignalStrength: 19 255 -120 -160 -120 -1 -1 99 2147483647 -32767 2147483647 -32767 gsm|lte 4)
01-11 20:40:14.965 W/SignalStrength(503): getGsmLevel. this.mGsmSignalBar=4, getGsmSignalStrength()== 25
01-11 20:40:14.965 W/SignalStrength(503): getGsmLevel=4
01-11 20:40:14.965 W/SignalStrength(503): getLevel=4 (SignalStrength: 25 255 -120 -160 -120 -1 -1 99 2147483647 -32767 2147483647 -32767 gsm|lte 4)
01-11 20:40:14.965 D/TWStatusBar-NetworkControllerDS(503): onReceive() - RSSI_CHANGED_ACTION, WIFI_STATE, NETWORK_STATE
01-11 20:40:14.965 D/StatusBar-NetworkControllerDS(503): refreshViews connected={ wifi } level=4|4 combinedSignalIconId=0x7f0200ef/com.android.systemui:drawable/stat_sys_wifi_signal_4 combinedActivityIconId=0x7f0200d8 mAirplaneMode=false mDataActivity1=0 mDataActivity2=0 mPhoneSignalIconId1=0x7f0200d5 mPhoneSignalIconId2=0x7f0200cf mLastPhoneSignalIconId1=0x7f0200d5 mLastPhoneSignalIconId2=0x7f0200cf mDataDirectionIconId1=0x0 mDataDirectionIconId2=0x0 mDataSignalIconId1=0x7f0200d5 mDataSignalIconId2=0x7f0200cf mDataTypeIconId1=0x7f0200a2 mDataTypeIconId2=0x7f0200a2 mWifiIconId=0x7f0200ef mRoamingIconId1=0x0 mRoamingIconId2=0x0 mBluetoothTetherIconId=0x10806ce
01-11 20:40:14.965 D/SignalClusterView(503): wifi: VISIBLE sig=2130837743 act=2130837720
01-11 20:40:14.965 D/SignalClusterView(503): mobile1: VISIBLE sig=2130837717 act=0 typ=2130837666
01-11 20:40:14.965 D/SignalClusterView(503): mobile2: VISIBLE sig=2130837711 act=0 typ=2130837666
01-11 20:40:14.965 D/SignalClusterView(503): wifi: VISIBLE sig=2130837743 act=2130837720
01-11 20:40:14.965 D/SignalClusterView(503): mobile1: VISIBLE sig=2130837717 act=0 typ=2130837666
01-11 20:40:14.965 D/SignalClusterView(503): mobile2: VISIBLE sig=2130837711 act=0 typ=2130837666
01-11 20:40:14.975 D/SignalClusterView(503): wifi: VISIBLE sig=2130837743 act=2130837720
01-11 20:40:14.975 D/SignalClusterView(503): mobile1: VISIBLE sig=2130837717 act=0 typ=2130837666
01-11 20:40:14.975 D/SignalClusterView(503): mobile2: VISIBLE sig=2130837711 act=0 typ=2130837666
01-11 20:40:14.985 D/memalloc(111): /dev/pmem: Allocated buffer base:0x41b92000 size:1536000 offset:10612736 fd:60
01-11 20:40:14.985 D/memalloc(25285): /dev/pmem: Mapped buffer base:0x56db9000 size:12148736 offset:10612736 fd:102
01-11 20:40:14.985 I/Adreno200-EGLSUB(111): <CreateImage:1017>: Android Image
01-11 20:40:14.985 I/Adreno200-EGLSUB(111): <GetImageAttributes:1226>: RGBA_8888
01-11 20:40:14.985 D/KeyguardViewMediator(377): setHidden false
01-11 20:40:14.985 D/DEFERED_APP_VISIBILITY(377): tweaking closing app
01-11 20:40:14.995 D/KeyguardViewMediator(377): setHidden false
01-11 20:40:15.005 D/KeyguardViewMediator(377): setHidden false
01-11 20:40:15.005 W/SignalStrength(503): getGsmLevel. this.mGsmSignalBar=4, getGsmSignalStrength()== 19
01-11 20:40:15.005 W/SignalStrength(503): getGsmLevel=4
01-11 20:40:15.005 W/SignalStrength(503): getLevel=4 (SignalStrength: 19 255 -120 -160 -120 -1 -1 99 2147483647 -32767 2147483647 -32767 gsm|lte 4)
01-11 20:40:15.005 W/SignalStrength(503): getGsmLevel. this.mGsmSignalBar=4, getGsmSignalStrength()== 25
01-11 20:40:15.005 W/SignalStrength(503): getGsmLevel=4
01-11 20:40:15.005 W/SignalStrength(503): getLevel=4 (SignalStrength: 25 255 -120 -160 -120 -1 -1 99 2147483647 -32767 2147483647 -32767 gsm|lte 4)
01-11 20:40:15.005 D/StatusBar-NetworkControllerDS(503): refreshViews connected={ wifi } level=4|4 combinedSignalIconId=0x7f0200ef/com.android.systemui:drawable/stat_sys_wifi_signal_4 combinedActivityIconId=0x7f0200d9 mAirplaneMode=false mDataActivity1=0 mDataActivity2=0 mPhoneSignalIconId1=0x7f0200d5 mPhoneSignalIconId2=0x7f0200cf mLastPhoneSignalIconId1=0x7f0200d5 mLastPhoneSignalIconId2=0x7f0200cf mDataDirectionIconId1=0x0 mDataDirectionIconId2=0x0 mDataSignalIconId1=0x7f0200d5 mDataSignalIconId2=0x7f0200cf mDataTypeIconId1=0x7f0200a2 mDataTypeIconId2=0x7f0200a2 mWifiIconId=0x7f0200ef mRoamingIconId1=0x0 mRoamingIconId2=0x0 mBluetoothTetherIconId=0x10806ce
01-11 20:40:15.015 D/KeyguardViewMediator(377): setHidden false
01-11 20:40:15.015 D/SignalClusterView(503): wifi: VISIBLE sig=2130837743 act=2130837721
01-11 20:40:15.015 D/SignalClusterView(503): mobile1: VISIBLE sig=2130837717 act=0 typ=2130837666
01-11 20:40:15.015 D/SignalClusterView(503): mobile2: VISIBLE sig=2130837711 act=0 typ=2130837666
01-11 20:40:15.015 D/SignalClusterView(503): wifi: VISIBLE sig=2130837743 act=2130837721
01-11 20:40:15.015 D/SignalClusterView(503): mobile1: VISIBLE sig=2130837717 act=0 typ=2130837666
01-11 20:40:15.015 D/SignalClusterView(503): mobile2: VISIBLE sig=2130837711 act=0 typ=2130837666
01-11 20:40:15.015 D/SignalClusterView(503): wifi: VISIBLE sig=2130837743 act=2130837721
01-11 20:40:15.015 D/SignalClusterView(503): mobile1: VISIBLE sig=2130837717 act=0 typ=2130837666
01-11 20:40:15.015 D/SignalClusterView(503): mobile2: VISIBLE sig=2130837711 act=0 typ=2130837666
01-11 20:40:15.015 D/StatusBar-NetworkControllerDS(503): changing data overlay icon id to 2130837721
01-11 20:40:15.035 D/KeyguardViewMediator(377): setHidden false
01-11 20:40:15.035 I/ClipboardServiceEx(377): Send intent for dismiss clipboard dialog inside hideCurrentInputLocked() !
01-11 20:40:15.055 D/KeyguardViewMediator(377): setHidden false
01-11 20:40:15.065 D/KeyguardViewMediator(377): setHidden false
01-11 20:40:15.085 D/KeyguardViewMediator(377): setHidden false
01-11 20:40:15.105 D/KeyguardViewMediator(377): setHidden false
01-11 20:40:15.115 D/KeyguardViewMediator(377): setHidden false
01-11 20:40:15.135 D/memalloc(111): /dev/pmem: Allocated buffer base:0x41b92000 size:1536000 offset:12148736 fd:66
01-11 20:40:15.135 D/KeyguardViewMediator(377): setHidden false
01-11 20:40:15.135 D/memalloc(25285): /dev/pmem: Mapped buffer base:0x5794f000 size:13684736 offset:12148736 fd:105
01-11 20:40:15.155 D/KeyguardViewMediator(377): setHidden false
01-11 20:40:15.165 D/OpenGLRenderer(25285): Flushing caches (mode 0)
01-11 20:40:15.165 D/KeyguardViewMediator(377): setHidden false
01-11 20:40:15.175 I/power   (377): *** release_dvfs_lock : lockType : 1 
01-11 20:40:15.175 D/memalloc(25285): /dev/pmem: Unmapping buffer base:0x54fa5000 size:1536000 offset:0
01-11 20:40:15.175 D/memalloc(25285): /dev/pmem: Unmapping buffer base:0x56688000 size:7540736 offset:6004736
01-11 20:40:15.175 D/memalloc(25285): /dev/pmem: Unmapping buffer base:0x5977a000 size:9076736 offset:7540736
01-11 20:40:15.175 I/Adreno200-EGLSUB(111): <CreateImage:1017>: Android Image
01-11 20:40:15.175 I/Adreno200-EGLSUB(111): <GetImageAttributes:1226>: RGBA_8888
01-11 20:40:15.175 D/memalloc(111): /dev/pmem: Freeing buffer base:0x41b92000 size:1536000 offset:0 fd:42
01-11 20:40:15.175 D/memalloc(111): /dev/pmem: Freeing buffer base:0x4214c000 size:1536000 offset:6004736 fd:48
01-11 20:40:15.175 D/PowerManagerService(377): releaseDVFSLockLocked : all DVFS_MIN_LIMIT are released 
01-11 20:40:15.185 W/SurfaceFlinger(111): id=499 Removed idx=3 Map Size=5
01-11 20:40:15.185 D/KeyguardViewMediator(377): setHidden false
01-11 20:40:15.185 W/SurfaceFlinger(111): id=499 Removed idx=-2 Map Size=5
01-11 20:40:15.185 D/memalloc(111): /dev/pmem: Freeing buffer base:0x422c3000 size:1536000 offset:7540736 fd:54
01-11 20:40:15.215 I/Adreno200-EGLSUB(111): <CreateImage:1017>: Android Image
01-11 20:40:15.215 I/Adreno200-EGLSUB(111): <GetImageAttributes:1226>: RGBA_8888
01-11 20:40:15.245 D/KeyguardViewMediator(377): setHidden false
01-11 20:40:15.475 D/AbsListView(25285): [unregisterDoubleTapMotionListener]
01-11 20:40:15.475 D/dalvikvm(25285): GC_FOR_ALLOC freed 3866K, 20% free 30323K/37795K, paused 126ms
01-11 20:40:15.495 I/MotionRecognitionManager(25285):   .unregisterListener : / listener count = 0->0, listener=android.widget.AbsListView$4@420ea738
01-11 20:40:15.495 D/AbsListView(25285): [unregisterDoubleTapMotionListener]
01-11 20:40:15.495 I/MotionRecognitionManager(25285):   .unregisterListener : / listener count = 0->0, listener=android.widget.AbsListView$4@41fb48b0
01-11 20:40:15.705 D/InputReader(377): Input event: value=1
01-11 20:40:15.705 I/InputDispatcher(377): Delivering key to current input target: action: 0x0
01-11 20:40:15.855 D/InputReader(377): Input event: value=0
01-11 20:40:15.855 I/InputDispatcher(377): Delivering key to current input target: action: 0x1
01-11 20:40:15.855 I/ClipboardServiceEx(377): mCBPickerDialog enter case. MSG_DISMISS_DIALOG
01-11 20:40:16.015 W/SignalStrength(503): getGsmLevel. this.mGsmSignalBar=4, getGsmSignalStrength()== 19
01-11 20:40:16.015 W/SignalStrength(503): getGsmLevel=4
01-11 20:40:16.015 W/SignalStrength(503): getLevel=4 (SignalStrength: 19 255 -120 -160 -120 -1 -1 99 2147483647 -32767 2147483647 -32767 gsm|lte 4)
01-11 20:40:16.015 W/SignalStrength(503): getGsmLevel. this.mGsmSignalBar=4, getGsmSignalStrength()== 25
01-11 20:40:16.015 W/SignalStrength(503): getGsmLevel=4
01-11 20:40:16.015 W/SignalStrength(503): getLevel=4 (SignalStrength: 25 255 -120 -160 -120 -1 -1 99 2147483647 -32767 2147483647 -32767 gsm|lte 4)
01-11 20:40:16.015 D/StatusBar-NetworkControllerDS(503): refreshViews connected={ wifi } level=4|4 combinedSignalIconId=0x7f0200ef/com.android.systemui:drawable/stat_sys_wifi_signal_4 combinedActivityIconId=0x7f0200d8 mAirplaneMode=false mDataActivity1=0 mDataActivity2=0 mPhoneSignalIconId1=0x7f0200d5 mPhoneSignalIconId2=0x7f0200cf mLastPhoneSignalIconId1=0x7f0200d5 mLastPhoneSignalIconId2=0x7f0200cf mDataDirectionIconId1=0x0 mDataDirectionIconId2=0x0 mDataSignalIconId1=0x7f0200d5 mDataSignalIconId2=0x7f0200cf mDataTypeIconId1=0x7f0200a2 mDataTypeIconId2=0x7f0200a2 mWifiIconId=0x7f0200ef mRoamingIconId1=0x0 mRoamingIconId2=0x0 mBluetoothTetherIconId=0x10806ce
01-11 20:40:16.015 D/SignalClusterView(503): wifi: VISIBLE sig=2130837743 act=2130837720
01-11 20:40:16.015 D/SignalClusterView(503): mobile1: VISIBLE sig=2130837717 act=0 typ=2130837666
01-11 20:40:16.015 D/SignalClusterView(503): mobile2: VISIBLE sig=2130837711 act=0 typ=2130837666
01-11 20:40:16.015 D/SignalClusterView(503): wifi: VISIBLE sig=2130837743 act=2130837720
01-11 20:40:16.015 D/SignalClusterView(503): mobile1: VISIBLE sig=2130837717 act=0 typ=2130837666
01-11 20:40:16.015 D/SignalClusterView(503): mobile2: VISIBLE sig=2130837711 act=0 typ=2130837666
01-11 20:40:16.015 D/SignalClusterView(503): wifi: VISIBLE sig=2130837743 act=2130837720
01-11 20:40:16.015 D/SignalClusterView(503): mobile1: VISIBLE sig=2130837717 act=0 typ=2130837666
01-11 20:40:16.015 D/SignalClusterView(503): mobile2: VISIBLE sig=2130837711 act=0 typ=2130837666
01-11 20:40:16.015 D/StatusBar-NetworkControllerDS(503): changing data overlay icon id to 2130837720
01-11 20:40:16.345 D/dalvikvm(25285): GC_FOR_ALLOC freed 7800K, 24% free 29520K/38819K, paused 130ms
01-11 20:40:16.975 D/InputReader(377): Input event: value=1
01-11 20:40:16.975 I/InputDispatcher(377): Delivering key to current input target: action: 0x0
01-11 20:40:17.145 D/InputReader(377): Input event: value=0
01-11 20:40:17.155 I/InputDispatcher(377): Delivering key to current input target: action: 0x1
01-11 20:40:17.155 I/ClipboardServiceEx(377): mCBPickerDialog enter case. MSG_DISMISS_DIALOG
01-11 20:40:17.635 D/InputReader(377): Input event: value=1
01-11 20:40:17.695 I/InputDispatcher(377): Delivering key to current input target: action: 0x0
01-11 20:40:17.795 D/InputReader(377): Input event: value=0
01-11 20:40:17.795 I/InputDispatcher(377): Delivering key to current input target: action: 0x1
01-11 20:40:17.805 I/ClipboardServiceEx(377): mCBPickerDialog enter case. MSG_DISMISS_DIALOG
01-11 20:40:17.995 D/AbsListView(25285): [unregisterDoubleTapMotionListener]
01-11 20:40:17.995 D/dalvikvm(25285): GC_CONCURRENT freed 6179K, 21% free 30710K/38819K, paused 6ms+24ms
01-11 20:40:17.995 I/MotionRecognitionManager(25285):   .unregisterListener : / listener count = 0->0, listener=android.widget.AbsListView$4@41fea178
01-11 20:40:18.025 W/SignalStrength(503): getGsmLevel. this.mGsmSignalBar=4, getGsmSignalStrength()== 19
01-11 20:40:18.025 W/SignalStrength(503): getGsmLevel=4
01-11 20:40:18.025 W/SignalStrength(503): getLevel=4 (SignalStrength: 19 255 -120 -160 -120 -1 -1 99 2147483647 -32767 2147483647 -32767 gsm|lte 4)
01-11 20:40:18.025 W/SignalStrength(503): getGsmLevel. this.mGsmSignalBar=4, getGsmSignalStrength()== 25
01-11 20:40:18.025 W/SignalStrength(503): getGsmLevel=4
01-11 20:40:18.025 W/SignalStrength(503): getLevel=4 (SignalStrength: 25 255 -120 -160 -120 -1 -1 99 2147483647 -32767 2147483647 -32767 gsm|lte 4)
01-11 20:40:18.025 D/StatusBar-NetworkControllerDS(503): refreshViews connected={ wifi } level=4|4 combinedSignalIconId=0x7f0200ef/com.android.systemui:drawable/stat_sys_wifi_signal_4 combinedActivityIconId=0x7f0200d9 mAirplaneMode=false mDataActivity1=0 mDataActivity2=0 mPhoneSignalIconId1=0x7f0200d5 mPhoneSignalIconId2=0x7f0200cf mLastPhoneSignalIconId1=0x7f0200d5 mLastPhoneSignalIconId2=0x7f0200cf mDataDirectionIconId1=0x0 mDataDirectionIconId2=0x0 mDataSignalIconId1=0x7f0200d5 mDataSignalIconId2=0x7f0200cf mDataTypeIconId1=0x7f0200a2 mDataTypeIconId2=0x7f0200a2 mWifiIconId=0x7f0200ef mRoamingIconId1=0x0 mRoamingIconId2=0x0 mBluetoothTetherIconId=0x10806ce
01-11 20:40:18.025 D/SignalClusterView(503): wifi: VISIBLE sig=2130837743 act=2130837721
01-11 20:40:18.025 D/SignalClusterView(503): mobile1: VISIBLE sig=2130837717 act=0 typ=2130837666
01-11 20:40:18.025 D/SignalClusterView(503): mobile2: VISIBLE sig=2130837711 act=0 typ=2130837666
01-11 20:40:18.025 D/SignalClusterView(503): wifi: VISIBLE sig=2130837743 act=2130837721
01-11 20:40:18.025 D/SignalClusterView(503): mobile1: VISIBLE sig=2130837717 act=0 typ=2130837666
01-11 20:40:18.025 D/SignalClusterView(503): mobile2: VISIBLE sig=2130837711 act=0 typ=2130837666
01-11 20:40:18.025 D/SignalClusterView(503): wifi: VISIBLE sig=2130837743 act=2130837721
01-11 20:40:18.025 D/SignalClusterView(503): mobile1: VISIBLE sig=2130837717 act=0 typ=2130837666
01-11 20:40:18.025 D/SignalClusterView(503): mobile2: VISIBLE sig=2130837711 act=0 typ=2130837666
01-11 20:40:18.025 D/StatusBar-NetworkControllerDS(503): changing data overlay icon id to 2130837721
01-11 20:40:18.055 W/SurfaceFlinger(111): id=501(12) createSurface 0xbc7e24 (1x1),1 flag=0
01-11 20:40:18.065 D/KeyguardViewMediator(377): setHidden false
01-11 20:40:18.065 D/memalloc(111): /dev/pmem: Allocated buffer base:0x41b92000 size:212992 offset:13684736 fd:42
01-11 20:40:18.065 D/memalloc(25285): /dev/pmem: Mapped buffer base:0x55d2b000 size:13897728 offset:13684736 fd:82
01-11 20:40:18.075 I/Adreno200-EGLSUB(111): <CreateImage:1017>: Android Image
01-11 20:40:18.075 I/Adreno200-EGLSUB(111): <GetImageAttributes:1226>: RGBA_8888
01-11 20:40:18.085 D/KeyguardViewMediator(377): setHidden false
01-11 20:40:18.095 D/KeyguardViewMediator(377): setHidden false
01-11 20:40:18.845 D/InputReader(377): Input event: value=1
01-11 20:40:18.845 I/InputDispatcher(377): Delivering key to current input target: action: 0x0
01-11 20:40:19.025 D/InputReader(377): Input event: value=0
01-11 20:40:19.025 I/InputDispatcher(377): Delivering key to current input target: action: 0x1
01-11 20:40:19.025 W/SignalStrength(503): getGsmLevel. this.mGsmSignalBar=4, getGsmSignalStrength()== 19
01-11 20:40:19.025 W/SignalStrength(503): getGsmLevel=4
01-11 20:40:19.025 W/SignalStrength(503): getLevel=4 (SignalStrength: 19 255 -120 -160 -120 -1 -1 99 2147483647 -32767 2147483647 -32767 gsm|lte 4)
01-11 20:40:19.025 W/SignalStrength(503): getGsmLevel. this.mGsmSignalBar=4, getGsmSignalStrength()== 25
01-11 20:40:19.025 W/SignalStrength(503): getGsmLevel=4
01-11 20:40:19.025 W/SignalStrength(503): getLevel=4 (SignalStrength: 25 255 -120 -160 -120 -1 -1 99 2147483647 -32767 2147483647 -32767 gsm|lte 4)
01-11 20:40:19.025 D/StatusBar-NetworkControllerDS(503): refreshViews connected={ wifi } level=4|4 combinedSignalIconId=0x7f0200ef/com.android.systemui:drawable/stat_sys_wifi_signal_4 combinedActivityIconId=0x7f0200d8 mAirplaneMode=false mDataActivity1=0 mDataActivity2=0 mPhoneSignalIconId1=0x7f0200d5 mPhoneSignalIconId2=0x7f0200cf mLastPhoneSignalIconId1=0x7f0200d5 mLastPhoneSignalIconId2=0x7f0200cf mDataDirectionIconId1=0x0 mDataDirectionIconId2=0x0 mDataSignalIconId1=0x7f0200d5 mDataSignalIconId2=0x7f0200cf mDataTypeIconId1=0x7f0200a2 mDataTypeIconId2=0x7f0200a2 mWifiIconId=0x7f0200ef mRoamingIconId1=0x0 mRoamingIconId2=0x0 mBluetoothTetherIconId=0x10806ce
01-11 20:40:19.025 D/SignalClusterView(503): wifi: VISIBLE sig=2130837743 act=2130837720
01-11 20:40:19.025 D/SignalClusterView(503): mobile1: VISIBLE sig=2130837717 act=0 typ=2130837666
01-11 20:40:19.025 D/SignalClusterView(503): mobile2: VISIBLE sig=2130837711 act=0 typ=2130837666
01-11 20:40:19.035 I/ClipboardServiceEx(377): mCBPickerDialog enter case. MSG_DISMISS_DIALOG
01-11 20:40:19.035 D/SignalClusterView(503): wifi: VISIBLE sig=2130837743 act=2130837720
01-11 20:40:19.035 D/SignalClusterView(503): mobile1: VISIBLE sig=2130837717 act=0 typ=2130837666
01-11 20:40:19.035 D/SignalClusterView(503): mobile2: VISIBLE sig=2130837711 act=0 typ=2130837666
01-11 20:40:19.035 D/SignalClusterView(503): wifi: VISIBLE sig=2130837743 act=2130837720
01-11 20:40:19.035 D/SignalClusterView(503): mobile1: VISIBLE sig=2130837717 act=0 typ=2130837666
01-11 20:40:19.035 D/SignalClusterView(503): mobile2: VISIBLE sig=2130837711 act=0 typ=2130837666
01-11 20:40:19.035 D/StatusBar-NetworkControllerDS(503): changing data overlay icon id to 2130837720
01-11 20:40:19.085 D/dalvikvm(25285): TRACE stop requested, but not running
01-11 20:40:19.185 E/MSimTelephonyManager(25285): MSimTelephonyManager sRegistryMsim != null
01-11 20:40:19.265 V/WindowManager(377): rotationForOrientationLw(orient=5, last=0); user=0 USER_ROTATION_LOCKED mLidOpen=-1 mDockMode=0 mHdmiPlugged=false mAccelerometerDefault=0 sensorRotation=-1
01-11 20:40:19.275 D/KeyguardViewMediator(377): setHidden false
01-11 20:40:19.275 E/AlarmManagerService(377): android_server_AlarmManagerService_set to type=3, 113254.366000000
01-11 20:40:19.275 D/KeyguardViewMediator(377): setHidden false
01-11 20:40:19.275 V/AlarmManager(377): waitForAlarm result :8
01-11 20:40:19.285 I/NRFW    (1229): profile=wifi
01-11 20:40:19.295 W/AlarmManager(377): FACTORY_ON= 0
01-11 20:40:19.305 D/STATUSBAR-NotificationService(377): cancelNotification - pkg:menion.android.locus.pro, id:0, tag:null
01-11 20:40:19.355 W/SurfaceFlinger(111): id=502(32) createSurface 0xbc1bb4 (480x800),1 flag=0
01-11 20:40:19.365 D/KeyguardViewMediator(377): setHidden false
01-11 20:40:19.365 D/STATUSBAR-StatusBarManagerService(377): setSystemUiVisibility(0x0)
01-11 20:40:19.365 D/STATUSBAR-StatusBarManagerService(377): manageDisableList what=0x0 pkg=WindowManager.LayoutParams
01-11 20:40:19.375 I/Adreno200-EGLSUB(799): <ConfigWindowMatch:2218>: Format RGBA_8888.
01-11 20:40:19.375 D/memalloc(111): /dev/pmem: Allocated buffer base:0x41b92000 size:1536000 offset:0 fd:48
01-11 20:40:19.385 D/memalloc(799): /dev/pmem: Mapped buffer base:0x53b88000 size:1536000 offset:0 fd:85
01-11 20:40:19.395 I/ClipboardServiceEx(377): Send intent for dismiss clipboard dialog inside hideCurrentInputLocked() !
01-11 20:40:19.395 I/ClipboardServiceEx(377): Send intent for dismiss clipboard dialog inside hideCurrentInputLocked() !
01-11 20:40:19.395 W/InputManagerService(377): Starting input on non-focused client com.android.internal.view.IInputMethodClient$Stub$Proxy@4186e948 (uid=10140 pid=25285)
01-11 20:40:19.395 V/InputManagerService(377): Starting input on non-focused client mCurClient info is ClientState{4172cab0 uid 10119 pid 799}
01-11 20:40:19.485 D/memalloc(111): /dev/pmem: Allocated buffer base:0x41b92000 size:1536000 offset:6004736 fd:54
01-11 20:40:19.495 D/memalloc(799): /dev/pmem: Mapped buffer base:0x54133000 size:7540736 offset:6004736 fd:88
01-11 20:40:19.495 D/KeyguardViewMediator(377): setHidden false
01-11 20:40:19.495 E/WallpaperService(377): WallpaperManagerService currSimId:0
01-11 20:40:19.495 V/WallpaperService(377): WallpaperManagerService getWallpaper : width 960Height 800
01-11 20:40:19.495 D/DEFERED_APP_VISIBILITY(377): tweaking closing app
01-11 20:40:19.505 D/OpenGLRenderer(25285): Flushing caches (mode 0)
01-11 20:40:19.505 D/KeyguardViewMediator(377): setHidden false
01-11 20:40:19.515 D/KeyguardViewMediator(377): setHidden false
01-11 20:40:19.525 D/KeyguardViewMediator(377): setHidden false
01-11 20:40:19.535 D/memalloc(25285): /dev/pmem: Unmapping buffer base:0x5530c000 size:10612736 offset:9076736
01-11 20:40:19.535 D/memalloc(25285): /dev/pmem: Unmapping buffer base:0x56db9000 size:12148736 offset:10612736
01-11 20:40:19.535 D/memalloc(25285): /dev/pmem: Unmapping buffer base:0x5794f000 size:13684736 offset:12148736
01-11 20:40:19.535 D/memalloc(111): /dev/pmem: Freeing buffer base:0x4243a000 size:1536000 offset:9076736 fd:57
01-11 20:40:19.535 D/memalloc(111): /dev/pmem: Freeing buffer base:0x425b1000 size:1536000 offset:10612736 fd:60
01-11 20:40:19.535 D/KeyguardViewMediator(377): setHidden false
01-11 20:40:19.545 D/KeyguardViewMediator(377): setHidden false
01-11 20:40:19.555 I/Adreno200-EGLSUB(111): <CreateImage:1017>: Android Image
01-11 20:40:19.555 I/Adreno200-EGLSUB(111): <GetImageAttributes:1226>: RGBA_8888
01-11 20:40:19.565 D/KeyguardViewMediator(377): setHidden false
01-11 20:40:19.575 D/KeyguardViewMediator(377): setHidden false
01-11 20:40:19.595 D/KeyguardViewMediator(377): setHidden false
01-11 20:40:19.615 D/KeyguardViewMediator(377): setHidden false
01-11 20:40:19.625 D/KeyguardViewMediator(377): setHidden false
01-11 20:40:19.665 D/KeyguardViewMediator(377): setHidden false
01-11 20:40:19.665 D/KeyguardViewMediator(377): setHidden false
01-11 20:40:19.685 D/KeyguardViewMediator(377): setHidden false
01-11 20:40:19.695 D/KeyguardViewMediator(377): setHidden false
01-11 20:40:19.715 D/KeyguardViewMediator(377): setHidden false
01-11 20:40:19.735 D/KeyguardViewMediator(377): setHidden false
01-11 20:40:19.745 D/KeyguardViewMediator(377): setHidden false
01-11 20:40:19.765 D/KeyguardViewMediator(377): setHidden false
01-11 20:40:19.765 W/SurfaceFlinger(111): id=500 Removed idx=3 Map Size=6
01-11 20:40:19.765 W/SurfaceFlinger(111): id=500 Removed idx=-2 Map Size=6
01-11 20:40:19.805 D/memalloc(111): /dev/pmem: Freeing buffer base:0x42728000 size:1536000 offset:12148736 fd:66
01-11 20:40:19.945 D/dalvikvm(503): GC_FOR_ALLOC freed 383K, 45% free 18106K/32675K, paused 52ms
01-11 20:40:20.065 W/SignalStrength(503): getGsmLevel. this.mGsmSignalBar=4, getGsmSignalStrength()== 19
01-11 20:40:20.065 W/SignalStrength(503): getGsmLevel=4
01-11 20:40:20.065 W/SignalStrength(503): getLevel=4 (SignalStrength: 19 255 -120 -160 -120 -1 -1 99 2147483647 -32767 2147483647 -32767 gsm|lte 4)
01-11 20:40:20.065 W/SignalStrength(503): getGsmLevel. this.mGsmSignalBar=4, getGsmSignalStrength()== 25
01-11 20:40:20.065 W/SignalStrength(503): getGsmLevel=4
01-11 20:40:20.065 W/SignalStrength(503): getLevel=4 (SignalStrength: 25 255 -120 -160 -120 -1 -1 99 2147483647 -32767 2147483647 -32767 gsm|lte 4)
01-11 20:40:20.065 D/StatusBar-NetworkControllerDS(503): refreshViews connected={ wifi } level=4|4 combinedSignalIconId=0x7f0200ef/com.android.systemui:drawable/stat_sys_wifi_signal_4 combinedActivityIconId=0x7f0200d9 mAirplaneMode=false mDataActivity1=0 mDataActivity2=0 mPhoneSignalIconId1=0x7f0200d5 mPhoneSignalIconId2=0x7f0200cf mLastPhoneSignalIconId1=0x7f0200d5 mLastPhoneSignalIconId2=0x7f0200cf mDataDirectionIconId1=0x0 mDataDirectionIconId2=0x0 mDataSignalIconId1=0x7f0200d5 mDataSignalIconId2=0x7f0200cf mDataTypeIconId1=0x7f0200a2 mDataTypeIconId2=0x7f0200a2 mWifiIconId=0x7f0200ef mRoamingIconId1=0x0 mRoamingIconId2=0x0 mBluetoothTetherIconId=0x10806ce
01-11 20:40:20.075 D/SignalClusterView(503): wifi: VISIBLE sig=2130837743 act=2130837721
01-11 20:40:20.075 D/SignalClusterView(503): mobile1: VISIBLE sig=2130837717 act=0 typ=2130837666
01-11 20:40:20.075 D/SignalClusterView(503): mobile2: VISIBLE sig=2130837711 act=0 typ=2130837666
01-11 20:40:20.075 D/SignalClusterView(503): wifi: VISIBLE sig=2130837743 act=2130837721
01-11 20:40:20.075 D/SignalClusterView(503): mobile1: VISIBLE sig=2130837717 act=0 typ=2130837666
01-11 20:40:20.075 D/SignalClusterView(503): mobile2: VISIBLE sig=2130837711 act=0 typ=2130837666
01-11 20:40:20.075 D/SignalClusterView(503): wifi: VISIBLE sig=2130837743 act=2130837721
01-11 20:40:20.075 D/SignalClusterView(503): mobile1: VISIBLE sig=2130837717 act=0 typ=2130837666
01-11 20:40:20.075 D/SignalClusterView(503): mobile2: VISIBLE sig=2130837711 act=0 typ=2130837666
01-11 20:40:20.075 D/StatusBar-NetworkControllerDS(503): changing data overlay icon id to 2130837721
01-11 20:40:20.085 D/OpenGLRenderer(25285): Flushing caches (mode 2)
01-11 20:40:20.105 D/KeyguardViewMediator(377): setHidden false
01-11 20:40:20.145 D/plugin  (684): getDefaultSubscription()
01-11 20:40:20.145 E/MSimTelephonyManager(24146): MSimTelephonyManager sRegistryMsim != null
01-11 20:40:20.175 I/NRFW    (1229): serverip=180.76.3.90 localIp=10.0.8.1
01-11 20:40:20.185 I/DNS     (1229): 180.76.3.90 h_errno=1
01-11 20:40:20.355 D/lights  (377): write_int /sys/class/leds/button-backlight/brightness = 0
01-11 20:40:20.355 V/PowerManagerService(377): Top Most Needs Intelligent Sleep: true
01-11 20:40:20.355 W/PowerManagerService(377): Timer 0x7->0x3|0x3
01-11 20:40:20.355 I/PowerManagerService(377): Ulight 0x7->0x3|0x0
01-11 20:40:20.355 D/PowerManagerService(377): setLightBrightness : mButtonLight : 0
01-11 20:40:20.485 D/dalvikvm(1229): GC_CONCURRENT freed 3149K, 40% free 11762K/19555K, paused 2ms+9ms
01-11 20:40:20.555 D/memalloc(25285): /dev/pmem: Unmapping buffer base:0x55d2b000 size:13897728 offset:13684736
01-11 20:40:20.585 D/KeyguardViewMediator(377): setHidden false
01-11 20:40:20.595 D/KeyguardViewMediator(377): setHidden false
01-11 20:40:20.605 W/SurfaceFlinger(111): id=501 Removed idx=6 Map Size=5
01-11 20:40:20.605 W/SurfaceFlinger(111): id=501 Removed idx=-2 Map Size=5
01-11 20:40:20.605 D/KeyguardViewMediator(377): setHidden false
01-11 20:40:20.605 D/PowerManagerService(377): releaseWakeLockLocked flags=0x0 tag=KEEP_SCREEN_ON_FLAG myUID=1000 myPID=377 myTID=447
01-11 20:40:20.635 D/memalloc(111): /dev/pmem: Freeing buffer base:0x4289f000 size:212992 offset:13684736 fd:42
01-11 20:40:20.995 W/SignalStrength(503): getGsmLevel. this.mGsmSignalBar=4, getGsmSignalStrength()== 19
01-11 20:40:20.995 W/SignalStrength(503): getGsmLevel=4
01-11 20:40:20.995 W/SignalStrength(503): getLevel=4 (SignalStrength: 19 255 -120 -160 -120 -1 -1 99 2147483647 -32767 2147483647 -32767 gsm|lte 4)
01-11 20:40:20.995 W/SignalStrength(503): getGsmLevel. this.mGsmSignalBar=4, getGsmSignalStrength()== 25
01-11 20:40:20.995 W/SignalStrength(503): getGsmLevel=4
01-11 20:40:20.995 W/SignalStrength(503): getLevel=4 (SignalStrength: 25 255 -120 -160 -120 -1 -1 99 2147483647 -32767 2147483647 -32767 gsm|lte 4)
01-11 20:40:20.995 D/TWStatusBar-NetworkControllerDS(503): onReceive() - RSSI_CHANGED_ACTION, WIFI_STATE, NETWORK_STATE
01-11 20:40:20.995 D/StatusBar-NetworkControllerDS(503): refreshViews connected={ wifi } level=4|4 combinedSignalIconId=0x7f0200ed/com.android.systemui:drawable/stat_sys_wifi_signal_3 combinedActivityIconId=0x7f0200d9 mAirplaneMode=false mDataActivity1=0 mDataActivity2=0 mPhoneSignalIconId1=0x7f0200d5 mPhoneSignalIconId2=0x7f0200cf mLastPhoneSignalIconId1=0x7f0200d5 mLastPhoneSignalIconId2=0x7f0200cf mDataDirectionIconId1=0x0 mDataDirectionIconId2=0x0 mDataSignalIconId1=0x7f0200d5 mDataSignalIconId2=0x7f0200cf mDataTypeIconId1=0x7f0200a2 mDataTypeIconId2=0x7f0200a2 mWifiIconId=0x7f0200ed mRoamingIconId1=0x0 mRoamingIconId2=0x0 mBluetoothTetherIconId=0x10806ce
01-11 20:40:20.995 D/SignalClusterView(503): wifi: VISIBLE sig=2130837741 act=2130837721
01-11 20:40:20.995 D/SignalClusterView(503): mobile1: VISIBLE sig=2130837717 act=0 typ=2130837666
01-11 20:40:20.995 D/SignalClusterView(503): mobile2: VISIBLE sig=2130837711 act=0 typ=2130837666
01-11 20:40:20.995 D/SignalClusterView(503): wifi: VISIBLE sig=2130837741 act=2130837721
01-11 20:40:20.995 D/SignalClusterView(503): mobile1: VISIBLE sig=2130837717 act=0 typ=2130837666
01-11 20:40:20.995 D/SignalClusterView(503): mobile2: VISIBLE sig=2130837711 act=0 typ=2130837666
01-11 20:40:20.995 D/SignalClusterView(503): wifi: VISIBLE sig=2130837741 act=2130837721
01-11 20:40:20.995 D/SignalClusterView(503): mobile1: VISIBLE sig=2130837717 act=0 typ=2130837666
01-11 20:40:20.995 D/SignalClusterView(503): mobile2: VISIBLE sig=2130837711 act=0 typ=2130837666
01-11 20:40:21.205 I/InputReader(377): Touch event's action is 0x0 (deviceType=0) [pCnt=1, pending(waiting finished signal)=0, s=0.772 ]
01-11 20:40:21.205 I/InputDispatcher(377): Delivering touch to current input target: action: 0x0
01-11 20:40:21.205 I/InputDispatcher(377): Delivering touch to current input target: action: 0x0
01-11 20:40:21.205 D/lights  (377): write_int /sys/class/leds/button-backlight/brightness = 255
01-11 20:40:21.205 I/PowerManagerService(377): Ulight 0x3->0x7|0x0
01-11 20:40:21.205 D/PowerManagerService(377): setLightBrightness : mButtonLight : 61
01-11 20:40:21.435 D/memalloc(111): /dev/pmem: Allocated buffer base:0x41b92000 size:1536000 offset:7540736 fd:42
01-11 20:40:21.435 D/memalloc(799): /dev/pmem: Mapped buffer base:0x54ff7000 size:9076736 offset:7540736 fd:98
01-11 20:40:21.445 I/Adreno200-EGLSUB(111): <CreateImage:1017>: Android Image
01-11 20:40:21.445 I/Adreno200-EGLSUB(111): <GetImageAttributes:1226>: RGBA_8888
01-11 20:40:21.575 I/Adreno200-EGLSUB(111): <CreateImage:1017>: Android Image
01-11 20:40:21.575 I/Adreno200-EGLSUB(111): <GetImageAttributes:1226>: RGBA_8888
01-11 20:40:22.055 I/InputReader(377): Touch event's action is 0x1 (deviceType=0) [pCnt=1, pending(waiting finished signal)=0, s=]
01-11 20:40:22.055 I/InputDispatcher(377): Delivering touch to current input target: action: 0x1
01-11 20:40:22.055 I/InputDispatcher(377): Delivering touch to current input target: action: 0x1
01-11 20:40:22.075 W/SignalStrength(503): getGsmLevel. this.mGsmSignalBar=4, getGsmSignalStrength()== 19
01-11 20:40:22.075 W/SignalStrength(503): getGsmLevel=4
01-11 20:40:22.075 W/SignalStrength(503): getLevel=4 (SignalStrength: 19 255 -120 -160 -120 -1 -1 99 2147483647 -32767 2147483647 -32767 gsm|lte 4)
01-11 20:40:22.075 W/SignalStrength(503): getGsmLevel. this.mGsmSignalBar=4, getGsmSignalStrength()== 25
01-11 20:40:22.075 W/SignalStrength(503): getGsmLevel=4
01-11 20:40:22.075 W/SignalStrength(503): getLevel=4 (SignalStrength: 25 255 -120 -160 -120 -1 -1 99 2147483647 -32767 2147483647 -32767 gsm|lte 4)
01-11 20:40:22.075 D/StatusBar-NetworkControllerDS(503): refreshViews connected={ wifi } level=4|4 combinedSignalIconId=0x7f0200ed/com.android.systemui:drawable/stat_sys_wifi_signal_3 combinedActivityIconId=0x7f0200d8 mAirplaneMode=false mDataActivity1=0 mDataActivity2=0 mPhoneSignalIconId1=0x7f0200d5 mPhoneSignalIconId2=0x7f0200cf mLastPhoneSignalIconId1=0x7f0200d5 mLastPhoneSignalIconId2=0x7f0200cf mDataDirectionIconId1=0x0 mDataDirectionIconId2=0x0 mDataSignalIconId1=0x7f0200d5 mDataSignalIconId2=0x7f0200cf mDataTypeIconId1=0x7f0200a2 mDataTypeIconId2=0x7f0200a2 mWifiIconId=0x7f0200ed mRoamingIconId1=0x0 mRoamingIconId2=0x0 mBluetoothTetherIconId=0x10806ce
01-11 20:40:22.075 D/SignalClusterView(503): wifi: VISIBLE sig=2130837741 act=2130837720
01-11 20:40:22.075 D/SignalClusterView(503): mobile1: VISIBLE sig=2130837717 act=0 typ=2130837666
01-11 20:40:22.075 D/SignalClusterView(503): mobile2: VISIBLE sig=2130837711 act=0 typ=2130837666
01-11 20:40:22.075 D/SignalClusterView(503): wifi: VISIBLE sig=2130837741 act=2130837720
01-11 20:40:22.075 D/SignalClusterView(503): mobile1: VISIBLE sig=2130837717 act=0 typ=2130837666
01-11 20:40:22.075 D/SignalClusterView(503): mobile2: VISIBLE sig=2130837711 act=0 typ=2130837666
01-11 20:40:22.075 D/SignalClusterView(503): wifi: VISIBLE sig=2130837741 act=2130837720
01-11 20:40:22.075 D/SignalClusterView(503): mobile1: VISIBLE sig=2130837717 act=0 typ=2130837666
01-11 20:40:22.075 D/SignalClusterView(503): mobile2: VISIBLE sig=2130837711 act=0 typ=2130837666
01-11 20:40:22.075 D/StatusBar-NetworkControllerDS(503): changing data overlay icon id to 2130837720
01-11 20:40:23.025 I/InputReader(377): Touch event's action is 0x0 (deviceType=0) [pCnt=1, pending(waiting finished signal)=0, s=0.773 ]
01-11 20:40:23.025 I/InputDispatcher(377): Delivering touch to current input target: action: 0x0
01-11 20:40:23.025 I/InputDispatcher(377): Delivering touch to current input target: action: 0x0
01-11 20:40:23.135 I/InputReader(377): Touch event's action is 0x1 (deviceType=0) [pCnt=1, pending(waiting finished signal)=0, s=]
01-11 20:40:23.135 I/InputDispatcher(377): Delivering touch to current input target: action: 0x1
01-11 20:40:23.135 I/InputDispatcher(377): Delivering touch to current input target: action: 0x1
01-11 20:40:23.155 I/power   (377): *** acquire_dvfs_lock : lockType : 1  freq : 1008000 
01-11 20:40:23.155 D/PowerManagerService(377): acquireDVFSLockLocked : type : DVFS_MIN_LIMIT  frequency : 1008000  uid : 1000  pid : 377  tag : ActivityManager
01-11 20:40:23.175 I/NRFW    (1229): profile=wifi
01-11 20:40:23.205 I/NRFW    (1229): serverip=180.76.3.90 localIp=10.0.8.1
01-11 20:40:23.235 W/SurfaceFlinger(111): id=503(69) createSurface 0xbc7e24 (1x1),2 flag=400
01-11 20:40:23.235 D/KeyguardViewMediator(377): setHidden false
01-11 20:40:23.265 D/memalloc(111): /dev/pmem: Allocated buffer base:0x41b92000 size:1536000 offset:9076736 fd:57
01-11 20:40:23.265 D/memalloc(377): /dev/pmem: Mapped buffer base:0x5c8f6000 size:10612736 offset:9076736 fd:342
01-11 20:40:23.285 I/dalvikvm(25904): Turning on JNI app bug workarounds for target SDK version 10...
01-11 20:40:23.285 I/Adreno200-EGLSUB(111): <CreateImage:1017>: Android Image
01-11 20:40:23.285 I/Adreno200-EGLSUB(111): <GetImageAttributes:1282>: RGBX_8888
01-11 20:40:23.285 D/KeyguardViewMediator(377): setHidden false
01-11 20:40:23.305 V/WindowManager(377): rotationForOrientationLw(orient=-1, last=0); user=0 USER_ROTATION_LOCKED mLidOpen=-1 mDockMode=0 mHdmiPlugged=false mAccelerometerDefault=0 sensorRotation=-1
01-11 20:40:23.315 D/KeyguardViewMediator(377): setHidden false
01-11 20:40:23.315 D/DEFERED_APP_VISIBILITY(377): tweaking closing app
01-11 20:40:23.325 D/KeyguardViewMediator(377): setHidden false
01-11 20:40:23.325 D/OpenGLRenderer(799): Flushing caches (mode 2)
01-11 20:40:23.335 D/KeyguardViewMediator(377): setHidden false
01-11 20:40:23.345 D/KeyguardViewMediator(377): setHidden false
01-11 20:40:23.365 D/KeyguardViewMediator(377): setHidden false
01-11 20:40:23.385 D/KeyguardViewMediator(377): setHidden false
01-11 20:40:23.385 D/OpenGLRenderer(799): Flushing caches (mode 0)
01-11 20:40:23.395 D/KeyguardViewMediator(377): setHidden false
01-11 20:40:23.405 D/memalloc(799): /dev/pmem: Unmapping buffer base:0x53b88000 size:1536000 offset:0
01-11 20:40:23.405 D/memalloc(799): /dev/pmem: Unmapping buffer base:0x54133000 size:7540736 offset:6004736
01-11 20:40:23.405 D/memalloc(799): /dev/pmem: Unmapping buffer base:0x54ff7000 size:9076736 offset:7540736
01-11 20:40:23.415 D/KeyguardViewMediator(377): setHidden false
01-11 20:40:23.425 D/memalloc(111): /dev/pmem: Freeing buffer base:0x41b92000 size:1536000 offset:0 fd:48
01-11 20:40:23.425 D/memalloc(111): /dev/pmem: Freeing buffer base:0x4214c000 size:1536000 offset:6004736 fd:54
01-11 20:40:23.435 D/KeyguardViewMediator(377): setHidden false
01-11 20:40:23.445 D/KeyguardViewMediator(377): setHidden false
01-11 20:40:23.445 D/KeyguardViewMediator(377): setHidden false
01-11 20:40:23.455 I/NRFW    (1229): serverip=103.235.47.88 localIp=10.0.8.1
01-11 20:40:23.465 D/KeyguardViewMediator(377): setHidden false
01-11 20:40:23.485 D/KeyguardViewMediator(377): setHidden false
01-11 20:40:23.495 D/KeyguardViewMediator(377): setHidden false
01-11 20:40:23.515 D/KeyguardViewMediator(377): setHidden false
01-11 20:40:23.525 D/KeyguardViewMediator(377): setHidden false
01-11 20:40:23.535 D/AbsListView(25904): Get MotionRecognitionManager
01-11 20:40:23.545 D/KeyguardViewMediator(377): setHidden false
01-11 20:40:23.565 D/KeyguardViewMediator(377): setHidden false
01-11 20:40:23.575 D/KeyguardViewMediator(377): setHidden false
01-11 20:40:23.595 D/KeyguardViewMediator(377): setHidden false
01-11 20:40:23.615 D/KeyguardViewMediator(377): setHidden false
01-11 20:40:23.625 D/KeyguardViewMediator(377): setHidden false
01-11 20:40:23.645 D/KeyguardViewMediator(377): setHidden false
01-11 20:40:23.645 D/KeyguardViewMediator(377): setHidden false
01-11 20:40:23.645 W/SurfaceFlinger(111): id=502 Removed idx=1 Map Size=5
01-11 20:40:23.645 W/SurfaceFlinger(111): id=502 Removed idx=-2 Map Size=5
01-11 20:40:23.655 D/memalloc(111): /dev/pmem: Freeing buffer base:0x422c3000 size:1536000 offset:7540736 fd:42
01-11 20:40:23.665 W/SurfaceFlinger(111): id=504(1) createSurface 0xbc1bb4 (480x800),2 flag=400
01-11 20:40:23.665 D/STATUSBAR-StatusBarManagerService(377): setSystemUiVisibility(0x0)
01-11 20:40:23.665 D/STATUSBAR-StatusBarManagerService(377): manageDisableList what=0x0 pkg=WindowManager.LayoutParams
01-11 20:40:23.675 D/KeyguardViewMediator(377): setHidden false
01-11 20:40:23.675 V/PhoneStatusBar(503): setLightsOn(true)
01-11 20:40:23.685 I/ClipboardServiceEx(377): Send intent for dismiss clipboard dialog inside hideCurrentInputLocked() !
01-11 20:40:23.695 D/memalloc(111): /dev/pmem: Allocated buffer base:0x41b92000 size:1536000 offset:0 fd:42
01-11 20:40:23.695 W/InputManagerService(377): Starting input on non-focused client com.android.internal.view.IInputMethodClient$Stub$Proxy@41b502c0 (uid=10119 pid=799)
01-11 20:40:23.695 V/InputManagerService(377): Starting input on non-focused client mCurClient info is ClientState{41ce69b0 uid 10139 pid 25904}
01-11 20:40:23.705 D/memalloc(25904): /dev/pmem: Mapped buffer base:0x515d1000 size:1536000 offset:0 fd:62
01-11 20:40:23.725 I/Adreno200-EGLSUB(111): <CreateImage:1017>: Android Image
01-11 20:40:23.725 I/Adreno200-EGLSUB(111): <GetImageAttributes:1282>: RGBX_8888
01-11 20:40:23.725 D/KeyguardViewMediator(377): setHidden false
01-11 20:40:23.725 D/KeyguardViewMediator(377): setHidden false
01-11 20:40:23.735 I/ActivityManager(377): Displayed shortComponentName: +558ms
01-11 20:40:23.735 I/power   (377): *** release_dvfs_lock : lockType : 1 
01-11 20:40:23.735 D/KeyguardViewMediator(377): setHidden false
01-11 20:40:23.735 D/CLIPBOARD(25904): Hide Clipboard dialog at Starting input: finished by someone else... !
01-11 20:40:23.735 I/ClipboardServiceEx(377): mCBPickerDialog enter case. MSG_DISMISS_DIALOG
01-11 20:40:23.735 D/PowerManagerService(377): releaseDVFSLockLocked : all DVFS_MIN_LIMIT are released 
01-11 20:40:23.745 D/KeyguardViewMediator(377): setHidden false
01-11 20:40:23.765 D/KeyguardViewMediator(377): setHidden false
01-11 20:40:23.785 D/KeyguardViewMediator(377): setHidden false
01-11 20:40:23.795 D/KeyguardViewMediator(377): setHidden false
01-11 20:40:23.815 D/KeyguardViewMediator(377): setHidden false
01-11 20:40:23.825 D/memalloc(111): /dev/pmem: Allocated buffer base:0x41b92000 size:1536000 offset:6004736 fd:48
01-11 20:40:23.835 D/KeyguardViewMediator(377): setHidden false
01-11 20:40:23.835 D/memalloc(25904): /dev/pmem: Mapped buffer base:0x51848000 size:7540736 offset:6004736 fd:65
01-11 20:40:23.845 D/KeyguardViewMediator(377): setHidden false
01-11 20:40:23.865 D/KeyguardViewMediator(377): setHidden false
01-11 20:40:23.875 I/Adreno200-EGLSUB(111): <CreateImage:1017>: Android Image
01-11 20:40:23.875 I/Adreno200-EGLSUB(111): <GetImageAttributes:1282>: RGBX_8888
01-11 20:40:23.915 D/KeyguardViewMediator(377): setHidden false
01-11 20:40:23.935 D/KeyguardViewMediator(377): setHidden false
01-11 20:40:23.935 W/SurfaceFlinger(111): id=503 Removed idx=3 Map Size=5
01-11 20:40:23.935 W/SurfaceFlinger(111): id=503 Removed idx=-2 Map Size=5
01-11 20:40:23.935 D/memalloc(377): /dev/pmem: Unmapping buffer base:0x5c8f6000 size:10612736 offset:9076736
01-11 20:40:23.935 D/KeyguardViewMediator(377): setHidden false
01-11 20:40:23.935 D/memalloc(111): /dev/pmem: Freeing buffer base:0x4243a000 size:1536000 offset:9076736 fd:57
01-11 20:40:23.985 D/dalvikvm(377): GC_CONCURRENT freed 1778K, 45% free 16624K/29731K, paused 14ms+19ms
01-11 20:40:24.085 W/SignalStrength(503): getGsmLevel. this.mGsmSignalBar=4, getGsmSignalStrength()== 19
01-11 20:40:24.085 W/SignalStrength(503): getGsmLevel=4
01-11 20:40:24.085 W/SignalStrength(503): getLevel=4 (SignalStrength: 19 255 -120 -160 -120 -1 -1 99 2147483647 -32767 2147483647 -32767 gsm|lte 4)
01-11 20:40:24.085 W/SignalStrength(503): getGsmLevel. this.mGsmSignalBar=4, getGsmSignalStrength()== 25
01-11 20:40:24.085 W/SignalStrength(503): getGsmLevel=4
01-11 20:40:24.085 W/SignalStrength(503): getLevel=4 (SignalStrength: 25 255 -120 -160 -120 -1 -1 99 2147483647 -32767 2147483647 -32767 gsm|lte 4)
01-11 20:40:24.085 D/StatusBar-NetworkControllerDS(503): refreshViews connected={ wifi } level=4|4 combinedSignalIconId=0x7f0200ed/com.android.systemui:drawable/stat_sys_wifi_signal_3 combinedActivityIconId=0x7f0200d9 mAirplaneMode=false mDataActivity1=0 mDataActivity2=0 mPhoneSignalIconId1=0x7f0200d5 mPhoneSignalIconId2=0x7f0200cf mLastPhoneSignalIconId1=0x7f0200d5 mLastPhoneSignalIconId2=0x7f0200cf mDataDirectionIconId1=0x0 mDataDirectionIconId2=0x0 mDataSignalIconId1=0x7f0200d5 mDataSignalIconId2=0x7f0200cf mDataTypeIconId1=0x7f0200a2 mDataTypeIconId2=0x7f0200a2 mWifiIconId=0x7f0200ed mRoamingIconId1=0x0 mRoamingIconId2=0x0 mBluetoothTetherIconId=0x10806ce
01-11 20:40:24.085 D/SignalClusterView(503): wifi: VISIBLE sig=2130837741 act=2130837721
01-11 20:40:24.085 D/SignalClusterView(503): mobile1: VISIBLE sig=2130837717 act=0 typ=2130837666
01-11 20:40:24.085 D/SignalClusterView(503): mobile2: VISIBLE sig=2130837711 act=0 typ=2130837666
01-11 20:40:24.085 D/SignalClusterView(503): wifi: VISIBLE sig=2130837741 act=2130837721
01-11 20:40:24.085 D/SignalClusterView(503): mobile1: VISIBLE sig=2130837717 act=0 typ=2130837666
01-11 20:40:24.085 D/SignalClusterView(503): mobile2: VISIBLE sig=2130837711 act=0 typ=2130837666
01-11 20:40:24.085 D/SignalClusterView(503): wifi: VISIBLE sig=2130837741 act=2130837721
01-11 20:40:24.085 D/SignalClusterView(503): mobile1: VISIBLE sig=2130837717 act=0 typ=2130837666
01-11 20:40:24.085 D/SignalClusterView(503): mobile2: VISIBLE sig=2130837711 act=0 typ=2130837666
01-11 20:40:24.085 D/StatusBar-NetworkControllerDS(503): changing data overlay icon id to 2130837721
01-11 20:40:24.525 D/lights  (377): write_int /sys/class/leds/button-backlight/brightness = 0
01-11 20:40:24.525 V/PowerManagerService(377): Top Most Needs Intelligent Sleep: true
01-11 20:40:24.525 W/PowerManagerService(377): Timer 0x7->0x3|0x0
01-11 20:40:24.525 I/PowerManagerService(377): Ulight 0x7->0x3|0x0
01-11 20:40:24.525 D/PowerManagerService(377): setLightBrightness : mButtonLight : 0
01-11 20:40:24.765 D/QCRIL_RPC(102): Enter qcril_cm_srvsys_event_callback
01-11 20:40:24.765 D/QCRIL_RPC(102): Exit qcril_cm_srvsys_event_callback
01-11 20:40:24.765 W/SignalStrength(377): getGsmLevel. this.mGsmSignalBar=4, getGsmSignalStrength()== 22
01-11 20:40:24.765 W/SignalStrength(377): getGsmLevel=4
01-11 20:40:24.765 W/SignalStrength(377): getLevel=4 (SignalStrength: 22 255 -120 -160 -120 -1 -1 99 2147483647 -32767 2147483647 -32767 gsm|lte 4)
01-11 20:40:24.765 W/SignalStrength(503): getGsmLevel. this.mGsmSignalBar=4, getGsmSignalStrength()== 22
01-11 20:40:24.765 W/SignalStrength(503): getGsmLevel=4
01-11 20:40:24.765 W/SignalStrength(503): getLevel=4 (SignalStrength: 22 255 -120 -160 -120 -1 -1 99 2147483647 -32767 2147483647 -32767 gsm|lte 4)
01-11 20:40:24.765 W/SignalStrength(503): getGsmLevel. this.mGsmSignalBar=4, getGsmSignalStrength()== 22
01-11 20:40:24.765 W/SignalStrength(503): getGsmLevel=4
01-11 20:40:24.765 W/SignalStrength(503): getLevel=4 (SignalStrength: 22 255 -120 -160 -120 -1 -1 99 2147483647 -32767 2147483647 -32767 gsm|lte 4)
01-11 20:40:24.765 W/SignalStrength(503): getGsmLevel. this.mGsmSignalBar=4, getGsmSignalStrength()== 19
01-11 20:40:24.765 W/SignalStrength(503): getGsmLevel=4
01-11 20:40:24.765 W/SignalStrength(503): getLevel=4 (SignalStrength: 19 255 -120 -160 -120 -1 -1 99 2147483647 -32767 2147483647 -32767 gsm|lte 4)
01-11 20:40:24.765 W/SignalStrength(503): getGsmLevel. this.mGsmSignalBar=4, getGsmSignalStrength()== 22
01-11 20:40:24.765 W/SignalStrength(503): getGsmLevel=4
01-11 20:40:24.765 W/SignalStrength(503): getLevel=4 (SignalStrength: 22 255 -120 -160 -120 -1 -1 99 2147483647 -32767 2147483647 -32767 gsm|lte 4)
01-11 20:40:24.765 I/ONCRPC  (102): rpc_handle_rpc_call: for Xid: 1900, Prog: 31000000, Vers: d17ed9ea, Proc: 00000014
01-11 20:40:24.765 I/ONCRPC  (102): rpc_handle_rpc_call: Find Status: 0 Xid: 1900
01-11 20:40:24.765 I/ONCRPC  (102): oncrpc_proxy_handle_cmd_rpc_call: Dispatching xid: 1900
01-11 20:40:24.765 D/TWStatusBar-NetworkControllerDS(503): onSignalStrengthsChanged signalStrength=SignalStrength: 22 255 -120 -160 -120 -1 -1 99 2147483647 -32767 2147483647 -32767 gsm|lte 4 level=4 simslot=1
01-11 20:40:24.765 D/StatusBar-NetworkControllerDS(503): isDualSIM : SimState = 2, SimState2 = 2
01-11 20:40:24.765 D/StatusBar-NetworkControllerDS(503): isDualSIM : SimState = 2, SimState2 = 2
01-11 20:40:24.765 D/StatusBar-NetworkControllerDS(503): refreshViews connected={ wifi } level=4|4 combinedSignalIconId=0x7f0200ed/com.android.systemui:drawable/stat_sys_wifi_signal_3 combinedActivityIconId=0x7f0200d9 mAirplaneMode=false mDataActivity1=0 mDataActivity2=0 mPhoneSignalIconId1=0x7f0200d5 mPhoneSignalIconId2=0x7f0200cf mLastPhoneSignalIconId1=0x7f0200d5 mLastPhoneSignalIconId2=0x7f0200cf mDataDirectionIconId1=0x0 mDataDirectionIconId2=0x0 mDataSignalIconId1=0x7f0200d5 mDataSignalIconId2=0x7f0200cf mDataTypeIconId1=0x7f0200a2 mDataTypeIconId2=0x7f0200a2 mWifiIconId=0x7f0200ed mRoamingIconId1=0x0 mRoamingIconId2=0x0 mBluetoothTetherIconId=0x10806ce
01-11 20:40:24.765 D/SignalClusterView(503): wifi: VISIBLE sig=2130837741 act=2130837721
01-11 20:40:24.765 D/SignalClusterView(503): mobile1: VISIBLE sig=2130837717 act=0 typ=2130837666
01-11 20:40:24.765 D/SignalClusterView(503): mobile2: VISIBLE sig=2130837711 act=0 typ=2130837666
01-11 20:40:24.765 D/SignalClusterView(503): wifi: VISIBLE sig=2130837741 act=2130837721
01-11 20:40:24.765 D/SignalClusterView(503): mobile1: VISIBLE sig=2130837717 act=0 typ=2130837666
01-11 20:40:24.765 D/SignalClusterView(503): mobile2: VISIBLE sig=2130837711 act=0 typ=2130837666
01-11 20:40:24.765 D/SignalClusterView(503): wifi: VISIBLE sig=2130837741 act=2130837721
01-11 20:40:24.765 D/SignalClusterView(503): mobile1: VISIBLE sig=2130837717 act=0 typ=2130837666
01-11 20:40:24.765 D/SignalClusterView(503): mobile2: VISIBLE sig=2130837711 act=0 typ=2130837666
01-11 20:40:24.775 W/SignalStrength(377): getDbm 1
01-11 20:40:24.775 W/SignalStrength(377): getGsmDbm=-69
01-11 20:40:24.775 W/SignalStrength(377): getDbm=-69
01-11 20:40:24.775 W/SignalStrength(377): getAsuLevel 1
01-11 20:40:24.775 W/SignalStrength(377): getGsmAsuLevel=22
01-11 20:40:24.775 W/SignalStrength(377): getAsuLevel=22
01-11 20:40:25.555 I/NRFW    (1229): serverip=216.58.213.168 localIp=10.0.8.1
01-11 20:40:25.825 D/BatteryService(377): update start
01-11 20:40:25.835 D/KeyguardUpdateMonitor(377): received broadcast android.intent.action.BATTERY_CHANGED
01-11 20:40:25.835 D/KeyguardUpdateMonitor(377): handleBatteryUpdate
01-11 20:40:25.835 D/BatteryService(377): level:28 scale:100 status:3 health:2 present:true voltage: 3670 temperature: 230 technology: Li-ion AC powered:false USB powered:false icon:17303167 invalid charger:0
01-11 20:40:25.835 D/STATUSBAR-BatteryController(503): onReceive() - ACTION_BATTERY_CHANGED
01-11 20:40:25.835 D/STATUSBAR-BatteryController(503): onReceive() - level:28
01-11 20:40:25.835 D/STATUSBAR-BatteryController(503): onReceive() - plugged:0
01-11 20:40:25.835 D/STATUSBAR-BatteryController(503): onReceive() - BATTERY_STATUS_DISCHARGING: stat_sys_battery
01-11 20:40:25.835 D/ThermistorObserver(377): mBatteryBRForAMOLED : onReceive() : newTemperature : 230
01-11 20:40:25.835 V/UiModeManager(377): updateLocked, mLastBroadcastState =0 , oldAction = null
01-11 20:40:25.845 D/STATUSBAR-PhoneStatusBar(503): ACTION_BATTERY_CHANGED
01-11 20:40:25.845 D/STATUSBAR-PhoneStatusBar(503): NORMAL_BATTERY
01-11 20:40:25.845 D/PowerUI (503): getBatteryOnline : battery online file not found
01-11 20:40:26.425 I/NRFW    (1229): profile=wifi
01-11 20:40:26.465 I/NRFW    (1229): serverip=103.235.47.88 localIp=10.0.8.1
01-11 20:40:26.515 D/dalvikvm(25904): GC_CONCURRENT freed 2813K, 22% free 14726K/18659K, paused 2ms+43ms
01-11 20:40:27.705 D/dalvikvm(25904): GC_CONCURRENT freed 4430K, 28% free 14432K/19939K, paused 2ms+22ms
01-11 20:40:27.765 I/ONCRPC  (102): rpc_handle_rpc_call: for Xid: 1901, Prog: 31000000, Vers: d17ed9ea, Proc: 00000014
01-11 20:40:27.765 D/QCRIL_RPC(102): Enter qcril_cm_srvsys_event_callback
