01-11 20:27:13.355 W/SignalStrength(503): getLevel=4 (SignalStrength: 22 255 -120 -160 -120 -1 -1 99 2147483647 -32767 2147483647 -32767 gsm|lte 4)
01-11 20:27:14.355 W/SignalStrength(503): getGsmLevel. this.mGsmSignalBar=4, getGsmSignalStrength()== 19
01-11 20:27:14.355 W/SignalStrength(503): getGsmLevel=4
01-11 20:27:14.355 W/SignalStrength(503): getLevel=4 (SignalStrength: 19 255 -120 -160 -120 -1 -1 99 2147483647 -32767 2147483647 -32767 gsm|lte 4)
01-11 20:27:14.355 W/SignalStrength(503): getGsmLevel. this.mGsmSignalBar=4, getGsmSignalStrength()== 22
01-11 20:27:14.355 W/SignalStrength(503): getGsmLevel=4
01-11 20:27:14.355 W/SignalStrength(503): getLevel=4 (SignalStrength: 22 255 -120 -160 -120 -1 -1 99 2147483647 -32767 2147483647 -32767 gsm|lte 4)
01-11 20:27:15.315 D/dalvikvm(25285): GC_CONCURRENT freed 7313K, 28% free 24290K/33699K, paused 3ms+19ms
01-11 20:27:16.355 W/SignalStrength(503): getGsmLevel. this.mGsmSignalBar=4, getGsmSignalStrength()== 19
01-11 20:27:16.355 W/SignalStrength(503): getGsmLevel=4
01-11 20:27:16.355 W/SignalStrength(503): getLevel=4 (SignalStrength: 19 255 -120 -160 -120 -1 -1 99 2147483647 -32767 2147483647 -32767 gsm|lte 4)
01-11 20:27:16.355 W/SignalStrength(503): getGsmLevel. this.mGsmSignalBar=4, getGsmSignalStrength()== 22
01-11 20:27:16.355 W/SignalStrength(503): getGsmLevel=4
01-11 20:27:16.355 W/SignalStrength(503): getLevel=4 (SignalStrength: 22 255 -120 -160 -120 -1 -1 99 2147483647 -32767 2147483647 -32767 gsm|lte 4)
01-11 20:27:17.355 W/SignalStrength(503): getGsmLevel. this.mGsmSignalBar=4, getGsmSignalStrength()== 19
01-11 20:27:17.355 W/SignalStrength(503): getGsmLevel=4
01-11 20:27:17.355 W/SignalStrength(503): getLevel=4 (SignalStrength: 19 255 -120 -160 -120 -1 -1 99 2147483647 -32767 2147483647 -32767 gsm|lte 4)
01-11 20:27:17.355 W/SignalStrength(503): getGsmLevel. this.mGsmSignalBar=4, getGsmSignalStrength()== 22
01-11 20:27:17.355 W/SignalStrength(503): getGsmLevel=4
01-11 20:27:17.355 W/SignalStrength(503): getLevel=4 (SignalStrength: 22 255 -120 -160 -120 -1 -1 99 2147483647 -32767 2147483647 -32767 gsm|lte 4)
01-11 20:27:18.595 D/dalvikvm(25285): GC_CONCURRENT freed 7305K, 28% free 24307K/33699K, paused 4ms+19ms
01-11 20:27:18.665 I/NRFW    (1229): profile=wifi
01-11 20:27:18.685 I/NRFW    (1229): serverip=103.235.47.88 localIp=10.0.8.1
01-11 20:27:19.135 E/AlarmManagerService(377): android_server_AlarmManagerService_set to type=3, 112474.365000000
01-11 20:27:19.365 W/SignalStrength(503): getGsmLevel. this.mGsmSignalBar=4, getGsmSignalStrength()== 19
01-11 20:27:19.365 W/SignalStrength(503): getGsmLevel=4
01-11 20:27:19.365 W/SignalStrength(503): getLevel=4 (SignalStrength: 19 255 -120 -160 -120 -1 -1 99 2147483647 -32767 2147483647 -32767 gsm|lte 4)
01-11 20:27:19.365 W/SignalStrength(503): getGsmLevel. this.mGsmSignalBar=4, getGsmSignalStrength()== 22
01-11 20:27:19.365 W/SignalStrength(503): getGsmLevel=4
01-11 20:27:19.365 W/SignalStrength(503): getLevel=4 (SignalStrength: 22 255 -120 -160 -120 -1 -1 99 2147483647 -32767 2147483647 -32767 gsm|lte 4)
01-11 20:27:20.365 W/SignalStrength(503): getGsmLevel. this.mGsmSignalBar=4, getGsmSignalStrength()== 19
01-11 20:27:20.365 W/SignalStrength(503): getGsmLevel=4
01-11 20:27:20.365 W/SignalStrength(503): getLevel=4 (SignalStrength: 19 255 -120 -160 -120 -1 -1 99 2147483647 -32767 2147483647 -32767 gsm|lte 4)
01-11 20:27:20.365 W/SignalStrength(503): getGsmLevel. this.mGsmSignalBar=4, getGsmSignalStrength()== 22
01-11 20:27:20.365 W/SignalStrength(503): getGsmLevel=4
01-11 20:27:20.365 W/SignalStrength(503): getLevel=4 (SignalStrength: 22 255 -120 -160 -120 -1 -1 99 2147483647 -32767 2147483647 -32767 gsm|lte 4)
01-11 20:27:21.985 D/dalvikvm(25285): GC_CONCURRENT freed 7337K, 28% free 24294K/33699K, paused 3ms+19ms
01-11 20:27:22.365 W/SignalStrength(503): getGsmLevel. this.mGsmSignalBar=4, getGsmSignalStrength()== 19
01-11 20:27:22.365 W/SignalStrength(503): getGsmLevel=4
01-11 20:27:22.365 W/SignalStrength(503): getLevel=4 (SignalStrength: 19 255 -120 -160 -120 -1 -1 99 2147483647 -32767 2147483647 -32767 gsm|lte 4)
01-11 20:27:22.365 W/SignalStrength(503): getGsmLevel. this.mGsmSignalBar=4, getGsmSignalStrength()== 22
01-11 20:27:22.365 W/SignalStrength(503): getGsmLevel=4
01-11 20:27:22.365 W/SignalStrength(503): getLevel=4 (SignalStrength: 22 255 -120 -160 -120 -1 -1 99 2147483647 -32767 2147483647 -32767 gsm|lte 4)
01-11 20:27:23.365 W/SignalStrength(503): getGsmLevel. this.mGsmSignalBar=4, getGsmSignalStrength()== 19
01-11 20:27:23.365 W/SignalStrength(503): getGsmLevel=4
01-11 20:27:23.365 W/SignalStrength(503): getLevel=4 (SignalStrength: 19 255 -120 -160 -120 -1 -1 99 2147483647 -32767 2147483647 -32767 gsm|lte 4)
01-11 20:27:23.365 W/SignalStrength(503): getGsmLevel. this.mGsmSignalBar=4, getGsmSignalStrength()== 22
01-11 20:27:23.365 W/SignalStrength(503): getGsmLevel=4
01-11 20:27:23.365 W/SignalStrength(503): getLevel=4 (SignalStrength: 22 255 -120 -160 -120 -1 -1 99 2147483647 -32767 2147483647 -32767 gsm|lte 4)
01-11 20:27:24.275 D/KeyguardUpdateMonitor(377): received broadcast android.intent.action.BATTERY_CHANGED
01-11 20:27:24.275 D/KeyguardUpdateMonitor(377): handleBatteryUpdate
01-11 20:27:25.185 D/dalvikvm(25285): GC_CONCURRENT freed 7328K, 28% free 24289K/33699K, paused 4ms+18ms
01-11 20:27:25.375 W/SignalStrength(503): getGsmLevel. this.mGsmSignalBar=4, getGsmSignalStrength()== 19
01-11 20:27:25.375 W/SignalStrength(503): getGsmLevel=4
01-11 20:27:25.375 W/SignalStrength(503): getLevel=4 (SignalStrength: 19 255 -120 -160 -120 -1 -1 99 2147483647 -32767 2147483647 -32767 gsm|lte 4)
01-11 20:27:25.375 W/SignalStrength(503): getGsmLevel. this.mGsmSignalBar=4, getGsmSignalStrength()== 22
01-11 20:27:25.375 W/SignalStrength(503): getGsmLevel=4
01-11 20:27:25.375 W/SignalStrength(503): getLevel=4 (SignalStrength: 22 255 -120 -160 -120 -1 -1 99 2147483647 -32767 2147483647 -32767 gsm|lte 4)
01-11 20:27:26.375 W/SignalStrength(503): getGsmLevel. this.mGsmSignalBar=4, getGsmSignalStrength()== 19
01-11 20:27:26.375 W/SignalStrength(503): getGsmLevel=4
01-11 20:27:26.375 W/SignalStrength(503): getLevel=4 (SignalStrength: 19 255 -120 -160 -120 -1 -1 99 2147483647 -32767 2147483647 -32767 gsm|lte 4)
01-11 20:27:26.375 W/SignalStrength(503): getGsmLevel. this.mGsmSignalBar=4, getGsmSignalStrength()== 22
01-11 20:27:26.375 W/SignalStrength(503): getGsmLevel=4
01-11 20:27:26.375 W/SignalStrength(503): getLevel=4 (SignalStrength: 22 255 -120 -160 -120 -1 -1 99 2147483647 -32767 2147483647 -32767 gsm|lte 4)
01-11 20:27:27.015 D/dalvikvm(24146): GC_EXPLICIT freed 2605K, 32% free 12920K/18915K, paused 3ms+9ms
01-11 20:27:27.295 D/plugin  (684): getDefaultSubscription()
01-11 20:27:28.375 W/SignalStrength(503): getGsmLevel. this.mGsmSignalBar=4, getGsmSignalStrength()== 19
01-11 20:27:28.375 W/SignalStrength(503): getGsmLevel=4
01-11 20:27:28.375 W/SignalStrength(503): getLevel=4 (SignalStrength: 19 255 -120 -160 -120 -1 -1 99 2147483647 -32767 2147483647 -32767 gsm|lte 4)
01-11 20:27:28.375 W/SignalStrength(503): getGsmLevel. this.mGsmSignalBar=4, getGsmSignalStrength()== 22
01-11 20:27:28.375 W/SignalStrength(503): getGsmLevel=4
01-11 20:27:28.375 W/SignalStrength(503): getLevel=4 (SignalStrength: 22 255 -120 -160 -120 -1 -1 99 2147483647 -32767 2147483647 -32767 gsm|lte 4)
01-11 20:27:28.665 D/dalvikvm(25285): GC_CONCURRENT freed 7311K, 28% free 24299K/33699K, paused 4ms+18ms
01-11 20:27:29.375 W/SignalStrength(503): getGsmLevel. this.mGsmSignalBar=4, getGsmSignalStrength()== 19
01-11 20:27:29.375 W/SignalStrength(503): getGsmLevel=4
01-11 20:27:29.375 W/SignalStrength(503): getLevel=4 (SignalStrength: 19 255 -120 -160 -120 -1 -1 99 2147483647 -32767 2147483647 -32767 gsm|lte 4)
01-11 20:27:29.375 W/SignalStrength(503): getGsmLevel. this.mGsmSignalBar=4, getGsmSignalStrength()== 22
01-11 20:27:29.375 W/SignalStrength(503): getGsmLevel=4
01-11 20:27:29.375 W/SignalStrength(503): getLevel=4 (SignalStrength: 22 255 -120 -160 -120 -1 -1 99 2147483647 -32767 2147483647 -32767 gsm|lte 4)
01-11 20:27:31.385 W/SignalStrength(503): getGsmLevel. this.mGsmSignalBar=4, getGsmSignalStrength()== 19
01-11 20:27:31.385 W/SignalStrength(503): getGsmLevel=4
01-11 20:27:31.385 W/SignalStrength(503): getLevel=4 (SignalStrength: 19 255 -120 -160 -120 -1 -1 99 2147483647 -32767 2147483647 -32767 gsm|lte 4)
01-11 20:27:31.385 W/SignalStrength(503): getGsmLevel. this.mGsmSignalBar=4, getGsmSignalStrength()== 22
01-11 20:27:31.385 W/SignalStrength(503): getGsmLevel=4
01-11 20:27:31.385 W/SignalStrength(503): getLevel=4 (SignalStrength: 22 255 -120 -160 -120 -1 -1 99 2147483647 -32767 2147483647 -32767 gsm|lte 4)
01-11 20:27:31.865 D/dalvikvm(25285): GC_CONCURRENT freed 7329K, 28% free 24295K/33699K, paused 3ms+18ms
01-11 20:27:32.385 W/SignalStrength(503): getGsmLevel. this.mGsmSignalBar=4, getGsmSignalStrength()== 19
01-11 20:27:32.385 W/SignalStrength(503): getGsmLevel=4
01-11 20:27:32.385 W/SignalStrength(503): getLevel=4 (SignalStrength: 19 255 -120 -160 -120 -1 -1 99 2147483647 -32767 2147483647 -32767 gsm|lte 4)
01-11 20:27:32.385 W/SignalStrength(503): getGsmLevel. this.mGsmSignalBar=4, getGsmSignalStrength()== 22
01-11 20:27:32.385 W/SignalStrength(503): getGsmLevel=4
01-11 20:27:32.385 W/SignalStrength(503): getLevel=4 (SignalStrength: 22 255 -120 -160 -120 -1 -1 99 2147483647 -32767 2147483647 -32767 gsm|lte 4)
01-11 20:27:32.845 I/NRFW    (1229): profile=wifi
01-11 20:27:32.875 I/NRFW    (1229): serverip=103.235.47.88 localIp=10.0.8.1
01-11 20:27:32.895 I/DNS     (1229): 103.235.47.88 h_errno=1
01-11 20:27:32.915 I/DNS     (1229): 112.80.248.171 h_errno=1
01-11 20:27:34.385 W/SignalStrength(503): getGsmLevel. this.mGsmSignalBar=4, getGsmSignalStrength()== 19
01-11 20:27:34.385 W/SignalStrength(503): getGsmLevel=4
01-11 20:27:34.385 W/SignalStrength(503): getLevel=4 (SignalStrength: 19 255 -120 -160 -120 -1 -1 99 2147483647 -32767 2147483647 -32767 gsm|lte 4)
01-11 20:27:34.385 W/SignalStrength(503): getGsmLevel. this.mGsmSignalBar=4, getGsmSignalStrength()== 22
01-11 20:27:34.385 W/SignalStrength(503): getGsmLevel=4
01-11 20:27:34.385 W/SignalStrength(503): getLevel=4 (SignalStrength: 22 255 -120 -160 -120 -1 -1 99 2147483647 -32767 2147483647 -32767 gsm|lte 4)
01-11 20:27:35.225 D/dalvikvm(25285): GC_CONCURRENT freed 7337K, 28% free 24281K/33699K, paused 4ms+17ms
01-11 20:27:35.385 W/SignalStrength(503): getGsmLevel. this.mGsmSignalBar=4, getGsmSignalStrength()== 19
01-11 20:27:35.385 W/SignalStrength(503): getGsmLevel=4
01-11 20:27:35.385 W/SignalStrength(503): getLevel=4 (SignalStrength: 19 255 -120 -160 -120 -1 -1 99 2147483647 -32767 2147483647 -32767 gsm|lte 4)
01-11 20:27:35.385 W/SignalStrength(503): getGsmLevel. this.mGsmSignalBar=4, getGsmSignalStrength()== 22
01-11 20:27:35.385 W/SignalStrength(503): getGsmLevel=4
01-11 20:27:35.385 W/SignalStrength(503): getLevel=4 (SignalStrength: 22 255 -120 -160 -120 -1 -1 99 2147483647 -32767 2147483647 -32767 gsm|lte 4)
01-11 20:27:35.935 I/NRFW    (1229): profile=wifi
01-11 20:27:35.955 I/NRFW    (1229): serverip=103.235.47.88 localIp=10.0.8.1
01-11 20:27:37.395 W/SignalStrength(503): getGsmLevel. this.mGsmSignalBar=4, getGsmSignalStrength()== 19
01-11 20:27:37.395 W/SignalStrength(503): getGsmLevel=4
01-11 20:27:37.395 W/SignalStrength(503): getLevel=4 (SignalStrength: 19 255 -120 -160 -120 -1 -1 99 2147483647 -32767 2147483647 -32767 gsm|lte 4)
01-11 20:27:37.395 W/SignalStrength(503): getGsmLevel. this.mGsmSignalBar=4, getGsmSignalStrength()== 22
01-11 20:27:37.395 W/SignalStrength(503): getGsmLevel=4
01-11 20:27:37.395 W/SignalStrength(503): getLevel=4 (SignalStrength: 22 255 -120 -160 -120 -1 -1 99 2147483647 -32767 2147483647 -32767 gsm|lte 4)
01-11 20:27:38.215 D/dalvikvm(25285): GC_CONCURRENT freed 7322K, 28% free 24277K/33699K, paused 5ms+17ms
01-11 20:27:38.395 W/SignalStrength(503): getGsmLevel. this.mGsmSignalBar=4, getGsmSignalStrength()== 19
01-11 20:27:38.395 W/SignalStrength(503): getGsmLevel=4
01-11 20:27:38.395 W/SignalStrength(503): getLevel=4 (SignalStrength: 19 255 -120 -160 -120 -1 -1 99 2147483647 -32767 2147483647 -32767 gsm|lte 4)
01-11 20:27:38.395 W/SignalStrength(503): getGsmLevel. this.mGsmSignalBar=4, getGsmSignalStrength()== 22
01-11 20:27:38.395 W/SignalStrength(503): getGsmLevel=4
01-11 20:27:38.395 W/SignalStrength(503): getLevel=4 (SignalStrength: 22 255 -120 -160 -120 -1 -1 99 2147483647 -32767 2147483647 -32767 gsm|lte 4)
01-11 20:27:40.395 W/SignalStrength(503): getGsmLevel. this.mGsmSignalBar=4, getGsmSignalStrength()== 19
01-11 20:27:40.395 W/SignalStrength(503): getGsmLevel=4
01-11 20:27:40.395 W/SignalStrength(503): getLevel=4 (SignalStrength: 19 255 -120 -160 -120 -1 -1 99 2147483647 -32767 2147483647 -32767 gsm|lte 4)
01-11 20:27:40.395 W/SignalStrength(503): getGsmLevel. this.mGsmSignalBar=4, getGsmSignalStrength()== 22
01-11 20:27:40.395 W/SignalStrength(503): getGsmLevel=4
01-11 20:27:40.395 W/SignalStrength(503): getLevel=4 (SignalStrength: 22 255 -120 -160 -120 -1 -1 99 2147483647 -32767 2147483647 -32767 gsm|lte 4)
01-11 20:27:41.395 W/SignalStrength(503): getGsmLevel. this.mGsmSignalBar=4, getGsmSignalStrength()== 19
01-11 20:27:41.395 W/SignalStrength(503): getGsmLevel=4
01-11 20:27:41.395 W/SignalStrength(503): getLevel=4 (SignalStrength: 19 255 -120 -160 -120 -1 -1 99 2147483647 -32767 2147483647 -32767 gsm|lte 4)
01-11 20:27:41.395 W/SignalStrength(503): getGsmLevel. this.mGsmSignalBar=4, getGsmSignalStrength()== 22
01-11 20:27:41.395 W/SignalStrength(503): getGsmLevel=4
01-11 20:27:41.395 W/SignalStrength(503): getLevel=4 (SignalStrength: 22 255 -120 -160 -120 -1 -1 99 2147483647 -32767 2147483647 -32767 gsm|lte 4)
01-11 20:27:41.535 D/dalvikvm(25285): GC_CONCURRENT freed 7310K, 28% free 24284K/33699K, paused 3ms+18ms
01-11 20:27:41.945 I/NRFW    (1229): profile=wifi
01-11 20:27:41.965 I/NRFW    (1229): serverip=103.235.47.88 localIp=10.0.8.1
01-11 20:27:43.405 W/SignalStrength(503): getGsmLevel. this.mGsmSignalBar=4, getGsmSignalStrength()== 19
01-11 20:27:43.405 W/SignalStrength(503): getGsmLevel=4
01-11 20:27:43.405 W/SignalStrength(503): getLevel=4 (SignalStrength: 19 255 -120 -160 -120 -1 -1 99 2147483647 -32767 2147483647 -32767 gsm|lte 4)
01-11 20:27:43.405 W/SignalStrength(503): getGsmLevel. this.mGsmSignalBar=4, getGsmSignalStrength()== 22
01-11 20:27:43.405 W/SignalStrength(503): getGsmLevel=4
01-11 20:27:43.405 W/SignalStrength(503): getLevel=4 (SignalStrength: 22 255 -120 -160 -120 -1 -1 99 2147483647 -32767 2147483647 -32767 gsm|lte 4)
01-11 20:27:44.325 D/KeyguardUpdateMonitor(377): received broadcast android.intent.action.BATTERY_CHANGED
01-11 20:27:44.325 D/KeyguardUpdateMonitor(377): handleBatteryUpdate
01-11 20:27:44.405 W/SignalStrength(503): getGsmLevel. this.mGsmSignalBar=4, getGsmSignalStrength()== 19
01-11 20:27:44.405 W/SignalStrength(503): getGsmLevel=4
01-11 20:27:44.405 W/SignalStrength(503): getLevel=4 (SignalStrength: 19 255 -120 -160 -120 -1 -1 99 2147483647 -32767 2147483647 -32767 gsm|lte 4)
01-11 20:27:44.405 W/SignalStrength(503): getGsmLevel. this.mGsmSignalBar=4, getGsmSignalStrength()== 22
01-11 20:27:44.405 W/SignalStrength(503): getGsmLevel=4
01-11 20:27:44.405 W/SignalStrength(503): getLevel=4 (SignalStrength: 22 255 -120 -160 -120 -1 -1 99 2147483647 -32767 2147483647 -32767 gsm|lte 4)
01-11 20:27:45.105 D/dalvikvm(25285): GC_CONCURRENT freed 7314K, 28% free 24289K/33699K, paused 4ms+19ms
01-11 20:27:46.405 W/SignalStrength(503): getGsmLevel. this.mGsmSignalBar=4, getGsmSignalStrength()== 19
01-11 20:27:46.405 W/SignalStrength(503): getGsmLevel=4
01-11 20:27:46.405 W/SignalStrength(503): getLevel=4 (SignalStrength: 19 255 -120 -160 -120 -1 -1 99 2147483647 -32767 2147483647 -32767 gsm|lte 4)
01-11 20:27:46.405 W/SignalStrength(503): getGsmLevel. this.mGsmSignalBar=4, getGsmSignalStrength()== 22
01-11 20:27:46.405 W/SignalStrength(503): getGsmLevel=4
01-11 20:27:46.405 W/SignalStrength(503): getLevel=4 (SignalStrength: 22 255 -120 -160 -120 -1 -1 99 2147483647 -32767 2147483647 -32767 gsm|lte 4)
01-11 20:27:47.415 W/SignalStrength(503): getGsmLevel. this.mGsmSignalBar=4, getGsmSignalStrength()== 19
01-11 20:27:47.415 W/SignalStrength(503): getGsmLevel=4
01-11 20:27:47.415 W/SignalStrength(503): getLevel=4 (SignalStrength: 19 255 -120 -160 -120 -1 -1 99 2147483647 -32767 2147483647 -32767 gsm|lte 4)
01-11 20:27:47.415 W/SignalStrength(503): getGsmLevel. this.mGsmSignalBar=4, getGsmSignalStrength()== 22
01-11 20:27:47.415 W/SignalStrength(503): getGsmLevel=4
01-11 20:27:47.415 W/SignalStrength(503): getLevel=4 (SignalStrength: 22 255 -120 -160 -120 -1 -1 99 2147483647 -32767 2147483647 -32767 gsm|lte 4)
01-11 20:27:47.755 D/plugin  (684): getDefaultSubscription()
01-11 20:27:47.755 E/MSimTelephonyManager(24146): MSimTelephonyManager sRegistryMsim != null
01-11 20:27:47.755 I/NRFW    (1229): profile=wifi
01-11 20:27:47.785 I/NRFW    (1229): serverip=180.76.3.90 localIp=10.0.8.1
01-11 20:27:47.805 I/DNS     (1229): 180.76.3.90 h_errno=1
01-11 20:27:48.155 D/dalvikvm(25285): GC_CONCURRENT freed 7347K, 28% free 24264K/33699K, paused 6ms+18ms
01-11 20:27:49.415 W/SignalStrength(503): getGsmLevel. this.mGsmSignalBar=4, getGsmSignalStrength()== 19
01-11 20:27:49.415 W/SignalStrength(503): getGsmLevel=4
01-11 20:27:49.415 W/SignalStrength(503): getLevel=4 (SignalStrength: 19 255 -120 -160 -120 -1 -1 99 2147483647 -32767 2147483647 -32767 gsm|lte 4)
01-11 20:27:49.415 W/SignalStrength(503): getGsmLevel. this.mGsmSignalBar=4, getGsmSignalStrength()== 22
01-11 20:27:49.415 W/SignalStrength(503): getGsmLevel=4
01-11 20:27:49.415 W/SignalStrength(503): getLevel=4 (SignalStrength: 22 255 -120 -160 -120 -1 -1 99 2147483647 -32767 2147483647 -32767 gsm|lte 4)
01-11 20:27:50.415 W/SignalStrength(503): getGsmLevel. this.mGsmSignalBar=4, getGsmSignalStrength()== 19
01-11 20:27:50.415 W/SignalStrength(503): getGsmLevel=4
01-11 20:27:50.415 W/SignalStrength(503): getLevel=4 (SignalStrength: 19 255 -120 -160 -120 -1 -1 99 2147483647 -32767 2147483647 -32767 gsm|lte 4)
01-11 20:27:50.415 W/SignalStrength(503): getGsmLevel. this.mGsmSignalBar=4, getGsmSignalStrength()== 22
01-11 20:27:50.415 W/SignalStrength(503): getGsmLevel=4
01-11 20:27:50.415 W/SignalStrength(503): getLevel=4 (SignalStrength: 22 255 -120 -160 -120 -1 -1 99 2147483647 -32767 2147483647 -32767 gsm|lte 4)
01-11 20:27:50.785 I/NRFW    (1229): profile=wifi
01-11 20:27:50.805 I/NRFW    (1229): serverip=180.76.3.90 localIp=10.0.8.1
01-11 20:27:51.215 D/dalvikvm(25285): GC_CONCURRENT freed 7296K, 28% free 24279K/33699K, paused 3ms+17ms
01-11 20:27:52.425 W/SignalStrength(503): getGsmLevel. this.mGsmSignalBar=4, getGsmSignalStrength()== 19
01-11 20:27:52.425 W/SignalStrength(503): getGsmLevel=4
01-11 20:27:52.425 W/SignalStrength(503): getLevel=4 (SignalStrength: 19 255 -120 -160 -120 -1 -1 99 2147483647 -32767 2147483647 -32767 gsm|lte 4)
01-11 20:27:52.425 W/SignalStrength(503): getGsmLevel. this.mGsmSignalBar=4, getGsmSignalStrength()== 22
01-11 20:27:52.425 W/SignalStrength(503): getGsmLevel=4
01-11 20:27:52.425 W/SignalStrength(503): getLevel=4 (SignalStrength: 22 255 -120 -160 -120 -1 -1 99 2147483647 -32767 2147483647 -32767 gsm|lte 4)
01-11 20:27:53.425 W/SignalStrength(503): getGsmLevel. this.mGsmSignalBar=4, getGsmSignalStrength()== 19
01-11 20:27:53.425 W/SignalStrength(503): getGsmLevel=4
01-11 20:27:53.425 W/SignalStrength(503): getLevel=4 (SignalStrength: 19 255 -120 -160 -120 -1 -1 99 2147483647 -32767 2147483647 -32767 gsm|lte 4)
01-11 20:27:53.425 W/SignalStrength(503): getGsmLevel. this.mGsmSignalBar=4, getGsmSignalStrength()== 22
01-11 20:27:53.425 W/SignalStrength(503): getGsmLevel=4
01-11 20:27:53.425 W/SignalStrength(503): getLevel=4 (SignalStrength: 22 255 -120 -160 -120 -1 -1 99 2147483647 -32767 2147483647 -32767 gsm|lte 4)
01-11 20:27:54.305 D/dalvikvm(25285): GC_CONCURRENT freed 7319K, 28% free 24278K/33699K, paused 3ms+18ms
01-11 20:27:55.425 W/SignalStrength(503): getGsmLevel. this.mGsmSignalBar=4, getGsmSignalStrength()== 19
01-11 20:27:55.425 W/SignalStrength(503): getGsmLevel=4
01-11 20:27:55.425 W/SignalStrength(503): getLevel=4 (SignalStrength: 19 255 -120 -160 -120 -1 -1 99 2147483647 -32767 2147483647 -32767 gsm|lte 4)
01-11 20:27:55.425 W/SignalStrength(503): getGsmLevel. this.mGsmSignalBar=4, getGsmSignalStrength()== 22
01-11 20:27:55.425 W/SignalStrength(503): getGsmLevel=4
01-11 20:27:55.425 W/SignalStrength(503): getLevel=4 (SignalStrength: 22 255 -120 -160 -120 -1 -1 99 2147483647 -32767 2147483647 -32767 gsm|lte 4)
01-11 20:27:56.215 I/NRFW    (1229): profile=wifi
01-11 20:27:56.245 I/NRFW    (1229): serverip=103.235.47.88 localIp=10.0.8.1
01-11 20:27:56.425 W/SignalStrength(503): getGsmLevel. this.mGsmSignalBar=4, getGsmSignalStrength()== 19
01-11 20:27:56.425 W/SignalStrength(503): getGsmLevel=4
01-11 20:27:56.425 W/SignalStrength(503): getLevel=4 (SignalStrength: 19 255 -120 -160 -120 -1 -1 99 2147483647 -32767 2147483647 -32767 gsm|lte 4)
01-11 20:27:56.425 W/SignalStrength(503): getGsmLevel. this.mGsmSignalBar=4, getGsmSignalStrength()== 22
01-11 20:27:56.425 W/SignalStrength(503): getGsmLevel=4
01-11 20:27:56.425 W/SignalStrength(503): getLevel=4 (SignalStrength: 22 255 -120 -160 -120 -1 -1 99 2147483647 -32767 2147483647 -32767 gsm|lte 4)
01-11 20:27:56.825 I/NRFW    (1229): serverip=180.76.3.90 localIp=10.0.8.1
01-11 20:27:57.405 D/dalvikvm(25285): GC_CONCURRENT freed 7310K, 28% free 24286K/33699K, paused 3ms+19ms
01-11 20:27:58.435 W/SignalStrength(503): getGsmLevel. this.mGsmSignalBar=4, getGsmSignalStrength()== 19
01-11 20:27:58.435 W/SignalStrength(503): getGsmLevel=4
01-11 20:27:58.435 W/SignalStrength(503): getLevel=4 (SignalStrength: 19 255 -120 -160 -120 -1 -1 99 2147483647 -32767 2147483647 -32767 gsm|lte 4)
01-11 20:27:58.435 W/SignalStrength(503): getGsmLevel. this.mGsmSignalBar=4, getGsmSignalStrength()== 22
01-11 20:27:58.435 W/SignalStrength(503): getGsmLevel=4
01-11 20:27:58.435 W/SignalStrength(503): getLevel=4 (SignalStrength: 22 255 -120 -160 -120 -1 -1 99 2147483647 -32767 2147483647 -32767 gsm|lte 4)
01-11 20:27:59.245 I/NRFW    (1229): profile=wifi
01-11 20:27:59.265 I/NRFW    (1229): serverip=103.235.47.88 localIp=10.0.8.1
01-11 20:27:59.435 W/SignalStrength(503): getGsmLevel. this.mGsmSignalBar=4, getGsmSignalStrength()== 19
01-11 20:27:59.435 W/SignalStrength(503): getGsmLevel=4
01-11 20:27:59.435 W/SignalStrength(503): getLevel=4 (SignalStrength: 19 255 -120 -160 -120 -1 -1 99 2147483647 -32767 2147483647 -32767 gsm|lte 4)
01-11 20:27:59.435 W/SignalStrength(503): getGsmLevel. this.mGsmSignalBar=4, getGsmSignalStrength()== 22
01-11 20:27:59.435 W/SignalStrength(503): getGsmLevel=4
01-11 20:27:59.435 W/SignalStrength(503): getLevel=4 (SignalStrength: 22 255 -120 -160 -120 -1 -1 99 2147483647 -32767 2147483647 -32767 gsm|lte 4)
01-11 20:27:59.995 E/AlarmManagerService(377): android_server_AlarmManagerService_set to type=3, 112493.514000000
01-11 20:27:59.995 D/KeyguardUpdateMonitor(377): received broadcast android.intent.action.TIME_TICK
01-11 20:27:59.995 D/KeyguardUpdateMonitor(377): handleTimeUpdate
01-11 20:28:00.475 D/dalvikvm(25285): GC_CONCURRENT freed 7347K, 29% free 24261K/33699K, paused 4ms+18ms
01-11 20:28:01.435 W/SignalStrength(503): getGsmLevel. this.mGsmSignalBar=4, getGsmSignalStrength()== 19
01-11 20:28:01.435 W/SignalStrength(503): getGsmLevel=4
01-11 20:28:01.435 W/SignalStrength(503): getLevel=4 (SignalStrength: 19 255 -120 -160 -120 -1 -1 99 2147483647 -32767 2147483647 -32767 gsm|lte 4)
01-11 20:28:01.435 W/SignalStrength(503): getGsmLevel. this.mGsmSignalBar=4, getGsmSignalStrength()== 22
01-11 20:28:01.435 W/SignalStrength(503): getGsmLevel=4
01-11 20:28:01.435 W/SignalStrength(503): getLevel=4 (SignalStrength: 22 255 -120 -160 -120 -1 -1 99 2147483647 -32767 2147483647 -32767 gsm|lte 4)
01-11 20:28:02.445 W/SignalStrength(503): getGsmLevel. this.mGsmSignalBar=4, getGsmSignalStrength()== 19
01-11 20:28:02.445 W/SignalStrength(503): getGsmLevel=4
01-11 20:28:02.445 W/SignalStrength(503): getLevel=4 (SignalStrength: 19 255 -120 -160 -120 -1 -1 99 2147483647 -32767 2147483647 -32767 gsm|lte 4)
01-11 20:28:02.445 W/SignalStrength(503): getGsmLevel. this.mGsmSignalBar=4, getGsmSignalStrength()== 22
01-11 20:28:02.445 W/SignalStrength(503): getGsmLevel=4
01-11 20:28:02.445 W/SignalStrength(503): getLevel=4 (SignalStrength: 22 255 -120 -160 -120 -1 -1 99 2147483647 -32767 2147483647 -32767 gsm|lte 4)
01-11 20:28:03.525 D/dalvikvm(25285): GC_CONCURRENT freed 7297K, 28% free 24275K/33699K, paused 4ms+18ms
01-11 20:28:04.355 D/KeyguardUpdateMonitor(377): received broadcast android.intent.action.BATTERY_CHANGED
01-11 20:28:04.355 D/KeyguardUpdateMonitor(377): handleBatteryUpdate
01-11 20:28:04.445 W/SignalStrength(503): getGsmLevel. this.mGsmSignalBar=4, getGsmSignalStrength()== 19
01-11 20:28:04.445 W/SignalStrength(503): getGsmLevel=4
01-11 20:28:04.445 W/SignalStrength(503): getLevel=4 (SignalStrength: 19 255 -120 -160 -120 -1 -1 99 2147483647 -32767 2147483647 -32767 gsm|lte 4)
01-11 20:28:04.445 W/SignalStrength(503): getGsmLevel. this.mGsmSignalBar=4, getGsmSignalStrength()== 22
01-11 20:28:04.445 W/SignalStrength(503): getGsmLevel=4
01-11 20:28:04.445 W/SignalStrength(503): getLevel=4 (SignalStrength: 22 255 -120 -160 -120 -1 -1 99 2147483647 -32767 2147483647 -32767 gsm|lte 4)
01-11 20:28:05.265 I/NRFW    (1229): profile=wifi
01-11 20:28:05.285 I/NRFW    (1229): serverip=103.235.47.88 localIp=10.0.8.1
01-11 20:28:05.295 I/DNS     (1229): 103.235.47.88 h_errno=1
01-11 20:28:05.335 I/DNS     (1229): 112.80.248.171 h_errno=1
01-11 20:28:05.445 W/SignalStrength(503): getGsmLevel. this.mGsmSignalBar=4, getGsmSignalStrength()== 19
01-11 20:28:05.445 W/SignalStrength(503): getGsmLevel=4
01-11 20:28:05.445 W/SignalStrength(503): getLevel=4 (SignalStrength: 19 255 -120 -160 -120 -1 -1 99 2147483647 -32767 2147483647 -32767 gsm|lte 4)
01-11 20:28:05.445 W/SignalStrength(503): getGsmLevel. this.mGsmSignalBar=4, getGsmSignalStrength()== 22
01-11 20:28:05.445 W/SignalStrength(503): getGsmLevel=4
01-11 20:28:05.445 W/SignalStrength(503): getLevel=4 (SignalStrength: 22 255 -120 -160 -120 -1 -1 99 2147483647 -32767 2147483647 -32767 gsm|lte 4)
01-11 20:28:05.475 D/dalvikvm(1229): GC_CONCURRENT freed 3124K, 40% free 11763K/19555K, paused 3ms+15ms
01-11 20:28:06.815 D/dalvikvm(25285): GC_CONCURRENT freed 7319K, 28% free 24268K/33699K, paused 4ms+19ms
01-11 20:28:07.455 W/SignalStrength(503): getGsmLevel. this.mGsmSignalBar=4, getGsmSignalStrength()== 19
01-11 20:28:07.455 W/SignalStrength(503): getGsmLevel=4
01-11 20:28:07.455 W/SignalStrength(503): getLevel=4 (SignalStrength: 19 255 -120 -160 -120 -1 -1 99 2147483647 -32767 2147483647 -32767 gsm|lte 4)
01-11 20:28:07.455 W/SignalStrength(503): getGsmLevel. this.mGsmSignalBar=4, getGsmSignalStrength()== 22
01-11 20:28:07.455 W/SignalStrength(503): getGsmLevel=4
01-11 20:28:07.455 W/SignalStrength(503): getLevel=4 (SignalStrength: 22 255 -120 -160 -120 -1 -1 99 2147483647 -32767 2147483647 -32767 gsm|lte 4)
01-11 20:28:08.455 W/SignalStrength(503): getGsmLevel. this.mGsmSignalBar=4, getGsmSignalStrength()== 19
01-11 20:28:08.455 W/SignalStrength(503): getGsmLevel=4
01-11 20:28:08.455 W/SignalStrength(503): getLevel=4 (SignalStrength: 19 255 -120 -160 -120 -1 -1 99 2147483647 -32767 2147483647 -32767 gsm|lte 4)
01-11 20:28:08.455 W/SignalStrength(503): getGsmLevel. this.mGsmSignalBar=4, getGsmSignalStrength()== 22
01-11 20:28:08.455 W/SignalStrength(503): getGsmLevel=4
01-11 20:28:08.455 W/SignalStrength(503): getLevel=4 (SignalStrength: 22 255 -120 -160 -120 -1 -1 99 2147483647 -32767 2147483647 -32767 gsm|lte 4)
01-11 20:28:09.855 D/dalvikvm(25285): GC_CONCURRENT freed 7311K, 28% free 24270K/33699K, paused 3ms+16ms
01-11 20:28:10.455 W/SignalStrength(503): getGsmLevel. this.mGsmSignalBar=4, getGsmSignalStrength()== 19
01-11 20:28:10.455 W/SignalStrength(503): getGsmLevel=4
01-11 20:28:10.455 W/SignalStrength(503): getLevel=4 (SignalStrength: 19 255 -120 -160 -120 -1 -1 99 2147483647 -32767 2147483647 -32767 gsm|lte 4)
01-11 20:28:10.455 W/SignalStrength(503): getGsmLevel. this.mGsmSignalBar=4, getGsmSignalStrength()== 22
01-11 20:28:10.455 W/SignalStrength(503): getGsmLevel=4
01-11 20:28:10.455 W/SignalStrength(503): getLevel=4 (SignalStrength: 22 255 -120 -160 -120 -1 -1 99 2147483647 -32767 2147483647 -32767 gsm|lte 4)
01-11 20:28:11.455 W/SignalStrength(503): getGsmLevel. this.mGsmSignalBar=4, getGsmSignalStrength()== 19
01-11 20:28:11.455 W/SignalStrength(503): getGsmLevel=4
01-11 20:28:11.455 W/SignalStrength(503): getLevel=4 (SignalStrength: 19 255 -120 -160 -120 -1 -1 99 2147483647 -32767 2147483647 -32767 gsm|lte 4)
01-11 20:28:11.455 W/SignalStrength(503): getGsmLevel. this.mGsmSignalBar=4, getGsmSignalStrength()== 22
01-11 20:28:11.455 W/SignalStrength(503): getGsmLevel=4
01-11 20:28:11.455 W/SignalStrength(503): getLevel=4 (SignalStrength: 22 255 -120 -160 -120 -1 -1 99 2147483647 -32767 2147483647 -32767 gsm|lte 4)
01-11 20:28:12.995 D/dalvikvm(25285): GC_CONCURRENT freed 7281K, 28% free 24300K/33699K, paused 4ms+18ms
01-11 20:28:13.465 W/SignalStrength(503): getGsmLevel. this.mGsmSignalBar=4, getGsmSignalStrength()== 19
01-11 20:28:13.465 W/SignalStrength(503): getGsmLevel=4
01-11 20:28:13.465 W/SignalStrength(503): getLevel=4 (SignalStrength: 19 255 -120 -160 -120 -1 -1 99 2147483647 -32767 2147483647 -32767 gsm|lte 4)
01-11 20:28:13.465 W/SignalStrength(503): getGsmLevel. this.mGsmSignalBar=4, getGsmSignalStrength()== 22
01-11 20:28:13.465 W/SignalStrength(503): getGsmLevel=4
01-11 20:28:13.465 W/SignalStrength(503): getLevel=4 (SignalStrength: 22 255 -120 -160 -120 -1 -1 99 2147483647 -32767 2147483647 -32767 gsm|lte 4)
01-11 20:28:14.465 W/SignalStrength(503): getGsmLevel. this.mGsmSignalBar=4, getGsmSignalStrength()== 19
01-11 20:28:14.465 W/SignalStrength(503): getGsmLevel=4
01-11 20:28:14.465 W/SignalStrength(503): getLevel=4 (SignalStrength: 19 255 -120 -160 -120 -1 -1 99 2147483647 -32767 2147483647 -32767 gsm|lte 4)
01-11 20:28:14.465 W/SignalStrength(503): getGsmLevel. this.mGsmSignalBar=4, getGsmSignalStrength()== 22
01-11 20:28:14.465 W/SignalStrength(503): getGsmLevel=4
01-11 20:28:14.465 W/SignalStrength(503): getLevel=4 (SignalStrength: 22 255 -120 -160 -120 -1 -1 99 2147483647 -32767 2147483647 -32767 gsm|lte 4)
01-11 20:28:15.995 D/dalvikvm(25285): GC_CONCURRENT freed 7323K, 28% free 24302K/33699K, paused 4ms+18ms
01-11 20:28:16.465 W/SignalStrength(503): getGsmLevel. this.mGsmSignalBar=4, getGsmSignalStrength()== 19
01-11 20:28:16.465 W/SignalStrength(503): getGsmLevel=4
01-11 20:28:16.465 W/SignalStrength(503): getLevel=4 (SignalStrength: 19 255 -120 -160 -120 -1 -1 99 2147483647 -32767 2147483647 -32767 gsm|lte 4)
01-11 20:28:16.465 W/SignalStrength(503): getGsmLevel. this.mGsmSignalBar=4, getGsmSignalStrength()== 22
01-11 20:28:16.465 W/SignalStrength(503): getGsmLevel=4
01-11 20:28:16.465 W/SignalStrength(503): getLevel=4 (SignalStrength: 22 255 -120 -160 -120 -1 -1 99 2147483647 -32767 2147483647 -32767 gsm|lte 4)
01-11 20:28:16.535 I/NRFW    (1229): profile=wifi
01-11 20:28:16.565 I/NRFW    (1229): serverip=103.235.47.88 localIp=10.0.8.1
01-11 20:28:17.465 W/SignalStrength(503): getGsmLevel. this.mGsmSignalBar=4, getGsmSignalStrength()== 19
01-11 20:28:17.465 W/SignalStrength(503): getGsmLevel=4
01-11 20:28:17.465 W/SignalStrength(503): getLevel=4 (SignalStrength: 19 255 -120 -160 -120 -1 -1 99 2147483647 -32767 2147483647 -32767 gsm|lte 4)
01-11 20:28:17.465 W/SignalStrength(503): getGsmLevel. this.mGsmSignalBar=4, getGsmSignalStrength()== 22
01-11 20:28:17.465 W/SignalStrength(503): getGsmLevel=4
01-11 20:28:17.465 W/SignalStrength(503): getLevel=4 (SignalStrength: 22 255 -120 -160 -120 -1 -1 99 2147483647 -32767 2147483647 -32767 gsm|lte 4)
01-11 20:28:19.135 D/dalvikvm(25285): GC_CONCURRENT freed 7335K, 28% free 24292K/33699K, paused 4ms+18ms
01-11 20:28:19.145 E/AlarmManagerService(377): android_server_AlarmManagerService_set to type=3, 112500.000000000
01-11 20:28:19.175 I/NRFW    (1229): profile=wifi
01-11 20:28:19.475 W/SignalStrength(503): getGsmLevel. this.mGsmSignalBar=4, getGsmSignalStrength()== 19
01-11 20:28:19.475 W/SignalStrength(503): getGsmLevel=4
01-11 20:28:19.475 W/SignalStrength(503): getLevel=4 (SignalStrength: 19 255 -120 -160 -120 -1 -1 99 2147483647 -32767 2147483647 -32767 gsm|lte 4)
01-11 20:28:19.475 W/SignalStrength(503): getGsmLevel. this.mGsmSignalBar=4, getGsmSignalStrength()== 22
01-11 20:28:19.475 W/SignalStrength(503): getGsmLevel=4
01-11 20:28:19.475 W/SignalStrength(503): getLevel=4 (SignalStrength: 22 255 -120 -160 -120 -1 -1 99 2147483647 -32767 2147483647 -32767 gsm|lte 4)
01-11 20:28:19.635 I/NRFW    (1229): serverip=103.235.47.88 localIp=10.0.8.1
01-11 20:28:20.475 W/SignalStrength(503): getGsmLevel. this.mGsmSignalBar=4, getGsmSignalStrength()== 19
01-11 20:28:20.475 W/SignalStrength(503): getGsmLevel=4
01-11 20:28:20.475 W/SignalStrength(503): getLevel=4 (SignalStrength: 19 255 -120 -160 -120 -1 -1 99 2147483647 -32767 2147483647 -32767 gsm|lte 4)
01-11 20:28:20.475 W/SignalStrength(503): getGsmLevel. this.mGsmSignalBar=4, getGsmSignalStrength()== 22
01-11 20:28:20.475 W/SignalStrength(503): getGsmLevel=4
01-11 20:28:20.475 W/SignalStrength(503): getLevel=4 (SignalStrength: 22 255 -120 -160 -120 -1 -1 99 2147483647 -32767 2147483647 -32767 gsm|lte 4)
01-11 20:28:20.795 E/AlarmManagerService(377): android_server_AlarmManagerService_set to type=1, 1484163200.800000000
01-11 20:28:22.375 D/dalvikvm(25285): GC_CONCURRENT freed 7274K, 28% free 24348K/33699K, paused 4ms+18ms
01-11 20:28:22.485 W/SignalStrength(503): getGsmLevel. this.mGsmSignalBar=4, getGsmSignalStrength()== 19
01-11 20:28:22.485 W/SignalStrength(503): getGsmLevel=4
01-11 20:28:22.485 W/SignalStrength(503): getLevel=4 (SignalStrength: 19 255 -120 -160 -120 -1 -1 99 2147483647 -32767 2147483647 -32767 gsm|lte 4)
01-11 20:28:22.485 W/SignalStrength(503): getGsmLevel. this.mGsmSignalBar=4, getGsmSignalStrength()== 22
01-11 20:28:22.485 W/SignalStrength(503): getGsmLevel=4
01-11 20:28:22.485 W/SignalStrength(503): getLevel=4 (SignalStrength: 22 255 -120 -160 -120 -1 -1 99 2147483647 -32767 2147483647 -32767 gsm|lte 4)
01-11 20:28:23.485 W/SignalStrength(503): getGsmLevel. this.mGsmSignalBar=4, getGsmSignalStrength()== 19
01-11 20:28:23.485 W/SignalStrength(503): getGsmLevel=4
01-11 20:28:23.485 W/SignalStrength(503): getLevel=4 (SignalStrength: 19 255 -120 -160 -120 -1 -1 99 2147483647 -32767 2147483647 -32767 gsm|lte 4)
01-11 20:28:23.485 W/SignalStrength(503): getGsmLevel. this.mGsmSignalBar=4, getGsmSignalStrength()== 22
01-11 20:28:23.485 W/SignalStrength(503): getGsmLevel=4
01-11 20:28:23.485 W/SignalStrength(503): getLevel=4 (SignalStrength: 22 255 -120 -160 -120 -1 -1 99 2147483647 -32767 2147483647 -32767 gsm|lte 4)
01-11 20:28:24.175 D/Tethering(377): interfaceLinkStateChanged wlan0, true
01-11 20:28:24.175 D/Tethering(377): interfaceStatusChanged wlan0, true
01-11 20:28:24.395 D/KeyguardUpdateMonitor(377): received broadcast android.intent.action.BATTERY_CHANGED
01-11 20:28:24.395 D/KeyguardUpdateMonitor(377): handleBatteryUpdate
01-11 20:28:25.485 W/SignalStrength(503): getGsmLevel. this.mGsmSignalBar=4, getGsmSignalStrength()== 19
01-11 20:28:25.485 W/SignalStrength(503): getGsmLevel=4
01-11 20:28:25.485 W/SignalStrength(503): getLevel=4 (SignalStrength: 19 255 -120 -160 -120 -1 -1 99 2147483647 -32767 2147483647 -32767 gsm|lte 4)
01-11 20:28:25.485 W/SignalStrength(503): getGsmLevel. this.mGsmSignalBar=4, getGsmSignalStrength()== 22
01-11 20:28:25.485 W/SignalStrength(503): getGsmLevel=4
01-11 20:28:25.485 W/SignalStrength(503): getLevel=4 (SignalStrength: 22 255 -120 -160 -120 -1 -1 99 2147483647 -32767 2147483647 -32767 gsm|lte 4)
01-11 20:28:25.495 D/dalvikvm(25285): GC_CONCURRENT freed 7401K, 28% free 24280K/33699K, paused 4ms+18ms
01-11 20:28:25.625 I/NRFW    (1229): profile=wifi
01-11 20:28:25.625 E/AlarmManagerService(377): android_server_AlarmManagerService_set to type=2, 113400.000000000
01-11 20:28:25.625 E/AlarmManagerService(377): android_server_AlarmManagerService_set to type=3, 112534.365000000
01-11 20:28:25.675 I/NRFW    (1229): serverip=103.235.47.88 localIp=10.0.8.1
01-11 20:28:25.815 W/NetworkStats(377): dropping UID delta from unknown iface: iface=tun0 uid=0 set=DEFAULT tag=0x0 rxBytes=594 rxPackets=13 txBytes=240 txPackets=6 operations=0
01-11 20:28:25.825 W/NetworkStats(377): dropping UID delta from unknown iface: iface=tun0 uid=10014 set=DEFAULT tag=0x0 rxBytes=11754 rxPackets=49 txBytes=9230 txPackets=52 operations=0
01-11 20:28:25.825 W/NetworkStats(377): dropping UID delta from unknown iface: iface=tun0 uid=10053 set=DEFAULT tag=0x0 rxBytes=5236 rxPackets=18 txBytes=4433 txPackets=23 operations=0
01-11 20:28:25.825 W/NetworkStats(377): dropping UID delta from unknown iface: iface=tun0 uid=10053 set=FOREGROUND tag=0x0 rxBytes=109842 rxPackets=118 txBytes=22178 txPackets=125 operations=0
01-11 20:28:25.825 W/NetworkStats(377): dropping UID delta from unknown iface: iface=tun0 uid=10109 set=DEFAULT tag=0x0 rxBytes=110182 rxPackets=568 txBytes=38123 txPackets=536 operations=0
01-11 20:28:25.825 W/NetworkStats(377): dropping UID delta from unknown iface: iface=tun0 uid=10115 set=DEFAULT tag=0x0 rxBytes=0 rxPackets=0 txBytes=20820 txPackets=347 operations=0
01-11 20:28:25.825 W/NetworkStats(377): dropping UID delta from unknown iface: iface=tun0 uid=10119 set=DEFAULT tag=0x0 rxBytes=6827 rxPackets=17 txBytes=2161 txPackets=15 operations=0
01-11 20:28:25.825 W/NetworkStats(377): dropping UID delta from unknown iface: iface=tun0 uid=10130 set=DEFAULT tag=0x0 rxBytes=8380 rxPackets=18 txBytes=2368 txPackets=25 operations=0
01-11 20:28:25.825 W/NetworkStats(377): dropping UID delta from unknown iface: iface=tun0 uid=10140 set=FOREGROUND tag=0x0 rxBytes=4594 rxPackets=10 txBytes=1146 txPackets=13 operations=0
01-11 20:28:25.825 W/NetworkStats(377): dropping UID delta from unknown iface: iface=tun0 uid=10115 set=DEFAULT tag=0x11001 rxBytes=0 rxPackets=0 txBytes=4320 txPackets=72 operations=0
01-11 20:28:25.825 W/NetworkStats(377): dropping UID delta from unknown iface: iface=tun0 uid=10115 set=DEFAULT tag=0x11002 rxBytes=0 rxPackets=0 txBytes=5580 txPackets=93 operations=0
01-11 20:28:25.825 W/NetworkStats(377): dropping UID delta from unknown iface: iface=tun0 uid=10115 set=DEFAULT tag=0x11003 rxBytes=0 rxPackets=0 txBytes=4440 txPackets=74 operations=0
01-11 20:28:25.825 W/NetworkStats(377): dropping UID delta from unknown iface: iface=tun0 uid=10014 set=DEFAULT tag=0x1065fff rxBytes=9544 rxPackets=28 txBytes=5300 txPackets=30 operations=0
01-11 20:28:25.825 W/NetworkStats(377): dropping UID delta from unknown iface: iface=tun0 uid=10014 set=DEFAULT tag=0x20000200 rxBytes=1277 rxPackets=8 txBytes=2397 txPackets=10 operations=0
01-11 20:28:25.825 W/NetworkStats(377): dropping UID delta from unknown iface: iface=tun0 uid=10014 set=DEFAULT tag=0x20000407 rxBytes=590 rxPackets=8 txBytes=653 txPackets=5 operations=0
01-11 20:28:25.825 W/NetworkStats(377): dropping UID delta from unknown iface: iface=tun0 uid=10053 set=DEFAULT tag=0x68d195d1 rxBytes=320 rxPackets=8 txBytes=468 txPackets=8 operations=0
01-11 20:28:25.825 W/NetworkStats(377): dropping UID delta from unknown iface: iface=tun0 uid=10053 set=FOREGROUND tag=0x68d195d1 rxBytes=109842 rxPackets=118 txBytes=22178 txPackets=125 operations=0
01-11 20:28:26.485 W/SignalStrength(503): getGsmLevel. this.mGsmSignalBar=4, getGsmSignalStrength()== 19
01-11 20:28:26.485 W/SignalStrength(503): getGsmLevel=4
01-11 20:28:26.485 W/SignalStrength(503): getLevel=4 (SignalStrength: 19 255 -120 -160 -120 -1 -1 99 2147483647 -32767 2147483647 -32767 gsm|lte 4)
01-11 20:28:26.485 W/SignalStrength(503): getGsmLevel. this.mGsmSignalBar=4, getGsmSignalStrength()== 22
01-11 20:28:26.485 W/SignalStrength(503): getGsmLevel=4
01-11 20:28:26.485 W/SignalStrength(503): getLevel=4 (SignalStrength: 22 255 -120 -160 -120 -1 -1 99 2147483647 -32767 2147483647 -32767 gsm|lte 4)
01-11 20:28:28.495 W/SignalStrength(503): getGsmLevel. this.mGsmSignalBar=4, getGsmSignalStrength()== 19
01-11 20:28:28.495 W/SignalStrength(503): getGsmLevel=4
01-11 20:28:28.495 W/SignalStrength(503): getLevel=4 (SignalStrength: 19 255 -120 -160 -120 -1 -1 99 2147483647 -32767 2147483647 -32767 gsm|lte 4)
01-11 20:28:28.495 W/SignalStrength(503): getGsmLevel. this.mGsmSignalBar=4, getGsmSignalStrength()== 22
01-11 20:28:28.495 W/SignalStrength(503): getGsmLevel=4
01-11 20:28:28.495 W/SignalStrength(503): getLevel=4 (SignalStrength: 22 255 -120 -160 -120 -1 -1 99 2147483647 -32767 2147483647 -32767 gsm|lte 4)
01-11 20:28:28.685 I/NRFW    (1229): profile=wifi
01-11 20:28:29.015 D/dalvikvm(25285): GC_CONCURRENT freed 7314K, 28% free 24284K/33699K, paused 3ms+18ms
01-11 20:28:29.495 W/SignalStrength(503): getGsmLevel. this.mGsmSignalBar=4, getGsmSignalStrength()== 19
01-11 20:28:29.495 W/SignalStrength(503): getGsmLevel=4
01-11 20:28:29.495 W/SignalStrength(503): getLevel=4 (SignalStrength: 19 255 -120 -160 -120 -1 -1 99 2147483647 -32767 2147483647 -32767 gsm|lte 4)
01-11 20:28:29.495 W/SignalStrength(503): getGsmLevel. this.mGsmSignalBar=4, getGsmSignalStrength()== 22
01-11 20:28:29.495 W/SignalStrength(503): getGsmLevel=4
01-11 20:28:29.495 W/SignalStrength(503): getLevel=4 (SignalStrength: 22 255 -120 -160 -120 -1 -1 99 2147483647 -32767 2147483647 -32767 gsm|lte 4)
01-11 20:28:29.585 D/plugin  (684): getDefaultSubscription()
01-11 20:28:31.025 I/NRFW    (1229): profile=wifi
01-11 20:28:31.495 W/SignalStrength(503): getGsmLevel. this.mGsmSignalBar=4, getGsmSignalStrength()== 19
01-11 20:28:31.495 W/SignalStrength(503): getGsmLevel=4
01-11 20:28:31.495 W/SignalStrength(503): getLevel=4 (SignalStrength: 19 255 -120 -160 -120 -1 -1 99 2147483647 -32767 2147483647 -32767 gsm|lte 4)
01-11 20:28:31.495 W/SignalStrength(503): getGsmLevel. this.mGsmSignalBar=4, getGsmSignalStrength()== 22
01-11 20:28:31.495 W/SignalStrength(503): getGsmLevel=4
01-11 20:28:31.495 W/SignalStrength(503): getLevel=4 (SignalStrength: 22 255 -120 -160 -120 -1 -1 99 2147483647 -32767 2147483647 -32767 gsm|lte 4)
01-11 20:28:32.195 D/dalvikvm(25285): GC_CONCURRENT freed 7334K, 28% free 24264K/33699K, paused 5ms+18ms
01-11 20:28:32.495 W/SignalStrength(503): getGsmLevel. this.mGsmSignalBar=4, getGsmSignalStrength()== 19
01-11 20:28:32.495 W/SignalStrength(503): getGsmLevel=4
01-11 20:28:32.495 W/SignalStrength(503): getLevel=4 (SignalStrength: 19 255 -120 -160 -120 -1 -1 99 2147483647 -32767 2147483647 -32767 gsm|lte 4)
01-11 20:28:32.495 W/SignalStrength(503): getGsmLevel. this.mGsmSignalBar=4, getGsmSignalStrength()== 22
01-11 20:28:32.495 W/SignalStrength(503): getGsmLevel=4
01-11 20:28:32.495 W/SignalStrength(503): getLevel=4 (SignalStrength: 22 255 -120 -160 -120 -1 -1 99 2147483647 -32767 2147483647 -32767 gsm|lte 4)
01-11 20:28:34.505 W/SignalStrength(503): getGsmLevel. this.mGsmSignalBar=4, getGsmSignalStrength()== 19
01-11 20:28:34.505 W/SignalStrength(503): getGsmLevel=4
01-11 20:28:34.505 W/SignalStrength(503): getLevel=4 (SignalStrength: 19 255 -120 -160 -120 -1 -1 99 2147483647 -32767 2147483647 -32767 gsm|lte 4)
01-11 20:28:34.505 W/SignalStrength(503): getGsmLevel. this.mGsmSignalBar=4, getGsmSignalStrength()== 22
01-11 20:28:34.505 W/SignalStrength(503): getGsmLevel=4
01-11 20:28:34.505 W/SignalStrength(503): getLevel=4 (SignalStrength: 22 255 -120 -160 -120 -1 -1 99 2147483647 -32767 2147483647 -32767 gsm|lte 4)
01-11 20:28:35.075 D/dalvikvm(25285): GC_CONCURRENT freed 7330K, 29% free 24245K/33699K, paused 3ms+17ms
01-11 20:28:35.505 W/SignalStrength(503): getGsmLevel. this.mGsmSignalBar=4, getGsmSignalStrength()== 19
01-11 20:28:35.505 W/SignalStrength(503): getGsmLevel=4
01-11 20:28:35.505 W/SignalStrength(503): getLevel=4 (SignalStrength: 19 255 -120 -160 -120 -1 -1 99 2147483647 -32767 2147483647 -32767 gsm|lte 4)
01-11 20:28:35.505 W/SignalStrength(503): getGsmLevel. this.mGsmSignalBar=4, getGsmSignalStrength()== 22
01-11 20:28:35.505 W/SignalStrength(503): getGsmLevel=4
01-11 20:28:35.505 W/SignalStrength(503): getLevel=4 (SignalStrength: 22 255 -120 -160 -120 -1 -1 99 2147483647 -32767 2147483647 -32767 gsm|lte 4)
01-11 20:28:37.505 W/SignalStrength(503): getGsmLevel. this.mGsmSignalBar=4, getGsmSignalStrength()== 19
01-11 20:28:37.505 W/SignalStrength(503): getGsmLevel=4
01-11 20:28:37.505 W/SignalStrength(503): getLevel=4 (SignalStrength: 19 255 -120 -160 -120 -1 -1 99 2147483647 -32767 2147483647 -32767 gsm|lte 4)
01-11 20:28:37.505 W/SignalStrength(503): getGsmLevel. this.mGsmSignalBar=4, getGsmSignalStrength()== 22
01-11 20:28:37.505 W/SignalStrength(503): getGsmLevel=4
01-11 20:28:37.505 W/SignalStrength(503): getLevel=4 (SignalStrength: 22 255 -120 -160 -120 -1 -1 99 2147483647 -32767 2147483647 -32767 gsm|lte 4)
01-11 20:28:37.975 D/plugin  (684): getDefaultSubscription()
01-11 20:28:37.985 E/MSimTelephonyManager(24146): MSimTelephonyManager sRegistryMsim != null
01-11 20:28:37.995 I/NRFW    (1229): profile=wifi
01-11 20:28:38.035 D/dalvikvm(25285): GC_CONCURRENT freed 7303K, 29% free 24247K/33699K, paused 4ms+18ms
01-11 20:28:38.045 I/NRFW    (1229): serverip=180.76.3.90 localIp=10.0.8.1
01-11 20:28:38.055 I/DNS     (1229): 180.76.3.90 h_errno=1
01-11 20:28:38.085 I/DNS     (1229): 112.80.248.171 h_errno=1
01-11 20:28:38.095 I/DNS     (1229): 112.80.248.171 h_errno=1
01-11 20:28:38.505 W/SignalStrength(503): getGsmLevel. this.mGsmSignalBar=4, getGsmSignalStrength()== 19
01-11 20:28:38.505 W/SignalStrength(503): getGsmLevel=4
01-11 20:28:38.505 W/SignalStrength(503): getLevel=4 (SignalStrength: 19 255 -120 -160 -120 -1 -1 99 2147483647 -32767 2147483647 -32767 gsm|lte 4)
01-11 20:28:38.505 W/SignalStrength(503): getGsmLevel. this.mGsmSignalBar=4, getGsmSignalStrength()== 22
01-11 20:28:38.505 W/SignalStrength(503): getGsmLevel=4
01-11 20:28:38.505 W/SignalStrength(503): getLevel=4 (SignalStrength: 22 255 -120 -160 -120 -1 -1 99 2147483647 -32767 2147483647 -32767 gsm|lte 4)
01-11 20:28:39.925 I/NRFW    (1229): serverip=103.235.47.88 localIp=10.0.8.1
01-11 20:28:39.925 I/DNS     (1229): 103.235.47.88 h_errno=1
01-11 20:28:40.085 D/dalvikvm(1229): GC_EXPLICIT freed 1434K, 42% free 11373K/19555K, paused 3ms+6ms
01-11 20:28:40.515 W/SignalStrength(503): getGsmLevel. this.mGsmSignalBar=4, getGsmSignalStrength()== 19
01-11 20:28:40.515 W/SignalStrength(503): getGsmLevel=4
01-11 20:28:40.515 W/SignalStrength(503): getLevel=4 (SignalStrength: 19 255 -120 -160 -120 -1 -1 99 2147483647 -32767 2147483647 -32767 gsm|lte 4)
01-11 20:28:40.515 W/SignalStrength(503): getGsmLevel. this.mGsmSignalBar=4, getGsmSignalStrength()== 22
01-11 20:28:40.515 W/SignalStrength(503): getGsmLevel=4
01-11 20:28:40.515 W/SignalStrength(503): getLevel=4 (SignalStrength: 22 255 -120 -160 -120 -1 -1 99 2147483647 -32767 2147483647 -32767 gsm|lte 4)
01-11 20:28:41.025 I/NRFW    (1229): profile=wifi
01-11 20:28:41.045 I/NRFW    (1229): serverip=180.76.3.90 localIp=10.0.8.1
01-11 20:28:41.155 I/PlayCommon(23879): [1113] com.google.android.play.a.g.e(900): Preparing logs for uploading
01-11 20:28:41.155 I/PlayCommon(23879): [1113] com.google.android.play.a.g.e(902): No file ready to send
01-11 20:28:41.365 D/dalvikvm(25285): GC_CONCURRENT freed 7296K, 29% free 24249K/33699K, paused 4ms+17ms
01-11 20:28:41.515 W/SignalStrength(503): getGsmLevel. this.mGsmSignalBar=4, getGsmSignalStrength()== 19
01-11 20:28:41.515 W/SignalStrength(503): getGsmLevel=4
01-11 20:28:41.515 W/SignalStrength(503): getLevel=4 (SignalStrength: 19 255 -120 -160 -120 -1 -1 99 2147483647 -32767 2147483647 -32767 gsm|lte 4)
01-11 20:28:41.515 W/SignalStrength(503): getGsmLevel. this.mGsmSignalBar=4, getGsmSignalStrength()== 22
01-11 20:28:41.515 W/SignalStrength(503): getGsmLevel=4
01-11 20:28:41.515 W/SignalStrength(503): getLevel=4 (SignalStrength: 22 255 -120 -160 -120 -1 -1 99 2147483647 -32767 2147483647 -32767 gsm|lte 4)
01-11 20:28:42.985 I/NRFW    (1229): serverip=103.235.47.88 localIp=10.0.8.1
01-11 20:28:43.515 W/SignalStrength(503): getGsmLevel. this.mGsmSignalBar=4, getGsmSignalStrength()== 19
01-11 20:28:43.515 W/SignalStrength(503): getGsmLevel=4
01-11 20:28:43.515 W/SignalStrength(503): getLevel=4 (SignalStrength: 19 255 -120 -160 -120 -1 -1 99 2147483647 -32767 2147483647 -32767 gsm|lte 4)
01-11 20:28:43.515 W/SignalStrength(503): getGsmLevel. this.mGsmSignalBar=4, getGsmSignalStrength()== 22
01-11 20:28:43.515 W/SignalStrength(503): getGsmLevel=4
01-11 20:28:43.515 W/SignalStrength(503): getLevel=4 (SignalStrength: 22 255 -120 -160 -120 -1 -1 99 2147483647 -32767 2147483647 -32767 gsm|lte 4)
01-11 20:28:44.295 D/dalvikvm(25285): GC_CONCURRENT freed 7323K, 29% free 24233K/33699K, paused 3ms+17ms
01-11 20:28:44.445 D/KeyguardUpdateMonitor(377): received broadcast android.intent.action.BATTERY_CHANGED
01-11 20:28:44.445 D/KeyguardUpdateMonitor(377): handleBatteryUpdate
01-11 20:28:44.515 W/SignalStrength(503): getGsmLevel. this.mGsmSignalBar=4, getGsmSignalStrength()== 19
01-11 20:28:44.515 W/SignalStrength(503): getGsmLevel=4
01-11 20:28:44.515 W/SignalStrength(503): getLevel=4 (SignalStrength: 19 255 -120 -160 -120 -1 -1 99 2147483647 -32767 2147483647 -32767 gsm|lte 4)
01-11 20:28:44.515 W/SignalStrength(503): getGsmLevel. this.mGsmSignalBar=4, getGsmSignalStrength()== 22
01-11 20:28:44.515 W/SignalStrength(503): getGsmLevel=4
01-11 20:28:44.515 W/SignalStrength(503): getLevel=4 (SignalStrength: 22 255 -120 -160 -120 -1 -1 99 2147483647 -32767 2147483647 -32767 gsm|lte 4)
01-11 20:28:46.525 W/SignalStrength(503): getGsmLevel. this.mGsmSignalBar=4, getGsmSignalStrength()== 19
01-11 20:28:46.525 W/SignalStrength(503): getGsmLevel=4
01-11 20:28:46.525 W/SignalStrength(503): getLevel=4 (SignalStrength: 19 255 -120 -160 -120 -1 -1 99 2147483647 -32767 2147483647 -32767 gsm|lte 4)
01-11 20:28:46.525 W/SignalStrength(503): getGsmLevel. this.mGsmSignalBar=4, getGsmSignalStrength()== 22
