01-11 20:40:27.765 D/QCRIL_RPC(102): Exit qcril_cm_srvsys_event_callback
01-11 20:40:27.765 W/SignalStrength(503): getGsmLevel. this.mGsmSignalBar=4, getGsmSignalStrength()== 16
01-11 20:40:27.765 W/SignalStrength(503): getGsmLevel=4
01-11 20:40:27.765 W/SignalStrength(503): getLevel=4 (SignalStrength: 16 255 -120 -160 -120 -1 -1 99 2147483647 -32767 2147483647 -32767 gsm|lte 4)
01-11 20:40:27.765 W/SignalStrength(503): getGsmLevel. this.mGsmSignalBar=4, getGsmSignalStrength()== 16
01-11 20:40:27.765 W/SignalStrength(503): getGsmLevel=4
01-11 20:40:27.765 W/SignalStrength(503): getLevel=4 (SignalStrength: 16 255 -120 -160 -120 -1 -1 99 2147483647 -32767 2147483647 -32767 gsm|lte 4)
01-11 20:40:27.765 W/SignalStrength(503): getGsmLevel. this.mGsmSignalBar=4, getGsmSignalStrength()== 16
01-11 20:40:27.765 W/SignalStrength(503): getGsmLevel=4
01-11 20:40:27.765 W/SignalStrength(503): getLevel=4 (SignalStrength: 16 255 -120 -160 -120 -1 -1 99 2147483647 -32767 2147483647 -32767 gsm|lte 4)
01-11 20:40:27.765 W/SignalStrength(503): getGsmLevel. this.mGsmSignalBar=4, getGsmSignalStrength()== 22
01-11 20:40:27.765 W/SignalStrength(503): getGsmLevel=4
01-11 20:40:27.765 W/SignalStrength(503): getLevel=4 (SignalStrength: 22 255 -120 -160 -120 -1 -1 99 2147483647 -32767 2147483647 -32767 gsm|lte 4)
01-11 20:40:27.765 I/ONCRPC  (102): rpc_handle_rpc_call: Find Status: 0 Xid: 1901
01-11 20:40:27.765 I/ONCRPC  (102): oncrpc_proxy_handle_cmd_rpc_call: Dispatching xid: 1901
01-11 20:40:27.765 D/TWStatusBar-NetworkControllerDS(503): onSignalStrengthsChanged signalStrength=SignalStrength: 16 255 -120 -160 -120 -1 -1 99 2147483647 -32767 2147483647 -32767 gsm|lte 4 level=4 simslot=0
01-11 20:40:27.765 D/StatusBar-NetworkControllerDS(503): isDualSIM : SimState = 2, SimState2 = 2
01-11 20:40:27.765 D/StatusBar-NetworkControllerDS(503): isDualSIM : SimState = 2, SimState2 = 2
01-11 20:40:27.765 D/StatusBar-NetworkControllerDS(503): refreshViews connected={ wifi } level=4|4 combinedSignalIconId=0x7f0200ed/com.android.systemui:drawable/stat_sys_wifi_signal_3 combinedActivityIconId=0x7f0200d9 mAirplaneMode=false mDataActivity1=0 mDataActivity2=0 mPhoneSignalIconId1=0x7f0200d5 mPhoneSignalIconId2=0x7f0200cf mLastPhoneSignalIconId1=0x7f0200d5 mLastPhoneSignalIconId2=0x7f0200cf mDataDirectionIconId1=0x0 mDataDirectionIconId2=0x0 mDataSignalIconId1=0x7f0200d5 mDataSignalIconId2=0x7f0200cf mDataTypeIconId1=0x7f0200a2 mDataTypeIconId2=0x7f0200a2 mWifiIconId=0x7f0200ed mRoamingIconId1=0x0 mRoamingIconId2=0x0 mBluetoothTetherIconId=0x10806ce
01-11 20:40:27.775 D/SignalClusterView(503): wifi: VISIBLE sig=2130837741 act=2130837721
01-11 20:40:27.775 D/SignalClusterView(503): mobile1: VISIBLE sig=2130837717 act=0 typ=2130837666
01-11 20:40:27.775 D/SignalClusterView(503): mobile2: VISIBLE sig=2130837711 act=0 typ=2130837666
01-11 20:40:27.775 D/SignalClusterView(503): wifi: VISIBLE sig=2130837741 act=2130837721
01-11 20:40:27.775 D/SignalClusterView(503): mobile1: VISIBLE sig=2130837717 act=0 typ=2130837666
01-11 20:40:27.775 D/SignalClusterView(503): mobile2: VISIBLE sig=2130837711 act=0 typ=2130837666
01-11 20:40:27.775 D/SignalClusterView(503): wifi: VISIBLE sig=2130837741 act=2130837721
01-11 20:40:27.775 D/SignalClusterView(503): mobile1: VISIBLE sig=2130837717 act=0 typ=2130837666
01-11 20:40:27.775 D/SignalClusterView(503): mobile2: VISIBLE sig=2130837711 act=0 typ=2130837666
01-11 20:40:27.785 W/SignalStrength(377): getGsmLevel. this.mGsmSignalBar=4, getGsmSignalStrength()== 16
01-11 20:40:27.785 W/SignalStrength(377): getGsmLevel=4
01-11 20:40:27.785 W/SignalStrength(377): getLevel=4 (SignalStrength: 16 255 -120 -160 -120 -1 -1 99 2147483647 -32767 2147483647 -32767 gsm|lte 4)
01-11 20:40:27.795 W/SignalStrength(377): getDbm 1
01-11 20:40:27.795 W/SignalStrength(377): getGsmDbm=-81
01-11 20:40:27.795 W/SignalStrength(377): getDbm=-81
01-11 20:40:27.795 W/SignalStrength(377): getAsuLevel 1
01-11 20:40:27.795 W/SignalStrength(377): getGsmAsuLevel=16
01-11 20:40:27.795 W/SignalStrength(377): getAsuLevel=16
01-11 20:40:28.085 W/SignalStrength(503): getGsmLevel. this.mGsmSignalBar=4, getGsmSignalStrength()== 16
01-11 20:40:28.085 W/SignalStrength(503): getGsmLevel=4
01-11 20:40:28.095 W/SignalStrength(503): getLevel=4 (SignalStrength: 16 255 -120 -160 -120 -1 -1 99 2147483647 -32767 2147483647 -32767 gsm|lte 4)
01-11 20:40:28.095 W/SignalStrength(503): getGsmLevel. this.mGsmSignalBar=4, getGsmSignalStrength()== 22
01-11 20:40:28.095 W/SignalStrength(503): getGsmLevel=4
01-11 20:40:28.095 W/SignalStrength(503): getLevel=4 (SignalStrength: 22 255 -120 -160 -120 -1 -1 99 2147483647 -32767 2147483647 -32767 gsm|lte 4)
01-11 20:40:28.095 D/StatusBar-NetworkControllerDS(503): refreshViews connected={ wifi } level=4|4 combinedSignalIconId=0x7f0200ed/com.android.systemui:drawable/stat_sys_wifi_signal_3 combinedActivityIconId=0x7f0200d8 mAirplaneMode=false mDataActivity1=0 mDataActivity2=0 mPhoneSignalIconId1=0x7f0200d5 mPhoneSignalIconId2=0x7f0200cf mLastPhoneSignalIconId1=0x7f0200d5 mLastPhoneSignalIconId2=0x7f0200cf mDataDirectionIconId1=0x0 mDataDirectionIconId2=0x0 mDataSignalIconId1=0x7f0200d5 mDataSignalIconId2=0x7f0200cf mDataTypeIconId1=0x7f0200a2 mDataTypeIconId2=0x7f0200a2 mWifiIconId=0x7f0200ed mRoamingIconId1=0x0 mRoamingIconId2=0x0 mBluetoothTetherIconId=0x10806ce
01-11 20:40:28.095 D/SignalClusterView(503): wifi: VISIBLE sig=2130837741 act=2130837720
01-11 20:40:28.095 D/SignalClusterView(503): mobile1: VISIBLE sig=2130837717 act=0 typ=2130837666
01-11 20:40:28.095 D/SignalClusterView(503): mobile2: VISIBLE sig=2130837711 act=0 typ=2130837666
01-11 20:40:28.095 D/SignalClusterView(503): wifi: VISIBLE sig=2130837741 act=2130837720
01-11 20:40:28.095 D/SignalClusterView(503): mobile1: VISIBLE sig=2130837717 act=0 typ=2130837666
01-11 20:40:28.095 D/SignalClusterView(503): mobile2: VISIBLE sig=2130837711 act=0 typ=2130837666
01-11 20:40:28.095 D/SignalClusterView(503): wifi: VISIBLE sig=2130837741 act=2130837720
01-11 20:40:28.095 D/SignalClusterView(503): mobile1: VISIBLE sig=2130837717 act=0 typ=2130837666
01-11 20:40:28.095 D/SignalClusterView(503): mobile2: VISIBLE sig=2130837711 act=0 typ=2130837666
01-11 20:40:28.095 D/StatusBar-NetworkControllerDS(503): changing data overlay icon id to 2130837720
01-11 20:40:28.155 D/dalvikvm(25904): GC_FOR_ALLOC freed 2320K, 31% free 13884K/19939K, paused 76ms
01-11 20:40:28.575 I/NRFW    (1229): serverip=216.58.213.168 localIp=10.0.8.1
01-11 20:40:29.045 I/NRFW    (1229): profile=wifi
01-11 20:40:29.095 W/SignalStrength(503): getGsmLevel. this.mGsmSignalBar=4, getGsmSignalStrength()== 16
01-11 20:40:29.095 W/SignalStrength(503): getGsmLevel=4
01-11 20:40:29.095 W/SignalStrength(503): getLevel=4 (SignalStrength: 16 255 -120 -160 -120 -1 -1 99 2147483647 -32767 2147483647 -32767 gsm|lte 4)
01-11 20:40:29.095 W/SignalStrength(503): getGsmLevel. this.mGsmSignalBar=4, getGsmSignalStrength()== 22
01-11 20:40:29.095 W/SignalStrength(503): getGsmLevel=4
01-11 20:40:29.095 W/SignalStrength(503): getLevel=4 (SignalStrength: 22 255 -120 -160 -120 -1 -1 99 2147483647 -32767 2147483647 -32767 gsm|lte 4)
01-11 20:40:29.095 D/StatusBar-NetworkControllerDS(503): refreshViews connected={ wifi } level=4|4 combinedSignalIconId=0x7f0200ed/com.android.systemui:drawable/stat_sys_wifi_signal_3 combinedActivityIconId=0x7f0200d9 mAirplaneMode=false mDataActivity1=0 mDataActivity2=0 mPhoneSignalIconId1=0x7f0200d5 mPhoneSignalIconId2=0x7f0200cf mLastPhoneSignalIconId1=0x7f0200d5 mLastPhoneSignalIconId2=0x7f0200cf mDataDirectionIconId1=0x0 mDataDirectionIconId2=0x0 mDataSignalIconId1=0x7f0200d5 mDataSignalIconId2=0x7f0200cf mDataTypeIconId1=0x7f0200a2 mDataTypeIconId2=0x7f0200a2 mWifiIconId=0x7f0200ed mRoamingIconId1=0x0 mRoamingIconId2=0x0 mBluetoothTetherIconId=0x10806ce
01-11 20:40:29.095 D/SignalClusterView(503): wifi: VISIBLE sig=2130837741 act=2130837721
01-11 20:40:29.095 D/SignalClusterView(503): mobile1: VISIBLE sig=2130837717 act=0 typ=2130837666
01-11 20:40:29.095 D/SignalClusterView(503): mobile2: VISIBLE sig=2130837711 act=0 typ=2130837666
01-11 20:40:29.095 D/SignalClusterView(503): wifi: VISIBLE sig=2130837741 act=2130837721
01-11 20:40:29.095 D/SignalClusterView(503): mobile1: VISIBLE sig=2130837717 act=0 typ=2130837666
01-11 20:40:29.095 D/SignalClusterView(503): mobile2: VISIBLE sig=2130837711 act=0 typ=2130837666
01-11 20:40:29.095 D/SignalClusterView(503): wifi: VISIBLE sig=2130837741 act=2130837721
01-11 20:40:29.095 D/SignalClusterView(503): mobile1: VISIBLE sig=2130837717 act=0 typ=2130837666
01-11 20:40:29.095 D/SignalClusterView(503): mobile2: VISIBLE sig=2130837711 act=0 typ=2130837666
01-11 20:40:29.095 D/StatusBar-NetworkControllerDS(503): changing data overlay icon id to 2130837721
01-11 20:40:29.215 I/NRFW    (1229): serverip=180.76.3.90 localIp=10.0.8.1
01-11 20:40:31.095 W/SignalStrength(503): getGsmLevel. this.mGsmSignalBar=4, getGsmSignalStrength()== 16
01-11 20:40:31.095 W/SignalStrength(503): getGsmLevel=4
01-11 20:40:31.095 W/SignalStrength(503): getLevel=4 (SignalStrength: 16 255 -120 -160 -120 -1 -1 99 2147483647 -32767 2147483647 -32767 gsm|lte 4)
01-11 20:40:31.095 W/SignalStrength(503): getGsmLevel. this.mGsmSignalBar=4, getGsmSignalStrength()== 22
01-11 20:40:31.095 W/SignalStrength(503): getGsmLevel=4
01-11 20:40:31.095 W/SignalStrength(503): getLevel=4 (SignalStrength: 22 255 -120 -160 -120 -1 -1 99 2147483647 -32767 2147483647 -32767 gsm|lte 4)
01-11 20:40:31.095 D/StatusBar-NetworkControllerDS(503): refreshViews connected={ wifi } level=4|4 combinedSignalIconId=0x7f0200ed/com.android.systemui:drawable/stat_sys_wifi_signal_3 combinedActivityIconId=0x7f0200d8 mAirplaneMode=false mDataActivity1=0 mDataActivity2=0 mPhoneSignalIconId1=0x7f0200d5 mPhoneSignalIconId2=0x7f0200cf mLastPhoneSignalIconId1=0x7f0200d5 mLastPhoneSignalIconId2=0x7f0200cf mDataDirectionIconId1=0x0 mDataDirectionIconId2=0x0 mDataSignalIconId1=0x7f0200d5 mDataSignalIconId2=0x7f0200cf mDataTypeIconId1=0x7f0200a2 mDataTypeIconId2=0x7f0200a2 mWifiIconId=0x7f0200ed mRoamingIconId1=0x0 mRoamingIconId2=0x0 mBluetoothTetherIconId=0x10806ce
01-11 20:40:31.095 D/SignalClusterView(503): wifi: VISIBLE sig=2130837741 act=2130837720
01-11 20:40:31.095 D/SignalClusterView(503): mobile1: VISIBLE sig=2130837717 act=0 typ=2130837666
01-11 20:40:31.095 D/SignalClusterView(503): mobile2: VISIBLE sig=2130837711 act=0 typ=2130837666
01-11 20:40:31.095 D/SignalClusterView(503): wifi: VISIBLE sig=2130837741 act=2130837720
01-11 20:40:31.095 D/SignalClusterView(503): mobile1: VISIBLE sig=2130837717 act=0 typ=2130837666
01-11 20:40:31.095 D/SignalClusterView(503): mobile2: VISIBLE sig=2130837711 act=0 typ=2130837666
01-11 20:40:31.095 D/SignalClusterView(503): wifi: VISIBLE sig=2130837741 act=2130837720
01-11 20:40:31.095 D/SignalClusterView(503): mobile1: VISIBLE sig=2130837717 act=0 typ=2130837666
01-11 20:40:31.095 D/SignalClusterView(503): mobile2: VISIBLE sig=2130837711 act=0 typ=2130837666
01-11 20:40:31.095 D/StatusBar-NetworkControllerDS(503): changing data overlay icon id to 2130837720
01-11 20:40:31.295 D/dalvikvm(25904): GC_CONCURRENT freed 3083K, 27% free 14608K/19939K, paused 2ms+20ms
01-11 20:40:32.445 I/NRFW    (1229): profile=wifi
01-11 20:40:32.465 I/NRFW    (1229): serverip=103.235.47.88 localIp=10.0.8.1
01-11 20:40:32.475 I/DNS     (1229): 103.235.47.88 h_errno=1
01-11 20:40:32.505 I/DNS     (1229): 112.80.248.171 h_errno=1
01-11 20:40:32.535 I/DNS     (1229): 112.80.248.171 h_errno=1
01-11 20:40:33.095 W/SignalStrength(503): getGsmLevel. this.mGsmSignalBar=4, getGsmSignalStrength()== 16
01-11 20:40:33.095 W/SignalStrength(503): getGsmLevel=4
01-11 20:40:33.095 W/SignalStrength(503): getLevel=4 (SignalStrength: 16 255 -120 -160 -120 -1 -1 99 2147483647 -32767 2147483647 -32767 gsm|lte 4)
01-11 20:40:33.095 W/SignalStrength(503): getGsmLevel. this.mGsmSignalBar=4, getGsmSignalStrength()== 22
01-11 20:40:33.095 W/SignalStrength(503): getGsmLevel=4
01-11 20:40:33.095 W/SignalStrength(503): getLevel=4 (SignalStrength: 22 255 -120 -160 -120 -1 -1 99 2147483647 -32767 2147483647 -32767 gsm|lte 4)
01-11 20:40:33.095 D/StatusBar-NetworkControllerDS(503): refreshViews connected={ wifi } level=4|4 combinedSignalIconId=0x7f0200ed/com.android.systemui:drawable/stat_sys_wifi_signal_3 combinedActivityIconId=0x7f0200d9 mAirplaneMode=false mDataActivity1=0 mDataActivity2=0 mPhoneSignalIconId1=0x7f0200d5 mPhoneSignalIconId2=0x7f0200cf mLastPhoneSignalIconId1=0x7f0200d5 mLastPhoneSignalIconId2=0x7f0200cf mDataDirectionIconId1=0x0 mDataDirectionIconId2=0x0 mDataSignalIconId1=0x7f0200d5 mDataSignalIconId2=0x7f0200cf mDataTypeIconId1=0x7f0200a2 mDataTypeIconId2=0x7f0200a2 mWifiIconId=0x7f0200ed mRoamingIconId1=0x0 mRoamingIconId2=0x0 mBluetoothTetherIconId=0x10806ce
01-11 20:40:33.095 D/SignalClusterView(503): wifi: VISIBLE sig=2130837741 act=2130837721
01-11 20:40:33.095 D/SignalClusterView(503): mobile1: VISIBLE sig=2130837717 act=0 typ=2130837666
01-11 20:40:33.095 D/SignalClusterView(503): mobile2: VISIBLE sig=2130837711 act=0 typ=2130837666
01-11 20:40:33.095 D/SignalClusterView(503): wifi: VISIBLE sig=2130837741 act=2130837721
01-11 20:40:33.095 D/SignalClusterView(503): mobile1: VISIBLE sig=2130837717 act=0 typ=2130837666
01-11 20:40:33.095 D/SignalClusterView(503): mobile2: VISIBLE sig=2130837711 act=0 typ=2130837666
01-11 20:40:33.095 D/SignalClusterView(503): wifi: VISIBLE sig=2130837741 act=2130837721
01-11 20:40:33.095 D/SignalClusterView(503): mobile1: VISIBLE sig=2130837717 act=0 typ=2130837666
01-11 20:40:33.095 D/SignalClusterView(503): mobile2: VISIBLE sig=2130837711 act=0 typ=2130837666
01-11 20:40:33.095 D/StatusBar-NetworkControllerDS(503): changing data overlay icon id to 2130837721
01-11 20:40:34.095 W/SignalStrength(503): getGsmLevel. this.mGsmSignalBar=4, getGsmSignalStrength()== 16
01-11 20:40:34.095 W/SignalStrength(503): getGsmLevel=4
01-11 20:40:34.095 W/SignalStrength(503): getLevel=4 (SignalStrength: 16 255 -120 -160 -120 -1 -1 99 2147483647 -32767 2147483647 -32767 gsm|lte 4)
01-11 20:40:34.095 W/SignalStrength(503): getGsmLevel. this.mGsmSignalBar=4, getGsmSignalStrength()== 22
01-11 20:40:34.095 W/SignalStrength(503): getGsmLevel=4
01-11 20:40:34.095 W/SignalStrength(503): getLevel=4 (SignalStrength: 22 255 -120 -160 -120 -1 -1 99 2147483647 -32767 2147483647 -32767 gsm|lte 4)
01-11 20:40:34.095 D/StatusBar-NetworkControllerDS(503): refreshViews connected={ wifi } level=4|4 combinedSignalIconId=0x7f0200ed/com.android.systemui:drawable/stat_sys_wifi_signal_3 combinedActivityIconId=0x7f0200d8 mAirplaneMode=false mDataActivity1=0 mDataActivity2=0 mPhoneSignalIconId1=0x7f0200d5 mPhoneSignalIconId2=0x7f0200cf mLastPhoneSignalIconId1=0x7f0200d5 mLastPhoneSignalIconId2=0x7f0200cf mDataDirectionIconId1=0x0 mDataDirectionIconId2=0x0 mDataSignalIconId1=0x7f0200d5 mDataSignalIconId2=0x7f0200cf mDataTypeIconId1=0x7f0200a2 mDataTypeIconId2=0x7f0200a2 mWifiIconId=0x7f0200ed mRoamingIconId1=0x0 mRoamingIconId2=0x0 mBluetoothTetherIconId=0x10806ce
01-11 20:40:34.105 D/SignalClusterView(503): wifi: VISIBLE sig=2130837741 act=2130837720
01-11 20:40:34.105 D/SignalClusterView(503): mobile1: VISIBLE sig=2130837717 act=0 typ=2130837666
01-11 20:40:34.105 D/SignalClusterView(503): mobile2: VISIBLE sig=2130837711 act=0 typ=2130837666
01-11 20:40:34.105 D/SignalClusterView(503): wifi: VISIBLE sig=2130837741 act=2130837720
01-11 20:40:34.105 D/SignalClusterView(503): mobile1: VISIBLE sig=2130837717 act=0 typ=2130837666
01-11 20:40:34.105 D/SignalClusterView(503): mobile2: VISIBLE sig=2130837711 act=0 typ=2130837666
01-11 20:40:34.105 D/SignalClusterView(503): wifi: VISIBLE sig=2130837741 act=2130837720
01-11 20:40:34.105 D/SignalClusterView(503): mobile1: VISIBLE sig=2130837717 act=0 typ=2130837666
01-11 20:40:34.105 D/SignalClusterView(503): mobile2: VISIBLE sig=2130837711 act=0 typ=2130837666
01-11 20:40:34.105 D/StatusBar-NetworkControllerDS(503): changing data overlay icon id to 2130837720
01-11 20:40:36.105 W/SignalStrength(503): getGsmLevel. this.mGsmSignalBar=4, getGsmSignalStrength()== 16
01-11 20:40:36.105 W/SignalStrength(503): getGsmLevel=4
01-11 20:40:36.105 W/SignalStrength(503): getLevel=4 (SignalStrength: 16 255 -120 -160 -120 -1 -1 99 2147483647 -32767 2147483647 -32767 gsm|lte 4)
01-11 20:40:36.105 W/SignalStrength(503): getGsmLevel. this.mGsmSignalBar=4, getGsmSignalStrength()== 22
01-11 20:40:36.105 W/SignalStrength(503): getGsmLevel=4
01-11 20:40:36.105 W/SignalStrength(503): getLevel=4 (SignalStrength: 22 255 -120 -160 -120 -1 -1 99 2147483647 -32767 2147483647 -32767 gsm|lte 4)
01-11 20:40:36.105 D/StatusBar-NetworkControllerDS(503): refreshViews connected={ wifi } level=4|4 combinedSignalIconId=0x7f0200ed/com.android.systemui:drawable/stat_sys_wifi_signal_3 combinedActivityIconId=0x7f0200d9 mAirplaneMode=false mDataActivity1=0 mDataActivity2=0 mPhoneSignalIconId1=0x7f0200d5 mPhoneSignalIconId2=0x7f0200cf mLastPhoneSignalIconId1=0x7f0200d5 mLastPhoneSignalIconId2=0x7f0200cf mDataDirectionIconId1=0x0 mDataDirectionIconId2=0x0 mDataSignalIconId1=0x7f0200d5 mDataSignalIconId2=0x7f0200cf mDataTypeIconId1=0x7f0200a2 mDataTypeIconId2=0x7f0200a2 mWifiIconId=0x7f0200ed mRoamingIconId1=0x0 mRoamingIconId2=0x0 mBluetoothTetherIconId=0x10806ce
01-11 20:40:36.105 D/SignalClusterView(503): wifi: VISIBLE sig=2130837741 act=2130837721
01-11 20:40:36.105 D/SignalClusterView(503): mobile1: VISIBLE sig=2130837717 act=0 typ=2130837666
01-11 20:40:36.105 D/SignalClusterView(503): mobile2: VISIBLE sig=2130837711 act=0 typ=2130837666
01-11 20:40:36.105 D/SignalClusterView(503): wifi: VISIBLE sig=2130837741 act=2130837721
01-11 20:40:36.105 D/SignalClusterView(503): mobile1: VISIBLE sig=2130837717 act=0 typ=2130837666
01-11 20:40:36.105 D/SignalClusterView(503): mobile2: VISIBLE sig=2130837711 act=0 typ=2130837666
01-11 20:40:36.105 D/SignalClusterView(503): wifi: VISIBLE sig=2130837741 act=2130837721
01-11 20:40:36.105 D/SignalClusterView(503): mobile1: VISIBLE sig=2130837717 act=0 typ=2130837666
01-11 20:40:36.105 D/SignalClusterView(503): mobile2: VISIBLE sig=2130837711 act=0 typ=2130837666
01-11 20:40:36.105 D/StatusBar-NetworkControllerDS(503): changing data overlay icon id to 2130837721
01-11 20:40:36.765 I/ONCRPC  (102): rpc_handle_rpc_call: for Xid: 1902, Prog: 31000000, Vers: d17ed9ea, Proc: 00000014
01-11 20:40:36.765 D/QCRIL_RPC(102): Enter qcril_cm_srvsys_event_callback
01-11 20:40:36.765 D/QCRIL_RPC(102): Exit qcril_cm_srvsys_event_callback
01-11 20:40:36.765 I/ONCRPC  (102): rpc_handle_rpc_call: Find Status: 0 Xid: 1902
01-11 20:40:36.765 I/ONCRPC  (102): oncrpc_proxy_handle_cmd_rpc_call: Dispatching xid: 1902
01-11 20:40:37.105 W/SignalStrength(503): getGsmLevel. this.mGsmSignalBar=4, getGsmSignalStrength()== 16
01-11 20:40:37.105 W/SignalStrength(503): getGsmLevel=4
01-11 20:40:37.105 W/SignalStrength(503): getLevel=4 (SignalStrength: 16 255 -120 -160 -120 -1 -1 99 2147483647 -32767 2147483647 -32767 gsm|lte 4)
01-11 20:40:37.105 W/SignalStrength(503): getGsmLevel. this.mGsmSignalBar=4, getGsmSignalStrength()== 22
01-11 20:40:37.105 W/SignalStrength(503): getGsmLevel=4
01-11 20:40:37.105 W/SignalStrength(503): getLevel=4 (SignalStrength: 22 255 -120 -160 -120 -1 -1 99 2147483647 -32767 2147483647 -32767 gsm|lte 4)
01-11 20:40:37.105 D/StatusBar-NetworkControllerDS(503): refreshViews connected={ wifi } level=4|4 combinedSignalIconId=0x7f0200ed/com.android.systemui:drawable/stat_sys_wifi_signal_3 combinedActivityIconId=0x7f0200d8 mAirplaneMode=false mDataActivity1=0 mDataActivity2=0 mPhoneSignalIconId1=0x7f0200d5 mPhoneSignalIconId2=0x7f0200cf mLastPhoneSignalIconId1=0x7f0200d5 mLastPhoneSignalIconId2=0x7f0200cf mDataDirectionIconId1=0x0 mDataDirectionIconId2=0x0 mDataSignalIconId1=0x7f0200d5 mDataSignalIconId2=0x7f0200cf mDataTypeIconId1=0x7f0200a2 mDataTypeIconId2=0x7f0200a2 mWifiIconId=0x7f0200ed mRoamingIconId1=0x0 mRoamingIconId2=0x0 mBluetoothTetherIconId=0x10806ce
01-11 20:40:37.105 D/SignalClusterView(503): wifi: VISIBLE sig=2130837741 act=2130837720
01-11 20:40:37.115 D/SignalClusterView(503): mobile1: VISIBLE sig=2130837717 act=0 typ=2130837666
01-11 20:40:37.115 D/SignalClusterView(503): mobile2: VISIBLE sig=2130837711 act=0 typ=2130837666
01-11 20:40:37.115 D/SignalClusterView(503): wifi: VISIBLE sig=2130837741 act=2130837720
01-11 20:40:37.115 D/SignalClusterView(503): mobile1: VISIBLE sig=2130837717 act=0 typ=2130837666
01-11 20:40:37.115 D/SignalClusterView(503): mobile2: VISIBLE sig=2130837711 act=0 typ=2130837666
01-11 20:40:37.115 D/SignalClusterView(503): wifi: VISIBLE sig=2130837741 act=2130837720
01-11 20:40:37.115 D/SignalClusterView(503): mobile1: VISIBLE sig=2130837717 act=0 typ=2130837666
01-11 20:40:37.115 D/SignalClusterView(503): mobile2: VISIBLE sig=2130837711 act=0 typ=2130837666
01-11 20:40:37.115 D/StatusBar-NetworkControllerDS(503): changing data overlay icon id to 2130837720
01-11 20:40:38.475 I/InputReader(377): Touch event's action is 0x0 (deviceType=0) [pCnt=1, pending(waiting finished signal)=0, s=0.774 ]
01-11 20:40:38.475 I/InputDispatcher(377): Delivering touch to current input target: action: 0x0
01-11 20:40:38.475 D/lights  (377): write_int /sys/class/leds/button-backlight/brightness = 255
01-11 20:40:38.475 I/PowerManagerService(377): Ulight 0x3->0x7|0x0
01-11 20:40:38.475 D/PowerManagerService(377): setLightBrightness : mButtonLight : 61
01-11 20:40:38.475 D/STATUSBAR-PhoneStatusBar(503): updateExpandedSize:0
01-11 20:40:38.495 W/Vibrator(377): Vibrator.cancel()
01-11 20:40:38.495 W/SurfaceFlinger(111): id=505(34) createSurface 0xba9e2c (480x762),1 flag=0
01-11 20:40:38.495 D/KeyguardViewMediator(377): setHidden false
01-11 20:40:38.495 D/VibratorService(377): JNI vibratorOff()
01-11 20:40:38.495 D/STATUSBAR-NotificationService(377): updateLightsLocked() : Turn off notification light
01-11 20:40:38.495 D/STATUSBAR-StatusBarManagerService(377): setSystemUiVisibility(0x0)
01-11 20:40:38.495 D/STATUSBAR-StatusBarManagerService(377): manageDisableList what=0x0 pkg=WindowManager.LayoutParams
01-11 20:40:38.505 I/Adreno200-EGLSUB(503): <ConfigWindowMatch:2218>: Format RGBA_8888.
01-11 20:40:38.505 D/memalloc(111): /dev/pmem: Allocated buffer base:0x41b92000 size:1474560 offset:7540736 fd:54
01-11 20:40:38.505 D/memalloc(503): /dev/pmem: Mapped buffer base:0x569f3000 size:9015296 offset:7540736 fd:116
01-11 20:40:38.545 D/KeyguardViewMediator(377): setHidden false
01-11 20:40:38.555 D/KeyguardViewMediator(377): setHidden false
01-11 20:40:38.565 I/Adreno200-EGLSUB(111): <CreateImage:1017>: Android Image
01-11 20:40:38.565 I/Adreno200-EGLSUB(111): <GetImageAttributes:1226>: RGBA_8888
01-11 20:40:38.565 D/memalloc(111): /dev/pmem: Allocated buffer base:0x41b92000 size:1474560 offset:9015296 fd:57
01-11 20:40:38.575 D/memalloc(503): /dev/pmem: Mapped buffer base:0x5728c000 size:10489856 offset:9015296 fd:120
01-11 20:40:38.575 D/KeyguardViewMediator(377): setHidden false
01-11 20:40:38.585 D/KeyguardViewMediator(377): setHidden false
01-11 20:40:38.615 D/KeyguardViewMediator(377): setHidden false
01-11 20:40:38.625 D/KeyguardViewMediator(377): setHidden false
01-11 20:40:38.655 D/KeyguardViewMediator(377): setHidden false
01-11 20:40:38.655 D/KeyguardViewMediator(377): setHidden false
01-11 20:40:38.675 D/KeyguardViewMediator(377): setHidden false
01-11 20:40:38.685 D/KeyguardViewMediator(377): setHidden false
01-11 20:40:38.705 D/KeyguardViewMediator(377): setHidden false
01-11 20:40:38.715 D/KeyguardViewMediator(377): setHidden false
01-11 20:40:38.725 D/KeyguardViewMediator(377): setHidden false
01-11 20:40:38.735 D/KeyguardViewMediator(377): setHidden false
01-11 20:40:38.745 D/KeyguardViewMediator(377): setHidden false
01-11 20:40:38.755 D/KeyguardViewMediator(377): setHidden false
01-11 20:40:38.765 I/InputReader(377): Touch event's action is 0x1 (deviceType=0) [pCnt=1, pending(waiting finished signal)=0, s=]
01-11 20:40:38.765 I/InputDispatcher(377): Delivering touch to current input target: action: 0x1
01-11 20:40:38.785 D/KeyguardViewMediator(377): setHidden false
01-11 20:40:38.795 D/KeyguardViewMediator(377): setHidden false
01-11 20:40:38.805 D/KeyguardViewMediator(377): setHidden false
01-11 20:40:38.825 D/KeyguardViewMediator(377): setHidden false
01-11 20:40:38.835 D/KeyguardViewMediator(377): setHidden false
01-11 20:40:38.845 D/KeyguardViewMediator(377): setHidden false
01-11 20:40:38.855 D/KeyguardViewMediator(377): setHidden false
01-11 20:40:38.865 D/KeyguardViewMediator(377): setHidden false
01-11 20:40:38.875 D/KeyguardViewMediator(377): setHidden false
01-11 20:40:38.885 D/KeyguardViewMediator(377): setHidden false
01-11 20:40:38.905 D/KeyguardViewMediator(377): setHidden false
01-11 20:40:38.925 D/KeyguardViewMediator(377): setHidden false
01-11 20:40:38.935 D/KeyguardViewMediator(377): setHidden false
01-11 20:40:38.945 D/KeyguardViewMediator(377): setHidden false
01-11 20:40:38.955 D/KeyguardViewMediator(377): setHidden false
01-11 20:40:38.965 D/KeyguardViewMediator(377): setHidden false
01-11 20:40:38.985 D/KeyguardViewMediator(377): setHidden false
01-11 20:40:38.995 D/KeyguardViewMediator(377): setHidden false
01-11 20:40:39.005 D/KeyguardViewMediator(377): setHidden false
01-11 20:40:39.015 D/KeyguardViewMediator(377): setHidden false
01-11 20:40:39.015 D/KeyguardViewMediator(377): setHidden false
01-11 20:40:39.035 D/KeyguardViewMediator(377): setHidden false
01-11 20:40:39.045 D/KeyguardViewMediator(377): setHidden false
01-11 20:40:39.055 D/KeyguardViewMediator(377): setHidden false
01-11 20:40:39.055 D/KeyguardViewMediator(377): setHidden false
01-11 20:40:39.065 D/STATUSBAR-PhoneStatusBar(503): Mini Controller text scroll : ON
01-11 20:40:39.075 D/STATUSBAR-PhoneStatusBar(503): performExpand()
01-11 20:40:39.085 D/KeyguardViewMediator(377): setHidden false
01-11 20:40:39.095 D/KeyguardViewMediator(377): setHidden false
01-11 20:40:39.165 W/SignalStrength(503): getGsmLevel. this.mGsmSignalBar=4, getGsmSignalStrength()== 16
01-11 20:40:39.165 W/SignalStrength(503): getGsmLevel=4
01-11 20:40:39.165 W/SignalStrength(503): getLevel=4 (SignalStrength: 16 255 -120 -160 -120 -1 -1 99 2147483647 -32767 2147483647 -32767 gsm|lte 4)
01-11 20:40:39.165 W/SignalStrength(503): getGsmLevel. this.mGsmSignalBar=4, getGsmSignalStrength()== 22
01-11 20:40:39.165 W/SignalStrength(503): getGsmLevel=4
01-11 20:40:39.165 W/SignalStrength(503): getLevel=4 (SignalStrength: 22 255 -120 -160 -120 -1 -1 99 2147483647 -32767 2147483647 -32767 gsm|lte 4)
01-11 20:40:39.165 D/StatusBar-NetworkControllerDS(503): refreshViews connected={ wifi } level=4|4 combinedSignalIconId=0x7f0200ed/com.android.systemui:drawable/stat_sys_wifi_signal_3 combinedActivityIconId=0x7f0200d9 mAirplaneMode=false mDataActivity1=0 mDataActivity2=0 mPhoneSignalIconId1=0x7f0200d5 mPhoneSignalIconId2=0x7f0200cf mLastPhoneSignalIconId1=0x7f0200d5 mLastPhoneSignalIconId2=0x7f0200cf mDataDirectionIconId1=0x0 mDataDirectionIconId2=0x0 mDataSignalIconId1=0x7f0200d5 mDataSignalIconId2=0x7f0200cf mDataTypeIconId1=0x7f0200a2 mDataTypeIconId2=0x7f0200a2 mWifiIconId=0x7f0200ed mRoamingIconId1=0x0 mRoamingIconId2=0x0 mBluetoothTetherIconId=0x10806ce
01-11 20:40:39.165 D/SignalClusterView(503): wifi: VISIBLE sig=2130837741 act=2130837721
01-11 20:40:39.165 D/SignalClusterView(503): mobile1: VISIBLE sig=2130837717 act=0 typ=2130837666
01-11 20:40:39.165 D/SignalClusterView(503): mobile2: VISIBLE sig=2130837711 act=0 typ=2130837666
01-11 20:40:39.165 D/SignalClusterView(503): wifi: VISIBLE sig=2130837741 act=2130837721
01-11 20:40:39.165 D/SignalClusterView(503): mobile1: VISIBLE sig=2130837717 act=0 typ=2130837666
01-11 20:40:39.165 D/SignalClusterView(503): mobile2: VISIBLE sig=2130837711 act=0 typ=2130837666
01-11 20:40:39.165 D/SignalClusterView(503): wifi: VISIBLE sig=2130837741 act=2130837721
01-11 20:40:39.175 D/SignalClusterView(503): mobile1: VISIBLE sig=2130837717 act=0 typ=2130837666
01-11 20:40:39.175 D/SignalClusterView(503): mobile2: VISIBLE sig=2130837711 act=0 typ=2130837666
01-11 20:40:39.175 D/StatusBar-NetworkControllerDS(503): changing data overlay icon id to 2130837721
01-11 20:40:39.285 D/Tethering(377): interfaceLinkStateChanged wlan0, true
01-11 20:40:39.285 D/Tethering(377): interfaceStatusChanged wlan0, true
01-11 20:40:39.925 I/InputReader(377): Touch event's action is 0x0 (deviceType=0) [pCnt=1, pending(waiting finished signal)=0, s=0.775 ]
01-11 20:40:39.925 I/InputDispatcher(377): Delivering touch to current input target: action: 0x0
01-11 20:40:40.125 W/SignalStrength(503): getGsmLevel. this.mGsmSignalBar=4, getGsmSignalStrength()== 16
01-11 20:40:40.125 W/SignalStrength(503): getGsmLevel=4
01-11 20:40:40.125 W/SignalStrength(503): getLevel=4 (SignalStrength: 16 255 -120 -160 -120 -1 -1 99 2147483647 -32767 2147483647 -32767 gsm|lte 4)
01-11 20:40:40.125 W/SignalStrength(503): getGsmLevel. this.mGsmSignalBar=4, getGsmSignalStrength()== 22
01-11 20:40:40.125 W/SignalStrength(503): getGsmLevel=4
01-11 20:40:40.125 W/SignalStrength(503): getLevel=4 (SignalStrength: 22 255 -120 -160 -120 -1 -1 99 2147483647 -32767 2147483647 -32767 gsm|lte 4)
01-11 20:40:40.125 D/StatusBar-NetworkControllerDS(503): refreshViews connected={ wifi } level=4|4 combinedSignalIconId=0x7f0200ed/com.android.systemui:drawable/stat_sys_wifi_signal_3 combinedActivityIconId=0x7f0200d8 mAirplaneMode=false mDataActivity1=0 mDataActivity2=0 mPhoneSignalIconId1=0x7f0200d5 mPhoneSignalIconId2=0x7f0200cf mLastPhoneSignalIconId1=0x7f0200d5 mLastPhoneSignalIconId2=0x7f0200cf mDataDirectionIconId1=0x0 mDataDirectionIconId2=0x0 mDataSignalIconId1=0x7f0200d5 mDataSignalIconId2=0x7f0200cf mDataTypeIconId1=0x7f0200a2 mDataTypeIconId2=0x7f0200a2 mWifiIconId=0x7f0200ed mRoamingIconId1=0x0 mRoamingIconId2=0x0 mBluetoothTetherIconId=0x10806ce
01-11 20:40:40.125 D/SignalClusterView(503): wifi: VISIBLE sig=2130837741 act=2130837720
01-11 20:40:40.125 D/SignalClusterView(503): mobile1: VISIBLE sig=2130837717 act=0 typ=2130837666
01-11 20:40:40.125 D/SignalClusterView(503): mobile2: VISIBLE sig=2130837711 act=0 typ=2130837666
01-11 20:40:40.125 D/SignalClusterView(503): wifi: VISIBLE sig=2130837741 act=2130837720
01-11 20:40:40.125 D/SignalClusterView(503): mobile1: VISIBLE sig=2130837717 act=0 typ=2130837666
01-11 20:40:40.125 D/SignalClusterView(503): mobile2: VISIBLE sig=2130837711 act=0 typ=2130837666
01-11 20:40:40.125 D/SignalClusterView(503): wifi: VISIBLE sig=2130837741 act=2130837720
01-11 20:40:40.125 D/SignalClusterView(503): mobile1: VISIBLE sig=2130837717 act=0 typ=2130837666
01-11 20:40:40.125 D/SignalClusterView(503): mobile2: VISIBLE sig=2130837711 act=0 typ=2130837666
01-11 20:40:40.125 D/StatusBar-NetworkControllerDS(503): changing data overlay icon id to 2130837720
01-11 20:40:40.285 I/InputReader(377): Touch event's action is 0x1 (deviceType=0) [pCnt=1, pending(waiting finished signal)=0, s=]
01-11 20:40:40.285 I/InputDispatcher(377): Delivering touch to current input target: action: 0x1
01-11 20:40:41.095 I/InputReader(377): Touch event's action is 0x0 (deviceType=0) [pCnt=1, pending(waiting finished signal)=0, s=0.776 ]
01-11 20:40:41.095 I/InputDispatcher(377): Delivering touch to current input target: action: 0x0
01-11 20:40:41.155 I/InputReader(377): Touch event's action is 0x1 (deviceType=0) [pCnt=1, pending(waiting finished signal)=0, s=]
01-11 20:40:41.155 I/InputDispatcher(377): Delivering touch to current input target: action: 0x1
01-11 20:40:41.255 D/systemui/quicksetting/QuickSettingButton(503): onClick() - state : true
01-11 20:40:41.255 D/systemui/quicksetting/QuickSettingButton(503): Bluetooth activate()
01-11 20:40:41.265 I/BluetoothPolicyService(377): isBluetoothEnabled 
01-11 20:40:41.285 D/BluetoothAdapterStateMachine(377): HotOff process message: 1
01-11 20:40:41.285 D/BluetoothAdapterStateMachine(377): Bluetooth state 10 -> 11
01-11 20:40:41.345 D/BluetoothAdapterStateMachine(377): Enter Switching: 1
01-11 20:40:41.365 I/abtfilt (25930): Ath BT Filter Daemon
01-11 20:40:41.365 I/abtfilt (25930): Enabling Debug Information
01-11 20:40:41.385 D/systemui/quicksetting/QuickSettingButton(503): onReceive()-S:11
01-11 20:40:41.385 D/systemui/quicksetting/QuickSettingButton(503): Bluetooth state = 11
01-11 20:40:41.385 D/systemui/quicksetting/QuickSettingButton(503): setActivateStatus(3) - 1:on, 2:off, 3:dim
01-11 20:40:41.445 D/BluetoothAdapterStateMachine(377): Switching process message: 106
01-11 20:40:41.475 V/BluetoothService.cpp(377): setAdapterPropertyNative
01-11 20:40:41.485 E/BluetoothService.cpp(377): it's Powered so use default timeout
01-11 20:40:41.545 E/        (17654): index 0 powered 1
01-11 20:40:41.545 E/        (17654): start_hciup_timer: hci0
01-11 20:40:41.565 E/        (17654): hciup_timout_handler: hci0
01-11 20:40:41.565 E/        (17654): settings:0x00000081 current_settings:0x00000080 
01-11 20:40:41.565 E/        (17654): [JHLEE] settings 81
01-11 20:40:41.565 E/        (17654): index 0 major 2 minor 12
01-11 20:40:41.565 E/        (17654): index 0, name Sven's Galaxy S Duos
01-11 20:40:41.565 V/BluetoothEventLoop.cpp(377): event_filter: Received signal org.bluez.Adapter:PropertyChanged from /org/bluez/17654/hci0
01-11 20:40:41.575 E/        (17654): index 0
01-11 20:40:41.575 E/        (17654): index 0 connectable 1
01-11 20:40:41.575 E/        (17654): [JHLEE] mgmt_low_energy info 0, mgmt_low_energy settings 0 main_opts.le 0 
01-11 20:40:41.575 E/        (17654): cond 1
01-11 20:40:41.575 E/        (17654): Received 8 bytes from management socket
01-11 20:40:41.575 E/        (17654): opcode e complete
01-11 20:40:41.575 E/        (17654): set_dev_class complete
01-11 20:40:41.575 D/BluetoothAdapterStateMachine(377): Switching process message: 54
01-11 20:40:41.605 I/ActivityThread(25931): Pub com.android.bluetooth.opp: com.android.bluetooth.opp.BluetoothOppProvider
01-11 20:40:41.635 V/BluetoothPbapReceiver(25931): PbapReceiver onReceive: android.bluetooth.adapter.action.STATE_CHANGED
01-11 20:40:41.805 I/ActivityThread(25944): Pub com.samsung.avrcp: com.samsung.avrcp.AudioProvider
01-11 20:40:41.815 E/        (17654): cond 1
01-11 20:40:41.815 E/        (17654): Received 268 bytes from management socket
01-11 20:40:41.815 E/        (17654): opcode f complete
01-11 20:40:41.815 E/        (17654): hci0 name Sven's Galaxy S Duos
01-11 20:40:41.815 E/        (17654): cond 1
01-11 20:40:41.815 E/        (17654): Received 12 bytes from management socket
01-11 20:40:41.815 E/        (17654): opcode 7 complete
01-11 20:40:41.815 E/        (17654): hci0 new settings
01-11 20:40:41.815 E/        (17654): settings:0x00000083 current_settings:0x00000081 
01-11 20:40:41.815 E/        (17654): index 0 limited 0
01-11 20:40:41.815 V/BluetoothEventLoop.cpp(377): event_filter: Received signal org.bluez.Adapter:PropertyChanged from /org/bluez/17654/hci0
01-11 20:40:41.865 D/BluetoothNotiBroadcastReceiver(24471): onReceive
01-11 20:40:41.885 D/BluetoothOOBReceiver(24471): onReceive android.bluetooth.adapter.action.STATE_CHANGED
01-11 20:40:41.885 V/BluetoothEventLoop.cpp(377): event_filter: Received signal org.bluez.Adapter:PropertyChanged from /org/bluez/17654/hci0
01-11 20:40:41.885 V/BluetoothEventLoop.cpp(377): event_filter: not interested (not a signal).
01-11 20:40:41.885 D/BluetoothAdapterStateMachine(377): Switching process message: 53
01-11 20:40:41.895 V/BluetoothService.cpp(377): setAdapterPropertyNative
01-11 20:40:41.895 E/BluetoothService.cpp(377): it's Pairable so use default timeout
01-11 20:40:41.895 E/        (17654): index 0 pairable 1
01-11 20:40:41.895 E/        (17654): cond 1
01-11 20:40:41.895 E/        (17654): Received 12 bytes from management socket
01-11 20:40:41.895 E/        (17654): opcode 9 complete
01-11 20:40:41.895 E/        (17654): hci0 new settings
01-11 20:40:41.895 E/        (17654): settings:0x00000093 current_settings:0x00000083 
01-11 20:40:41.895 D/BluetoothBondState(377): found 4 bonded devices
01-11 20:40:41.895 V/BluetoothEventLoop.cpp(377): event_filter: not interested (not a signal).
01-11 20:40:41.905 V/BluetoothEventLoop.cpp(377): event_filter: Received signal org.bluez.Adapter:PropertyChanged from /org/bluez/17654/hci0
01-11 20:40:41.905 I/BluetoothDeviceProfileState(377): Entering ACL Connected state with: -2
01-11 20:40:41.925 I/BluetoothDeviceProfileState(377): Entering ACL Connected state with: -2
01-11 20:40:41.935 D/LocalBluetoothProfileManager(24471): LocalBluetoothProfileManager construction complete
01-11 20:40:41.955 I/BluetoothDeviceProfileState(377): Entering ACL Connected state with: -2
01-11 20:40:42.015 I/BluetoothDeviceProfileState(377): Entering ACL Connected state with: -2
01-11 20:40:42.015 D/BluetoothAdapterStateMachine(377): Bluetooth state 11 -> 12
01-11 20:40:42.035 D/BluetoothPolicyService(377): MDM: isProfileEnabled = true
01-11 20:40:42.035 D/systemui/quicksetting/QuickSettingButton(503): onReceive()-S:12
01-11 20:40:42.035 D/systemui/quicksetting/QuickSettingButton(503): Bluetooth state = 12
01-11 20:40:42.035 D/systemui/quicksetting/QuickSettingButton(503): setActivateStatus(1) - 1:on, 2:off, 3:dim
01-11 20:40:42.045 D/BluetoothPolicyService(377): MDM: isProfileEnabled = true
01-11 20:40:42.045 D/BluetoothPolicyService(377): MDM: isProfileEnabled = true
01-11 20:40:42.045 V/BluetoothAudioGateway.cpp(684): cleanupNativeDataNative
01-11 20:40:42.045 V/BluetoothAudioGateway.cpp(684): initializeNativeDataNative
01-11 20:40:42.045 V/BluetoothAudioGateway.cpp(684): HF RFCOMM channel = 10.
01-11 20:40:42.045 V/BluetoothAudioGateway.cpp(684): HS RFCOMM channel = 11.
01-11 20:40:42.045 V/BluetoothAudioGateway.cpp(684): setUpListeningSocketsNative
01-11 20:40:42.055 V/BluetoothSocket.cpp(684): initSocketNative
01-11 20:40:42.055 V/BluetoothSocket.cpp(684): ...fd 148 created (SCO, lm = 0)
01-11 20:40:42.055 V/BluetoothSocket.cpp(684): initSocketFromFdNative
01-11 20:40:42.065 D/BluetoothUtils(684): isSocketAllowedBySecurityPolicy start : device null
01-11 20:40:42.065 D/BluetoothPolicyService(377): MDM: isProfileEnabled = true
01-11 20:40:42.065 V/BluetoothSocket.cpp(684): bindListenNative
01-11 20:40:42.065 V/BluetoothSocket.cpp(684): ...bindListenNative(148) success
01-11 20:40:42.075 I/WifiService(377): mBoosterFLAG : 3
01-11 20:40:42.075 I/WifiService(377): current booster mode : BTCoexMode
01-11 20:40:42.085 V/BluetoothSocket.cpp(684): acceptNative
01-11 20:40:42.085 I/BluetoothPolicyService(377): isDiscoverableEnabled 
01-11 20:40:42.095 I/BluetoothPolicyService(377): isDiscoverableEnabled ret:true
01-11 20:40:42.095 I/BluetoothPolicyService(377): isLimitedDiscoverableEnabled 
01-11 20:40:42.095 I/BluetoothPolicyService(377): isLimitedDiscoverableEnabled ret:true
01-11 20:40:42.095 D/BluetoothAdapterStateMachine(377): Enter BluetoothOn: 53
01-11 20:40:42.115 V/BluetoothEventManager(24471): Received android.bluetooth.adapter.action.STATE_CHANGED
01-11 20:40:42.155 W/SignalStrength(503): getGsmLevel. this.mGsmSignalBar=4, getGsmSignalStrength()== 16
01-11 20:40:42.155 W/SignalStrength(503): getGsmLevel=4
01-11 20:40:42.155 W/SignalStrength(503): getLevel=4 (SignalStrength: 16 255 -120 -160 -120 -1 -1 99 2147483647 -32767 2147483647 -32767 gsm|lte 4)
01-11 20:40:42.155 W/SignalStrength(503): getGsmLevel. this.mGsmSignalBar=4, getGsmSignalStrength()== 22
01-11 20:40:42.155 W/SignalStrength(503): getGsmLevel=4
01-11 20:40:42.155 W/SignalStrength(503): getLevel=4 (SignalStrength: 22 255 -120 -160 -120 -1 -1 99 2147483647 -32767 2147483647 -32767 gsm|lte 4)
01-11 20:40:42.155 D/StatusBar-NetworkControllerDS(503): refreshViews connected={ wifi } level=4|4 combinedSignalIconId=0x7f0200ed/com.android.systemui:drawable/stat_sys_wifi_signal_3 combinedActivityIconId=0x7f0200d9 mAirplaneMode=false mDataActivity1=0 mDataActivity2=0 mPhoneSignalIconId1=0x7f0200d5 mPhoneSignalIconId2=0x7f0200cf mLastPhoneSignalIconId1=0x7f0200d5 mLastPhoneSignalIconId2=0x7f0200cf mDataDirectionIconId1=0x0 mDataDirectionIconId2=0x0 mDataSignalIconId1=0x7f0200d5 mDataSignalIconId2=0x7f0200cf mDataTypeIconId1=0x7f0200a2 mDataTypeIconId2=0x7f0200a2 mWifiIconId=0x7f0200ed mRoamingIconId1=0x0 mRoamingIconId2=0x0 mBluetoothTetherIconId=0x10806ce
01-11 20:40:42.155 D/SignalClusterView(503): wifi: VISIBLE sig=2130837741 act=2130837721
01-11 20:40:42.155 D/SignalClusterView(503): mobile1: VISIBLE sig=2130837717 act=0 typ=2130837666
01-11 20:40:42.155 D/SignalClusterView(503): mobile2: VISIBLE sig=2130837711 act=0 typ=2130837666
01-11 20:40:42.155 D/SignalClusterView(503): wifi: VISIBLE sig=2130837741 act=2130837721
01-11 20:40:42.155 D/SignalClusterView(503): mobile1: VISIBLE sig=2130837717 act=0 typ=2130837666
01-11 20:40:42.155 D/SignalClusterView(503): mobile2: VISIBLE sig=2130837711 act=0 typ=2130837666
01-11 20:40:42.155 D/SignalClusterView(503): wifi: VISIBLE sig=2130837741 act=2130837721
01-11 20:40:42.155 D/SignalClusterView(503): mobile1: VISIBLE sig=2130837717 act=0 typ=2130837666
01-11 20:40:42.155 D/SignalClusterView(503): mobile2: VISIBLE sig=2130837711 act=0 typ=2130837666
01-11 20:40:42.155 D/StatusBar-NetworkControllerDS(503): changing data overlay icon id to 2130837721
01-11 20:40:42.195 D/LocalBluetoothProfileManager(24471): Adding local A2DP profile
01-11 20:40:42.215 D/LocalBluetoothProfileManager(24471): Adding local HEADSET profile
01-11 20:40:42.215 D/LocalBluetoothProfileManager(24471): Adding local OPP profile
01-11 20:40:42.225 I/CachedBluetoothDevice(24471): updateProfiles
01-11 20:40:42.235 I/LocalBluetoothProfileManager(24471): updateProfiles
01-11 20:40:42.255 I/ActivityThread(25961): Pub com.fjsoft.myphoneexplorer.tasks: com.fjsoft.myphoneexplorer.tasks.TaskProvider
01-11 20:40:42.285 I/ActivityThread(25961): Pub com.fjsoft.myphoneexplorer.notes: com.fjsoft.myphoneexplorer.notes.NoteSearchProvider
01-11 20:40:42.325 I/CachedBluetoothDevice(24471): updateProfiles
01-11 20:40:42.335 I/LocalBluetoothProfileManager(24471): updateProfiles
01-11 20:40:42.345 I/CachedBluetoothDevice(24471): updateProfiles
01-11 20:40:42.355 I/LocalBluetoothProfileManager(24471): updateProfiles
01-11 20:40:42.355 I/CachedBluetoothDevice(24471): updateProfiles
01-11 20:40:42.365 I/LocalBluetoothProfileManager(24471): updateProfiles
01-11 20:40:42.375 D/BluetoothNotiBroadcastReceiver(24471): onReceive
01-11 20:40:42.375 V/BluetoothPbapReceiver(25931): PbapReceiver onReceive: android.bluetooth.adapter.action.STATE_CHANGED
01-11 20:40:42.395 V/BluetoothPbapService(25931): BluetoothPbapService
01-11 20:40:42.415 V/BluetoothPbapService(25931): Pbap Service onCreate
01-11 20:40:42.425 V/BluetoothPbapService(25931): Starting PBAP service
01-11 20:40:42.425 V/BluetoothPbapService(25931): Pbap Service onBind
01-11 20:40:42.425 D/BluetoothPbap(377): Proxy object connected
01-11 20:40:42.425 D/BluetoothPbap(377): Proxy object connected
01-11 20:40:42.425 D/BluetoothPbap(377): Proxy object connected
01-11 20:40:42.445 V/BluetoothPbapService(25931): Pbap Service onStartCommand
01-11 20:40:42.445 V/BluetoothPbapService(25931): BluetoothPbapRfcommTransport
01-11 20:40:42.445 V/BluetoothPbapService(25931): action: android.bluetooth.adapter.action.STATE_CHANGED
01-11 20:40:42.445 V/BluetoothPbapService(25931): Handler(): got msg=1
01-11 20:40:42.445 V/BluetoothPbapService(25931): Pbap Service startRfcommSocketListener
01-11 20:40:42.445 V/BluetoothPbapService(25931): Pbap Service initSocket
01-11 20:40:42.445 V/BluetoothSocket.cpp(25931): initSocketNative
01-11 20:40:42.445 V/BluetoothSocket.cpp(25931): ...fd 51 created (RFCOMM, lm = 4)
01-11 20:40:42.445 V/BluetoothSocket.cpp(25931): initSocketFromFdNative
01-11 20:40:42.455 I/BluetoothPolicyService(377): getBluetoothDataTransferAllowed 
01-11 20:40:42.455 D/BluetoothPolicyService(377): MDM: isProfileEnabled = true
01-11 20:40:42.455 D/BluetoothUtils(25931): isSocketAllowedBySecurityPolicy start : device null
01-11 20:40:42.465 D/BluetoothPolicyService(377): MDM: isProfileEnabled = true
01-11 20:40:42.465 V/BluetoothSocket.cpp(25931): bindListenNative
01-11 20:40:42.465 V/BluetoothSocket.cpp(25931): ...bindListenNative(51) success
01-11 20:40:42.465 V/BluetoothPbapService(25931): Succeed to create listening socket on channel 19
01-11 20:40:42.485 V/BluetoothPbapService(25931): Pbap Service run
01-11 20:40:42.485 V/BluetoothSocket.cpp(25931): acceptNative
01-11 20:40:42.525 D/DockEventReceiver(24471): finishStartingService: stopping service
01-11 20:40:42.585 D/BluetoothNotiBroadcastReceiver(24471): onReceive
01-11 20:40:42.595 D/lights  (377): write_int /sys/class/leds/button-backlight/brightness = 0
01-11 20:40:42.595 V/PowerManagerService(377): Top Most Needs Intelligent Sleep: true
01-11 20:40:42.595 W/PowerManagerService(377): Timer 0x7->0x3|0x0
01-11 20:40:42.595 I/PowerManagerService(377): Ulight 0x7->0x3|0x0
01-11 20:40:42.595 D/PowerManagerService(377): setLightBrightness : mButtonLight : 0
01-11 20:40:42.605 V/BluetoothSocket.cpp(25263): initSocketNative
01-11 20:40:42.605 V/BluetoothSocket.cpp(25263): ...fd 49 created (RFCOMM, lm = 4)
01-11 20:40:42.605 V/BluetoothSocket.cpp(25263): initSocketFromFdNative
01-11 20:40:42.635 I/BluetoothPolicyService(377): getBluetoothDataTransferAllowed 
01-11 20:40:42.635 D/BluetoothPolicyService(377): MDM: isProfileEnabled = true
01-11 20:40:42.635 D/BluetoothUtils(25263): isSocketAllowedBySecurityPolicy start : device null
01-11 20:40:42.635 D/BluetoothPolicyService(377): MDM: isProfileEnabled = true
01-11 20:40:42.645 V/BluetoothSocket.cpp(25263): bindListenNative
01-11 20:40:42.645 V/BluetoothSocket.cpp(25263): ...bindListenNative(49) success
01-11 20:40:42.645 V/BluetoothSocket.cpp(25263): acceptNative
01-11 20:40:42.645 D/STATUSBAR-NotificationService(377): cancelAllNotifications()
01-11 20:40:42.675 D/AvrcpProxy(25944): startAvrcp()
01-11 20:40:42.685 V/BluetoothSocket.cpp(25931): initSocketNative
01-11 20:40:42.685 V/BluetoothSocket.cpp(25931): ...fd 55 created (RFCOMM, lm = 0)
01-11 20:40:42.685 V/BluetoothSocket.cpp(25931): initSocketFromFdNative
01-11 20:40:42.685 I/BluetoothPolicyService(377): getBluetoothDataTransferAllowed 
01-11 20:40:42.745 D/AvrcpStubService(377): startAvrcp()
01-11 20:40:42.745 D/ApplicationPolicy(377): isStatusBarNotificationAllowed: packageName = com.android.settings
01-11 20:40:42.745 D/jniAvrcpService(377): Starting avrcp native service
01-11 20:40:42.745 D/jniAvrcpService(377): setUpService is called
01-11 20:40:42.755 D/AudioService(377): getStreamVolume(5)
01-11 20:40:42.755 E/jniAvrcpService(377): setUpService return true
01-11 20:40:42.755 D/STATUSBAR-NotificationService(377): Noti Alert - mSystemReady:true, AlertEnabled:true
01-11 20:40:42.755 D/STATUSBAR-NotificationService(377): Noti Alert - mSound.play :content://settings/system/notification_sound
01-11 20:40:42.765 D/BluetoothPolicyService(377): MDM: isProfileEnabled = true
01-11 20:40:42.765 D/BluetoothUtils(25931): isSocketAllowedBySecurityPolicy start : device null
01-11 20:40:42.765 D/BluetoothPolicyService(377): MDM: isProfileEnabled = true
01-11 20:40:42.765 V/BluetoothSocket.cpp(25931): bindListenNative
01-11 20:40:42.765 V/BluetoothSocket.cpp(25931): ...bindListenNative(55) success
01-11 20:40:42.765 I/BtOppRfcommListener(25931): Accept thread started on channel 12
01-11 20:40:42.765 V/BluetoothSocket.cpp(25931): acceptNative
01-11 20:40:42.775 D/STATUSBAR-NotificationPlayer(377): run()
01-11 20:40:42.805 D/BluetoothOOBReceiver(24471): onReceive android.bluetooth.adapter.action.STATE_CHANGED
01-11 20:40:42.815 V/MediaPlayer(377): constructor
01-11 20:40:42.815 V/MediaPlayer(377): setListener
01-11 20:40:42.815 V/MediaPlayer(377): MediaPlayer::setAudioStreamType
01-11 20:40:42.815 I/MediaPlayer(377): it is a Ringtone type is : 2
01-11 20:40:42.845 I/InputReader(377): Touch event's action is 0x0 (deviceType=0) [pCnt=1, pending(waiting finished signal)=0, s=0.777 ]
01-11 20:40:42.845 I/InputDispatcher(377): Delivering touch to current input target: action: 0x0
01-11 20:40:42.845 D/lights  (377): write_int /sys/class/leds/button-backlight/brightness = 255
01-11 20:40:42.845 I/PowerManagerService(377): Ulight 0x3->0x7|0x0
01-11 20:40:42.845 D/PowerManagerService(377): setLightBrightness : mButtonLight : 61
01-11 20:40:43.005 I/InputReader(377): Touch event's action is 0x1 (deviceType=0) [pCnt=1, pending(waiting finished signal)=1, s=]
01-11 20:40:43.075 D/dalvikvm(377): GC_EXPLICIT freed 817K, 45% free 16477K/29731K, paused 5ms+20ms
01-11 20:40:43.075 D/BluetoothPbap(377): Proxy object connected
01-11 20:40:43.095 I/ActivityThread(25987): Pub downloads: com.android.providers.downloads.DownloadProvider
01-11 20:40:43.225 D/KeyguardViewMediator(377): setHidden false
01-11 20:40:43.225 D/STATUSBAR-PhoneStatusBar(503): updateExpandedSize:0
01-11 20:40:43.245 I/ActivityThread(25987): Pub drm: com.android.providers.drm.DrmProvider
01-11 20:40:43.265 I/InputDispatcher(377): Delivering touch to current input target: action: 0x1
01-11 20:40:43.285 I/ActivityThread(25987): Pub media: com.android.providers.media.MediaProvider
01-11 20:40:43.325 W/SignalStrength(503): getGsmLevel. this.mGsmSignalBar=4, getGsmSignalStrength()== 16
01-11 20:40:43.325 W/SignalStrength(503): getGsmLevel=4
01-11 20:40:43.325 W/SignalStrength(503): getLevel=4 (SignalStrength: 16 255 -120 -160 -120 -1 -1 99 2147483647 -32767 2147483647 -32767 gsm|lte 4)
01-11 20:40:43.325 W/SignalStrength(503): getGsmLevel. this.mGsmSignalBar=4, getGsmSignalStrength()== 22
01-11 20:40:43.325 W/SignalStrength(503): getGsmLevel=4
01-11 20:40:43.325 W/SignalStrength(503): getLevel=4 (SignalStrength: 22 255 -120 -160 -120 -1 -1 99 2147483647 -32767 2147483647 -32767 gsm|lte 4)
