01-11 20:30:20.725 W/SignalStrength(503): getLevel=4 (SignalStrength: 22 255 -120 -160 -120 -1 -1 99 2147483647 -32767 2147483647 -32767 gsm|lte 4)
01-11 20:30:21.415 I/NRFW    (1229): serverip=180.76.3.90 localIp=10.0.8.1
01-11 20:30:22.015 I/NRFW    (1229): profile=wifi
01-11 20:30:22.685 I/NRFW    (1229): serverip=103.235.47.88 localIp=10.0.8.1
01-11 20:30:22.705 I/DNS     (1229): 103.235.47.88 h_errno=1
01-11 20:30:22.725 I/DNS     (1229): 112.80.248.171 h_errno=1
01-11 20:30:22.735 W/SignalStrength(503): getGsmLevel. this.mGsmSignalBar=4, getGsmSignalStrength()== 19
01-11 20:30:22.735 W/SignalStrength(503): getGsmLevel=4
01-11 20:30:22.735 W/SignalStrength(503): getLevel=4 (SignalStrength: 19 255 -120 -160 -120 -1 -1 99 2147483647 -32767 2147483647 -32767 gsm|lte 4)
01-11 20:30:22.735 W/SignalStrength(503): getGsmLevel. this.mGsmSignalBar=4, getGsmSignalStrength()== 22
01-11 20:30:22.735 W/SignalStrength(503): getGsmLevel=4
01-11 20:30:22.735 W/SignalStrength(503): getLevel=4 (SignalStrength: 22 255 -120 -160 -120 -1 -1 99 2147483647 -32767 2147483647 -32767 gsm|lte 4)
01-11 20:30:22.745 I/DNS     (1229): 112.80.248.171 h_errno=1
01-11 20:30:23.735 W/SignalStrength(503): getGsmLevel. this.mGsmSignalBar=4, getGsmSignalStrength()== 19
01-11 20:30:23.735 W/SignalStrength(503): getGsmLevel=4
01-11 20:30:23.735 W/SignalStrength(503): getLevel=4 (SignalStrength: 19 255 -120 -160 -120 -1 -1 99 2147483647 -32767 2147483647 -32767 gsm|lte 4)
01-11 20:30:23.735 W/SignalStrength(503): getGsmLevel. this.mGsmSignalBar=4, getGsmSignalStrength()== 22
01-11 20:30:23.735 W/SignalStrength(503): getGsmLevel=4
01-11 20:30:23.735 W/SignalStrength(503): getLevel=4 (SignalStrength: 22 255 -120 -160 -120 -1 -1 99 2147483647 -32767 2147483647 -32767 gsm|lte 4)
01-11 20:30:23.845 D/dalvikvm(25285): GC_CONCURRENT freed 7319K, 29% free 24253K/33699K, paused 3ms+17ms
01-11 20:30:24.195 D/Tethering(377): interfaceLinkStateChanged wlan0, true
01-11 20:30:24.195 D/Tethering(377): interfaceStatusChanged wlan0, true
01-11 20:30:24.635 D/KeyguardUpdateMonitor(377): received broadcast android.intent.action.BATTERY_CHANGED
01-11 20:30:24.635 D/KeyguardUpdateMonitor(377): handleBatteryUpdate
01-11 20:30:25.735 W/SignalStrength(503): getGsmLevel. this.mGsmSignalBar=4, getGsmSignalStrength()== 19
01-11 20:30:25.735 W/SignalStrength(503): getGsmLevel=4
01-11 20:30:25.735 W/SignalStrength(503): getLevel=4 (SignalStrength: 19 255 -120 -160 -120 -1 -1 99 2147483647 -32767 2147483647 -32767 gsm|lte 4)
01-11 20:30:25.735 W/SignalStrength(503): getGsmLevel. this.mGsmSignalBar=4, getGsmSignalStrength()== 22
01-11 20:30:25.735 W/SignalStrength(503): getGsmLevel=4
01-11 20:30:25.735 W/SignalStrength(503): getLevel=4 (SignalStrength: 22 255 -120 -160 -120 -1 -1 99 2147483647 -32767 2147483647 -32767 gsm|lte 4)
01-11 20:30:26.735 W/SignalStrength(503): getGsmLevel. this.mGsmSignalBar=4, getGsmSignalStrength()== 19
01-11 20:30:26.735 W/SignalStrength(503): getGsmLevel=4
01-11 20:30:26.735 W/SignalStrength(503): getLevel=4 (SignalStrength: 19 255 -120 -160 -120 -1 -1 99 2147483647 -32767 2147483647 -32767 gsm|lte 4)
01-11 20:30:26.735 W/SignalStrength(503): getGsmLevel. this.mGsmSignalBar=4, getGsmSignalStrength()== 22
01-11 20:30:26.735 W/SignalStrength(503): getGsmLevel=4
01-11 20:30:26.735 W/SignalStrength(503): getLevel=4 (SignalStrength: 22 255 -120 -160 -120 -1 -1 99 2147483647 -32767 2147483647 -32767 gsm|lte 4)
01-11 20:30:27.195 D/dalvikvm(25285): GC_CONCURRENT freed 7295K, 28% free 24268K/33699K, paused 3ms+18ms
01-11 20:30:27.405 I/NRFW    (1229): profile=wifi
01-11 20:30:27.425 I/NRFW    (1229): serverip=180.76.3.90 localIp=10.0.8.1
01-11 20:30:28.745 W/SignalStrength(503): getGsmLevel. this.mGsmSignalBar=4, getGsmSignalStrength()== 19
01-11 20:30:28.745 W/SignalStrength(503): getGsmLevel=4
01-11 20:30:28.745 W/SignalStrength(503): getLevel=4 (SignalStrength: 19 255 -120 -160 -120 -1 -1 99 2147483647 -32767 2147483647 -32767 gsm|lte 4)
01-11 20:30:28.745 W/SignalStrength(503): getGsmLevel. this.mGsmSignalBar=4, getGsmSignalStrength()== 22
01-11 20:30:28.745 W/SignalStrength(503): getGsmLevel=4
01-11 20:30:28.745 W/SignalStrength(503): getLevel=4 (SignalStrength: 22 255 -120 -160 -120 -1 -1 99 2147483647 -32767 2147483647 -32767 gsm|lte 4)
01-11 20:30:29.745 W/SignalStrength(503): getGsmLevel. this.mGsmSignalBar=4, getGsmSignalStrength()== 19
01-11 20:30:29.745 W/SignalStrength(503): getGsmLevel=4
01-11 20:30:29.745 W/SignalStrength(503): getLevel=4 (SignalStrength: 19 255 -120 -160 -120 -1 -1 99 2147483647 -32767 2147483647 -32767 gsm|lte 4)
01-11 20:30:29.745 W/SignalStrength(503): getGsmLevel. this.mGsmSignalBar=4, getGsmSignalStrength()== 22
01-11 20:30:29.745 W/SignalStrength(503): getGsmLevel=4
01-11 20:30:29.745 W/SignalStrength(503): getLevel=4 (SignalStrength: 22 255 -120 -160 -120 -1 -1 99 2147483647 -32767 2147483647 -32767 gsm|lte 4)
01-11 20:30:30.525 D/dalvikvm(25285): GC_CONCURRENT freed 7249K, 28% free 24370K/33699K, paused 4ms+19ms
01-11 20:30:31.765 W/SignalStrength(503): getGsmLevel. this.mGsmSignalBar=4, getGsmSignalStrength()== 19
01-11 20:30:31.765 W/SignalStrength(503): getGsmLevel=4
01-11 20:30:31.765 W/SignalStrength(503): getLevel=4 (SignalStrength: 19 255 -120 -160 -120 -1 -1 99 2147483647 -32767 2147483647 -32767 gsm|lte 4)
01-11 20:30:31.765 W/SignalStrength(503): getGsmLevel. this.mGsmSignalBar=4, getGsmSignalStrength()== 22
01-11 20:30:31.765 W/SignalStrength(503): getGsmLevel=4
01-11 20:30:31.765 W/SignalStrength(503): getLevel=4 (SignalStrength: 22 255 -120 -160 -120 -1 -1 99 2147483647 -32767 2147483647 -32767 gsm|lte 4)
01-11 20:30:32.765 W/SignalStrength(503): getGsmLevel. this.mGsmSignalBar=4, getGsmSignalStrength()== 19
01-11 20:30:32.765 W/SignalStrength(503): getGsmLevel=4
01-11 20:30:32.765 W/SignalStrength(503): getLevel=4 (SignalStrength: 19 255 -120 -160 -120 -1 -1 99 2147483647 -32767 2147483647 -32767 gsm|lte 4)
01-11 20:30:32.765 W/SignalStrength(503): getGsmLevel. this.mGsmSignalBar=4, getGsmSignalStrength()== 22
01-11 20:30:32.765 W/SignalStrength(503): getGsmLevel=4
01-11 20:30:32.765 W/SignalStrength(503): getLevel=4 (SignalStrength: 22 255 -120 -160 -120 -1 -1 99 2147483647 -32767 2147483647 -32767 gsm|lte 4)
01-11 20:30:33.895 I/NRFW    (1229): profile=wifi
01-11 20:30:33.915 I/NRFW    (1229): serverip=103.235.47.88 localIp=10.0.8.1
01-11 20:30:33.995 D/dalvikvm(25285): GC_CONCURRENT freed 7441K, 28% free 24274K/33699K, paused 3ms+18ms
01-11 20:30:34.135 D/plugin  (684): getDefaultSubscription()
01-11 20:30:34.765 W/SignalStrength(503): getGsmLevel. this.mGsmSignalBar=4, getGsmSignalStrength()== 19
01-11 20:30:34.765 W/SignalStrength(503): getGsmLevel=4
01-11 20:30:34.765 W/SignalStrength(503): getLevel=4 (SignalStrength: 19 255 -120 -160 -120 -1 -1 99 2147483647 -32767 2147483647 -32767 gsm|lte 4)
01-11 20:30:34.765 W/SignalStrength(503): getGsmLevel. this.mGsmSignalBar=4, getGsmSignalStrength()== 22
01-11 20:30:34.765 W/SignalStrength(503): getGsmLevel=4
01-11 20:30:34.765 W/SignalStrength(503): getLevel=4 (SignalStrength: 22 255 -120 -160 -120 -1 -1 99 2147483647 -32767 2147483647 -32767 gsm|lte 4)
01-11 20:30:35.765 W/SignalStrength(503): getGsmLevel. this.mGsmSignalBar=4, getGsmSignalStrength()== 19
01-11 20:30:35.765 W/SignalStrength(503): getGsmLevel=4
01-11 20:30:35.765 W/SignalStrength(503): getLevel=4 (SignalStrength: 19 255 -120 -160 -120 -1 -1 99 2147483647 -32767 2147483647 -32767 gsm|lte 4)
01-11 20:30:35.765 W/SignalStrength(503): getGsmLevel. this.mGsmSignalBar=4, getGsmSignalStrength()== 22
01-11 20:30:35.765 W/SignalStrength(503): getGsmLevel=4
01-11 20:30:35.765 W/SignalStrength(503): getLevel=4 (SignalStrength: 22 255 -120 -160 -120 -1 -1 99 2147483647 -32767 2147483647 -32767 gsm|lte 4)
01-11 20:30:36.965 I/NRFW    (1229): profile=wifi
01-11 20:30:36.985 I/NRFW    (1229): serverip=103.235.47.88 localIp=10.0.8.1
01-11 20:30:37.065 D/dalvikvm(25285): GC_CONCURRENT freed 7320K, 28% free 24271K/33699K, paused 4ms+18ms
01-11 20:30:37.775 W/SignalStrength(503): getGsmLevel. this.mGsmSignalBar=4, getGsmSignalStrength()== 19
01-11 20:30:37.775 W/SignalStrength(503): getGsmLevel=4
01-11 20:30:37.775 W/SignalStrength(503): getLevel=4 (SignalStrength: 19 255 -120 -160 -120 -1 -1 99 2147483647 -32767 2147483647 -32767 gsm|lte 4)
01-11 20:30:37.775 W/SignalStrength(503): getGsmLevel. this.mGsmSignalBar=4, getGsmSignalStrength()== 22
01-11 20:30:37.775 W/SignalStrength(503): getGsmLevel=4
01-11 20:30:37.775 W/SignalStrength(503): getLevel=4 (SignalStrength: 22 255 -120 -160 -120 -1 -1 99 2147483647 -32767 2147483647 -32767 gsm|lte 4)
01-11 20:30:38.775 W/SignalStrength(503): getGsmLevel. this.mGsmSignalBar=4, getGsmSignalStrength()== 19
01-11 20:30:38.775 W/SignalStrength(503): getGsmLevel=4
01-11 20:30:38.775 W/SignalStrength(503): getLevel=4 (SignalStrength: 19 255 -120 -160 -120 -1 -1 99 2147483647 -32767 2147483647 -32767 gsm|lte 4)
01-11 20:30:38.775 W/SignalStrength(503): getGsmLevel. this.mGsmSignalBar=4, getGsmSignalStrength()== 22
01-11 20:30:38.775 W/SignalStrength(503): getGsmLevel=4
01-11 20:30:38.775 W/SignalStrength(503): getLevel=4 (SignalStrength: 22 255 -120 -160 -120 -1 -1 99 2147483647 -32767 2147483647 -32767 gsm|lte 4)
01-11 20:30:40.435 D/dalvikvm(25285): GC_CONCURRENT freed 7310K, 28% free 24273K/33699K, paused 4ms+17ms
01-11 20:30:40.775 W/SignalStrength(503): getGsmLevel. this.mGsmSignalBar=4, getGsmSignalStrength()== 19
01-11 20:30:40.775 W/SignalStrength(503): getGsmLevel=4
01-11 20:30:40.775 W/SignalStrength(503): getLevel=4 (SignalStrength: 19 255 -120 -160 -120 -1 -1 99 2147483647 -32767 2147483647 -32767 gsm|lte 4)
01-11 20:30:40.775 W/SignalStrength(503): getGsmLevel. this.mGsmSignalBar=4, getGsmSignalStrength()== 22
01-11 20:30:40.775 W/SignalStrength(503): getGsmLevel=4
01-11 20:30:40.775 W/SignalStrength(503): getLevel=4 (SignalStrength: 22 255 -120 -160 -120 -1 -1 99 2147483647 -32767 2147483647 -32767 gsm|lte 4)
01-11 20:30:41.775 W/SignalStrength(503): getGsmLevel. this.mGsmSignalBar=4, getGsmSignalStrength()== 19
01-11 20:30:41.775 W/SignalStrength(503): getGsmLevel=4
01-11 20:30:41.775 W/SignalStrength(503): getLevel=4 (SignalStrength: 19 255 -120 -160 -120 -1 -1 99 2147483647 -32767 2147483647 -32767 gsm|lte 4)
01-11 20:30:41.775 W/SignalStrength(503): getGsmLevel. this.mGsmSignalBar=4, getGsmSignalStrength()== 22
01-11 20:30:41.775 W/SignalStrength(503): getGsmLevel=4
01-11 20:30:41.775 W/SignalStrength(503): getLevel=4 (SignalStrength: 22 255 -120 -160 -120 -1 -1 99 2147483647 -32767 2147483647 -32767 gsm|lte 4)
01-11 20:30:42.985 I/NRFW    (1229): profile=wifi
01-11 20:30:43.005 I/NRFW    (1229): serverip=103.235.47.88 localIp=10.0.8.1
01-11 20:30:43.395 D/dalvikvm(25285): GC_CONCURRENT freed 7309K, 28% free 24280K/33699K, paused 3ms+20ms
01-11 20:30:43.785 W/SignalStrength(503): getGsmLevel. this.mGsmSignalBar=4, getGsmSignalStrength()== 19
01-11 20:30:43.785 W/SignalStrength(503): getGsmLevel=4
01-11 20:30:43.785 W/SignalStrength(503): getLevel=4 (SignalStrength: 19 255 -120 -160 -120 -1 -1 99 2147483647 -32767 2147483647 -32767 gsm|lte 4)
01-11 20:30:43.785 W/SignalStrength(503): getGsmLevel. this.mGsmSignalBar=4, getGsmSignalStrength()== 22
01-11 20:30:43.785 W/SignalStrength(503): getGsmLevel=4
01-11 20:30:43.785 W/SignalStrength(503): getLevel=4 (SignalStrength: 22 255 -120 -160 -120 -1 -1 99 2147483647 -32767 2147483647 -32767 gsm|lte 4)
01-11 20:30:44.685 D/KeyguardUpdateMonitor(377): received broadcast android.intent.action.BATTERY_CHANGED
01-11 20:30:44.685 D/KeyguardUpdateMonitor(377): handleBatteryUpdate
01-11 20:30:44.785 W/SignalStrength(503): getGsmLevel. this.mGsmSignalBar=4, getGsmSignalStrength()== 19
01-11 20:30:44.785 W/SignalStrength(503): getGsmLevel=4
01-11 20:30:44.785 W/SignalStrength(503): getLevel=4 (SignalStrength: 19 255 -120 -160 -120 -1 -1 99 2147483647 -32767 2147483647 -32767 gsm|lte 4)
01-11 20:30:44.785 W/SignalStrength(503): getGsmLevel. this.mGsmSignalBar=4, getGsmSignalStrength()== 22
01-11 20:30:44.785 W/SignalStrength(503): getGsmLevel=4
01-11 20:30:44.785 W/SignalStrength(503): getLevel=4 (SignalStrength: 22 255 -120 -160 -120 -1 -1 99 2147483647 -32767 2147483647 -32767 gsm|lte 4)
01-11 20:30:46.665 D/dalvikvm(25285): GC_CONCURRENT freed 7312K, 28% free 24286K/33699K, paused 3ms+18ms
01-11 20:30:46.785 W/SignalStrength(503): getGsmLevel. this.mGsmSignalBar=4, getGsmSignalStrength()== 19
01-11 20:30:46.785 W/SignalStrength(503): getGsmLevel=4
01-11 20:30:46.795 W/SignalStrength(503): getLevel=4 (SignalStrength: 19 255 -120 -160 -120 -1 -1 99 2147483647 -32767 2147483647 -32767 gsm|lte 4)
01-11 20:30:46.795 W/SignalStrength(503): getGsmLevel. this.mGsmSignalBar=4, getGsmSignalStrength()== 22
01-11 20:30:46.795 W/SignalStrength(503): getGsmLevel=4
01-11 20:30:46.795 W/SignalStrength(503): getLevel=4 (SignalStrength: 22 255 -120 -160 -120 -1 -1 99 2147483647 -32767 2147483647 -32767 gsm|lte 4)
01-11 20:30:47.795 W/SignalStrength(503): getGsmLevel. this.mGsmSignalBar=4, getGsmSignalStrength()== 19
01-11 20:30:47.795 W/SignalStrength(503): getGsmLevel=4
01-11 20:30:47.795 W/SignalStrength(503): getLevel=4 (SignalStrength: 19 255 -120 -160 -120 -1 -1 99 2147483647 -32767 2147483647 -32767 gsm|lte 4)
01-11 20:30:47.795 W/SignalStrength(503): getGsmLevel. this.mGsmSignalBar=4, getGsmSignalStrength()== 22
01-11 20:30:47.795 W/SignalStrength(503): getGsmLevel=4
01-11 20:30:47.795 W/SignalStrength(503): getLevel=4 (SignalStrength: 22 255 -120 -160 -120 -1 -1 99 2147483647 -32767 2147483647 -32767 gsm|lte 4)
01-11 20:30:49.795 W/SignalStrength(503): getGsmLevel. this.mGsmSignalBar=4, getGsmSignalStrength()== 19
01-11 20:30:49.795 W/SignalStrength(503): getGsmLevel=4
01-11 20:30:49.795 W/SignalStrength(503): getLevel=4 (SignalStrength: 19 255 -120 -160 -120 -1 -1 99 2147483647 -32767 2147483647 -32767 gsm|lte 4)
01-11 20:30:49.795 W/SignalStrength(503): getGsmLevel. this.mGsmSignalBar=4, getGsmSignalStrength()== 22
01-11 20:30:49.795 W/SignalStrength(503): getGsmLevel=4
01-11 20:30:49.795 W/SignalStrength(503): getLevel=4 (SignalStrength: 22 255 -120 -160 -120 -1 -1 99 2147483647 -32767 2147483647 -32767 gsm|lte 4)
01-11 20:30:49.875 D/dalvikvm(25285): GC_CONCURRENT freed 7312K, 28% free 24295K/33699K, paused 4ms+21ms
01-11 20:30:50.795 W/SignalStrength(503): getGsmLevel. this.mGsmSignalBar=4, getGsmSignalStrength()== 19
01-11 20:30:50.795 W/SignalStrength(503): getGsmLevel=4
01-11 20:30:50.795 W/SignalStrength(503): getLevel=4 (SignalStrength: 19 255 -120 -160 -120 -1 -1 99 2147483647 -32767 2147483647 -32767 gsm|lte 4)
01-11 20:30:50.795 W/SignalStrength(503): getGsmLevel. this.mGsmSignalBar=4, getGsmSignalStrength()== 22
01-11 20:30:50.795 W/SignalStrength(503): getGsmLevel=4
01-11 20:30:50.795 W/SignalStrength(503): getLevel=4 (SignalStrength: 22 255 -120 -160 -120 -1 -1 99 2147483647 -32767 2147483647 -32767 gsm|lte 4)
01-11 20:30:52.805 W/SignalStrength(503): getGsmLevel. this.mGsmSignalBar=4, getGsmSignalStrength()== 19
01-11 20:30:52.805 W/SignalStrength(503): getGsmLevel=4
01-11 20:30:52.805 W/SignalStrength(503): getLevel=4 (SignalStrength: 19 255 -120 -160 -120 -1 -1 99 2147483647 -32767 2147483647 -32767 gsm|lte 4)
01-11 20:30:52.805 W/SignalStrength(503): getGsmLevel. this.mGsmSignalBar=4, getGsmSignalStrength()== 22
01-11 20:30:52.805 W/SignalStrength(503): getGsmLevel=4
01-11 20:30:52.805 W/SignalStrength(503): getLevel=4 (SignalStrength: 22 255 -120 -160 -120 -1 -1 99 2147483647 -32767 2147483647 -32767 gsm|lte 4)
01-11 20:30:52.875 D/dalvikvm(25285): GC_CONCURRENT freed 7341K, 28% free 24276K/33699K, paused 4ms+24ms
01-11 20:30:53.805 W/SignalStrength(503): getGsmLevel. this.mGsmSignalBar=4, getGsmSignalStrength()== 19
01-11 20:30:53.805 W/SignalStrength(503): getGsmLevel=4
01-11 20:30:53.805 W/SignalStrength(503): getLevel=4 (SignalStrength: 19 255 -120 -160 -120 -1 -1 99 2147483647 -32767 2147483647 -32767 gsm|lte 4)
01-11 20:30:53.805 W/SignalStrength(503): getGsmLevel. this.mGsmSignalBar=4, getGsmSignalStrength()== 22
01-11 20:30:53.805 W/SignalStrength(503): getGsmLevel=4
01-11 20:30:53.805 W/SignalStrength(503): getLevel=4 (SignalStrength: 22 255 -120 -160 -120 -1 -1 99 2147483647 -32767 2147483647 -32767 gsm|lte 4)
01-11 20:30:54.705 D/QCRIL_RPC(102): Enter qcril_cm_srvsys_event_callback
01-11 20:30:54.705 D/QCRIL_RPC(102): Exit qcril_cm_srvsys_event_callback
01-11 20:30:55.805 W/SignalStrength(503): getGsmLevel. this.mGsmSignalBar=4, getGsmSignalStrength()== 19
01-11 20:30:55.805 W/SignalStrength(503): getGsmLevel=4
01-11 20:30:55.805 W/SignalStrength(503): getLevel=4 (SignalStrength: 19 255 -120 -160 -120 -1 -1 99 2147483647 -32767 2147483647 -32767 gsm|lte 4)
01-11 20:30:55.805 W/SignalStrength(503): getGsmLevel. this.mGsmSignalBar=4, getGsmSignalStrength()== 22
01-11 20:30:55.805 W/SignalStrength(503): getGsmLevel=4
01-11 20:30:55.805 W/SignalStrength(503): getLevel=4 (SignalStrength: 22 255 -120 -160 -120 -1 -1 99 2147483647 -32767 2147483647 -32767 gsm|lte 4)
01-11 20:30:56.095 D/dalvikvm(25285): GC_CONCURRENT freed 7305K, 28% free 24286K/33699K, paused 3ms+18ms
01-11 20:30:56.805 W/SignalStrength(503): getGsmLevel. this.mGsmSignalBar=4, getGsmSignalStrength()== 19
01-11 20:30:56.805 W/SignalStrength(503): getGsmLevel=4
01-11 20:30:56.805 W/SignalStrength(503): getLevel=4 (SignalStrength: 19 255 -120 -160 -120 -1 -1 99 2147483647 -32767 2147483647 -32767 gsm|lte 4)
01-11 20:30:56.805 W/SignalStrength(503): getGsmLevel. this.mGsmSignalBar=4, getGsmSignalStrength()== 22
01-11 20:30:56.805 W/SignalStrength(503): getGsmLevel=4
01-11 20:30:56.805 W/SignalStrength(503): getLevel=4 (SignalStrength: 22 255 -120 -160 -120 -1 -1 99 2147483647 -32767 2147483647 -32767 gsm|lte 4)
01-11 20:30:57.205 I/NRFW    (1229): profile=wifi
01-11 20:30:57.215 I/NRFW    (1229): serverip=103.235.47.88 localIp=10.0.8.1
01-11 20:30:57.235 I/DNS     (1229): 103.235.47.88 h_errno=1
01-11 20:30:57.265 I/DNS     (1229): 112.80.248.171 h_errno=1
01-11 20:30:58.815 W/SignalStrength(503): getGsmLevel. this.mGsmSignalBar=4, getGsmSignalStrength()== 19
01-11 20:30:58.815 W/SignalStrength(503): getGsmLevel=4
01-11 20:30:58.815 W/SignalStrength(503): getLevel=4 (SignalStrength: 19 255 -120 -160 -120 -1 -1 99 2147483647 -32767 2147483647 -32767 gsm|lte 4)
01-11 20:30:58.815 W/SignalStrength(503): getGsmLevel. this.mGsmSignalBar=4, getGsmSignalStrength()== 22
01-11 20:30:58.815 W/SignalStrength(503): getGsmLevel=4
01-11 20:30:58.815 W/SignalStrength(503): getLevel=4 (SignalStrength: 22 255 -120 -160 -120 -1 -1 99 2147483647 -32767 2147483647 -32767 gsm|lte 4)
01-11 20:30:59.545 D/dalvikvm(25285): GC_CONCURRENT freed 7316K, 28% free 24291K/33699K, paused 4ms+18ms
01-11 20:30:59.815 W/SignalStrength(503): getGsmLevel. this.mGsmSignalBar=4, getGsmSignalStrength()== 19
01-11 20:30:59.815 W/SignalStrength(503): getGsmLevel=4
01-11 20:30:59.815 W/SignalStrength(503): getLevel=4 (SignalStrength: 19 255 -120 -160 -120 -1 -1 99 2147483647 -32767 2147483647 -32767 gsm|lte 4)
01-11 20:30:59.815 W/SignalStrength(503): getGsmLevel. this.mGsmSignalBar=4, getGsmSignalStrength()== 22
01-11 20:30:59.815 W/SignalStrength(503): getGsmLevel=4
01-11 20:30:59.815 W/SignalStrength(503): getLevel=4 (SignalStrength: 22 255 -120 -160 -120 -1 -1 99 2147483647 -32767 2147483647 -32767 gsm|lte 4)
01-11 20:30:59.995 E/AlarmManagerService(377): android_server_AlarmManagerService_set to type=3, 112673.545000000
01-11 20:30:59.995 D/KeyguardUpdateMonitor(377): received broadcast android.intent.action.TIME_TICK
01-11 20:31:00.005 D/KeyguardUpdateMonitor(377): handleTimeUpdate
01-11 20:31:00.215 I/NRFW    (1229): profile=wifi
01-11 20:31:00.235 I/NRFW    (1229): serverip=103.235.47.88 localIp=10.0.8.1
01-11 20:31:01.815 W/SignalStrength(503): getGsmLevel. this.mGsmSignalBar=4, getGsmSignalStrength()== 19
01-11 20:31:01.815 W/SignalStrength(503): getGsmLevel=4
01-11 20:31:01.815 W/SignalStrength(503): getLevel=4 (SignalStrength: 19 255 -120 -160 -120 -1 -1 99 2147483647 -32767 2147483647 -32767 gsm|lte 4)
01-11 20:31:01.815 W/SignalStrength(503): getGsmLevel. this.mGsmSignalBar=4, getGsmSignalStrength()== 22
01-11 20:31:01.815 W/SignalStrength(503): getGsmLevel=4
01-11 20:31:01.815 W/SignalStrength(503): getLevel=4 (SignalStrength: 22 255 -120 -160 -120 -1 -1 99 2147483647 -32767 2147483647 -32767 gsm|lte 4)
01-11 20:31:02.815 W/SignalStrength(503): getGsmLevel. this.mGsmSignalBar=4, getGsmSignalStrength()== 19
01-11 20:31:02.815 W/SignalStrength(503): getGsmLevel=4
01-11 20:31:02.815 W/SignalStrength(503): getLevel=4 (SignalStrength: 19 255 -120 -160 -120 -1 -1 99 2147483647 -32767 2147483647 -32767 gsm|lte 4)
01-11 20:31:02.815 W/SignalStrength(503): getGsmLevel. this.mGsmSignalBar=4, getGsmSignalStrength()== 22
01-11 20:31:02.815 W/SignalStrength(503): getGsmLevel=4
01-11 20:31:02.815 W/SignalStrength(503): getLevel=4 (SignalStrength: 22 255 -120 -160 -120 -1 -1 99 2147483647 -32767 2147483647 -32767 gsm|lte 4)
01-11 20:31:02.945 D/dalvikvm(25285): GC_CONCURRENT freed 7335K, 28% free 24276K/33699K, paused 7ms+18ms
01-11 20:31:04.725 D/KeyguardUpdateMonitor(377): received broadcast android.intent.action.BATTERY_CHANGED
01-11 20:31:04.725 D/KeyguardUpdateMonitor(377): handleBatteryUpdate
01-11 20:31:04.825 W/SignalStrength(503): getGsmLevel. this.mGsmSignalBar=4, getGsmSignalStrength()== 19
01-11 20:31:04.825 W/SignalStrength(503): getGsmLevel=4
01-11 20:31:04.825 W/SignalStrength(503): getLevel=4 (SignalStrength: 19 255 -120 -160 -120 -1 -1 99 2147483647 -32767 2147483647 -32767 gsm|lte 4)
01-11 20:31:04.825 W/SignalStrength(503): getGsmLevel. this.mGsmSignalBar=4, getGsmSignalStrength()== 22
01-11 20:31:04.825 W/SignalStrength(503): getGsmLevel=4
01-11 20:31:04.825 W/SignalStrength(503): getLevel=4 (SignalStrength: 22 255 -120 -160 -120 -1 -1 99 2147483647 -32767 2147483647 -32767 gsm|lte 4)
01-11 20:31:05.825 W/SignalStrength(503): getGsmLevel. this.mGsmSignalBar=4, getGsmSignalStrength()== 19
01-11 20:31:05.825 W/SignalStrength(503): getGsmLevel=4
01-11 20:31:05.825 W/SignalStrength(503): getLevel=4 (SignalStrength: 19 255 -120 -160 -120 -1 -1 99 2147483647 -32767 2147483647 -32767 gsm|lte 4)
01-11 20:31:05.825 W/SignalStrength(503): getGsmLevel. this.mGsmSignalBar=4, getGsmSignalStrength()== 22
01-11 20:31:05.825 W/SignalStrength(503): getGsmLevel=4
01-11 20:31:05.825 W/SignalStrength(503): getLevel=4 (SignalStrength: 22 255 -120 -160 -120 -1 -1 99 2147483647 -32767 2147483647 -32767 gsm|lte 4)
01-11 20:31:06.225 I/NRFW    (1229): profile=wifi
01-11 20:31:06.245 I/NRFW    (1229): serverip=103.235.47.88 localIp=10.0.8.1
01-11 20:31:06.325 D/dalvikvm(25285): GC_CONCURRENT freed 7305K, 28% free 24288K/33699K, paused 4ms+18ms
01-11 20:31:07.825 W/SignalStrength(503): getGsmLevel. this.mGsmSignalBar=4, getGsmSignalStrength()== 19
01-11 20:31:07.825 W/SignalStrength(503): getGsmLevel=4
01-11 20:31:07.825 W/SignalStrength(503): getLevel=4 (SignalStrength: 19 255 -120 -160 -120 -1 -1 99 2147483647 -32767 2147483647 -32767 gsm|lte 4)
01-11 20:31:07.825 W/SignalStrength(503): getGsmLevel. this.mGsmSignalBar=4, getGsmSignalStrength()== 22
01-11 20:31:07.825 W/SignalStrength(503): getGsmLevel=4
01-11 20:31:07.825 W/SignalStrength(503): getLevel=4 (SignalStrength: 22 255 -120 -160 -120 -1 -1 99 2147483647 -32767 2147483647 -32767 gsm|lte 4)
01-11 20:31:08.495 D/plugin  (684): getDefaultSubscription()
01-11 20:31:08.505 E/MSimTelephonyManager(24146): MSimTelephonyManager sRegistryMsim != null
01-11 20:31:08.825 W/SignalStrength(503): getGsmLevel. this.mGsmSignalBar=4, getGsmSignalStrength()== 19
01-11 20:31:08.825 W/SignalStrength(503): getGsmLevel=4
01-11 20:31:08.825 W/SignalStrength(503): getLevel=4 (SignalStrength: 19 255 -120 -160 -120 -1 -1 99 2147483647 -32767 2147483647 -32767 gsm|lte 4)
01-11 20:31:08.825 W/SignalStrength(503): getGsmLevel. this.mGsmSignalBar=4, getGsmSignalStrength()== 22
01-11 20:31:08.825 W/SignalStrength(503): getGsmLevel=4
01-11 20:31:08.825 W/SignalStrength(503): getLevel=4 (SignalStrength: 22 255 -120 -160 -120 -1 -1 99 2147483647 -32767 2147483647 -32767 gsm|lte 4)
01-11 20:31:08.985 D/dalvikvm(24146): GC_EXPLICIT freed 1750K, 32% free 12877K/18915K, paused 3ms+82ms
01-11 20:31:09.045 I/NRFW    (1229): profile=wifi
01-11 20:31:09.075 I/NRFW    (1229): serverip=180.76.3.90 localIp=10.0.8.1
01-11 20:31:09.085 I/DNS     (1229): 180.76.3.90 h_errno=1
01-11 20:31:09.495 D/dalvikvm(25285): GC_CONCURRENT freed 7298K, 28% free 24309K/33699K, paused 4ms+25ms
01-11 20:31:10.835 W/SignalStrength(503): getGsmLevel. this.mGsmSignalBar=4, getGsmSignalStrength()== 19
01-11 20:31:10.835 W/SignalStrength(503): getGsmLevel=4
01-11 20:31:10.835 W/SignalStrength(503): getLevel=4 (SignalStrength: 19 255 -120 -160 -120 -1 -1 99 2147483647 -32767 2147483647 -32767 gsm|lte 4)
01-11 20:31:10.835 W/SignalStrength(503): getGsmLevel. this.mGsmSignalBar=4, getGsmSignalStrength()== 22
01-11 20:31:10.835 W/SignalStrength(503): getGsmLevel=4
01-11 20:31:10.835 W/SignalStrength(503): getLevel=4 (SignalStrength: 22 255 -120 -160 -120 -1 -1 99 2147483647 -32767 2147483647 -32767 gsm|lte 4)
01-11 20:31:11.835 W/SignalStrength(503): getGsmLevel. this.mGsmSignalBar=4, getGsmSignalStrength()== 19
01-11 20:31:11.835 W/SignalStrength(503): getGsmLevel=4
01-11 20:31:11.835 W/SignalStrength(503): getLevel=4 (SignalStrength: 19 255 -120 -160 -120 -1 -1 99 2147483647 -32767 2147483647 -32767 gsm|lte 4)
01-11 20:31:11.835 W/SignalStrength(503): getGsmLevel. this.mGsmSignalBar=4, getGsmSignalStrength()== 22
01-11 20:31:11.835 W/SignalStrength(503): getGsmLevel=4
01-11 20:31:11.835 W/SignalStrength(503): getLevel=4 (SignalStrength: 22 255 -120 -160 -120 -1 -1 99 2147483647 -32767 2147483647 -32767 gsm|lte 4)
01-11 20:31:12.135 I/NRFW    (1229): profile=wifi
01-11 20:31:12.155 I/NRFW    (1229): serverip=180.76.3.90 localIp=10.0.8.1
01-11 20:31:12.875 D/dalvikvm(25285): GC_CONCURRENT freed 7337K, 28% free 24300K/33699K, paused 4ms+19ms
01-11 20:31:13.835 W/SignalStrength(503): getGsmLevel. this.mGsmSignalBar=4, getGsmSignalStrength()== 19
01-11 20:31:13.835 W/SignalStrength(503): getGsmLevel=4
01-11 20:31:13.835 W/SignalStrength(503): getLevel=4 (SignalStrength: 19 255 -120 -160 -120 -1 -1 99 2147483647 -32767 2147483647 -32767 gsm|lte 4)
01-11 20:31:13.835 W/SignalStrength(503): getGsmLevel. this.mGsmSignalBar=4, getGsmSignalStrength()== 22
01-11 20:31:13.835 W/SignalStrength(503): getGsmLevel=4
01-11 20:31:13.835 W/SignalStrength(503): getLevel=4 (SignalStrength: 22 255 -120 -160 -120 -1 -1 99 2147483647 -32767 2147483647 -32767 gsm|lte 4)
01-11 20:31:14.835 W/SignalStrength(503): getGsmLevel. this.mGsmSignalBar=4, getGsmSignalStrength()== 19
01-11 20:31:14.835 W/SignalStrength(503): getGsmLevel=4
01-11 20:31:14.835 W/SignalStrength(503): getLevel=4 (SignalStrength: 19 255 -120 -160 -120 -1 -1 99 2147483647 -32767 2147483647 -32767 gsm|lte 4)
01-11 20:31:14.835 W/SignalStrength(503): getGsmLevel. this.mGsmSignalBar=4, getGsmSignalStrength()== 22
01-11 20:31:14.835 W/SignalStrength(503): getGsmLevel=4
01-11 20:31:14.835 W/SignalStrength(503): getLevel=4 (SignalStrength: 22 255 -120 -160 -120 -1 -1 99 2147483647 -32767 2147483647 -32767 gsm|lte 4)
01-11 20:31:15.795 D/Tethering(377): interfaceLinkStateChanged wlan0, true
01-11 20:31:15.795 D/Tethering(377): interfaceStatusChanged wlan0, true
01-11 20:31:16.135 D/dalvikvm(25285): GC_CONCURRENT freed 7329K, 28% free 24294K/33699K, paused 3ms+17ms
01-11 20:31:16.845 W/SignalStrength(503): getGsmLevel. this.mGsmSignalBar=4, getGsmSignalStrength()== 19
01-11 20:31:16.845 W/SignalStrength(503): getGsmLevel=4
01-11 20:31:16.845 W/SignalStrength(503): getLevel=4 (SignalStrength: 19 255 -120 -160 -120 -1 -1 99 2147483647 -32767 2147483647 -32767 gsm|lte 4)
01-11 20:31:16.845 W/SignalStrength(503): getGsmLevel. this.mGsmSignalBar=4, getGsmSignalStrength()== 22
01-11 20:31:16.845 W/SignalStrength(503): getGsmLevel=4
01-11 20:31:16.845 W/SignalStrength(503): getLevel=4 (SignalStrength: 22 255 -120 -160 -120 -1 -1 99 2147483647 -32767 2147483647 -32767 gsm|lte 4)
01-11 20:31:17.845 W/SignalStrength(503): getGsmLevel. this.mGsmSignalBar=4, getGsmSignalStrength()== 19
01-11 20:31:17.845 W/SignalStrength(503): getGsmLevel=4
01-11 20:31:17.845 W/SignalStrength(503): getLevel=4 (SignalStrength: 19 255 -120 -160 -120 -1 -1 99 2147483647 -32767 2147483647 -32767 gsm|lte 4)
01-11 20:31:17.845 W/SignalStrength(503): getGsmLevel. this.mGsmSignalBar=4, getGsmSignalStrength()== 22
01-11 20:31:17.845 W/SignalStrength(503): getGsmLevel=4
01-11 20:31:17.845 W/SignalStrength(503): getLevel=4 (SignalStrength: 22 255 -120 -160 -120 -1 -1 99 2147483647 -32767 2147483647 -32767 gsm|lte 4)
01-11 20:31:18.145 I/NRFW    (1229): profile=wifi
01-11 20:31:18.165 I/NRFW    (1229): serverip=180.76.3.90 localIp=10.0.8.1
01-11 20:31:18.275 D/dalvikvm(1229): GC_CONCURRENT freed 2592K, 41% free 11671K/19555K, paused 2ms+8ms
01-11 20:31:19.175 E/AlarmManagerService(377): android_server_AlarmManagerService_set to type=3, 112714.365000000
01-11 20:31:19.455 D/dalvikvm(25285): GC_CONCURRENT freed 7323K, 28% free 24294K/33699K, paused 4ms+19ms
01-11 20:31:19.845 W/SignalStrength(503): getGsmLevel. this.mGsmSignalBar=4, getGsmSignalStrength()== 19
01-11 20:31:19.845 W/SignalStrength(503): getGsmLevel=4
01-11 20:31:19.845 W/SignalStrength(503): getLevel=4 (SignalStrength: 19 255 -120 -160 -120 -1 -1 99 2147483647 -32767 2147483647 -32767 gsm|lte 4)
01-11 20:31:19.845 W/SignalStrength(503): getGsmLevel. this.mGsmSignalBar=4, getGsmSignalStrength()== 22
01-11 20:31:19.845 W/SignalStrength(503): getGsmLevel=4
01-11 20:31:19.845 W/SignalStrength(503): getLevel=4 (SignalStrength: 22 255 -120 -160 -120 -1 -1 99 2147483647 -32767 2147483647 -32767 gsm|lte 4)
01-11 20:31:20.415 I/NRFW    (1229): serverip=103.235.47.88 localIp=10.0.8.1
01-11 20:31:20.845 W/SignalStrength(503): getGsmLevel. this.mGsmSignalBar=4, getGsmSignalStrength()== 19
01-11 20:31:20.845 W/SignalStrength(503): getGsmLevel=4
01-11 20:31:20.845 W/SignalStrength(503): getLevel=4 (SignalStrength: 19 255 -120 -160 -120 -1 -1 99 2147483647 -32767 2147483647 -32767 gsm|lte 4)
01-11 20:31:20.845 W/SignalStrength(503): getGsmLevel. this.mGsmSignalBar=4, getGsmSignalStrength()== 22
01-11 20:31:20.845 W/SignalStrength(503): getGsmLevel=4
01-11 20:31:20.845 W/SignalStrength(503): getLevel=4 (SignalStrength: 22 255 -120 -160 -120 -1 -1 99 2147483647 -32767 2147483647 -32767 gsm|lte 4)
01-11 20:31:22.765 D/dalvikvm(25285): GC_CONCURRENT freed 7322K, 28% free 24296K/33699K, paused 4ms+18ms
01-11 20:31:22.855 W/SignalStrength(503): getGsmLevel. this.mGsmSignalBar=4, getGsmSignalStrength()== 19
01-11 20:31:22.855 W/SignalStrength(503): getGsmLevel=4
01-11 20:31:22.855 W/SignalStrength(503): getLevel=4 (SignalStrength: 19 255 -120 -160 -120 -1 -1 99 2147483647 -32767 2147483647 -32767 gsm|lte 4)
01-11 20:31:22.855 W/SignalStrength(503): getGsmLevel. this.mGsmSignalBar=4, getGsmSignalStrength()== 22
01-11 20:31:22.855 W/SignalStrength(503): getGsmLevel=4
01-11 20:31:22.855 W/SignalStrength(503): getLevel=4 (SignalStrength: 22 255 -120 -160 -120 -1 -1 99 2147483647 -32767 2147483647 -32767 gsm|lte 4)
01-11 20:31:23.465 I/NRFW    (1229): profile=wifi
01-11 20:31:23.485 I/NRFW    (1229): serverip=103.235.47.88 localIp=10.0.8.1
01-11 20:31:24.765 D/KeyguardUpdateMonitor(377): received broadcast android.intent.action.BATTERY_CHANGED
01-11 20:31:24.765 D/KeyguardUpdateMonitor(377): handleBatteryUpdate
01-11 20:31:24.855 W/SignalStrength(503): getGsmLevel. this.mGsmSignalBar=4, getGsmSignalStrength()== 19
01-11 20:31:24.855 W/SignalStrength(503): getGsmLevel=4
01-11 20:31:24.855 W/SignalStrength(503): getLevel=4 (SignalStrength: 19 255 -120 -160 -120 -1 -1 99 2147483647 -32767 2147483647 -32767 gsm|lte 4)
01-11 20:31:24.855 W/SignalStrength(503): getGsmLevel. this.mGsmSignalBar=4, getGsmSignalStrength()== 22
01-11 20:31:24.855 W/SignalStrength(503): getGsmLevel=4
01-11 20:31:24.855 W/SignalStrength(503): getLevel=4 (SignalStrength: 22 255 -120 -160 -120 -1 -1 99 2147483647 -32767 2147483647 -32767 gsm|lte 4)
01-11 20:31:25.855 W/SignalStrength(503): getGsmLevel. this.mGsmSignalBar=4, getGsmSignalStrength()== 19
01-11 20:31:25.855 W/SignalStrength(503): getGsmLevel=4
01-11 20:31:25.855 W/SignalStrength(503): getLevel=4 (SignalStrength: 19 255 -120 -160 -120 -1 -1 99 2147483647 -32767 2147483647 -32767 gsm|lte 4)
01-11 20:31:25.855 W/SignalStrength(503): getGsmLevel. this.mGsmSignalBar=4, getGsmSignalStrength()== 22
01-11 20:31:25.855 W/SignalStrength(503): getGsmLevel=4
01-11 20:31:25.855 W/SignalStrength(503): getLevel=4 (SignalStrength: 22 255 -120 -160 -120 -1 -1 99 2147483647 -32767 2147483647 -32767 gsm|lte 4)
01-11 20:31:26.145 D/dalvikvm(25285): GC_CONCURRENT freed 7314K, 28% free 24305K/33699K, paused 4ms+19ms
01-11 20:31:27.865 W/SignalStrength(503): getGsmLevel. this.mGsmSignalBar=4, getGsmSignalStrength()== 19
01-11 20:31:27.865 W/SignalStrength(503): getGsmLevel=4
01-11 20:31:27.865 W/SignalStrength(503): getLevel=4 (SignalStrength: 19 255 -120 -160 -120 -1 -1 99 2147483647 -32767 2147483647 -32767 gsm|lte 4)
01-11 20:31:27.865 W/SignalStrength(503): getGsmLevel. this.mGsmSignalBar=4, getGsmSignalStrength()== 22
01-11 20:31:27.865 W/SignalStrength(503): getGsmLevel=4
01-11 20:31:27.865 W/SignalStrength(503): getLevel=4 (SignalStrength: 22 255 -120 -160 -120 -1 -1 99 2147483647 -32767 2147483647 -32767 gsm|lte 4)
01-11 20:31:28.865 W/SignalStrength(503): getGsmLevel. this.mGsmSignalBar=4, getGsmSignalStrength()== 19
01-11 20:31:28.865 W/SignalStrength(503): getGsmLevel=4
01-11 20:31:28.865 W/SignalStrength(503): getLevel=4 (SignalStrength: 19 255 -120 -160 -120 -1 -1 99 2147483647 -32767 2147483647 -32767 gsm|lte 4)
01-11 20:31:28.865 W/SignalStrength(503): getGsmLevel. this.mGsmSignalBar=4, getGsmSignalStrength()== 22
01-11 20:31:28.865 W/SignalStrength(503): getGsmLevel=4
01-11 20:31:28.865 W/SignalStrength(503): getLevel=4 (SignalStrength: 22 255 -120 -160 -120 -1 -1 99 2147483647 -32767 2147483647 -32767 gsm|lte 4)
01-11 20:31:29.485 I/NRFW    (1229): profile=wifi
01-11 20:31:29.505 I/NRFW    (1229): serverip=103.235.47.88 localIp=10.0.8.1
01-11 20:31:29.525 I/DNS     (1229): 103.235.47.88 h_errno=1
01-11 20:31:29.545 I/DNS     (1229): 112.80.248.171 h_errno=1
01-11 20:31:29.555 I/DNS     (1229): 112.80.248.171 h_errno=1
01-11 20:31:29.865 W/SignalStrength(503): getGsmLevel. this.mGsmSignalBar=4, getGsmSignalStrength()== 19
01-11 20:31:29.865 W/SignalStrength(503): getGsmLevel=4
01-11 20:31:29.865 W/SignalStrength(503): getLevel=4 (SignalStrength: 19 255 -120 -160 -120 -1 -1 99 2147483647 -32767 2147483647 -32767 gsm|lte 4)
01-11 20:31:29.865 W/SignalStrength(503): getGsmLevel. this.mGsmSignalBar=4, getGsmSignalStrength()== 22
01-11 20:31:29.865 W/SignalStrength(503): getGsmLevel=4
01-11 20:31:29.865 W/SignalStrength(503): getLevel=4 (SignalStrength: 22 255 -120 -160 -120 -1 -1 99 2147483647 -32767 2147483647 -32767 gsm|lte 4)
01-11 20:31:29.935 D/dalvikvm(25285): GC_CONCURRENT freed 7316K, 28% free 24315K/33699K, paused 3ms+29ms
01-11 20:31:31.865 W/SignalStrength(503): getGsmLevel. this.mGsmSignalBar=4, getGsmSignalStrength()== 19
01-11 20:31:31.865 W/SignalStrength(503): getGsmLevel=4
01-11 20:31:31.865 W/SignalStrength(503): getLevel=4 (SignalStrength: 19 255 -120 -160 -120 -1 -1 99 2147483647 -32767 2147483647 -32767 gsm|lte 4)
01-11 20:31:31.865 W/SignalStrength(503): getGsmLevel. this.mGsmSignalBar=4, getGsmSignalStrength()== 22
01-11 20:31:31.865 W/SignalStrength(503): getGsmLevel=4
01-11 20:31:31.865 W/SignalStrength(503): getLevel=4 (SignalStrength: 22 255 -120 -160 -120 -1 -1 99 2147483647 -32767 2147483647 -32767 gsm|lte 4)
01-11 20:31:32.425 D/Tethering(377): interfaceLinkStateChanged wlan0, true
01-11 20:31:32.425 D/Tethering(377): interfaceStatusChanged wlan0, true
01-11 20:31:32.865 W/SignalStrength(503): getGsmLevel. this.mGsmSignalBar=4, getGsmSignalStrength()== 19
01-11 20:31:32.865 W/SignalStrength(503): getGsmLevel=4
01-11 20:31:32.865 W/SignalStrength(503): getLevel=4 (SignalStrength: 19 255 -120 -160 -120 -1 -1 99 2147483647 -32767 2147483647 -32767 gsm|lte 4)
01-11 20:31:32.865 W/SignalStrength(503): getGsmLevel. this.mGsmSignalBar=4, getGsmSignalStrength()== 22
01-11 20:31:32.865 W/SignalStrength(503): getGsmLevel=4
01-11 20:31:32.865 W/SignalStrength(503): getLevel=4 (SignalStrength: 22 255 -120 -160 -120 -1 -1 99 2147483647 -32767 2147483647 -32767 gsm|lte 4)
01-11 20:31:33.325 D/dalvikvm(25285): GC_CONCURRENT freed 7331K, 28% free 24314K/33699K, paused 5ms+18ms
01-11 20:31:34.875 W/SignalStrength(503): getGsmLevel. this.mGsmSignalBar=4, getGsmSignalStrength()== 19
01-11 20:31:34.875 W/SignalStrength(503): getGsmLevel=4
01-11 20:31:34.875 W/SignalStrength(503): getLevel=4 (SignalStrength: 19 255 -120 -160 -120 -1 -1 99 2147483647 -32767 2147483647 -32767 gsm|lte 4)
01-11 20:31:34.875 W/SignalStrength(503): getGsmLevel. this.mGsmSignalBar=4, getGsmSignalStrength()== 22
01-11 20:31:34.875 W/SignalStrength(503): getGsmLevel=4
01-11 20:31:34.875 W/SignalStrength(503): getLevel=4 (SignalStrength: 22 255 -120 -160 -120 -1 -1 99 2147483647 -32767 2147483647 -32767 gsm|lte 4)
01-11 20:31:35.875 W/SignalStrength(503): getGsmLevel. this.mGsmSignalBar=4, getGsmSignalStrength()== 19
01-11 20:31:35.875 W/SignalStrength(503): getGsmLevel=4
01-11 20:31:35.875 W/SignalStrength(503): getLevel=4 (SignalStrength: 19 255 -120 -160 -120 -1 -1 99 2147483647 -32767 2147483647 -32767 gsm|lte 4)
01-11 20:31:35.875 W/SignalStrength(503): getGsmLevel. this.mGsmSignalBar=4, getGsmSignalStrength()== 22
01-11 20:31:35.875 W/SignalStrength(503): getGsmLevel=4
01-11 20:31:35.875 W/SignalStrength(503): getLevel=4 (SignalStrength: 22 255 -120 -160 -120 -1 -1 99 2147483647 -32767 2147483647 -32767 gsm|lte 4)
01-11 20:31:36.735 D/dalvikvm(25285): GC_CONCURRENT freed 7323K, 28% free 24322K/33699K, paused 4ms+19ms
01-11 20:31:37.595 D/plugin  (684): getDefaultSubscription()
01-11 20:31:37.875 W/SignalStrength(503): getGsmLevel. this.mGsmSignalBar=4, getGsmSignalStrength()== 19
01-11 20:31:37.875 W/SignalStrength(503): getGsmLevel=4
01-11 20:31:37.875 W/SignalStrength(503): getLevel=4 (SignalStrength: 19 255 -120 -160 -120 -1 -1 99 2147483647 -32767 2147483647 -32767 gsm|lte 4)
01-11 20:31:37.875 W/SignalStrength(503): getGsmLevel. this.mGsmSignalBar=4, getGsmSignalStrength()== 22
01-11 20:31:37.875 W/SignalStrength(503): getGsmLevel=4
01-11 20:31:37.875 W/SignalStrength(503): getLevel=4 (SignalStrength: 22 255 -120 -160 -120 -1 -1 99 2147483647 -32767 2147483647 -32767 gsm|lte 4)
01-11 20:31:38.885 W/SignalStrength(503): getGsmLevel. this.mGsmSignalBar=4, getGsmSignalStrength()== 19
01-11 20:31:38.885 W/SignalStrength(503): getGsmLevel=4
01-11 20:31:38.885 W/SignalStrength(503): getLevel=4 (SignalStrength: 19 255 -120 -160 -120 -1 -1 99 2147483647 -32767 2147483647 -32767 gsm|lte 4)
01-11 20:31:38.885 W/SignalStrength(503): getGsmLevel. this.mGsmSignalBar=4, getGsmSignalStrength()== 22
01-11 20:31:38.885 W/SignalStrength(503): getGsmLevel=4
01-11 20:31:38.885 W/SignalStrength(503): getLevel=4 (SignalStrength: 22 255 -120 -160 -120 -1 -1 99 2147483647 -32767 2147483647 -32767 gsm|lte 4)
01-11 20:31:39.705 D/QCRIL_RPC(102): Enter qcril_cm_srvsys_event_callback
01-11 20:31:39.715 D/QCRIL_RPC(102): Exit qcril_cm_srvsys_event_callback
01-11 20:31:40.085 D/dalvikvm(25285): GC_CONCURRENT freed 7338K, 28% free 24316K/33699K, paused 4ms+19ms
01-11 20:31:40.885 W/SignalStrength(503): getGsmLevel. this.mGsmSignalBar=4, getGsmSignalStrength()== 19
01-11 20:31:40.885 W/SignalStrength(503): getGsmLevel=4
01-11 20:31:40.885 W/SignalStrength(503): getLevel=4 (SignalStrength: 19 255 -120 -160 -120 -1 -1 99 2147483647 -32767 2147483647 -32767 gsm|lte 4)
01-11 20:31:40.885 W/SignalStrength(503): getGsmLevel. this.mGsmSignalBar=4, getGsmSignalStrength()== 22
01-11 20:31:40.885 W/SignalStrength(503): getGsmLevel=4
01-11 20:31:40.885 W/SignalStrength(503): getLevel=4 (SignalStrength: 22 255 -120 -160 -120 -1 -1 99 2147483647 -32767 2147483647 -32767 gsm|lte 4)
01-11 20:31:41.885 W/SignalStrength(503): getGsmLevel. this.mGsmSignalBar=4, getGsmSignalStrength()== 19
01-11 20:31:41.885 W/SignalStrength(503): getGsmLevel=4
01-11 20:31:41.885 W/SignalStrength(503): getLevel=4 (SignalStrength: 19 255 -120 -160 -120 -1 -1 99 2147483647 -32767 2147483647 -32767 gsm|lte 4)
01-11 20:31:41.885 W/SignalStrength(503): getGsmLevel. this.mGsmSignalBar=4, getGsmSignalStrength()== 22
01-11 20:31:41.885 W/SignalStrength(503): getGsmLevel=4
01-11 20:31:41.885 W/SignalStrength(503): getLevel=4 (SignalStrength: 22 255 -120 -160 -120 -1 -1 99 2147483647 -32767 2147483647 -32767 gsm|lte 4)
01-11 20:31:43.415 D/dalvikvm(25285): GC_CONCURRENT freed 7338K, 28% free 24308K/33699K, paused 4ms+19ms
01-11 20:31:43.645 I/NRFW    (1229): profile=wifi
01-11 20:31:43.665 I/NRFW    (1229): serverip=103.235.47.88 localIp=10.0.8.1
01-11 20:31:43.885 W/SignalStrength(503): getGsmLevel. this.mGsmSignalBar=4, getGsmSignalStrength()== 19
01-11 20:31:43.885 W/SignalStrength(503): getGsmLevel=4
01-11 20:31:43.885 W/SignalStrength(503): getLevel=4 (SignalStrength: 19 255 -120 -160 -120 -1 -1 99 2147483647 -32767 2147483647 -32767 gsm|lte 4)
01-11 20:31:43.885 W/SignalStrength(503): getGsmLevel. this.mGsmSignalBar=4, getGsmSignalStrength()== 22
01-11 20:31:43.885 W/SignalStrength(503): getGsmLevel=4
01-11 20:31:43.885 W/SignalStrength(503): getLevel=4 (SignalStrength: 22 255 -120 -160 -120 -1 -1 99 2147483647 -32767 2147483647 -32767 gsm|lte 4)
01-11 20:31:44.805 D/KeyguardUpdateMonitor(377): received broadcast android.intent.action.BATTERY_CHANGED
01-11 20:31:44.805 D/KeyguardUpdateMonitor(377): handleBatteryUpdate
01-11 20:31:44.895 W/SignalStrength(503): getGsmLevel. this.mGsmSignalBar=4, getGsmSignalStrength()== 19
01-11 20:31:44.895 W/SignalStrength(503): getGsmLevel=4
01-11 20:31:44.895 W/SignalStrength(503): getLevel=4 (SignalStrength: 19 255 -120 -160 -120 -1 -1 99 2147483647 -32767 2147483647 -32767 gsm|lte 4)
01-11 20:31:44.895 W/SignalStrength(503): getGsmLevel. this.mGsmSignalBar=4, getGsmSignalStrength()== 22
01-11 20:31:44.895 W/SignalStrength(503): getGsmLevel=4
01-11 20:31:44.895 W/SignalStrength(503): getLevel=4 (SignalStrength: 22 255 -120 -160 -120 -1 -1 99 2147483647 -32767 2147483647 -32767 gsm|lte 4)
01-11 20:31:46.695 I/NRFW    (1229): profile=wifi
01-11 20:31:46.715 I/NRFW    (1229): serverip=103.235.47.88 localIp=10.0.8.1
01-11 20:31:46.905 W/SignalStrength(503): getGsmLevel. this.mGsmSignalBar=4, getGsmSignalStrength()== 19
01-11 20:31:46.905 W/SignalStrength(503): getGsmLevel=4
01-11 20:31:46.905 W/SignalStrength(503): getLevel=4 (SignalStrength: 19 255 -120 -160 -120 -1 -1 99 2147483647 -32767 2147483647 -32767 gsm|lte 4)
01-11 20:31:46.905 W/SignalStrength(503): getGsmLevel. this.mGsmSignalBar=4, getGsmSignalStrength()== 22
01-11 20:31:46.905 W/SignalStrength(503): getGsmLevel=4
01-11 20:31:46.905 W/SignalStrength(503): getLevel=4 (SignalStrength: 22 255 -120 -160 -120 -1 -1 99 2147483647 -32767 2147483647 -32767 gsm|lte 4)
01-11 20:31:47.065 D/dalvikvm(25285): GC_CONCURRENT freed 7286K, 28% free 24347K/33699K, paused 4ms+18ms
01-11 20:31:47.905 W/SignalStrength(503): getGsmLevel. this.mGsmSignalBar=4, getGsmSignalStrength()== 19
01-11 20:31:47.905 W/SignalStrength(503): getGsmLevel=4
01-11 20:31:47.905 W/SignalStrength(503): getLevel=4 (SignalStrength: 19 255 -120 -160 -120 -1 -1 99 2147483647 -32767 2147483647 -32767 gsm|lte 4)
01-11 20:31:47.905 W/SignalStrength(503): getGsmLevel. this.mGsmSignalBar=4, getGsmSignalStrength()== 22
01-11 20:31:47.905 W/SignalStrength(503): getGsmLevel=4
01-11 20:31:47.905 W/SignalStrength(503): getLevel=4 (SignalStrength: 22 255 -120 -160 -120 -1 -1 99 2147483647 -32767 2147483647 -32767 gsm|lte 4)
01-11 20:31:49.905 W/SignalStrength(503): getGsmLevel. this.mGsmSignalBar=4, getGsmSignalStrength()== 19
01-11 20:31:49.905 W/SignalStrength(503): getGsmLevel=4
01-11 20:31:49.905 W/SignalStrength(503): getLevel=4 (SignalStrength: 19 255 -120 -160 -120 -1 -1 99 2147483647 -32767 2147483647 -32767 gsm|lte 4)
01-11 20:31:49.905 W/SignalStrength(503): getGsmLevel. this.mGsmSignalBar=4, getGsmSignalStrength()== 22
01-11 20:31:49.905 W/SignalStrength(503): getGsmLevel=4
01-11 20:31:49.905 W/SignalStrength(503): getLevel=4 (SignalStrength: 22 255 -120 -160 -120 -1 -1 99 2147483647 -32767 2147483647 -32767 gsm|lte 4)
01-11 20:31:50.275 D/dalvikvm(25285): GC_CONCURRENT freed 7356K, 28% free 24331K/33699K, paused 4ms+18ms
01-11 20:31:50.905 W/SignalStrength(503): getGsmLevel. this.mGsmSignalBar=4, getGsmSignalStrength()== 19
01-11 20:31:50.905 W/SignalStrength(503): getGsmLevel=4
01-11 20:31:50.905 W/SignalStrength(503): getLevel=4 (SignalStrength: 19 255 -120 -160 -120 -1 -1 99 2147483647 -32767 2147483647 -32767 gsm|lte 4)
01-11 20:31:50.905 W/SignalStrength(503): getGsmLevel. this.mGsmSignalBar=4, getGsmSignalStrength()== 22
01-11 20:31:50.905 W/SignalStrength(503): getGsmLevel=4
01-11 20:31:50.905 W/SignalStrength(503): getLevel=4 (SignalStrength: 22 255 -120 -160 -120 -1 -1 99 2147483647 -32767 2147483647 -32767 gsm|lte 4)
01-11 20:31:52.705 I/NRFW    (1229): profile=wifi
01-11 20:31:52.725 I/NRFW    (1229): serverip=103.235.47.88 localIp=10.0.8.1
01-11 20:31:52.915 W/SignalStrength(503): getGsmLevel. this.mGsmSignalBar=4, getGsmSignalStrength()== 19
01-11 20:31:52.915 W/SignalStrength(503): getGsmLevel=4
01-11 20:31:52.915 W/SignalStrength(503): getLevel=4 (SignalStrength: 19 255 -120 -160 -120 -1 -1 99 2147483647 -32767 2147483647 -32767 gsm|lte 4)
01-11 20:31:52.915 W/SignalStrength(503): getGsmLevel. this.mGsmSignalBar=4, getGsmSignalStrength()== 22
01-11 20:31:52.915 W/SignalStrength(503): getGsmLevel=4
01-11 20:31:52.915 W/SignalStrength(503): getLevel=4 (SignalStrength: 22 255 -120 -160 -120 -1 -1 99 2147483647 -32767 2147483647 -32767 gsm|lte 4)
01-11 20:31:53.815 D/dalvikvm(25285): GC_CONCURRENT freed 7338K, 28% free 24327K/33699K, paused 4ms+17ms
01-11 20:31:53.915 W/SignalStrength(503): getGsmLevel. this.mGsmSignalBar=4, getGsmSignalStrength()== 19
01-11 20:31:53.915 W/SignalStrength(503): getGsmLevel=4
01-11 20:31:53.915 W/SignalStrength(503): getLevel=4 (SignalStrength: 19 255 -120 -160 -120 -1 -1 99 2147483647 -32767 2147483647 -32767 gsm|lte 4)
01-11 20:31:53.915 W/SignalStrength(503): getGsmLevel. this.mGsmSignalBar=4, getGsmSignalStrength()== 22
01-11 20:31:53.915 W/SignalStrength(503): getGsmLevel=4
01-11 20:31:53.915 W/SignalStrength(503): getLevel=4 (SignalStrength: 22 255 -120 -160 -120 -1 -1 99 2147483647 -32767 2147483647 -32767 gsm|lte 4)
01-11 20:31:55.915 W/SignalStrength(503): getGsmLevel. this.mGsmSignalBar=4, getGsmSignalStrength()== 19
01-11 20:31:55.915 W/SignalStrength(503): getGsmLevel=4
01-11 20:31:55.915 W/SignalStrength(503): getLevel=4 (SignalStrength: 19 255 -120 -160 -120 -1 -1 99 2147483647 -32767 2147483647 -32767 gsm|lte 4)
01-11 20:31:55.915 W/SignalStrength(503): getGsmLevel. this.mGsmSignalBar=4, getGsmSignalStrength()== 22
01-11 20:31:55.915 W/SignalStrength(503): getGsmLevel=4
01-11 20:31:55.915 W/SignalStrength(503): getLevel=4 (SignalStrength: 22 255 -120 -160 -120 -1 -1 99 2147483647 -32767 2147483647 -32767 gsm|lte 4)
01-11 20:31:56.855 D/dalvikvm(25285): GC_CONCURRENT freed 7339K, 28% free 24323K/33699K, paused 3ms+19ms
01-11 20:31:56.925 W/SignalStrength(503): getGsmLevel. this.mGsmSignalBar=4, getGsmSignalStrength()== 19
01-11 20:31:56.925 W/SignalStrength(503): getGsmLevel=4
01-11 20:31:56.925 W/SignalStrength(503): getLevel=4 (SignalStrength: 19 255 -120 -160 -120 -1 -1 99 2147483647 -32767 2147483647 -32767 gsm|lte 4)
01-11 20:31:56.925 W/SignalStrength(503): getGsmLevel. this.mGsmSignalBar=4, getGsmSignalStrength()== 22
01-11 20:31:56.925 W/SignalStrength(503): getGsmLevel=4
01-11 20:31:56.925 W/SignalStrength(503): getLevel=4 (SignalStrength: 22 255 -120 -160 -120 -1 -1 99 2147483647 -32767 2147483647 -32767 gsm|lte 4)
01-11 20:31:58.935 W/SignalStrength(503): getGsmLevel. this.mGsmSignalBar=4, getGsmSignalStrength()== 19
01-11 20:31:58.935 W/SignalStrength(503): getGsmLevel=4
01-11 20:31:58.935 W/SignalStrength(503): getLevel=4 (SignalStrength: 19 255 -120 -160 -120 -1 -1 99 2147483647 -32767 2147483647 -32767 gsm|lte 4)
01-11 20:31:58.935 W/SignalStrength(503): getGsmLevel. this.mGsmSignalBar=4, getGsmSignalStrength()== 22
01-11 20:31:58.935 W/SignalStrength(503): getGsmLevel=4
01-11 20:31:58.935 W/SignalStrength(503): getLevel=4 (SignalStrength: 22 255 -120 -160 -120 -1 -1 99 2147483647 -32767 2147483647 -32767 gsm|lte 4)
01-11 20:31:59.125 D/plugin  (684): getDefaultSubscription()
01-11 20:31:59.125 E/MSimTelephonyManager(24146): MSimTelephonyManager sRegistryMsim != null
01-11 20:31:59.135 I/NRFW    (1229): profile=wifi
01-11 20:31:59.155 I/NRFW    (1229): serverip=180.76.3.90 localIp=10.0.8.1
01-11 20:31:59.175 I/DNS     (1229): 180.76.3.90 h_errno=1
01-11 20:31:59.935 W/SignalStrength(503): getGsmLevel. this.mGsmSignalBar=4, getGsmSignalStrength()== 19
01-11 20:31:59.935 W/SignalStrength(503): getGsmLevel=4
01-11 20:31:59.935 W/SignalStrength(503): getLevel=4 (SignalStrength: 19 255 -120 -160 -120 -1 -1 99 2147483647 -32767 2147483647 -32767 gsm|lte 4)
01-11 20:31:59.935 W/SignalStrength(503): getGsmLevel. this.mGsmSignalBar=4, getGsmSignalStrength()== 22
01-11 20:31:59.935 W/SignalStrength(503): getGsmLevel=4
01-11 20:31:59.935 W/SignalStrength(503): getLevel=4 (SignalStrength: 22 255 -120 -160 -120 -1 -1 99 2147483647 -32767 2147483647 -32767 gsm|lte 4)
01-11 20:31:59.995 E/AlarmManagerService(377): android_server_AlarmManagerService_set to type=3, 112733.554000000
01-11 20:31:59.995 D/KeyguardUpdateMonitor(377): received broadcast android.intent.action.TIME_TICK
01-11 20:31:59.995 D/KeyguardUpdateMonitor(377): handleTimeUpdate
01-11 20:32:00.275 D/dalvikvm(25285): GC_CONCURRENT freed 7345K, 28% free 24306K/33699K, paused 14ms+18ms
