01-11 20:32:01.935 W/SignalStrength(503): getGsmLevel. this.mGsmSignalBar=4, getGsmSignalStrength()== 19
01-11 20:32:01.935 W/SignalStrength(503): getGsmLevel=4
01-11 20:32:01.945 W/SignalStrength(503): getLevel=4 (SignalStrength: 19 255 -120 -160 -120 -1 -1 99 2147483647 -32767 2147483647 -32767 gsm|lte 4)
01-11 20:32:01.945 W/SignalStrength(503): getGsmLevel. this.mGsmSignalBar=4, getGsmSignalStrength()== 22
01-11 20:32:01.945 W/SignalStrength(503): getGsmLevel=4
01-11 20:32:01.945 W/SignalStrength(503): getLevel=4 (SignalStrength: 22 255 -120 -160 -120 -1 -1 99 2147483647 -32767 2147483647 -32767 gsm|lte 4)
01-11 20:32:02.165 I/NRFW    (1229): profile=wifi
01-11 20:32:02.175 I/NRFW    (1229): serverip=180.76.3.90 localIp=10.0.8.1
01-11 20:32:02.945 W/SignalStrength(503): getGsmLevel. this.mGsmSignalBar=4, getGsmSignalStrength()== 19
01-11 20:32:02.945 W/SignalStrength(503): getGsmLevel=4
01-11 20:32:02.945 W/SignalStrength(503): getLevel=4 (SignalStrength: 19 255 -120 -160 -120 -1 -1 99 2147483647 -32767 2147483647 -32767 gsm|lte 4)
01-11 20:32:02.945 W/SignalStrength(503): getGsmLevel. this.mGsmSignalBar=4, getGsmSignalStrength()== 22
01-11 20:32:02.945 W/SignalStrength(503): getGsmLevel=4
01-11 20:32:02.945 W/SignalStrength(503): getLevel=4 (SignalStrength: 22 255 -120 -160 -120 -1 -1 99 2147483647 -32767 2147483647 -32767 gsm|lte 4)
01-11 20:32:03.375 D/dalvikvm(25285): GC_CONCURRENT freed 7336K, 28% free 24298K/33699K, paused 4ms+18ms
01-11 20:32:04.835 D/KeyguardUpdateMonitor(377): received broadcast android.intent.action.BATTERY_CHANGED
01-11 20:32:04.835 D/KeyguardUpdateMonitor(377): handleBatteryUpdate
01-11 20:32:04.945 W/SignalStrength(503): getGsmLevel. this.mGsmSignalBar=4, getGsmSignalStrength()== 19
01-11 20:32:04.945 W/SignalStrength(503): getGsmLevel=4
01-11 20:32:04.945 W/SignalStrength(503): getLevel=4 (SignalStrength: 19 255 -120 -160 -120 -1 -1 99 2147483647 -32767 2147483647 -32767 gsm|lte 4)
01-11 20:32:04.945 W/SignalStrength(503): getGsmLevel. this.mGsmSignalBar=4, getGsmSignalStrength()== 22
01-11 20:32:04.945 W/SignalStrength(503): getGsmLevel=4
01-11 20:32:04.945 W/SignalStrength(503): getLevel=4 (SignalStrength: 22 255 -120 -160 -120 -1 -1 99 2147483647 -32767 2147483647 -32767 gsm|lte 4)
01-11 20:32:05.945 W/SignalStrength(503): getGsmLevel. this.mGsmSignalBar=4, getGsmSignalStrength()== 19
01-11 20:32:05.945 W/SignalStrength(503): getGsmLevel=4
01-11 20:32:05.945 W/SignalStrength(503): getLevel=4 (SignalStrength: 19 255 -120 -160 -120 -1 -1 99 2147483647 -32767 2147483647 -32767 gsm|lte 4)
01-11 20:32:05.945 W/SignalStrength(503): getGsmLevel. this.mGsmSignalBar=4, getGsmSignalStrength()== 22
01-11 20:32:05.945 W/SignalStrength(503): getGsmLevel=4
01-11 20:32:05.945 W/SignalStrength(503): getLevel=4 (SignalStrength: 22 255 -120 -160 -120 -1 -1 99 2147483647 -32767 2147483647 -32767 gsm|lte 4)
01-11 20:32:06.445 D/dalvikvm(25285): GC_CONCURRENT freed 7308K, 28% free 24314K/33699K, paused 4ms+18ms
01-11 20:32:07.015 I/NRFW    (1229): profile=wifi
01-11 20:32:07.035 I/NRFW    (1229): serverip=103.235.47.88 localIp=10.0.8.1
01-11 20:32:07.055 I/DNS     (1229): 103.235.47.88 h_errno=1
01-11 20:32:07.065 I/DNS     (1229): 112.80.248.171 h_errno=1
01-11 20:32:07.955 W/SignalStrength(503): getGsmLevel. this.mGsmSignalBar=4, getGsmSignalStrength()== 19
01-11 20:32:07.955 W/SignalStrength(503): getGsmLevel=4
01-11 20:32:07.955 W/SignalStrength(503): getLevel=4 (SignalStrength: 19 255 -120 -160 -120 -1 -1 99 2147483647 -32767 2147483647 -32767 gsm|lte 4)
01-11 20:32:07.955 W/SignalStrength(503): getGsmLevel. this.mGsmSignalBar=4, getGsmSignalStrength()== 22
01-11 20:32:07.955 W/SignalStrength(503): getGsmLevel=4
01-11 20:32:07.955 W/SignalStrength(503): getLevel=4 (SignalStrength: 22 255 -120 -160 -120 -1 -1 99 2147483647 -32767 2147483647 -32767 gsm|lte 4)
01-11 20:32:08.205 I/NRFW    (1229): serverip=180.76.3.90 localIp=10.0.8.1
01-11 20:32:08.955 W/SignalStrength(503): getGsmLevel. this.mGsmSignalBar=4, getGsmSignalStrength()== 19
01-11 20:32:08.955 W/SignalStrength(503): getGsmLevel=4
01-11 20:32:08.955 W/SignalStrength(503): getLevel=4 (SignalStrength: 19 255 -120 -160 -120 -1 -1 99 2147483647 -32767 2147483647 -32767 gsm|lte 4)
01-11 20:32:08.955 W/SignalStrength(503): getGsmLevel. this.mGsmSignalBar=4, getGsmSignalStrength()== 22
01-11 20:32:08.955 W/SignalStrength(503): getGsmLevel=4
01-11 20:32:08.955 W/SignalStrength(503): getLevel=4 (SignalStrength: 22 255 -120 -160 -120 -1 -1 99 2147483647 -32767 2147483647 -32767 gsm|lte 4)
01-11 20:32:10.095 D/dalvikvm(25285): GC_CONCURRENT freed 7302K, 28% free 24342K/33699K, paused 4ms+19ms
01-11 20:32:10.105 I/NRFW    (1229): profile=wifi
01-11 20:32:10.125 I/NRFW    (1229): serverip=103.235.47.88 localIp=10.0.8.1
01-11 20:32:10.955 W/SignalStrength(503): getGsmLevel. this.mGsmSignalBar=4, getGsmSignalStrength()== 19
01-11 20:32:10.955 W/SignalStrength(503): getGsmLevel=4
01-11 20:32:10.955 W/SignalStrength(503): getLevel=4 (SignalStrength: 19 255 -120 -160 -120 -1 -1 99 2147483647 -32767 2147483647 -32767 gsm|lte 4)
01-11 20:32:10.955 W/SignalStrength(503): getGsmLevel. this.mGsmSignalBar=4, getGsmSignalStrength()== 22
01-11 20:32:10.955 W/SignalStrength(503): getGsmLevel=4
01-11 20:32:10.955 W/SignalStrength(503): getLevel=4 (SignalStrength: 22 255 -120 -160 -120 -1 -1 99 2147483647 -32767 2147483647 -32767 gsm|lte 4)
01-11 20:32:11.955 W/SignalStrength(503): getGsmLevel. this.mGsmSignalBar=4, getGsmSignalStrength()== 19
01-11 20:32:11.955 W/SignalStrength(503): getGsmLevel=4
01-11 20:32:11.955 W/SignalStrength(503): getLevel=4 (SignalStrength: 19 255 -120 -160 -120 -1 -1 99 2147483647 -32767 2147483647 -32767 gsm|lte 4)
01-11 20:32:11.955 W/SignalStrength(503): getGsmLevel. this.mGsmSignalBar=4, getGsmSignalStrength()== 22
01-11 20:32:11.955 W/SignalStrength(503): getGsmLevel=4
01-11 20:32:11.955 W/SignalStrength(503): getLevel=4 (SignalStrength: 22 255 -120 -160 -120 -1 -1 99 2147483647 -32767 2147483647 -32767 gsm|lte 4)
01-11 20:32:13.405 D/dalvikvm(25285): GC_CONCURRENT freed 7350K, 28% free 24331K/33699K, paused 4ms+19ms
01-11 20:32:13.485 W/SignalStrength(503): getGsmLevel. this.mGsmSignalBar=4, getGsmSignalStrength()== 19
01-11 20:32:13.485 W/SignalStrength(503): getGsmLevel=4
01-11 20:32:13.485 W/SignalStrength(503): getLevel=4 (SignalStrength: 19 255 -120 -160 -120 -1 -1 99 2147483647 -32767 2147483647 -32767 gsm|lte 4)
01-11 20:32:13.485 W/SignalStrength(503): getGsmLevel. this.mGsmSignalBar=4, getGsmSignalStrength()== 22
01-11 20:32:13.485 W/SignalStrength(503): getGsmLevel=4
01-11 20:32:13.485 W/SignalStrength(503): getLevel=4 (SignalStrength: 22 255 -120 -160 -120 -1 -1 99 2147483647 -32767 2147483647 -32767 gsm|lte 4)
01-11 20:32:13.595 I/InputReader(377): Touch event's action is 0x0 (deviceType=0) [pCnt=1, pending(waiting finished signal)=0, s=0.763 ]
01-11 20:32:13.595 I/InputDispatcher(377): Delivering touch to current input target: action: 0x0
01-11 20:32:13.595 D/lights  (377): write_int /sys/class/leds/button-backlight/brightness = 255
01-11 20:32:13.615 W/Vibrator(377): Vibrator.cancel()
01-11 20:32:13.635 W/SurfaceFlinger(111): id=497(33) createSurface 0xbce4f4 (480x762),1 flag=0
01-11 20:32:13.645 D/KeyguardViewMediator(377): setHidden false
01-11 20:32:13.655 I/Adreno200-EGLSUB(503): <ConfigWindowMatch:2218>: Format RGBA_8888.
01-11 20:32:13.655 D/memalloc(111): /dev/pmem: Allocated buffer base:0x41b92000 size:1474560 offset:8462336 fd:60
01-11 20:32:13.665 D/memalloc(503): /dev/pmem: Mapped buffer base:0x5716f000 size:9936896 offset:8462336 fd:117
01-11 20:32:13.675 D/KeyguardViewMediator(377): setHidden false
01-11 20:32:13.705 D/KeyguardViewMediator(377): setHidden false
01-11 20:32:13.715 D/memalloc(111): /dev/pmem: Allocated buffer base:0x41b92000 size:1474560 offset:16654336 fd:72
01-11 20:32:13.715 D/memalloc(503): /dev/pmem: Mapped buffer base:0x57ae9000 size:18128896 offset:16654336 fd:122
01-11 20:32:13.725 I/InputReader(377): Touch event's action is 0x1 (deviceType=0) [pCnt=1, pending(waiting finished signal)=1, s=]
01-11 20:32:13.725 D/KeyguardViewMediator(377): setHidden false
01-11 20:32:13.745 D/KeyguardViewMediator(377): setHidden false
01-11 20:32:13.755 I/Adreno200-EGLSUB(111): <CreateImage:1017>: Android Image
01-11 20:32:13.755 I/Adreno200-EGLSUB(111): <GetImageAttributes:1226>: RGBA_8888
01-11 20:32:13.775 I/InputDispatcher(377): Delivering touch to current input target: action: 0x1
01-11 20:32:13.785 D/KeyguardViewMediator(377): setHidden false
01-11 20:32:13.795 D/KeyguardViewMediator(377): setHidden false
01-11 20:32:13.805 D/KeyguardViewMediator(377): setHidden false
01-11 20:32:13.815 D/KeyguardViewMediator(377): setHidden false
01-11 20:32:13.825 D/KeyguardViewMediator(377): setHidden false
01-11 20:32:13.825 D/KeyguardViewMediator(377): setHidden false
01-11 20:32:13.855 D/KeyguardViewMediator(377): setHidden false
01-11 20:32:13.875 D/KeyguardViewMediator(377): setHidden false
01-11 20:32:13.875 D/KeyguardViewMediator(377): setHidden false
01-11 20:32:13.885 D/KeyguardViewMediator(377): setHidden false
01-11 20:32:13.895 D/KeyguardViewMediator(377): setHidden false
01-11 20:32:13.905 D/KeyguardViewMediator(377): setHidden false
01-11 20:32:13.915 D/KeyguardViewMediator(377): setHidden false
01-11 20:32:13.925 D/KeyguardViewMediator(377): setHidden false
01-11 20:32:13.935 D/KeyguardViewMediator(377): setHidden false
01-11 20:32:13.945 D/KeyguardViewMediator(377): setHidden false
01-11 20:32:13.955 D/KeyguardViewMediator(377): setHidden false
01-11 20:32:13.965 D/KeyguardViewMediator(377): setHidden false
01-11 20:32:13.965 W/SignalStrength(503): getGsmLevel. this.mGsmSignalBar=4, getGsmSignalStrength()== 19
01-11 20:32:13.965 W/SignalStrength(503): getGsmLevel=4
01-11 20:32:13.965 W/SignalStrength(503): getLevel=4 (SignalStrength: 19 255 -120 -160 -120 -1 -1 99 2147483647 -32767 2147483647 -32767 gsm|lte 4)
01-11 20:32:13.965 W/SignalStrength(503): getGsmLevel. this.mGsmSignalBar=4, getGsmSignalStrength()== 22
01-11 20:32:13.965 W/SignalStrength(503): getGsmLevel=4
01-11 20:32:13.965 W/SignalStrength(503): getLevel=4 (SignalStrength: 22 255 -120 -160 -120 -1 -1 99 2147483647 -32767 2147483647 -32767 gsm|lte 4)
01-11 20:32:13.985 D/KeyguardViewMediator(377): setHidden false
01-11 20:32:13.985 D/KeyguardViewMediator(377): setHidden false
01-11 20:32:14.005 D/KeyguardViewMediator(377): setHidden false
01-11 20:32:14.015 D/KeyguardViewMediator(377): setHidden false
01-11 20:32:14.035 D/KeyguardViewMediator(377): setHidden false
01-11 20:32:14.045 D/KeyguardViewMediator(377): setHidden false
01-11 20:32:14.055 D/KeyguardViewMediator(377): setHidden false
01-11 20:32:14.055 D/KeyguardViewMediator(377): setHidden false
01-11 20:32:14.065 D/KeyguardViewMediator(377): setHidden false
01-11 20:32:14.065 D/KeyguardViewMediator(377): setHidden false
01-11 20:32:14.095 D/KeyguardViewMediator(377): setHidden false
01-11 20:32:14.095 D/KeyguardViewMediator(377): setHidden false
01-11 20:32:14.985 W/SignalStrength(503): getGsmLevel. this.mGsmSignalBar=4, getGsmSignalStrength()== 19
01-11 20:32:14.985 W/SignalStrength(503): getGsmLevel=4
01-11 20:32:14.985 W/SignalStrength(503): getLevel=4 (SignalStrength: 19 255 -120 -160 -120 -1 -1 99 2147483647 -32767 2147483647 -32767 gsm|lte 4)
01-11 20:32:14.985 W/SignalStrength(503): getGsmLevel. this.mGsmSignalBar=4, getGsmSignalStrength()== 22
01-11 20:32:14.985 W/SignalStrength(503): getGsmLevel=4
01-11 20:32:14.985 W/SignalStrength(503): getLevel=4 (SignalStrength: 22 255 -120 -160 -120 -1 -1 99 2147483647 -32767 2147483647 -32767 gsm|lte 4)
01-11 20:32:15.095 D/lights  (377): write_int /sys/class/leds/button-backlight/brightness = 0
01-11 20:32:16.125 I/NRFW    (1229): profile=wifi
01-11 20:32:16.135 I/NRFW    (1229): serverip=103.235.47.88 localIp=10.0.8.1
01-11 20:32:16.965 W/SignalStrength(503): getGsmLevel. this.mGsmSignalBar=4, getGsmSignalStrength()== 19
01-11 20:32:16.965 W/SignalStrength(503): getGsmLevel=4
01-11 20:32:16.965 W/SignalStrength(503): getLevel=4 (SignalStrength: 19 255 -120 -160 -120 -1 -1 99 2147483647 -32767 2147483647 -32767 gsm|lte 4)
01-11 20:32:16.965 W/SignalStrength(503): getGsmLevel. this.mGsmSignalBar=4, getGsmSignalStrength()== 22
01-11 20:32:16.965 W/SignalStrength(503): getGsmLevel=4
01-11 20:32:16.965 W/SignalStrength(503): getLevel=4 (SignalStrength: 22 255 -120 -160 -120 -1 -1 99 2147483647 -32767 2147483647 -32767 gsm|lte 4)
01-11 20:32:17.275 I/InputReader(377): Touch event's action is 0x0 (deviceType=0) [pCnt=1, pending(waiting finished signal)=0, s=0.764 ]
01-11 20:32:17.285 I/InputDispatcher(377): Delivering touch to current input target: action: 0x0
01-11 20:32:17.285 D/lights  (377): write_int /sys/class/leds/button-backlight/brightness = 255
01-11 20:32:17.805 I/InputReader(377): Touch event's action is 0x1 (deviceType=0) [pCnt=1, pending(waiting finished signal)=0, s=]
01-11 20:32:17.805 I/InputDispatcher(377): Delivering touch to current input target: action: 0x1
01-11 20:32:18.035 W/SignalStrength(503): getGsmLevel. this.mGsmSignalBar=4, getGsmSignalStrength()== 19
01-11 20:32:18.035 W/SignalStrength(503): getGsmLevel=4
01-11 20:32:18.045 W/SignalStrength(503): getLevel=4 (SignalStrength: 19 255 -120 -160 -120 -1 -1 99 2147483647 -32767 2147483647 -32767 gsm|lte 4)
01-11 20:32:18.045 W/SignalStrength(503): getGsmLevel. this.mGsmSignalBar=4, getGsmSignalStrength()== 22
01-11 20:32:18.045 W/SignalStrength(503): getGsmLevel=4
01-11 20:32:18.045 W/SignalStrength(503): getLevel=4 (SignalStrength: 22 255 -120 -160 -120 -1 -1 99 2147483647 -32767 2147483647 -32767 gsm|lte 4)
01-11 20:32:18.665 I/InputReader(377): Touch event's action is 0x0 (deviceType=0) [pCnt=1, pending(waiting finished signal)=0, s=0.765 ]
01-11 20:32:18.665 I/InputDispatcher(377): Delivering touch to current input target: action: 0x0
01-11 20:32:18.735 D/KeyguardViewMediator(377): setHidden false
01-11 20:32:18.775 I/InputReader(377): Touch event's action is 0x1 (deviceType=0) [pCnt=1, pending(waiting finished signal)=1, s=]
01-11 20:32:18.795 I/InputDispatcher(377): Delivering touch to current input target: action: 0x1
01-11 20:32:18.795 D/KeyguardViewMediator(377): setHidden false
01-11 20:32:18.805 D/KeyguardViewMediator(377): setHidden false
01-11 20:32:18.945 D/KeyguardViewMediator(377): setHidden false
01-11 20:32:18.955 D/KeyguardViewMediator(377): setHidden false
01-11 20:32:18.965 D/KeyguardViewMediator(377): setHidden false
01-11 20:32:18.975 D/KeyguardViewMediator(377): setHidden false
01-11 20:32:18.985 D/KeyguardViewMediator(377): setHidden false
01-11 20:32:18.985 D/KeyguardViewMediator(377): setHidden false
01-11 20:32:19.005 D/KeyguardViewMediator(377): setHidden false
01-11 20:32:19.015 D/KeyguardViewMediator(377): setHidden false
01-11 20:32:19.015 D/KeyguardViewMediator(377): setHidden false
01-11 20:32:19.025 D/KeyguardViewMediator(377): setHidden false
01-11 20:32:19.035 D/KeyguardViewMediator(377): setHidden false
01-11 20:32:19.055 D/KeyguardViewMediator(377): setHidden false
01-11 20:32:19.055 D/KeyguardViewMediator(377): setHidden false
01-11 20:32:19.065 D/KeyguardViewMediator(377): setHidden false
01-11 20:32:19.075 D/KeyguardViewMediator(377): setHidden false
01-11 20:32:19.075 D/KeyguardViewMediator(377): setHidden false
01-11 20:32:19.085 D/KeyguardViewMediator(377): setHidden false
01-11 20:32:19.095 D/KeyguardViewMediator(377): setHidden false
01-11 20:32:19.105 D/KeyguardViewMediator(377): setHidden false
01-11 20:32:19.115 D/KeyguardViewMediator(377): setHidden false
01-11 20:32:19.115 D/KeyguardViewMediator(377): setHidden false
01-11 20:32:19.125 D/KeyguardViewMediator(377): setHidden false
01-11 20:32:19.145 D/KeyguardViewMediator(377): setHidden false
01-11 20:32:19.145 D/KeyguardViewMediator(377): setHidden false
01-11 20:32:19.155 D/KeyguardViewMediator(377): setHidden false
01-11 20:32:19.165 D/KeyguardViewMediator(377): setHidden false
01-11 20:32:19.165 D/KeyguardViewMediator(377): setHidden false
01-11 20:32:19.175 D/KeyguardViewMediator(377): setHidden false
01-11 20:32:19.185 E/AlarmManagerService(377): android_server_AlarmManagerService_set to type=3, 112774.365000000
01-11 20:32:19.205 I/NRFW    (1229): profile=wifi
01-11 20:32:19.225 D/KeyguardViewMediator(377): setHidden false
01-11 20:32:19.225 D/KeyguardViewMediator(377): setHidden false
01-11 20:32:19.235 D/KeyguardViewMediator(377): setHidden false
01-11 20:32:19.235 D/KeyguardViewMediator(377): setHidden false
01-11 20:32:19.255 D/KeyguardViewMediator(377): setHidden false
01-11 20:32:19.255 D/KeyguardViewMediator(377): setHidden false
01-11 20:32:19.275 W/Vibrator(377): Vibrator.cancel()
01-11 20:32:19.285 D/OpenGLRenderer(503): Flushing caches (mode 0)
01-11 20:32:19.285 D/memalloc(503): /dev/pmem: Unmapping buffer base:0x5716f000 size:9936896 offset:8462336
01-11 20:32:19.285 D/memalloc(503): /dev/pmem: Unmapping buffer base:0x57ae9000 size:18128896 offset:16654336
01-11 20:32:19.285 D/memalloc(111): /dev/pmem: Freeing buffer base:0x42b74000 size:1474560 offset:16654336 fd:72
01-11 20:32:19.295 W/SurfaceFlinger(111): id=497 Removed idx=4 Map Size=6
01-11 20:32:19.295 D/KeyguardViewMediator(377): setHidden false
01-11 20:32:19.305 W/SurfaceFlinger(111): id=497 Removed idx=-2 Map Size=6
01-11 20:32:19.305 D/DateTimeIntentReceiver(24471): COLLAPSED is received, dialog_state : false
01-11 20:32:19.315 D/memalloc(111): /dev/pmem: Freeing buffer base:0x423a4000 size:1474560 offset:8462336 fd:60
01-11 20:32:19.315 D/KeyguardViewMediator(377): setHidden false
01-11 20:32:19.405 D/dalvikvm(25285): GC_CONCURRENT freed 7341K, 28% free 24325K/33699K, paused 5ms+39ms
01-11 20:32:19.975 W/SignalStrength(503): getGsmLevel. this.mGsmSignalBar=4, getGsmSignalStrength()== 19
01-11 20:32:19.975 W/SignalStrength(503): getGsmLevel=4
01-11 20:32:19.975 W/SignalStrength(503): getLevel=4 (SignalStrength: 19 255 -120 -160 -120 -1 -1 99 2147483647 -32767 2147483647 -32767 gsm|lte 4)
01-11 20:32:19.975 W/SignalStrength(503): getGsmLevel. this.mGsmSignalBar=4, getGsmSignalStrength()== 22
01-11 20:32:19.975 W/SignalStrength(503): getGsmLevel=4
01-11 20:32:19.975 W/SignalStrength(503): getLevel=4 (SignalStrength: 22 255 -120 -160 -120 -1 -1 99 2147483647 -32767 2147483647 -32767 gsm|lte 4)
01-11 20:32:20.165 D/lights  (377): write_int /sys/class/leds/button-backlight/brightness = 0
01-11 20:32:20.975 W/SignalStrength(503): getGsmLevel. this.mGsmSignalBar=4, getGsmSignalStrength()== 19
01-11 20:32:20.975 W/SignalStrength(503): getGsmLevel=4
01-11 20:32:20.975 W/SignalStrength(503): getLevel=4 (SignalStrength: 19 255 -120 -160 -120 -1 -1 99 2147483647 -32767 2147483647 -32767 gsm|lte 4)
01-11 20:32:20.975 W/SignalStrength(503): getGsmLevel. this.mGsmSignalBar=4, getGsmSignalStrength()== 22
01-11 20:32:20.975 W/SignalStrength(503): getGsmLevel=4
01-11 20:32:20.975 W/SignalStrength(503): getLevel=4 (SignalStrength: 22 255 -120 -160 -120 -1 -1 99 2147483647 -32767 2147483647 -32767 gsm|lte 4)
01-11 20:32:22.525 W/SignalStrength(503): getGsmLevel. this.mGsmSignalBar=4, getGsmSignalStrength()== 19
01-11 20:32:22.525 W/SignalStrength(503): getGsmLevel=4
01-11 20:32:22.525 W/SignalStrength(503): getLevel=4 (SignalStrength: 19 255 -120 -160 -120 -1 -1 99 2147483647 -32767 2147483647 -32767 gsm|lte 4)
01-11 20:32:22.525 W/SignalStrength(503): getGsmLevel. this.mGsmSignalBar=4, getGsmSignalStrength()== 22
01-11 20:32:22.525 W/SignalStrength(503): getGsmLevel=4
01-11 20:32:22.525 W/SignalStrength(503): getLevel=4 (SignalStrength: 22 255 -120 -160 -120 -1 -1 99 2147483647 -32767 2147483647 -32767 gsm|lte 4)
01-11 20:32:22.985 W/SignalStrength(503): getGsmLevel. this.mGsmSignalBar=4, getGsmSignalStrength()== 19
01-11 20:32:22.985 W/SignalStrength(503): getGsmLevel=4
01-11 20:32:22.985 W/SignalStrength(503): getLevel=4 (SignalStrength: 19 255 -120 -160 -120 -1 -1 99 2147483647 -32767 2147483647 -32767 gsm|lte 4)
01-11 20:32:22.985 W/SignalStrength(503): getGsmLevel. this.mGsmSignalBar=4, getGsmSignalStrength()== 22
01-11 20:32:22.985 W/SignalStrength(503): getGsmLevel=4
01-11 20:32:22.985 W/SignalStrength(503): getLevel=4 (SignalStrength: 22 255 -120 -160 -120 -1 -1 99 2147483647 -32767 2147483647 -32767 gsm|lte 4)
01-11 20:32:23.125 D/dalvikvm(25285): GC_CONCURRENT freed 7336K, 28% free 24322K/33699K, paused 3ms+18ms
01-11 20:32:24.875 D/KeyguardUpdateMonitor(377): received broadcast android.intent.action.BATTERY_CHANGED
01-11 20:32:24.875 D/KeyguardUpdateMonitor(377): handleBatteryUpdate
01-11 20:32:24.985 W/SignalStrength(503): getGsmLevel. this.mGsmSignalBar=4, getGsmSignalStrength()== 19
01-11 20:32:24.985 W/SignalStrength(503): getGsmLevel=4
01-11 20:32:24.985 W/SignalStrength(503): getLevel=4 (SignalStrength: 19 255 -120 -160 -120 -1 -1 99 2147483647 -32767 2147483647 -32767 gsm|lte 4)
01-11 20:32:24.985 W/SignalStrength(503): getGsmLevel. this.mGsmSignalBar=4, getGsmSignalStrength()== 22
01-11 20:32:24.985 W/SignalStrength(503): getGsmLevel=4
01-11 20:32:24.985 W/SignalStrength(503): getLevel=4 (SignalStrength: 22 255 -120 -160 -120 -1 -1 99 2147483647 -32767 2147483647 -32767 gsm|lte 4)
01-11 20:32:25.985 W/SignalStrength(503): getGsmLevel. this.mGsmSignalBar=4, getGsmSignalStrength()== 19
01-11 20:32:25.985 W/SignalStrength(503): getGsmLevel=4
01-11 20:32:25.985 W/SignalStrength(503): getLevel=4 (SignalStrength: 19 255 -120 -160 -120 -1 -1 99 2147483647 -32767 2147483647 -32767 gsm|lte 4)
01-11 20:32:25.985 W/SignalStrength(503): getGsmLevel. this.mGsmSignalBar=4, getGsmSignalStrength()== 22
01-11 20:32:25.985 W/SignalStrength(503): getGsmLevel=4
01-11 20:32:25.985 W/SignalStrength(503): getLevel=4 (SignalStrength: 22 255 -120 -160 -120 -1 -1 99 2147483647 -32767 2147483647 -32767 gsm|lte 4)
01-11 20:32:26.365 D/dalvikvm(25285): GC_CONCURRENT freed 7309K, 28% free 24345K/33699K, paused 4ms+20ms
01-11 20:32:26.985 W/SignalStrength(503): getGsmLevel. this.mGsmSignalBar=4, getGsmSignalStrength()== 19
01-11 20:32:26.985 W/SignalStrength(503): getGsmLevel=4
01-11 20:32:26.985 W/SignalStrength(503): getLevel=4 (SignalStrength: 19 255 -120 -160 -120 -1 -1 99 2147483647 -32767 2147483647 -32767 gsm|lte 4)
01-11 20:32:26.985 W/SignalStrength(503): getGsmLevel. this.mGsmSignalBar=4, getGsmSignalStrength()== 22
01-11 20:32:26.985 W/SignalStrength(503): getGsmLevel=4
01-11 20:32:26.985 W/SignalStrength(503): getLevel=4 (SignalStrength: 22 255 -120 -160 -120 -1 -1 99 2147483647 -32767 2147483647 -32767 gsm|lte 4)
01-11 20:32:28.995 W/SignalStrength(503): getGsmLevel. this.mGsmSignalBar=4, getGsmSignalStrength()== 19
01-11 20:32:28.995 W/SignalStrength(503): getGsmLevel=4
01-11 20:32:28.995 W/SignalStrength(503): getLevel=4 (SignalStrength: 19 255 -120 -160 -120 -1 -1 99 2147483647 -32767 2147483647 -32767 gsm|lte 4)
01-11 20:32:28.995 W/SignalStrength(503): getGsmLevel. this.mGsmSignalBar=4, getGsmSignalStrength()== 22
01-11 20:32:28.995 W/SignalStrength(503): getGsmLevel=4
01-11 20:32:28.995 W/SignalStrength(503): getLevel=4 (SignalStrength: 22 255 -120 -160 -120 -1 -1 99 2147483647 -32767 2147483647 -32767 gsm|lte 4)
01-11 20:32:29.205 D/Tethering(377): interfaceLinkStateChanged wlan0, true
01-11 20:32:29.205 D/Tethering(377): interfaceStatusChanged wlan0, true
01-11 20:32:29.585 D/dalvikvm(25285): GC_CONCURRENT freed 7348K, 28% free 24337K/33699K, paused 4ms+18ms
01-11 20:32:29.995 W/SignalStrength(503): getGsmLevel. this.mGsmSignalBar=4, getGsmSignalStrength()== 19
01-11 20:32:29.995 W/SignalStrength(503): getGsmLevel=4
01-11 20:32:29.995 W/SignalStrength(503): getLevel=4 (SignalStrength: 19 255 -120 -160 -120 -1 -1 99 2147483647 -32767 2147483647 -32767 gsm|lte 4)
01-11 20:32:29.995 W/SignalStrength(503): getGsmLevel. this.mGsmSignalBar=4, getGsmSignalStrength()== 22
01-11 20:32:29.995 W/SignalStrength(503): getGsmLevel=4
01-11 20:32:29.995 W/SignalStrength(503): getLevel=4 (SignalStrength: 22 255 -120 -160 -120 -1 -1 99 2147483647 -32767 2147483647 -32767 gsm|lte 4)
01-11 20:32:30.115 I/NRFW    (1229): profile=wifi
01-11 20:32:30.125 I/NRFW    (1229): serverip=103.235.47.88 localIp=10.0.8.1
01-11 20:32:32.005 W/SignalStrength(503): getGsmLevel. this.mGsmSignalBar=4, getGsmSignalStrength()== 19
01-11 20:32:32.005 W/SignalStrength(503): getGsmLevel=4
01-11 20:32:32.005 W/SignalStrength(503): getLevel=4 (SignalStrength: 19 255 -120 -160 -120 -1 -1 99 2147483647 -32767 2147483647 -32767 gsm|lte 4)
01-11 20:32:32.005 W/SignalStrength(503): getGsmLevel. this.mGsmSignalBar=4, getGsmSignalStrength()== 22
01-11 20:32:32.005 W/SignalStrength(503): getGsmLevel=4
01-11 20:32:32.005 W/SignalStrength(503): getLevel=4 (SignalStrength: 22 255 -120 -160 -120 -1 -1 99 2147483647 -32767 2147483647 -32767 gsm|lte 4)
01-11 20:32:32.715 D/dalvikvm(25285): GC_CONCURRENT freed 7332K, 28% free 24340K/33699K, paused 4ms+19ms
01-11 20:32:33.005 W/SignalStrength(503): getGsmLevel. this.mGsmSignalBar=4, getGsmSignalStrength()== 19
01-11 20:32:33.005 W/SignalStrength(503): getGsmLevel=4
01-11 20:32:33.005 W/SignalStrength(503): getLevel=4 (SignalStrength: 19 255 -120 -160 -120 -1 -1 99 2147483647 -32767 2147483647 -32767 gsm|lte 4)
01-11 20:32:33.005 W/SignalStrength(503): getGsmLevel. this.mGsmSignalBar=4, getGsmSignalStrength()== 22
01-11 20:32:33.005 W/SignalStrength(503): getGsmLevel=4
01-11 20:32:33.005 W/SignalStrength(503): getLevel=4 (SignalStrength: 22 255 -120 -160 -120 -1 -1 99 2147483647 -32767 2147483647 -32767 gsm|lte 4)
01-11 20:32:33.135 I/NRFW    (1229): profile=wifi
01-11 20:32:33.155 I/NRFW    (1229): serverip=103.235.47.88 localIp=10.0.8.1
01-11 20:32:35.005 W/SignalStrength(503): getGsmLevel. this.mGsmSignalBar=4, getGsmSignalStrength()== 19
01-11 20:32:35.005 W/SignalStrength(503): getGsmLevel=4
01-11 20:32:35.005 W/SignalStrength(503): getLevel=4 (SignalStrength: 19 255 -120 -160 -120 -1 -1 99 2147483647 -32767 2147483647 -32767 gsm|lte 4)
01-11 20:32:35.005 W/SignalStrength(503): getGsmLevel. this.mGsmSignalBar=4, getGsmSignalStrength()== 22
01-11 20:32:35.005 W/SignalStrength(503): getGsmLevel=4
01-11 20:32:35.005 W/SignalStrength(503): getLevel=4 (SignalStrength: 22 255 -120 -160 -120 -1 -1 99 2147483647 -32767 2147483647 -32767 gsm|lte 4)
01-11 20:32:35.855 D/dalvikvm(25285): GC_CONCURRENT freed 7333K, 28% free 24345K/33699K, paused 4ms+20ms
01-11 20:32:36.005 W/SignalStrength(503): getGsmLevel. this.mGsmSignalBar=4, getGsmSignalStrength()== 19
01-11 20:32:36.005 W/SignalStrength(503): getGsmLevel=4
01-11 20:32:36.015 W/SignalStrength(503): getLevel=4 (SignalStrength: 19 255 -120 -160 -120 -1 -1 99 2147483647 -32767 2147483647 -32767 gsm|lte 4)
01-11 20:32:36.015 W/SignalStrength(503): getGsmLevel. this.mGsmSignalBar=4, getGsmSignalStrength()== 22
01-11 20:32:36.015 W/SignalStrength(503): getGsmLevel=4
01-11 20:32:36.015 W/SignalStrength(503): getLevel=4 (SignalStrength: 22 255 -120 -160 -120 -1 -1 99 2147483647 -32767 2147483647 -32767 gsm|lte 4)
01-11 20:32:38.015 W/SignalStrength(503): getGsmLevel. this.mGsmSignalBar=4, getGsmSignalStrength()== 19
01-11 20:32:38.015 W/SignalStrength(503): getGsmLevel=4
01-11 20:32:38.015 W/SignalStrength(503): getLevel=4 (SignalStrength: 19 255 -120 -160 -120 -1 -1 99 2147483647 -32767 2147483647 -32767 gsm|lte 4)
01-11 20:32:38.015 W/SignalStrength(503): getGsmLevel. this.mGsmSignalBar=4, getGsmSignalStrength()== 22
01-11 20:32:38.015 W/SignalStrength(503): getGsmLevel=4
01-11 20:32:38.015 W/SignalStrength(503): getLevel=4 (SignalStrength: 22 255 -120 -160 -120 -1 -1 99 2147483647 -32767 2147483647 -32767 gsm|lte 4)
01-11 20:32:39.015 W/SignalStrength(503): getGsmLevel. this.mGsmSignalBar=4, getGsmSignalStrength()== 19
01-11 20:32:39.015 W/SignalStrength(503): getGsmLevel=4
01-11 20:32:39.015 W/SignalStrength(503): getLevel=4 (SignalStrength: 19 255 -120 -160 -120 -1 -1 99 2147483647 -32767 2147483647 -32767 gsm|lte 4)
01-11 20:32:39.015 W/SignalStrength(503): getGsmLevel. this.mGsmSignalBar=4, getGsmSignalStrength()== 22
01-11 20:32:39.015 W/SignalStrength(503): getGsmLevel=4
01-11 20:32:39.015 W/SignalStrength(503): getLevel=4 (SignalStrength: 22 255 -120 -160 -120 -1 -1 99 2147483647 -32767 2147483647 -32767 gsm|lte 4)
01-11 20:32:39.145 I/NRFW    (1229): profile=wifi
01-11 20:32:39.165 I/NRFW    (1229): serverip=103.235.47.88 localIp=10.0.8.1
01-11 20:32:39.185 I/DNS     (1229): 103.235.47.88 h_errno=1
01-11 20:32:39.205 I/DNS     (1229): 112.80.248.171 h_errno=1
01-11 20:32:39.555 D/dalvikvm(25285): GC_CONCURRENT freed 7344K, 28% free 24340K/33699K, paused 3ms+17ms
01-11 20:32:39.765 D/plugin  (684): getDefaultSubscription()
01-11 20:32:41.025 W/SignalStrength(503): getGsmLevel. this.mGsmSignalBar=4, getGsmSignalStrength()== 19
01-11 20:32:41.025 W/SignalStrength(503): getGsmLevel=4
01-11 20:32:41.025 W/SignalStrength(503): getLevel=4 (SignalStrength: 19 255 -120 -160 -120 -1 -1 99 2147483647 -32767 2147483647 -32767 gsm|lte 4)
01-11 20:32:41.025 W/SignalStrength(503): getGsmLevel. this.mGsmSignalBar=4, getGsmSignalStrength()== 22
01-11 20:32:41.025 W/SignalStrength(503): getGsmLevel=4
01-11 20:32:41.025 W/SignalStrength(503): getLevel=4 (SignalStrength: 22 255 -120 -160 -120 -1 -1 99 2147483647 -32767 2147483647 -32767 gsm|lte 4)
01-11 20:32:42.025 W/SignalStrength(503): getGsmLevel. this.mGsmSignalBar=4, getGsmSignalStrength()== 19
01-11 20:32:42.025 W/SignalStrength(503): getGsmLevel=4
01-11 20:32:42.025 W/SignalStrength(503): getLevel=4 (SignalStrength: 19 255 -120 -160 -120 -1 -1 99 2147483647 -32767 2147483647 -32767 gsm|lte 4)
01-11 20:32:42.025 W/SignalStrength(503): getGsmLevel. this.mGsmSignalBar=4, getGsmSignalStrength()== 22
01-11 20:32:42.025 W/SignalStrength(503): getGsmLevel=4
01-11 20:32:42.025 W/SignalStrength(503): getLevel=4 (SignalStrength: 22 255 -120 -160 -120 -1 -1 99 2147483647 -32767 2147483647 -32767 gsm|lte 4)
01-11 20:32:43.195 D/dalvikvm(25285): GC_CONCURRENT freed 7306K, 28% free 24373K/33699K, paused 5ms+20ms
01-11 20:32:44.025 W/SignalStrength(503): getGsmLevel. this.mGsmSignalBar=4, getGsmSignalStrength()== 19
01-11 20:32:44.025 W/SignalStrength(503): getGsmLevel=4
01-11 20:32:44.025 W/SignalStrength(503): getLevel=4 (SignalStrength: 19 255 -120 -160 -120 -1 -1 99 2147483647 -32767 2147483647 -32767 gsm|lte 4)
01-11 20:32:44.025 W/SignalStrength(503): getGsmLevel. this.mGsmSignalBar=4, getGsmSignalStrength()== 22
01-11 20:32:44.025 W/SignalStrength(503): getGsmLevel=4
01-11 20:32:44.025 W/SignalStrength(503): getLevel=4 (SignalStrength: 22 255 -120 -160 -120 -1 -1 99 2147483647 -32767 2147483647 -32767 gsm|lte 4)
01-11 20:32:44.935 D/KeyguardUpdateMonitor(377): received broadcast android.intent.action.BATTERY_CHANGED
01-11 20:32:44.935 D/KeyguardUpdateMonitor(377): handleBatteryUpdate
01-11 20:32:45.025 W/SignalStrength(503): getGsmLevel. this.mGsmSignalBar=4, getGsmSignalStrength()== 19
01-11 20:32:45.025 W/SignalStrength(503): getGsmLevel=4
01-11 20:32:45.025 W/SignalStrength(503): getLevel=4 (SignalStrength: 19 255 -120 -160 -120 -1 -1 99 2147483647 -32767 2147483647 -32767 gsm|lte 4)
01-11 20:32:45.025 W/SignalStrength(503): getGsmLevel. this.mGsmSignalBar=4, getGsmSignalStrength()== 22
01-11 20:32:45.025 W/SignalStrength(503): getGsmLevel=4
01-11 20:32:45.025 W/SignalStrength(503): getLevel=4 (SignalStrength: 22 255 -120 -160 -120 -1 -1 99 2147483647 -32767 2147483647 -32767 gsm|lte 4)
01-11 20:32:45.715 D/QCRIL_RPC(102): Enter qcril_cm_srvsys_event_callback
01-11 20:32:45.715 D/QCRIL_RPC(102): Exit qcril_cm_srvsys_event_callback
01-11 20:32:45.715 W/SignalStrength(503): getGsmLevel. this.mGsmSignalBar=4, getGsmSignalStrength()== 22
01-11 20:32:45.715 W/SignalStrength(503): getGsmLevel=4
01-11 20:32:45.715 W/SignalStrength(503): getLevel=4 (SignalStrength: 22 255 -120 -160 -120 -1 -1 99 2147483647 -32767 2147483647 -32767 gsm|lte 4)
01-11 20:32:45.715 W/SignalStrength(503): getGsmLevel. this.mGsmSignalBar=4, getGsmSignalStrength()== 22
01-11 20:32:45.715 W/SignalStrength(503): getGsmLevel=4
01-11 20:32:45.715 W/SignalStrength(503): getLevel=4 (SignalStrength: 22 255 -120 -160 -120 -1 -1 99 2147483647 -32767 2147483647 -32767 gsm|lte 4)
01-11 20:32:45.715 W/SignalStrength(503): getGsmLevel. this.mGsmSignalBar=4, getGsmSignalStrength()== 22
01-11 20:32:45.715 W/SignalStrength(503): getGsmLevel=4
01-11 20:32:45.715 W/SignalStrength(503): getLevel=4 (SignalStrength: 22 255 -120 -160 -120 -1 -1 99 2147483647 -32767 2147483647 -32767 gsm|lte 4)
01-11 20:32:45.715 W/SignalStrength(503): getGsmLevel. this.mGsmSignalBar=4, getGsmSignalStrength()== 22
01-11 20:32:45.715 W/SignalStrength(503): getGsmLevel=4
01-11 20:32:45.715 W/SignalStrength(503): getLevel=4 (SignalStrength: 22 255 -120 -160 -120 -1 -1 99 2147483647 -32767 2147483647 -32767 gsm|lte 4)
01-11 20:32:45.745 W/SignalStrength(377): getGsmLevel. this.mGsmSignalBar=4, getGsmSignalStrength()== 22
01-11 20:32:45.745 W/SignalStrength(377): getGsmLevel=4
01-11 20:32:45.745 W/SignalStrength(377): getLevel=4 (SignalStrength: 22 255 -120 -160 -120 -1 -1 99 2147483647 -32767 2147483647 -32767 gsm|lte 4)
01-11 20:32:45.745 W/SignalStrength(377): getDbm 1
01-11 20:32:45.745 W/SignalStrength(377): getGsmDbm=-69
01-11 20:32:45.745 W/SignalStrength(377): getDbm=-69
01-11 20:32:45.745 W/SignalStrength(377): getAsuLevel 1
01-11 20:32:45.745 W/SignalStrength(377): getGsmAsuLevel=22
01-11 20:32:45.745 W/SignalStrength(377): getAsuLevel=22
01-11 20:32:46.425 D/dalvikvm(25285): GC_CONCURRENT freed 7359K, 28% free 24362K/33699K, paused 7ms+19ms
01-11 20:32:47.035 W/SignalStrength(503): getGsmLevel. this.mGsmSignalBar=4, getGsmSignalStrength()== 22
01-11 20:32:47.035 W/SignalStrength(503): getGsmLevel=4
01-11 20:32:47.035 W/SignalStrength(503): getLevel=4 (SignalStrength: 22 255 -120 -160 -120 -1 -1 99 2147483647 -32767 2147483647 -32767 gsm|lte 4)
01-11 20:32:47.035 W/SignalStrength(503): getGsmLevel. this.mGsmSignalBar=4, getGsmSignalStrength()== 22
01-11 20:32:47.035 W/SignalStrength(503): getGsmLevel=4
01-11 20:32:47.035 W/SignalStrength(503): getLevel=4 (SignalStrength: 22 255 -120 -160 -120 -1 -1 99 2147483647 -32767 2147483647 -32767 gsm|lte 4)
01-11 20:32:48.035 W/SignalStrength(503): getGsmLevel. this.mGsmSignalBar=4, getGsmSignalStrength()== 22
01-11 20:32:48.035 W/SignalStrength(503): getGsmLevel=4
01-11 20:32:48.035 W/SignalStrength(503): getLevel=4 (SignalStrength: 22 255 -120 -160 -120 -1 -1 99 2147483647 -32767 2147483647 -32767 gsm|lte 4)
01-11 20:32:48.035 W/SignalStrength(503): getGsmLevel. this.mGsmSignalBar=4, getGsmSignalStrength()== 22
01-11 20:32:48.035 W/SignalStrength(503): getGsmLevel=4
01-11 20:32:48.035 W/SignalStrength(503): getLevel=4 (SignalStrength: 22 255 -120 -160 -120 -1 -1 99 2147483647 -32767 2147483647 -32767 gsm|lte 4)
01-11 20:32:49.465 D/dalvikvm(25285): GC_CONCURRENT freed 7359K, 28% free 24349K/33699K, paused 3ms+17ms
01-11 20:32:49.485 D/plugin  (684): getDefaultSubscription()
01-11 20:32:49.485 E/MSimTelephonyManager(24146): MSimTelephonyManager sRegistryMsim != null
01-11 20:32:49.505 I/NRFW    (1229): profile=wifi
01-11 20:32:49.525 I/NRFW    (1229): serverip=180.76.3.90 localIp=10.0.8.1
01-11 20:32:49.545 I/DNS     (1229): 180.76.3.90 h_errno=1
01-11 20:32:50.035 W/SignalStrength(503): getGsmLevel. this.mGsmSignalBar=4, getGsmSignalStrength()== 22
01-11 20:32:50.035 W/SignalStrength(503): getGsmLevel=4
01-11 20:32:50.035 W/SignalStrength(503): getLevel=4 (SignalStrength: 22 255 -120 -160 -120 -1 -1 99 2147483647 -32767 2147483647 -32767 gsm|lte 4)
01-11 20:32:50.035 W/SignalStrength(503): getGsmLevel. this.mGsmSignalBar=4, getGsmSignalStrength()== 22
01-11 20:32:50.035 W/SignalStrength(503): getGsmLevel=4
01-11 20:32:50.035 W/SignalStrength(503): getLevel=4 (SignalStrength: 22 255 -120 -160 -120 -1 -1 99 2147483647 -32767 2147483647 -32767 gsm|lte 4)
01-11 20:32:50.305 I/NRFW    (1229): serverip=103.235.47.88 localIp=10.0.8.1
01-11 20:32:51.045 W/SignalStrength(503): getGsmLevel. this.mGsmSignalBar=4, getGsmSignalStrength()== 22
01-11 20:32:51.045 W/SignalStrength(503): getGsmLevel=4
01-11 20:32:51.045 W/SignalStrength(503): getLevel=4 (SignalStrength: 22 255 -120 -160 -120 -1 -1 99 2147483647 -32767 2147483647 -32767 gsm|lte 4)
01-11 20:32:51.045 W/SignalStrength(503): getGsmLevel. this.mGsmSignalBar=4, getGsmSignalStrength()== 22
01-11 20:32:51.045 W/SignalStrength(503): getGsmLevel=4
01-11 20:32:51.045 W/SignalStrength(503): getLevel=4 (SignalStrength: 22 255 -120 -160 -120 -1 -1 99 2147483647 -32767 2147483647 -32767 gsm|lte 4)
01-11 20:32:52.535 I/NRFW    (1229): profile=wifi
01-11 20:32:52.545 I/NRFW    (1229): serverip=180.76.3.90 localIp=10.0.8.1
01-11 20:32:52.775 D/dalvikvm(25285): GC_CONCURRENT freed 7324K, 28% free 24366K/33699K, paused 4ms+19ms
01-11 20:32:53.045 W/SignalStrength(503): getGsmLevel. this.mGsmSignalBar=4, getGsmSignalStrength()== 22
01-11 20:32:53.045 W/SignalStrength(503): getGsmLevel=4
01-11 20:32:53.045 W/SignalStrength(503): getLevel=4 (SignalStrength: 22 255 -120 -160 -120 -1 -1 99 2147483647 -32767 2147483647 -32767 gsm|lte 4)
01-11 20:32:53.045 W/SignalStrength(503): getGsmLevel. this.mGsmSignalBar=4, getGsmSignalStrength()== 22
01-11 20:32:53.045 W/SignalStrength(503): getGsmLevel=4
01-11 20:32:53.045 W/SignalStrength(503): getLevel=4 (SignalStrength: 22 255 -120 -160 -120 -1 -1 99 2147483647 -32767 2147483647 -32767 gsm|lte 4)
01-11 20:32:53.365 I/NRFW    (1229): serverip=103.235.47.88 localIp=10.0.8.1
01-11 20:32:54.055 W/SignalStrength(503): getGsmLevel. this.mGsmSignalBar=4, getGsmSignalStrength()== 22
01-11 20:32:54.055 W/SignalStrength(503): getGsmLevel=4
01-11 20:32:54.055 W/SignalStrength(503): getLevel=4 (SignalStrength: 22 255 -120 -160 -120 -1 -1 99 2147483647 -32767 2147483647 -32767 gsm|lte 4)
01-11 20:32:54.055 W/SignalStrength(503): getGsmLevel. this.mGsmSignalBar=4, getGsmSignalStrength()== 22
01-11 20:32:54.055 W/SignalStrength(503): getGsmLevel=4
01-11 20:32:54.055 W/SignalStrength(503): getLevel=4 (SignalStrength: 22 255 -120 -160 -120 -1 -1 99 2147483647 -32767 2147483647 -32767 gsm|lte 4)
01-11 20:32:55.935 D/dalvikvm(25285): GC_CONCURRENT freed 7357K, 28% free 24356K/33699K, paused 4ms+19ms
01-11 20:32:56.055 W/SignalStrength(503): getGsmLevel. this.mGsmSignalBar=4, getGsmSignalStrength()== 22
01-11 20:32:56.055 W/SignalStrength(503): getGsmLevel=4
01-11 20:32:56.055 W/SignalStrength(503): getLevel=4 (SignalStrength: 22 255 -120 -160 -120 -1 -1 99 2147483647 -32767 2147483647 -32767 gsm|lte 4)
01-11 20:32:56.055 W/SignalStrength(503): getGsmLevel. this.mGsmSignalBar=4, getGsmSignalStrength()== 22
01-11 20:32:56.055 W/SignalStrength(503): getGsmLevel=4
01-11 20:32:56.055 W/SignalStrength(503): getLevel=4 (SignalStrength: 22 255 -120 -160 -120 -1 -1 99 2147483647 -32767 2147483647 -32767 gsm|lte 4)
01-11 20:32:57.055 W/SignalStrength(503): getGsmLevel. this.mGsmSignalBar=4, getGsmSignalStrength()== 22
01-11 20:32:57.055 W/SignalStrength(503): getGsmLevel=4
01-11 20:32:57.055 W/SignalStrength(503): getLevel=4 (SignalStrength: 22 255 -120 -160 -120 -1 -1 99 2147483647 -32767 2147483647 -32767 gsm|lte 4)
01-11 20:32:57.055 W/SignalStrength(503): getGsmLevel. this.mGsmSignalBar=4, getGsmSignalStrength()== 22
01-11 20:32:57.055 W/SignalStrength(503): getGsmLevel=4
01-11 20:32:57.055 W/SignalStrength(503): getLevel=4 (SignalStrength: 22 255 -120 -160 -120 -1 -1 99 2147483647 -32767 2147483647 -32767 gsm|lte 4)
01-11 20:32:58.545 I/NRFW    (1229): profile=wifi
01-11 20:32:58.565 I/NRFW    (1229): serverip=180.76.3.90 localIp=10.0.8.1
01-11 20:32:59.055 W/SignalStrength(503): getGsmLevel. this.mGsmSignalBar=4, getGsmSignalStrength()== 22
01-11 20:32:59.055 W/SignalStrength(503): getGsmLevel=4
01-11 20:32:59.055 W/SignalStrength(503): getLevel=4 (SignalStrength: 22 255 -120 -160 -120 -1 -1 99 2147483647 -32767 2147483647 -32767 gsm|lte 4)
01-11 20:32:59.055 W/SignalStrength(503): getGsmLevel. this.mGsmSignalBar=4, getGsmSignalStrength()== 22
01-11 20:32:59.055 W/SignalStrength(503): getGsmLevel=4
01-11 20:32:59.055 W/SignalStrength(503): getLevel=4 (SignalStrength: 22 255 -120 -160 -120 -1 -1 99 2147483647 -32767 2147483647 -32767 gsm|lte 4)
01-11 20:32:59.115 D/dalvikvm(25285): GC_CONCURRENT freed 7342K, 28% free 24355K/33699K, paused 4ms+24ms
01-11 20:32:59.395 I/NRFW    (1229): serverip=103.235.47.88 localIp=10.0.8.1
01-11 20:32:59.995 E/AlarmManagerService(377): android_server_AlarmManagerService_set to type=3, 112793.577000000
01-11 20:32:59.995 D/KeyguardUpdateMonitor(377): received broadcast android.intent.action.TIME_TICK
01-11 20:32:59.995 D/KeyguardUpdateMonitor(377): handleTimeUpdate
01-11 20:33:00.085 W/SignalStrength(503): getGsmLevel. this.mGsmSignalBar=4, getGsmSignalStrength()== 22
01-11 20:33:00.085 W/SignalStrength(503): getGsmLevel=4
01-11 20:33:00.085 W/SignalStrength(503): getLevel=4 (SignalStrength: 22 255 -120 -160 -120 -1 -1 99 2147483647 -32767 2147483647 -32767 gsm|lte 4)
01-11 20:33:00.085 W/SignalStrength(503): getGsmLevel. this.mGsmSignalBar=4, getGsmSignalStrength()== 22
01-11 20:33:00.085 W/SignalStrength(503): getGsmLevel=4
01-11 20:33:00.085 W/SignalStrength(503): getLevel=4 (SignalStrength: 22 255 -120 -160 -120 -1 -1 99 2147483647 -32767 2147483647 -32767 gsm|lte 4)
01-11 20:33:02.065 W/SignalStrength(503): getGsmLevel. this.mGsmSignalBar=4, getGsmSignalStrength()== 22
01-11 20:33:02.065 W/SignalStrength(503): getGsmLevel=4
01-11 20:33:02.065 W/SignalStrength(503): getLevel=4 (SignalStrength: 22 255 -120 -160 -120 -1 -1 99 2147483647 -32767 2147483647 -32767 gsm|lte 4)
01-11 20:33:02.065 W/SignalStrength(503): getGsmLevel. this.mGsmSignalBar=4, getGsmSignalStrength()== 22
01-11 20:33:02.065 W/SignalStrength(503): getGsmLevel=4
01-11 20:33:02.065 W/SignalStrength(503): getLevel=4 (SignalStrength: 22 255 -120 -160 -120 -1 -1 99 2147483647 -32767 2147483647 -32767 gsm|lte 4)
01-11 20:33:02.515 D/dalvikvm(25285): GC_CONCURRENT freed 7355K, 28% free 24343K/33699K, paused 4ms+19ms
01-11 20:33:03.065 W/SignalStrength(503): getGsmLevel. this.mGsmSignalBar=4, getGsmSignalStrength()== 22
01-11 20:33:03.065 W/SignalStrength(503): getGsmLevel=4
01-11 20:33:03.065 W/SignalStrength(503): getLevel=4 (SignalStrength: 22 255 -120 -160 -120 -1 -1 99 2147483647 -32767 2147483647 -32767 gsm|lte 4)
01-11 20:33:03.065 W/SignalStrength(503): getGsmLevel. this.mGsmSignalBar=4, getGsmSignalStrength()== 22
01-11 20:33:03.065 W/SignalStrength(503): getGsmLevel=4
01-11 20:33:03.065 W/SignalStrength(503): getLevel=4 (SignalStrength: 22 255 -120 -160 -120 -1 -1 99 2147483647 -32767 2147483647 -32767 gsm|lte 4)
01-11 20:33:04.955 D/KeyguardUpdateMonitor(377): received broadcast android.intent.action.BATTERY_CHANGED
01-11 20:33:04.955 D/KeyguardUpdateMonitor(377): handleBatteryUpdate
01-11 20:33:05.075 W/SignalStrength(503): getGsmLevel. this.mGsmSignalBar=4, getGsmSignalStrength()== 22
01-11 20:33:05.075 W/SignalStrength(503): getGsmLevel=4
01-11 20:33:05.075 W/SignalStrength(503): getLevel=4 (SignalStrength: 22 255 -120 -160 -120 -1 -1 99 2147483647 -32767 2147483647 -32767 gsm|lte 4)
01-11 20:33:05.075 W/SignalStrength(503): getGsmLevel. this.mGsmSignalBar=4, getGsmSignalStrength()== 22
01-11 20:33:05.075 W/SignalStrength(503): getGsmLevel=4
01-11 20:33:05.075 W/SignalStrength(503): getLevel=4 (SignalStrength: 22 255 -120 -160 -120 -1 -1 99 2147483647 -32767 2147483647 -32767 gsm|lte 4)
01-11 20:33:05.735 D/dalvikvm(25285): GC_CONCURRENT freed 7320K, 28% free 24362K/33699K, paused 3ms+20ms
01-11 20:33:06.075 W/SignalStrength(503): getGsmLevel. this.mGsmSignalBar=4, getGsmSignalStrength()== 22
01-11 20:33:06.075 W/SignalStrength(503): getGsmLevel=4
01-11 20:33:06.075 W/SignalStrength(503): getLevel=4 (SignalStrength: 22 255 -120 -160 -120 -1 -1 99 2147483647 -32767 2147483647 -32767 gsm|lte 4)
01-11 20:33:06.075 W/SignalStrength(503): getGsmLevel. this.mGsmSignalBar=4, getGsmSignalStrength()== 22
01-11 20:33:06.075 W/SignalStrength(503): getGsmLevel=4
01-11 20:33:06.075 W/SignalStrength(503): getLevel=4 (SignalStrength: 22 255 -120 -160 -120 -1 -1 99 2147483647 -32767 2147483647 -32767 gsm|lte 4)
01-11 20:33:08.085 W/SignalStrength(503): getGsmLevel. this.mGsmSignalBar=4, getGsmSignalStrength()== 22
01-11 20:33:08.085 W/SignalStrength(503): getGsmLevel=4
01-11 20:33:08.085 W/SignalStrength(503): getLevel=4 (SignalStrength: 22 255 -120 -160 -120 -1 -1 99 2147483647 -32767 2147483647 -32767 gsm|lte 4)
01-11 20:33:08.085 W/SignalStrength(503): getGsmLevel. this.mGsmSignalBar=4, getGsmSignalStrength()== 22
01-11 20:33:08.085 W/SignalStrength(503): getGsmLevel=4
01-11 20:33:08.085 W/SignalStrength(503): getLevel=4 (SignalStrength: 22 255 -120 -160 -120 -1 -1 99 2147483647 -32767 2147483647 -32767 gsm|lte 4)
01-11 20:33:09.085 W/SignalStrength(503): getGsmLevel. this.mGsmSignalBar=4, getGsmSignalStrength()== 22
01-11 20:33:09.085 W/SignalStrength(503): getGsmLevel=4
01-11 20:33:09.085 W/SignalStrength(503): getLevel=4 (SignalStrength: 22 255 -120 -160 -120 -1 -1 99 2147483647 -32767 2147483647 -32767 gsm|lte 4)
01-11 20:33:09.085 W/SignalStrength(503): getGsmLevel. this.mGsmSignalBar=4, getGsmSignalStrength()== 22
01-11 20:33:09.085 W/SignalStrength(503): getGsmLevel=4
01-11 20:33:09.085 W/SignalStrength(503): getLevel=4 (SignalStrength: 22 255 -120 -160 -120 -1 -1 99 2147483647 -32767 2147483647 -32767 gsm|lte 4)
01-11 20:33:09.375 D/dalvikvm(25285): GC_CONCURRENT freed 7369K, 28% free 24336K/33699K, paused 6ms+18ms
01-11 20:33:11.085 W/SignalStrength(503): getGsmLevel. this.mGsmSignalBar=4, getGsmSignalStrength()== 22
01-11 20:33:11.085 W/SignalStrength(503): getGsmLevel=4
01-11 20:33:11.085 W/SignalStrength(503): getLevel=4 (SignalStrength: 22 255 -120 -160 -120 -1 -1 99 2147483647 -32767 2147483647 -32767 gsm|lte 4)
01-11 20:33:11.085 W/SignalStrength(503): getGsmLevel. this.mGsmSignalBar=4, getGsmSignalStrength()== 22
01-11 20:33:11.085 W/SignalStrength(503): getGsmLevel=4
01-11 20:33:11.085 W/SignalStrength(503): getLevel=4 (SignalStrength: 22 255 -120 -160 -120 -1 -1 99 2147483647 -32767 2147483647 -32767 gsm|lte 4)
01-11 20:33:12.095 W/SignalStrength(503): getGsmLevel. this.mGsmSignalBar=4, getGsmSignalStrength()== 22
01-11 20:33:12.095 W/SignalStrength(503): getGsmLevel=4
01-11 20:33:12.095 W/SignalStrength(503): getLevel=4 (SignalStrength: 22 255 -120 -160 -120 -1 -1 99 2147483647 -32767 2147483647 -32767 gsm|lte 4)
01-11 20:33:12.095 W/SignalStrength(503): getGsmLevel. this.mGsmSignalBar=4, getGsmSignalStrength()== 22
01-11 20:33:12.095 W/SignalStrength(503): getGsmLevel=4
01-11 20:33:12.095 W/SignalStrength(503): getLevel=4 (SignalStrength: 22 255 -120 -160 -120 -1 -1 99 2147483647 -32767 2147483647 -32767 gsm|lte 4)
01-11 20:33:12.405 D/dalvikvm(25285): GC_CONCURRENT freed 7348K, 28% free 24325K/33699K, paused 4ms+17ms
01-11 20:33:13.515 I/NRFW    (1229): profile=wifi
01-11 20:33:13.535 I/NRFW    (1229): serverip=103.235.47.88 localIp=10.0.8.1
01-11 20:33:13.545 I/DNS     (1229): 103.235.47.88 h_errno=1
01-11 20:33:13.575 I/DNS     (1229): 112.80.248.171 h_errno=1
01-11 20:33:13.575 I/DNS     (1229): 112.80.248.171 h_errno=1
01-11 20:33:14.095 W/SignalStrength(503): getGsmLevel. this.mGsmSignalBar=4, getGsmSignalStrength()== 22
01-11 20:33:14.095 W/SignalStrength(503): getGsmLevel=4
01-11 20:33:14.095 W/SignalStrength(503): getLevel=4 (SignalStrength: 22 255 -120 -160 -120 -1 -1 99 2147483647 -32767 2147483647 -32767 gsm|lte 4)
01-11 20:33:14.095 W/SignalStrength(503): getGsmLevel. this.mGsmSignalBar=4, getGsmSignalStrength()== 22
01-11 20:33:14.095 W/SignalStrength(503): getGsmLevel=4
01-11 20:33:14.095 W/SignalStrength(503): getLevel=4 (SignalStrength: 22 255 -120 -160 -120 -1 -1 99 2147483647 -32767 2147483647 -32767 gsm|lte 4)
01-11 20:33:15.095 W/SignalStrength(503): getGsmLevel. this.mGsmSignalBar=4, getGsmSignalStrength()== 22
01-11 20:33:15.095 W/SignalStrength(503): getGsmLevel=4
01-11 20:33:15.095 W/SignalStrength(503): getLevel=4 (SignalStrength: 22 255 -120 -160 -120 -1 -1 99 2147483647 -32767 2147483647 -32767 gsm|lte 4)
01-11 20:33:15.095 W/SignalStrength(503): getGsmLevel. this.mGsmSignalBar=4, getGsmSignalStrength()== 22
01-11 20:33:15.095 W/SignalStrength(503): getGsmLevel=4
01-11 20:33:15.095 W/SignalStrength(503): getLevel=4 (SignalStrength: 22 255 -120 -160 -120 -1 -1 99 2147483647 -32767 2147483647 -32767 gsm|lte 4)
01-11 20:33:16.045 D/dalvikvm(25285): GC_CONCURRENT freed 7352K, 28% free 24307K/33699K, paused 4ms+18ms
01-11 20:33:16.575 I/NRFW    (1229): profile=wifi
01-11 20:33:16.595 I/NRFW    (1229): serverip=103.235.47.88 localIp=10.0.8.1
01-11 20:33:17.105 W/SignalStrength(503): getGsmLevel. this.mGsmSignalBar=4, getGsmSignalStrength()== 22
01-11 20:33:17.105 W/SignalStrength(503): getGsmLevel=4
01-11 20:33:17.105 W/SignalStrength(503): getLevel=4 (SignalStrength: 22 255 -120 -160 -120 -1 -1 99 2147483647 -32767 2147483647 -32767 gsm|lte 4)
01-11 20:33:17.105 W/SignalStrength(503): getGsmLevel. this.mGsmSignalBar=4, getGsmSignalStrength()== 22
01-11 20:33:17.105 W/SignalStrength(503): getGsmLevel=4
01-11 20:33:17.105 W/SignalStrength(503): getLevel=4 (SignalStrength: 22 255 -120 -160 -120 -1 -1 99 2147483647 -32767 2147483647 -32767 gsm|lte 4)
01-11 20:33:18.105 W/SignalStrength(503): getGsmLevel. this.mGsmSignalBar=4, getGsmSignalStrength()== 22
01-11 20:33:18.105 W/SignalStrength(503): getGsmLevel=4
01-11 20:33:18.105 W/SignalStrength(503): getLevel=4 (SignalStrength: 22 255 -120 -160 -120 -1 -1 99 2147483647 -32767 2147483647 -32767 gsm|lte 4)
01-11 20:33:18.105 W/SignalStrength(503): getGsmLevel. this.mGsmSignalBar=4, getGsmSignalStrength()== 22
01-11 20:33:18.105 W/SignalStrength(503): getGsmLevel=4
01-11 20:33:18.105 W/SignalStrength(503): getLevel=4 (SignalStrength: 22 255 -120 -160 -120 -1 -1 99 2147483647 -32767 2147483647 -32767 gsm|lte 4)
01-11 20:33:19.015 D/dalvikvm(25285): GC_CONCURRENT freed 7316K, 28% free 24319K/33699K, paused 4ms+17ms
01-11 20:33:19.205 E/AlarmManagerService(377): android_server_AlarmManagerService_set to type=3, 112822.144000000
