01-11 20:28:46.525 W/SignalStrength(503): getGsmLevel=4
01-11 20:28:46.525 W/SignalStrength(503): getLevel=4 (SignalStrength: 22 255 -120 -160 -120 -1 -1 99 2147483647 -32767 2147483647 -32767 gsm|lte 4)
01-11 20:28:46.665 D/dalvikvm(503): GC_CONCURRENT freed 4334K, 53% free 15677K/32675K, paused 2ms+12ms
01-11 20:28:47.045 I/NRFW    (1229): profile=wifi
01-11 20:28:47.095 I/NRFW    (1229): serverip=180.76.3.90 localIp=10.0.8.1
01-11 20:28:47.245 D/dalvikvm(25285): GC_CONCURRENT freed 7288K, 28% free 24268K/33699K, paused 3ms+17ms
01-11 20:28:47.525 W/SignalStrength(503): getGsmLevel. this.mGsmSignalBar=4, getGsmSignalStrength()== 19
01-11 20:28:47.525 W/SignalStrength(503): getGsmLevel=4
01-11 20:28:47.525 W/SignalStrength(503): getLevel=4 (SignalStrength: 19 255 -120 -160 -120 -1 -1 99 2147483647 -32767 2147483647 -32767 gsm|lte 4)
01-11 20:28:47.525 W/SignalStrength(503): getGsmLevel. this.mGsmSignalBar=4, getGsmSignalStrength()== 22
01-11 20:28:47.525 W/SignalStrength(503): getGsmLevel=4
01-11 20:28:47.525 W/SignalStrength(503): getLevel=4 (SignalStrength: 22 255 -120 -160 -120 -1 -1 99 2147483647 -32767 2147483647 -32767 gsm|lte 4)
01-11 20:28:49.035 I/NRFW    (1229): serverip=103.235.47.88 localIp=10.0.8.1
01-11 20:28:49.525 W/SignalStrength(503): getGsmLevel. this.mGsmSignalBar=4, getGsmSignalStrength()== 19
01-11 20:28:49.525 W/SignalStrength(503): getGsmLevel=4
01-11 20:28:49.525 W/SignalStrength(503): getLevel=4 (SignalStrength: 19 255 -120 -160 -120 -1 -1 99 2147483647 -32767 2147483647 -32767 gsm|lte 4)
01-11 20:28:49.525 W/SignalStrength(503): getGsmLevel. this.mGsmSignalBar=4, getGsmSignalStrength()== 22
01-11 20:28:49.525 W/SignalStrength(503): getGsmLevel=4
01-11 20:28:49.525 W/SignalStrength(503): getLevel=4 (SignalStrength: 22 255 -120 -160 -120 -1 -1 99 2147483647 -32767 2147483647 -32767 gsm|lte 4)
01-11 20:28:50.095 D/dalvikvm(25285): JIT code cache reset in 4 ms (1048540 bytes 1/0)
01-11 20:28:50.135 D/dalvikvm(25285): GC_CONCURRENT freed 7359K, 29% free 24220K/33699K, paused 5ms+21ms
01-11 20:28:50.535 W/SignalStrength(503): getGsmLevel. this.mGsmSignalBar=4, getGsmSignalStrength()== 19
01-11 20:28:50.535 W/SignalStrength(503): getGsmLevel=4
01-11 20:28:50.535 W/SignalStrength(503): getLevel=4 (SignalStrength: 19 255 -120 -160 -120 -1 -1 99 2147483647 -32767 2147483647 -32767 gsm|lte 4)
01-11 20:28:50.535 W/SignalStrength(503): getGsmLevel. this.mGsmSignalBar=4, getGsmSignalStrength()== 22
01-11 20:28:50.535 W/SignalStrength(503): getGsmLevel=4
01-11 20:28:50.535 W/SignalStrength(503): getLevel=4 (SignalStrength: 22 255 -120 -160 -120 -1 -1 99 2147483647 -32767 2147483647 -32767 gsm|lte 4)
01-11 20:28:52.535 W/SignalStrength(503): getGsmLevel. this.mGsmSignalBar=4, getGsmSignalStrength()== 19
01-11 20:28:52.535 W/SignalStrength(503): getGsmLevel=4
01-11 20:28:52.535 W/SignalStrength(503): getLevel=4 (SignalStrength: 19 255 -120 -160 -120 -1 -1 99 2147483647 -32767 2147483647 -32767 gsm|lte 4)
01-11 20:28:52.535 W/SignalStrength(503): getGsmLevel. this.mGsmSignalBar=4, getGsmSignalStrength()== 22
01-11 20:28:52.535 W/SignalStrength(503): getGsmLevel=4
01-11 20:28:52.535 W/SignalStrength(503): getLevel=4 (SignalStrength: 22 255 -120 -160 -120 -1 -1 99 2147483647 -32767 2147483647 -32767 gsm|lte 4)
01-11 20:28:52.785 D/dalvikvm(25285): GC_CONCURRENT freed 7309K, 29% free 24209K/33699K, paused 4ms+16ms
01-11 20:28:53.535 W/SignalStrength(503): getGsmLevel. this.mGsmSignalBar=4, getGsmSignalStrength()== 19
01-11 20:28:53.535 W/SignalStrength(503): getGsmLevel=4
01-11 20:28:53.535 W/SignalStrength(503): getLevel=4 (SignalStrength: 19 255 -120 -160 -120 -1 -1 99 2147483647 -32767 2147483647 -32767 gsm|lte 4)
01-11 20:28:53.535 W/SignalStrength(503): getGsmLevel. this.mGsmSignalBar=4, getGsmSignalStrength()== 22
01-11 20:28:53.535 W/SignalStrength(503): getGsmLevel=4
01-11 20:28:53.535 W/SignalStrength(503): getLevel=4 (SignalStrength: 22 255 -120 -160 -120 -1 -1 99 2147483647 -32767 2147483647 -32767 gsm|lte 4)
01-11 20:28:54.545 W/SignalStrength(503): getGsmLevel. this.mGsmSignalBar=4, getGsmSignalStrength()== 19
01-11 20:28:54.545 W/SignalStrength(503): getGsmLevel=4
01-11 20:28:54.545 W/SignalStrength(503): getLevel=4 (SignalStrength: 19 255 -120 -160 -120 -1 -1 99 2147483647 -32767 2147483647 -32767 gsm|lte 4)
01-11 20:28:54.545 W/SignalStrength(503): getGsmLevel. this.mGsmSignalBar=4, getGsmSignalStrength()== 22
01-11 20:28:54.545 W/SignalStrength(503): getGsmLevel=4
01-11 20:28:54.545 W/SignalStrength(503): getLevel=4 (SignalStrength: 22 255 -120 -160 -120 -1 -1 99 2147483647 -32767 2147483647 -32767 gsm|lte 4)
01-11 20:28:55.295 D/dalvikvm(25285): GC_CONCURRENT freed 7312K, 29% free 24192K/33699K, paused 4ms+17ms
01-11 20:28:55.545 W/SignalStrength(503): getGsmLevel. this.mGsmSignalBar=4, getGsmSignalStrength()== 19
01-11 20:28:55.545 W/SignalStrength(503): getGsmLevel=4
01-11 20:28:55.545 W/SignalStrength(503): getLevel=4 (SignalStrength: 19 255 -120 -160 -120 -1 -1 99 2147483647 -32767 2147483647 -32767 gsm|lte 4)
01-11 20:28:55.545 W/SignalStrength(503): getGsmLevel. this.mGsmSignalBar=4, getGsmSignalStrength()== 22
01-11 20:28:55.545 W/SignalStrength(503): getGsmLevel=4
01-11 20:28:55.545 W/SignalStrength(503): getLevel=4 (SignalStrength: 22 255 -120 -160 -120 -1 -1 99 2147483647 -32767 2147483647 -32767 gsm|lte 4)
01-11 20:28:56.545 W/SignalStrength(503): getGsmLevel. this.mGsmSignalBar=4, getGsmSignalStrength()== 19
01-11 20:28:56.545 W/SignalStrength(503): getGsmLevel=4
01-11 20:28:56.545 W/SignalStrength(503): getLevel=4 (SignalStrength: 19 255 -120 -160 -120 -1 -1 99 2147483647 -32767 2147483647 -32767 gsm|lte 4)
01-11 20:28:56.545 W/SignalStrength(503): getGsmLevel. this.mGsmSignalBar=4, getGsmSignalStrength()== 22
01-11 20:28:56.545 W/SignalStrength(503): getGsmLevel=4
01-11 20:28:56.545 W/SignalStrength(503): getLevel=4 (SignalStrength: 22 255 -120 -160 -120 -1 -1 99 2147483647 -32767 2147483647 -32767 gsm|lte 4)
01-11 20:28:57.855 D/dalvikvm(25285): GC_CONCURRENT freed 7282K, 29% free 24199K/33699K, paused 3ms+15ms
01-11 20:28:58.545 W/SignalStrength(503): getGsmLevel. this.mGsmSignalBar=4, getGsmSignalStrength()== 19
01-11 20:28:58.545 W/SignalStrength(503): getGsmLevel=4
01-11 20:28:58.545 W/SignalStrength(503): getLevel=4 (SignalStrength: 19 255 -120 -160 -120 -1 -1 99 2147483647 -32767 2147483647 -32767 gsm|lte 4)
01-11 20:28:58.545 W/SignalStrength(503): getGsmLevel. this.mGsmSignalBar=4, getGsmSignalStrength()== 22
01-11 20:28:58.545 W/SignalStrength(503): getGsmLevel=4
01-11 20:28:58.545 W/SignalStrength(503): getLevel=4 (SignalStrength: 22 255 -120 -160 -120 -1 -1 99 2147483647 -32767 2147483647 -32767 gsm|lte 4)
01-11 20:28:59.555 W/SignalStrength(503): getGsmLevel. this.mGsmSignalBar=4, getGsmSignalStrength()== 19
01-11 20:28:59.555 W/SignalStrength(503): getGsmLevel=4
01-11 20:28:59.555 W/SignalStrength(503): getLevel=4 (SignalStrength: 19 255 -120 -160 -120 -1 -1 99 2147483647 -32767 2147483647 -32767 gsm|lte 4)
01-11 20:28:59.555 W/SignalStrength(503): getGsmLevel. this.mGsmSignalBar=4, getGsmSignalStrength()== 22
01-11 20:28:59.555 W/SignalStrength(503): getGsmLevel=4
01-11 20:28:59.555 W/SignalStrength(503): getLevel=4 (SignalStrength: 22 255 -120 -160 -120 -1 -1 99 2147483647 -32767 2147483647 -32767 gsm|lte 4)
01-11 20:28:59.995 E/AlarmManagerService(377): android_server_AlarmManagerService_set to type=3, 112553.522000000
01-11 20:28:59.995 D/KeyguardUpdateMonitor(377): received broadcast android.intent.action.TIME_TICK
01-11 20:28:59.995 D/KeyguardUpdateMonitor(377): handleTimeUpdate
01-11 20:29:00.545 D/dalvikvm(25285): GC_CONCURRENT freed 7278K, 29% free 24212K/33699K, paused 3ms+16ms
01-11 20:29:01.555 W/SignalStrength(503): getGsmLevel. this.mGsmSignalBar=4, getGsmSignalStrength()== 19
01-11 20:29:01.555 W/SignalStrength(503): getGsmLevel=4
01-11 20:29:01.555 W/SignalStrength(503): getLevel=4 (SignalStrength: 19 255 -120 -160 -120 -1 -1 99 2147483647 -32767 2147483647 -32767 gsm|lte 4)
01-11 20:29:01.555 W/SignalStrength(503): getGsmLevel. this.mGsmSignalBar=4, getGsmSignalStrength()== 22
01-11 20:29:01.555 W/SignalStrength(503): getGsmLevel=4
01-11 20:29:01.555 W/SignalStrength(503): getLevel=4 (SignalStrength: 22 255 -120 -160 -120 -1 -1 99 2147483647 -32767 2147483647 -32767 gsm|lte 4)
01-11 20:29:02.555 W/SignalStrength(503): getGsmLevel. this.mGsmSignalBar=4, getGsmSignalStrength()== 19
01-11 20:29:02.555 W/SignalStrength(503): getGsmLevel=4
01-11 20:29:02.555 W/SignalStrength(503): getLevel=4 (SignalStrength: 19 255 -120 -160 -120 -1 -1 99 2147483647 -32767 2147483647 -32767 gsm|lte 4)
01-11 20:29:02.555 W/SignalStrength(503): getGsmLevel. this.mGsmSignalBar=4, getGsmSignalStrength()== 22
01-11 20:29:02.555 W/SignalStrength(503): getGsmLevel=4
01-11 20:29:02.555 W/SignalStrength(503): getLevel=4 (SignalStrength: 22 255 -120 -160 -120 -1 -1 99 2147483647 -32767 2147483647 -32767 gsm|lte 4)
01-11 20:29:03.275 D/dalvikvm(25285): GC_CONCURRENT freed 7212K, 28% free 24323K/33699K, paused 3ms+36ms
01-11 20:29:03.315 I/NRFW    (1229): profile=wifi
01-11 20:29:03.335 I/NRFW    (1229): serverip=103.235.47.88 localIp=10.0.8.1
01-11 20:29:04.485 D/KeyguardUpdateMonitor(377): received broadcast android.intent.action.BATTERY_CHANGED
01-11 20:29:04.485 D/KeyguardUpdateMonitor(377): handleBatteryUpdate
01-11 20:29:04.555 W/SignalStrength(503): getGsmLevel. this.mGsmSignalBar=4, getGsmSignalStrength()== 19
01-11 20:29:04.555 W/SignalStrength(503): getGsmLevel=4
01-11 20:29:04.555 W/SignalStrength(503): getLevel=4 (SignalStrength: 19 255 -120 -160 -120 -1 -1 99 2147483647 -32767 2147483647 -32767 gsm|lte 4)
01-11 20:29:04.555 W/SignalStrength(503): getGsmLevel. this.mGsmSignalBar=4, getGsmSignalStrength()== 22
01-11 20:29:04.555 W/SignalStrength(503): getGsmLevel=4
01-11 20:29:04.555 W/SignalStrength(503): getLevel=4 (SignalStrength: 22 255 -120 -160 -120 -1 -1 99 2147483647 -32767 2147483647 -32767 gsm|lte 4)
01-11 20:29:05.555 W/SignalStrength(503): getGsmLevel. this.mGsmSignalBar=4, getGsmSignalStrength()== 19
01-11 20:29:05.555 W/SignalStrength(503): getGsmLevel=4
01-11 20:29:05.565 W/SignalStrength(503): getLevel=4 (SignalStrength: 19 255 -120 -160 -120 -1 -1 99 2147483647 -32767 2147483647 -32767 gsm|lte 4)
01-11 20:29:05.565 W/SignalStrength(503): getGsmLevel. this.mGsmSignalBar=4, getGsmSignalStrength()== 22
01-11 20:29:05.565 W/SignalStrength(503): getGsmLevel=4
01-11 20:29:05.565 W/SignalStrength(503): getLevel=4 (SignalStrength: 22 255 -120 -160 -120 -1 -1 99 2147483647 -32767 2147483647 -32767 gsm|lte 4)
01-11 20:29:06.185 D/dalvikvm(25285): GC_CONCURRENT freed 7293K, 28% free 24338K/33699K, paused 4ms+37ms
01-11 20:29:06.335 I/NRFW    (1229): profile=wifi
01-11 20:29:06.365 I/NRFW    (1229): serverip=103.235.47.88 localIp=10.0.8.1
01-11 20:29:07.565 W/SignalStrength(503): getGsmLevel. this.mGsmSignalBar=4, getGsmSignalStrength()== 19
01-11 20:29:07.565 W/SignalStrength(503): getGsmLevel=4
01-11 20:29:07.565 W/SignalStrength(503): getLevel=4 (SignalStrength: 19 255 -120 -160 -120 -1 -1 99 2147483647 -32767 2147483647 -32767 gsm|lte 4)
01-11 20:29:07.565 W/SignalStrength(503): getGsmLevel. this.mGsmSignalBar=4, getGsmSignalStrength()== 22
01-11 20:29:07.565 W/SignalStrength(503): getGsmLevel=4
01-11 20:29:07.565 W/SignalStrength(503): getLevel=4 (SignalStrength: 22 255 -120 -160 -120 -1 -1 99 2147483647 -32767 2147483647 -32767 gsm|lte 4)
01-11 20:29:08.565 W/SignalStrength(503): getGsmLevel. this.mGsmSignalBar=4, getGsmSignalStrength()== 19
01-11 20:29:08.565 W/SignalStrength(503): getGsmLevel=4
01-11 20:29:08.565 W/SignalStrength(503): getLevel=4 (SignalStrength: 19 255 -120 -160 -120 -1 -1 99 2147483647 -32767 2147483647 -32767 gsm|lte 4)
01-11 20:29:08.565 W/SignalStrength(503): getGsmLevel. this.mGsmSignalBar=4, getGsmSignalStrength()== 22
01-11 20:29:08.565 W/SignalStrength(503): getGsmLevel=4
01-11 20:29:08.565 W/SignalStrength(503): getLevel=4 (SignalStrength: 22 255 -120 -160 -120 -1 -1 99 2147483647 -32767 2147483647 -32767 gsm|lte 4)
01-11 20:29:08.985 D/dalvikvm(25285): GC_CONCURRENT freed 7416K, 29% free 24259K/33699K, paused 4ms+18ms
01-11 20:29:10.565 W/SignalStrength(503): getGsmLevel. this.mGsmSignalBar=4, getGsmSignalStrength()== 19
01-11 20:29:10.565 W/SignalStrength(503): getGsmLevel=4
01-11 20:29:10.565 W/SignalStrength(503): getLevel=4 (SignalStrength: 19 255 -120 -160 -120 -1 -1 99 2147483647 -32767 2147483647 -32767 gsm|lte 4)
01-11 20:29:10.565 W/SignalStrength(503): getGsmLevel. this.mGsmSignalBar=4, getGsmSignalStrength()== 22
01-11 20:29:10.565 W/SignalStrength(503): getGsmLevel=4
01-11 20:29:10.565 W/SignalStrength(503): getLevel=4 (SignalStrength: 22 255 -120 -160 -120 -1 -1 99 2147483647 -32767 2147483647 -32767 gsm|lte 4)
01-11 20:29:11.575 W/SignalStrength(503): getGsmLevel. this.mGsmSignalBar=4, getGsmSignalStrength()== 19
01-11 20:29:11.575 W/SignalStrength(503): getGsmLevel=4
01-11 20:29:11.575 W/SignalStrength(503): getLevel=4 (SignalStrength: 19 255 -120 -160 -120 -1 -1 99 2147483647 -32767 2147483647 -32767 gsm|lte 4)
01-11 20:29:11.575 W/SignalStrength(503): getGsmLevel. this.mGsmSignalBar=4, getGsmSignalStrength()== 22
01-11 20:29:11.575 W/SignalStrength(503): getGsmLevel=4
01-11 20:29:11.575 W/SignalStrength(503): getLevel=4 (SignalStrength: 22 255 -120 -160 -120 -1 -1 99 2147483647 -32767 2147483647 -32767 gsm|lte 4)
01-11 20:29:11.715 D/dalvikvm(25285): GC_CONCURRENT freed 7311K, 29% free 24258K/33699K, paused 4ms+17ms
01-11 20:29:12.345 I/NRFW    (1229): profile=wifi
01-11 20:29:12.375 I/NRFW    (1229): serverip=103.235.47.88 localIp=10.0.8.1
01-11 20:29:12.385 I/DNS     (1229): 103.235.47.88 h_errno=1
01-11 20:29:12.415 I/DNS     (1229): 112.80.248.171 h_errno=1
01-11 20:29:12.435 I/DNS     (1229): 112.80.248.171 h_errno=1
01-11 20:29:13.575 W/SignalStrength(503): getGsmLevel. this.mGsmSignalBar=4, getGsmSignalStrength()== 19
01-11 20:29:13.575 W/SignalStrength(503): getGsmLevel=4
01-11 20:29:13.575 W/SignalStrength(503): getLevel=4 (SignalStrength: 19 255 -120 -160 -120 -1 -1 99 2147483647 -32767 2147483647 -32767 gsm|lte 4)
01-11 20:29:13.575 W/SignalStrength(503): getGsmLevel. this.mGsmSignalBar=4, getGsmSignalStrength()== 22
01-11 20:29:13.575 W/SignalStrength(503): getGsmLevel=4
01-11 20:29:13.575 W/SignalStrength(503): getLevel=4 (SignalStrength: 22 255 -120 -160 -120 -1 -1 99 2147483647 -32767 2147483647 -32767 gsm|lte 4)
01-11 20:29:14.575 W/SignalStrength(503): getGsmLevel. this.mGsmSignalBar=4, getGsmSignalStrength()== 19
01-11 20:29:14.575 W/SignalStrength(503): getGsmLevel=4
01-11 20:29:14.575 W/SignalStrength(503): getLevel=4 (SignalStrength: 19 255 -120 -160 -120 -1 -1 99 2147483647 -32767 2147483647 -32767 gsm|lte 4)
01-11 20:29:14.575 W/SignalStrength(503): getGsmLevel. this.mGsmSignalBar=4, getGsmSignalStrength()== 22
01-11 20:29:14.575 W/SignalStrength(503): getGsmLevel=4
01-11 20:29:14.575 W/SignalStrength(503): getLevel=4 (SignalStrength: 22 255 -120 -160 -120 -1 -1 99 2147483647 -32767 2147483647 -32767 gsm|lte 4)
01-11 20:29:14.735 D/dalvikvm(25285): GC_CONCURRENT freed 7308K, 29% free 24261K/33699K, paused 4ms+17ms
01-11 20:29:16.585 W/SignalStrength(503): getGsmLevel. this.mGsmSignalBar=4, getGsmSignalStrength()== 19
01-11 20:29:16.585 W/SignalStrength(503): getGsmLevel=4
01-11 20:29:16.585 W/SignalStrength(503): getLevel=4 (SignalStrength: 19 255 -120 -160 -120 -1 -1 99 2147483647 -32767 2147483647 -32767 gsm|lte 4)
01-11 20:29:16.585 W/SignalStrength(503): getGsmLevel. this.mGsmSignalBar=4, getGsmSignalStrength()== 22
01-11 20:29:16.585 W/SignalStrength(503): getGsmLevel=4
01-11 20:29:16.585 W/SignalStrength(503): getLevel=4 (SignalStrength: 22 255 -120 -160 -120 -1 -1 99 2147483647 -32767 2147483647 -32767 gsm|lte 4)
01-11 20:29:17.595 W/SignalStrength(503): getGsmLevel. this.mGsmSignalBar=4, getGsmSignalStrength()== 19
01-11 20:29:17.595 W/SignalStrength(503): getGsmLevel=4
01-11 20:29:17.595 W/SignalStrength(503): getLevel=4 (SignalStrength: 19 255 -120 -160 -120 -1 -1 99 2147483647 -32767 2147483647 -32767 gsm|lte 4)
01-11 20:29:17.595 W/SignalStrength(503): getGsmLevel. this.mGsmSignalBar=4, getGsmSignalStrength()== 22
01-11 20:29:17.595 W/SignalStrength(503): getGsmLevel=4
01-11 20:29:17.595 W/SignalStrength(503): getLevel=4 (SignalStrength: 22 255 -120 -160 -120 -1 -1 99 2147483647 -32767 2147483647 -32767 gsm|lte 4)
01-11 20:29:17.675 D/dalvikvm(25285): GC_CONCURRENT freed 7305K, 28% free 24269K/33699K, paused 3ms+21ms
01-11 20:29:19.155 E/AlarmManagerService(377): android_server_AlarmManagerService_set to type=3, 112594.365000000
01-11 20:29:19.595 W/SignalStrength(503): getGsmLevel. this.mGsmSignalBar=4, getGsmSignalStrength()== 19
01-11 20:29:19.595 W/SignalStrength(503): getGsmLevel=4
01-11 20:29:19.595 W/SignalStrength(503): getLevel=4 (SignalStrength: 19 255 -120 -160 -120 -1 -1 99 2147483647 -32767 2147483647 -32767 gsm|lte 4)
01-11 20:29:19.595 W/SignalStrength(503): getGsmLevel. this.mGsmSignalBar=4, getGsmSignalStrength()== 22
01-11 20:29:19.595 W/SignalStrength(503): getGsmLevel=4
01-11 20:29:19.595 W/SignalStrength(503): getLevel=4 (SignalStrength: 22 255 -120 -160 -120 -1 -1 99 2147483647 -32767 2147483647 -32767 gsm|lte 4)
01-11 20:29:20.595 W/SignalStrength(503): getGsmLevel. this.mGsmSignalBar=4, getGsmSignalStrength()== 19
01-11 20:29:20.595 W/SignalStrength(503): getGsmLevel=4
01-11 20:29:20.595 W/SignalStrength(503): getLevel=4 (SignalStrength: 19 255 -120 -160 -120 -1 -1 99 2147483647 -32767 2147483647 -32767 gsm|lte 4)
01-11 20:29:20.595 W/SignalStrength(503): getGsmLevel. this.mGsmSignalBar=4, getGsmSignalStrength()== 22
01-11 20:29:20.595 W/SignalStrength(503): getGsmLevel=4
01-11 20:29:20.595 W/SignalStrength(503): getLevel=4 (SignalStrength: 22 255 -120 -160 -120 -1 -1 99 2147483647 -32767 2147483647 -32767 gsm|lte 4)
01-11 20:29:20.625 D/dalvikvm(25285): GC_CONCURRENT freed 7290K, 28% free 24293K/33699K, paused 4ms+17ms
01-11 20:29:22.605 W/SignalStrength(503): getGsmLevel. this.mGsmSignalBar=4, getGsmSignalStrength()== 19
01-11 20:29:22.605 W/SignalStrength(503): getGsmLevel=4
01-11 20:29:22.605 W/SignalStrength(503): getLevel=4 (SignalStrength: 19 255 -120 -160 -120 -1 -1 99 2147483647 -32767 2147483647 -32767 gsm|lte 4)
01-11 20:29:22.605 W/SignalStrength(503): getGsmLevel. this.mGsmSignalBar=4, getGsmSignalStrength()== 22
01-11 20:29:22.605 W/SignalStrength(503): getGsmLevel=4
01-11 20:29:22.605 W/SignalStrength(503): getLevel=4 (SignalStrength: 22 255 -120 -160 -120 -1 -1 99 2147483647 -32767 2147483647 -32767 gsm|lte 4)
01-11 20:29:23.545 D/dalvikvm(25285): GC_CONCURRENT freed 7308K, 28% free 24370K/33699K, paused 3ms+20ms
01-11 20:29:24.525 D/KeyguardUpdateMonitor(377): received broadcast android.intent.action.BATTERY_CHANGED
01-11 20:29:24.525 D/KeyguardUpdateMonitor(377): handleBatteryUpdate
01-11 20:29:24.605 W/SignalStrength(503): getGsmLevel. this.mGsmSignalBar=4, getGsmSignalStrength()== 19
01-11 20:29:24.605 W/SignalStrength(503): getGsmLevel=4
01-11 20:29:24.605 W/SignalStrength(503): getLevel=4 (SignalStrength: 19 255 -120 -160 -120 -1 -1 99 2147483647 -32767 2147483647 -32767 gsm|lte 4)
01-11 20:29:24.605 W/SignalStrength(503): getGsmLevel. this.mGsmSignalBar=4, getGsmSignalStrength()== 22
01-11 20:29:24.605 W/SignalStrength(503): getGsmLevel=4
01-11 20:29:24.605 W/SignalStrength(503): getLevel=4 (SignalStrength: 22 255 -120 -160 -120 -1 -1 99 2147483647 -32767 2147483647 -32767 gsm|lte 4)
01-11 20:29:25.615 W/SignalStrength(503): getGsmLevel. this.mGsmSignalBar=4, getGsmSignalStrength()== 19
01-11 20:29:25.615 W/SignalStrength(503): getGsmLevel=4
01-11 20:29:25.615 W/SignalStrength(503): getLevel=4 (SignalStrength: 19 255 -120 -160 -120 -1 -1 99 2147483647 -32767 2147483647 -32767 gsm|lte 4)
01-11 20:29:25.615 W/SignalStrength(503): getGsmLevel. this.mGsmSignalBar=4, getGsmSignalStrength()== 22
01-11 20:29:25.615 W/SignalStrength(503): getGsmLevel=4
01-11 20:29:25.615 W/SignalStrength(503): getLevel=4 (SignalStrength: 22 255 -120 -160 -120 -1 -1 99 2147483647 -32767 2147483647 -32767 gsm|lte 4)
01-11 20:29:26.445 D/dalvikvm(25285): GC_CONCURRENT freed 7433K, 28% free 24285K/33699K, paused 3ms+18ms
01-11 20:29:26.615 W/SignalStrength(503): getGsmLevel. this.mGsmSignalBar=4, getGsmSignalStrength()== 19
01-11 20:29:26.615 W/SignalStrength(503): getGsmLevel=4
01-11 20:29:26.615 W/SignalStrength(503): getLevel=4 (SignalStrength: 19 255 -120 -160 -120 -1 -1 99 2147483647 -32767 2147483647 -32767 gsm|lte 4)
01-11 20:29:26.615 W/SignalStrength(503): getGsmLevel. this.mGsmSignalBar=4, getGsmSignalStrength()== 22
01-11 20:29:26.615 W/SignalStrength(503): getGsmLevel=4
01-11 20:29:26.615 W/SignalStrength(503): getLevel=4 (SignalStrength: 22 255 -120 -160 -120 -1 -1 99 2147483647 -32767 2147483647 -32767 gsm|lte 4)
01-11 20:29:26.865 I/NRFW    (1229): profile=wifi
01-11 20:29:26.885 I/NRFW    (1229): serverip=103.235.47.88 localIp=10.0.8.1
01-11 20:29:27.615 W/SignalStrength(503): getGsmLevel. this.mGsmSignalBar=4, getGsmSignalStrength()== 19
01-11 20:29:27.615 W/SignalStrength(503): getGsmLevel=4
01-11 20:29:27.615 W/SignalStrength(503): getLevel=4 (SignalStrength: 19 255 -120 -160 -120 -1 -1 99 2147483647 -32767 2147483647 -32767 gsm|lte 4)
01-11 20:29:27.615 W/SignalStrength(503): getGsmLevel. this.mGsmSignalBar=4, getGsmSignalStrength()== 22
01-11 20:29:27.615 W/SignalStrength(503): getGsmLevel=4
01-11 20:29:27.615 W/SignalStrength(503): getLevel=4 (SignalStrength: 22 255 -120 -160 -120 -1 -1 99 2147483647 -32767 2147483647 -32767 gsm|lte 4)
01-11 20:29:28.165 D/plugin  (684): getDefaultSubscription()
01-11 20:29:28.175 E/MSimTelephonyManager(24146): MSimTelephonyManager sRegistryMsim != null
01-11 20:29:28.205 I/NRFW    (1229): serverip=180.76.3.90 localIp=10.0.8.1
01-11 20:29:28.225 I/DNS     (1229): 180.76.3.90 h_errno=1
01-11 20:29:29.415 D/dalvikvm(25285): GC_CONCURRENT freed 7316K, 28% free 24289K/33699K, paused 4ms+16ms
01-11 20:29:29.615 W/SignalStrength(503): getGsmLevel. this.mGsmSignalBar=4, getGsmSignalStrength()== 19
01-11 20:29:29.615 W/SignalStrength(503): getGsmLevel=4
01-11 20:29:29.615 W/SignalStrength(503): getLevel=4 (SignalStrength: 19 255 -120 -160 -120 -1 -1 99 2147483647 -32767 2147483647 -32767 gsm|lte 4)
01-11 20:29:29.615 W/SignalStrength(503): getGsmLevel. this.mGsmSignalBar=4, getGsmSignalStrength()== 22
01-11 20:29:29.615 W/SignalStrength(503): getGsmLevel=4
01-11 20:29:29.615 W/SignalStrength(503): getLevel=4 (SignalStrength: 22 255 -120 -160 -120 -1 -1 99 2147483647 -32767 2147483647 -32767 gsm|lte 4)
01-11 20:29:29.915 I/NRFW    (1229): profile=wifi
01-11 20:29:29.955 I/NRFW    (1229): serverip=103.235.47.88 localIp=10.0.8.1
01-11 20:29:31.245 I/NRFW    (1229): serverip=180.76.3.90 localIp=10.0.8.1
01-11 20:29:31.625 W/SignalStrength(503): getGsmLevel. this.mGsmSignalBar=4, getGsmSignalStrength()== 19
01-11 20:29:31.625 W/SignalStrength(503): getGsmLevel=4
01-11 20:29:31.625 W/SignalStrength(503): getLevel=4 (SignalStrength: 19 255 -120 -160 -120 -1 -1 99 2147483647 -32767 2147483647 -32767 gsm|lte 4)
01-11 20:29:31.625 W/SignalStrength(503): getGsmLevel. this.mGsmSignalBar=4, getGsmSignalStrength()== 22
01-11 20:29:31.625 W/SignalStrength(503): getGsmLevel=4
01-11 20:29:31.625 W/SignalStrength(503): getLevel=4 (SignalStrength: 22 255 -120 -160 -120 -1 -1 99 2147483647 -32767 2147483647 -32767 gsm|lte 4)
01-11 20:29:32.075 D/plugin  (684): getDefaultSubscription()
01-11 20:29:32.405 D/dalvikvm(25285): GC_CONCURRENT freed 7310K, 28% free 24369K/33699K, paused 4ms+21ms
01-11 20:29:32.625 W/SignalStrength(503): getGsmLevel. this.mGsmSignalBar=4, getGsmSignalStrength()== 19
01-11 20:29:32.625 W/SignalStrength(503): getGsmLevel=4
01-11 20:29:32.625 W/SignalStrength(503): getLevel=4 (SignalStrength: 19 255 -120 -160 -120 -1 -1 99 2147483647 -32767 2147483647 -32767 gsm|lte 4)
01-11 20:29:32.625 W/SignalStrength(503): getGsmLevel. this.mGsmSignalBar=4, getGsmSignalStrength()== 22
01-11 20:29:32.625 W/SignalStrength(503): getGsmLevel=4
01-11 20:29:32.625 W/SignalStrength(503): getLevel=4 (SignalStrength: 22 255 -120 -160 -120 -1 -1 99 2147483647 -32767 2147483647 -32767 gsm|lte 4)
01-11 20:29:32.665 D/Tethering(377): interfaceLinkStateChanged wlan0, true
01-11 20:29:32.665 D/Tethering(377): interfaceStatusChanged wlan0, true
01-11 20:29:34.625 W/SignalStrength(503): getGsmLevel. this.mGsmSignalBar=4, getGsmSignalStrength()== 19
01-11 20:29:34.625 W/SignalStrength(503): getGsmLevel=4
01-11 20:29:34.625 W/SignalStrength(503): getLevel=4 (SignalStrength: 19 255 -120 -160 -120 -1 -1 99 2147483647 -32767 2147483647 -32767 gsm|lte 4)
01-11 20:29:34.625 W/SignalStrength(503): getGsmLevel. this.mGsmSignalBar=4, getGsmSignalStrength()== 22
01-11 20:29:34.625 W/SignalStrength(503): getGsmLevel=4
01-11 20:29:34.625 W/SignalStrength(503): getLevel=4 (SignalStrength: 22 255 -120 -160 -120 -1 -1 99 2147483647 -32767 2147483647 -32767 gsm|lte 4)
01-11 20:29:35.635 W/SignalStrength(503): getGsmLevel. this.mGsmSignalBar=4, getGsmSignalStrength()== 19
01-11 20:29:35.635 W/SignalStrength(503): getGsmLevel=4
01-11 20:29:35.635 W/SignalStrength(503): getLevel=4 (SignalStrength: 19 255 -120 -160 -120 -1 -1 99 2147483647 -32767 2147483647 -32767 gsm|lte 4)
01-11 20:29:35.635 W/SignalStrength(503): getGsmLevel. this.mGsmSignalBar=4, getGsmSignalStrength()== 22
01-11 20:29:35.635 W/SignalStrength(503): getGsmLevel=4
01-11 20:29:35.635 W/SignalStrength(503): getLevel=4 (SignalStrength: 22 255 -120 -160 -120 -1 -1 99 2147483647 -32767 2147483647 -32767 gsm|lte 4)
01-11 20:29:35.645 D/dalvikvm(25285): GC_CONCURRENT freed 7446K, 28% free 24272K/33699K, paused 4ms+18ms
01-11 20:29:35.925 I/NRFW    (1229): profile=wifi
01-11 20:29:35.955 I/NRFW    (1229): serverip=103.235.47.88 localIp=10.0.8.1
01-11 20:29:37.255 I/NRFW    (1229): serverip=180.76.3.90 localIp=10.0.8.1
01-11 20:29:37.635 W/SignalStrength(503): getGsmLevel. this.mGsmSignalBar=4, getGsmSignalStrength()== 19
01-11 20:29:37.635 W/SignalStrength(503): getGsmLevel=4
01-11 20:29:37.635 W/SignalStrength(503): getLevel=4 (SignalStrength: 19 255 -120 -160 -120 -1 -1 99 2147483647 -32767 2147483647 -32767 gsm|lte 4)
01-11 20:29:37.635 W/SignalStrength(503): getGsmLevel. this.mGsmSignalBar=4, getGsmSignalStrength()== 22
01-11 20:29:37.635 W/SignalStrength(503): getGsmLevel=4
01-11 20:29:37.635 W/SignalStrength(503): getLevel=4 (SignalStrength: 22 255 -120 -160 -120 -1 -1 99 2147483647 -32767 2147483647 -32767 gsm|lte 4)
01-11 20:29:38.635 W/SignalStrength(503): getGsmLevel. this.mGsmSignalBar=4, getGsmSignalStrength()== 19
01-11 20:29:38.635 W/SignalStrength(503): getGsmLevel=4
01-11 20:29:38.635 W/SignalStrength(503): getLevel=4 (SignalStrength: 19 255 -120 -160 -120 -1 -1 99 2147483647 -32767 2147483647 -32767 gsm|lte 4)
01-11 20:29:38.635 W/SignalStrength(503): getGsmLevel. this.mGsmSignalBar=4, getGsmSignalStrength()== 22
01-11 20:29:38.635 W/SignalStrength(503): getGsmLevel=4
01-11 20:29:38.635 W/SignalStrength(503): getLevel=4 (SignalStrength: 22 255 -120 -160 -120 -1 -1 99 2147483647 -32767 2147483647 -32767 gsm|lte 4)
01-11 20:29:38.725 D/dalvikvm(25285): GC_CONCURRENT freed 7311K, 28% free 24271K/33699K, paused 4ms+20ms
01-11 20:29:39.635 W/SignalStrength(503): getGsmLevel. this.mGsmSignalBar=4, getGsmSignalStrength()== 19
01-11 20:29:39.635 W/SignalStrength(503): getGsmLevel=4
01-11 20:29:39.635 W/SignalStrength(503): getLevel=4 (SignalStrength: 19 255 -120 -160 -120 -1 -1 99 2147483647 -32767 2147483647 -32767 gsm|lte 4)
01-11 20:29:39.635 W/SignalStrength(503): getGsmLevel. this.mGsmSignalBar=4, getGsmSignalStrength()== 22
01-11 20:29:39.635 W/SignalStrength(503): getGsmLevel=4
01-11 20:29:39.635 W/SignalStrength(503): getLevel=4 (SignalStrength: 22 255 -120 -160 -120 -1 -1 99 2147483647 -32767 2147483647 -32767 gsm|lte 4)
01-11 20:29:40.645 W/SignalStrength(503): getGsmLevel. this.mGsmSignalBar=4, getGsmSignalStrength()== 19
01-11 20:29:40.645 W/SignalStrength(503): getGsmLevel=4
01-11 20:29:40.645 W/SignalStrength(503): getLevel=4 (SignalStrength: 19 255 -120 -160 -120 -1 -1 99 2147483647 -32767 2147483647 -32767 gsm|lte 4)
01-11 20:29:40.645 W/SignalStrength(503): getGsmLevel. this.mGsmSignalBar=4, getGsmSignalStrength()== 22
01-11 20:29:40.645 W/SignalStrength(503): getGsmLevel=4
01-11 20:29:40.645 W/SignalStrength(503): getLevel=4 (SignalStrength: 22 255 -120 -160 -120 -1 -1 99 2147483647 -32767 2147483647 -32767 gsm|lte 4)
01-11 20:29:41.645 W/SignalStrength(503): getGsmLevel. this.mGsmSignalBar=4, getGsmSignalStrength()== 19
01-11 20:29:41.645 W/SignalStrength(503): getGsmLevel=4
01-11 20:29:41.645 W/SignalStrength(503): getLevel=4 (SignalStrength: 19 255 -120 -160 -120 -1 -1 99 2147483647 -32767 2147483647 -32767 gsm|lte 4)
01-11 20:29:41.645 W/SignalStrength(503): getGsmLevel. this.mGsmSignalBar=4, getGsmSignalStrength()== 22
01-11 20:29:41.645 W/SignalStrength(503): getGsmLevel=4
01-11 20:29:41.645 W/SignalStrength(503): getLevel=4 (SignalStrength: 22 255 -120 -160 -120 -1 -1 99 2147483647 -32767 2147483647 -32767 gsm|lte 4)
01-11 20:29:41.805 D/dalvikvm(25285): GC_CONCURRENT freed 7310K, 28% free 24275K/33699K, paused 4ms+18ms
01-11 20:29:42.645 W/SignalStrength(503): getGsmLevel. this.mGsmSignalBar=4, getGsmSignalStrength()== 19
01-11 20:29:42.645 W/SignalStrength(503): getGsmLevel=4
01-11 20:29:42.645 W/SignalStrength(503): getLevel=4 (SignalStrength: 19 255 -120 -160 -120 -1 -1 99 2147483647 -32767 2147483647 -32767 gsm|lte 4)
01-11 20:29:42.645 W/SignalStrength(503): getGsmLevel. this.mGsmSignalBar=4, getGsmSignalStrength()== 22
01-11 20:29:42.645 W/SignalStrength(503): getGsmLevel=4
01-11 20:29:42.645 W/SignalStrength(503): getLevel=4 (SignalStrength: 22 255 -120 -160 -120 -1 -1 99 2147483647 -32767 2147483647 -32767 gsm|lte 4)
01-11 20:29:43.645 W/SignalStrength(503): getGsmLevel. this.mGsmSignalBar=4, getGsmSignalStrength()== 19
01-11 20:29:43.645 W/SignalStrength(503): getGsmLevel=4
01-11 20:29:43.645 W/SignalStrength(503): getLevel=4 (SignalStrength: 19 255 -120 -160 -120 -1 -1 99 2147483647 -32767 2147483647 -32767 gsm|lte 4)
01-11 20:29:43.645 W/SignalStrength(503): getGsmLevel. this.mGsmSignalBar=4, getGsmSignalStrength()== 22
01-11 20:29:43.645 W/SignalStrength(503): getGsmLevel=4
01-11 20:29:43.645 W/SignalStrength(503): getLevel=4 (SignalStrength: 22 255 -120 -160 -120 -1 -1 99 2147483647 -32767 2147483647 -32767 gsm|lte 4)
01-11 20:29:44.555 D/KeyguardUpdateMonitor(377): received broadcast android.intent.action.BATTERY_CHANGED
01-11 20:29:44.565 D/KeyguardUpdateMonitor(377): handleBatteryUpdate
01-11 20:29:44.665 W/SignalStrength(503): getGsmLevel. this.mGsmSignalBar=4, getGsmSignalStrength()== 19
01-11 20:29:44.665 W/SignalStrength(503): getGsmLevel=4
01-11 20:29:44.665 W/SignalStrength(503): getLevel=4 (SignalStrength: 19 255 -120 -160 -120 -1 -1 99 2147483647 -32767 2147483647 -32767 gsm|lte 4)
01-11 20:29:44.665 W/SignalStrength(503): getGsmLevel. this.mGsmSignalBar=4, getGsmSignalStrength()== 22
01-11 20:29:44.665 W/SignalStrength(503): getGsmLevel=4
01-11 20:29:44.665 W/SignalStrength(503): getLevel=4 (SignalStrength: 22 255 -120 -160 -120 -1 -1 99 2147483647 -32767 2147483647 -32767 gsm|lte 4)
01-11 20:29:44.935 D/dalvikvm(25285): GC_CONCURRENT freed 7320K, 28% free 24268K/33699K, paused 4ms+18ms
01-11 20:29:45.665 W/SignalStrength(503): getGsmLevel. this.mGsmSignalBar=4, getGsmSignalStrength()== 19
01-11 20:29:45.665 W/SignalStrength(503): getGsmLevel=4
01-11 20:29:45.665 W/SignalStrength(503): getLevel=4 (SignalStrength: 19 255 -120 -160 -120 -1 -1 99 2147483647 -32767 2147483647 -32767 gsm|lte 4)
01-11 20:29:45.665 W/SignalStrength(503): getGsmLevel. this.mGsmSignalBar=4, getGsmSignalStrength()== 22
01-11 20:29:45.665 W/SignalStrength(503): getGsmLevel=4
01-11 20:29:45.665 W/SignalStrength(503): getLevel=4 (SignalStrength: 22 255 -120 -160 -120 -1 -1 99 2147483647 -32767 2147483647 -32767 gsm|lte 4)
01-11 20:29:47.665 W/SignalStrength(503): getGsmLevel. this.mGsmSignalBar=4, getGsmSignalStrength()== 19
01-11 20:29:47.665 W/SignalStrength(503): getGsmLevel=4
01-11 20:29:47.665 W/SignalStrength(503): getLevel=4 (SignalStrength: 19 255 -120 -160 -120 -1 -1 99 2147483647 -32767 2147483647 -32767 gsm|lte 4)
01-11 20:29:47.665 W/SignalStrength(503): getGsmLevel. this.mGsmSignalBar=4, getGsmSignalStrength()== 22
01-11 20:29:47.665 W/SignalStrength(503): getGsmLevel=4
01-11 20:29:47.665 W/SignalStrength(503): getLevel=4 (SignalStrength: 22 255 -120 -160 -120 -1 -1 99 2147483647 -32767 2147483647 -32767 gsm|lte 4)
01-11 20:29:47.855 D/dalvikvm(25285): GC_CONCURRENT freed 7313K, 28% free 24269K/33699K, paused 4ms+17ms
01-11 20:29:49.675 W/SignalStrength(503): getGsmLevel. this.mGsmSignalBar=4, getGsmSignalStrength()== 19
01-11 20:29:49.675 W/SignalStrength(503): getGsmLevel=4
01-11 20:29:49.675 W/SignalStrength(503): getLevel=4 (SignalStrength: 19 255 -120 -160 -120 -1 -1 99 2147483647 -32767 2147483647 -32767 gsm|lte 4)
01-11 20:29:49.675 W/SignalStrength(503): getGsmLevel. this.mGsmSignalBar=4, getGsmSignalStrength()== 22
01-11 20:29:49.675 W/SignalStrength(503): getGsmLevel=4
01-11 20:29:49.675 W/SignalStrength(503): getLevel=4 (SignalStrength: 22 255 -120 -160 -120 -1 -1 99 2147483647 -32767 2147483647 -32767 gsm|lte 4)
01-11 20:29:50.215 I/NRFW    (1229): profile=wifi
01-11 20:29:50.225 I/NRFW    (1229): serverip=103.235.47.88 localIp=10.0.8.1
01-11 20:29:50.255 I/DNS     (1229): 103.235.47.88 h_errno=1
01-11 20:29:50.265 D/Tethering(377): interfaceLinkStateChanged wlan0, true
01-11 20:29:50.265 D/Tethering(377): interfaceStatusChanged wlan0, true
01-11 20:29:50.275 I/DNS     (1229): 112.80.248.171 h_errno=1
01-11 20:29:51.145 D/dalvikvm(25285): GC_CONCURRENT freed 7326K, 29% free 24250K/33699K, paused 4ms+17ms
01-11 20:29:51.675 W/SignalStrength(503): getGsmLevel. this.mGsmSignalBar=4, getGsmSignalStrength()== 19
01-11 20:29:51.675 W/SignalStrength(503): getGsmLevel=4
01-11 20:29:51.675 W/SignalStrength(503): getLevel=4 (SignalStrength: 19 255 -120 -160 -120 -1 -1 99 2147483647 -32767 2147483647 -32767 gsm|lte 4)
01-11 20:29:51.675 W/SignalStrength(503): getGsmLevel. this.mGsmSignalBar=4, getGsmSignalStrength()== 22
01-11 20:29:51.675 W/SignalStrength(503): getGsmLevel=4
01-11 20:29:51.675 W/SignalStrength(503): getLevel=4 (SignalStrength: 22 255 -120 -160 -120 -1 -1 99 2147483647 -32767 2147483647 -32767 gsm|lte 4)
01-11 20:29:52.675 W/SignalStrength(503): getGsmLevel. this.mGsmSignalBar=4, getGsmSignalStrength()== 19
01-11 20:29:52.675 W/SignalStrength(503): getGsmLevel=4
01-11 20:29:52.675 W/SignalStrength(503): getLevel=4 (SignalStrength: 19 255 -120 -160 -120 -1 -1 99 2147483647 -32767 2147483647 -32767 gsm|lte 4)
01-11 20:29:52.675 W/SignalStrength(503): getGsmLevel. this.mGsmSignalBar=4, getGsmSignalStrength()== 22
01-11 20:29:52.675 W/SignalStrength(503): getGsmLevel=4
01-11 20:29:52.675 W/SignalStrength(503): getLevel=4 (SignalStrength: 22 255 -120 -160 -120 -1 -1 99 2147483647 -32767 2147483647 -32767 gsm|lte 4)
01-11 20:29:53.305 I/NRFW    (1229): profile=wifi
01-11 20:29:53.315 I/NRFW    (1229): serverip=103.235.47.88 localIp=10.0.8.1
01-11 20:29:53.675 W/SignalStrength(503): getGsmLevel. this.mGsmSignalBar=4, getGsmSignalStrength()== 19
01-11 20:29:53.675 W/SignalStrength(503): getGsmLevel=4
01-11 20:29:53.675 W/SignalStrength(503): getLevel=4 (SignalStrength: 19 255 -120 -160 -120 -1 -1 99 2147483647 -32767 2147483647 -32767 gsm|lte 4)
01-11 20:29:53.675 W/SignalStrength(503): getGsmLevel. this.mGsmSignalBar=4, getGsmSignalStrength()== 22
01-11 20:29:53.675 W/SignalStrength(503): getGsmLevel=4
01-11 20:29:53.675 W/SignalStrength(503): getLevel=4 (SignalStrength: 22 255 -120 -160 -120 -1 -1 99 2147483647 -32767 2147483647 -32767 gsm|lte 4)
01-11 20:29:54.025 D/dalvikvm(25285): GC_CONCURRENT freed 7301K, 29% free 24255K/33699K, paused 4ms+16ms
01-11 20:29:54.685 W/SignalStrength(503): getGsmLevel. this.mGsmSignalBar=4, getGsmSignalStrength()== 19
01-11 20:29:54.685 W/SignalStrength(503): getGsmLevel=4
01-11 20:29:54.685 W/SignalStrength(503): getLevel=4 (SignalStrength: 19 255 -120 -160 -120 -1 -1 99 2147483647 -32767 2147483647 -32767 gsm|lte 4)
01-11 20:29:54.685 W/SignalStrength(503): getGsmLevel. this.mGsmSignalBar=4, getGsmSignalStrength()== 22
01-11 20:29:54.685 W/SignalStrength(503): getGsmLevel=4
01-11 20:29:54.685 W/SignalStrength(503): getLevel=4 (SignalStrength: 22 255 -120 -160 -120 -1 -1 99 2147483647 -32767 2147483647 -32767 gsm|lte 4)
01-11 20:29:55.685 W/SignalStrength(503): getGsmLevel. this.mGsmSignalBar=4, getGsmSignalStrength()== 19
01-11 20:29:55.685 W/SignalStrength(503): getGsmLevel=4
01-11 20:29:55.685 W/SignalStrength(503): getLevel=4 (SignalStrength: 19 255 -120 -160 -120 -1 -1 99 2147483647 -32767 2147483647 -32767 gsm|lte 4)
01-11 20:29:55.685 W/SignalStrength(503): getGsmLevel. this.mGsmSignalBar=4, getGsmSignalStrength()== 22
01-11 20:29:55.685 W/SignalStrength(503): getGsmLevel=4
01-11 20:29:55.685 W/SignalStrength(503): getLevel=4 (SignalStrength: 22 255 -120 -160 -120 -1 -1 99 2147483647 -32767 2147483647 -32767 gsm|lte 4)
01-11 20:29:56.685 W/SignalStrength(503): getGsmLevel. this.mGsmSignalBar=4, getGsmSignalStrength()== 19
01-11 20:29:56.685 W/SignalStrength(503): getGsmLevel=4
01-11 20:29:56.685 W/SignalStrength(503): getLevel=4 (SignalStrength: 19 255 -120 -160 -120 -1 -1 99 2147483647 -32767 2147483647 -32767 gsm|lte 4)
01-11 20:29:56.685 W/SignalStrength(503): getGsmLevel. this.mGsmSignalBar=4, getGsmSignalStrength()== 22
01-11 20:29:56.685 W/SignalStrength(503): getGsmLevel=4
01-11 20:29:56.685 W/SignalStrength(503): getLevel=4 (SignalStrength: 22 255 -120 -160 -120 -1 -1 99 2147483647 -32767 2147483647 -32767 gsm|lte 4)
01-11 20:29:57.145 D/dalvikvm(25285): GC_CONCURRENT freed 7308K, 29% free 24256K/33699K, paused 3ms+18ms
01-11 20:29:58.685 W/SignalStrength(503): getGsmLevel. this.mGsmSignalBar=4, getGsmSignalStrength()== 19
01-11 20:29:58.685 W/SignalStrength(503): getGsmLevel=4
01-11 20:29:58.685 W/SignalStrength(503): getLevel=4 (SignalStrength: 19 255 -120 -160 -120 -1 -1 99 2147483647 -32767 2147483647 -32767 gsm|lte 4)
01-11 20:29:58.685 W/SignalStrength(503): getGsmLevel. this.mGsmSignalBar=4, getGsmSignalStrength()== 22
01-11 20:29:58.685 W/SignalStrength(503): getGsmLevel=4
01-11 20:29:58.685 W/SignalStrength(503): getLevel=4 (SignalStrength: 22 255 -120 -160 -120 -1 -1 99 2147483647 -32767 2147483647 -32767 gsm|lte 4)
01-11 20:29:59.325 I/NRFW    (1229): profile=wifi
01-11 20:29:59.345 I/NRFW    (1229): serverip=103.235.47.88 localIp=10.0.8.1
01-11 20:29:59.685 W/SignalStrength(503): getGsmLevel. this.mGsmSignalBar=4, getGsmSignalStrength()== 19
01-11 20:29:59.685 W/SignalStrength(503): getGsmLevel=4
01-11 20:29:59.685 W/SignalStrength(503): getLevel=4 (SignalStrength: 19 255 -120 -160 -120 -1 -1 99 2147483647 -32767 2147483647 -32767 gsm|lte 4)
01-11 20:29:59.685 W/SignalStrength(503): getGsmLevel. this.mGsmSignalBar=4, getGsmSignalStrength()== 22
01-11 20:29:59.685 W/SignalStrength(503): getGsmLevel=4
01-11 20:29:59.685 W/SignalStrength(503): getLevel=4 (SignalStrength: 22 255 -120 -160 -120 -1 -1 99 2147483647 -32767 2147483647 -32767 gsm|lte 4)
01-11 20:29:59.955 D/dalvikvm(25285): GC_CONCURRENT freed 7309K, 29% free 24254K/33699K, paused 3ms+18ms
01-11 20:29:59.995 E/AlarmManagerService(377): android_server_AlarmManagerService_set to type=3, 112613.535000000
01-11 20:29:59.995 D/KeyguardUpdateMonitor(377): received broadcast android.intent.action.TIME_TICK
01-11 20:29:59.995 D/KeyguardUpdateMonitor(377): handleTimeUpdate
01-11 20:30:00.275 D/Tethering(377): interfaceLinkStateChanged wlan0, true
01-11 20:30:00.275 D/Tethering(377): interfaceStatusChanged wlan0, true
01-11 20:30:01.695 W/SignalStrength(503): getGsmLevel. this.mGsmSignalBar=4, getGsmSignalStrength()== 19
01-11 20:30:01.695 W/SignalStrength(503): getGsmLevel=4
01-11 20:30:01.695 W/SignalStrength(503): getLevel=4 (SignalStrength: 19 255 -120 -160 -120 -1 -1 99 2147483647 -32767 2147483647 -32767 gsm|lte 4)
01-11 20:30:01.695 W/SignalStrength(503): getGsmLevel. this.mGsmSignalBar=4, getGsmSignalStrength()== 22
01-11 20:30:01.695 W/SignalStrength(503): getGsmLevel=4
01-11 20:30:01.695 W/SignalStrength(503): getLevel=4 (SignalStrength: 22 255 -120 -160 -120 -1 -1 99 2147483647 -32767 2147483647 -32767 gsm|lte 4)
01-11 20:30:02.695 W/SignalStrength(503): getGsmLevel. this.mGsmSignalBar=4, getGsmSignalStrength()== 19
01-11 20:30:02.695 W/SignalStrength(503): getGsmLevel=4
01-11 20:30:02.695 W/SignalStrength(503): getLevel=4 (SignalStrength: 19 255 -120 -160 -120 -1 -1 99 2147483647 -32767 2147483647 -32767 gsm|lte 4)
01-11 20:30:02.695 W/SignalStrength(503): getGsmLevel. this.mGsmSignalBar=4, getGsmSignalStrength()== 22
01-11 20:30:02.695 W/SignalStrength(503): getGsmLevel=4
01-11 20:30:02.695 W/SignalStrength(503): getLevel=4 (SignalStrength: 22 255 -120 -160 -120 -1 -1 99 2147483647 -32767 2147483647 -32767 gsm|lte 4)
01-11 20:30:03.365 D/dalvikvm(25285): GC_CONCURRENT freed 7303K, 29% free 24261K/33699K, paused 6ms+18ms
01-11 20:30:04.595 D/KeyguardUpdateMonitor(377): received broadcast android.intent.action.BATTERY_CHANGED
01-11 20:30:04.595 D/KeyguardUpdateMonitor(377): handleBatteryUpdate
01-11 20:30:04.695 W/SignalStrength(503): getGsmLevel. this.mGsmSignalBar=4, getGsmSignalStrength()== 19
01-11 20:30:04.695 W/SignalStrength(503): getGsmLevel=4
01-11 20:30:04.695 W/SignalStrength(503): getLevel=4 (SignalStrength: 19 255 -120 -160 -120 -1 -1 99 2147483647 -32767 2147483647 -32767 gsm|lte 4)
01-11 20:30:04.695 W/SignalStrength(503): getGsmLevel. this.mGsmSignalBar=4, getGsmSignalStrength()== 22
01-11 20:30:04.695 W/SignalStrength(503): getGsmLevel=4
01-11 20:30:04.695 W/SignalStrength(503): getLevel=4 (SignalStrength: 22 255 -120 -160 -120 -1 -1 99 2147483647 -32767 2147483647 -32767 gsm|lte 4)
01-11 20:30:05.695 W/SignalStrength(503): getGsmLevel. this.mGsmSignalBar=4, getGsmSignalStrength()== 19
01-11 20:30:05.695 W/SignalStrength(503): getGsmLevel=4
01-11 20:30:05.695 W/SignalStrength(503): getLevel=4 (SignalStrength: 19 255 -120 -160 -120 -1 -1 99 2147483647 -32767 2147483647 -32767 gsm|lte 4)
01-11 20:30:05.695 W/SignalStrength(503): getGsmLevel. this.mGsmSignalBar=4, getGsmSignalStrength()== 22
01-11 20:30:05.695 W/SignalStrength(503): getGsmLevel=4
01-11 20:30:05.695 W/SignalStrength(503): getLevel=4 (SignalStrength: 22 255 -120 -160 -120 -1 -1 99 2147483647 -32767 2147483647 -32767 gsm|lte 4)
01-11 20:30:06.805 D/dalvikvm(25285): GC_CONCURRENT freed 7302K, 28% free 24271K/33699K, paused 4ms+16ms
01-11 20:30:07.635 I/PlayCommon(23879): [1079] com.google.android.play.a.g.e(900): Preparing logs for uploading
01-11 20:30:07.675 I/PlayCommon(23879): [1079] com.google.android.play.a.g.e(902): No file ready to send
01-11 20:30:07.705 W/SignalStrength(503): getGsmLevel. this.mGsmSignalBar=4, getGsmSignalStrength()== 19
01-11 20:30:07.705 W/SignalStrength(503): getGsmLevel=4
01-11 20:30:07.705 W/SignalStrength(503): getLevel=4 (SignalStrength: 19 255 -120 -160 -120 -1 -1 99 2147483647 -32767 2147483647 -32767 gsm|lte 4)
01-11 20:30:07.705 W/SignalStrength(503): getGsmLevel. this.mGsmSignalBar=4, getGsmSignalStrength()== 22
01-11 20:30:07.705 W/SignalStrength(503): getGsmLevel=4
01-11 20:30:07.705 W/SignalStrength(503): getLevel=4 (SignalStrength: 22 255 -120 -160 -120 -1 -1 99 2147483647 -32767 2147483647 -32767 gsm|lte 4)
01-11 20:30:08.705 W/SignalStrength(503): getGsmLevel. this.mGsmSignalBar=4, getGsmSignalStrength()== 19
01-11 20:30:08.705 W/SignalStrength(503): getGsmLevel=4
01-11 20:30:08.705 W/SignalStrength(503): getLevel=4 (SignalStrength: 19 255 -120 -160 -120 -1 -1 99 2147483647 -32767 2147483647 -32767 gsm|lte 4)
01-11 20:30:08.705 W/SignalStrength(503): getGsmLevel. this.mGsmSignalBar=4, getGsmSignalStrength()== 22
01-11 20:30:08.705 W/SignalStrength(503): getGsmLevel=4
01-11 20:30:08.705 W/SignalStrength(503): getLevel=4 (SignalStrength: 22 255 -120 -160 -120 -1 -1 99 2147483647 -32767 2147483647 -32767 gsm|lte 4)
01-11 20:30:10.355 D/dalvikvm(25285): GC_CONCURRENT freed 7306K, 28% free 24281K/33699K, paused 4ms+18ms
01-11 20:30:10.705 W/SignalStrength(503): getGsmLevel. this.mGsmSignalBar=4, getGsmSignalStrength()== 19
01-11 20:30:10.705 W/SignalStrength(503): getGsmLevel=4
01-11 20:30:10.705 W/SignalStrength(503): getLevel=4 (SignalStrength: 19 255 -120 -160 -120 -1 -1 99 2147483647 -32767 2147483647 -32767 gsm|lte 4)
01-11 20:30:10.705 W/SignalStrength(503): getGsmLevel. this.mGsmSignalBar=4, getGsmSignalStrength()== 22
01-11 20:30:10.705 W/SignalStrength(503): getGsmLevel=4
01-11 20:30:10.705 W/SignalStrength(503): getLevel=4 (SignalStrength: 22 255 -120 -160 -120 -1 -1 99 2147483647 -32767 2147483647 -32767 gsm|lte 4)
01-11 20:30:11.705 W/SignalStrength(503): getGsmLevel. this.mGsmSignalBar=4, getGsmSignalStrength()== 19
01-11 20:30:11.705 W/SignalStrength(503): getGsmLevel=4
01-11 20:30:11.705 W/SignalStrength(503): getLevel=4 (SignalStrength: 19 255 -120 -160 -120 -1 -1 99 2147483647 -32767 2147483647 -32767 gsm|lte 4)
01-11 20:30:11.705 W/SignalStrength(503): getGsmLevel. this.mGsmSignalBar=4, getGsmSignalStrength()== 22
01-11 20:30:11.705 W/SignalStrength(503): getGsmLevel=4
01-11 20:30:11.705 W/SignalStrength(503): getLevel=4 (SignalStrength: 22 255 -120 -160 -120 -1 -1 99 2147483647 -32767 2147483647 -32767 gsm|lte 4)
01-11 20:30:13.435 D/dalvikvm(25285): GC_CONCURRENT freed 7318K, 28% free 24282K/33699K, paused 4ms+18ms
01-11 20:30:13.585 I/NRFW    (1229): profile=wifi
01-11 20:30:13.615 I/NRFW    (1229): serverip=103.235.47.88 localIp=10.0.8.1
01-11 20:30:13.715 W/SignalStrength(503): getGsmLevel. this.mGsmSignalBar=4, getGsmSignalStrength()== 19
01-11 20:30:13.715 W/SignalStrength(503): getGsmLevel=4
01-11 20:30:13.715 W/SignalStrength(503): getLevel=4 (SignalStrength: 19 255 -120 -160 -120 -1 -1 99 2147483647 -32767 2147483647 -32767 gsm|lte 4)
01-11 20:30:13.715 W/SignalStrength(503): getGsmLevel. this.mGsmSignalBar=4, getGsmSignalStrength()== 22
01-11 20:30:13.715 W/SignalStrength(503): getGsmLevel=4
01-11 20:30:13.715 W/SignalStrength(503): getLevel=4 (SignalStrength: 22 255 -120 -160 -120 -1 -1 99 2147483647 -32767 2147483647 -32767 gsm|lte 4)
01-11 20:30:14.715 W/SignalStrength(503): getGsmLevel. this.mGsmSignalBar=4, getGsmSignalStrength()== 19
01-11 20:30:14.715 W/SignalStrength(503): getGsmLevel=4
01-11 20:30:14.715 W/SignalStrength(503): getLevel=4 (SignalStrength: 19 255 -120 -160 -120 -1 -1 99 2147483647 -32767 2147483647 -32767 gsm|lte 4)
01-11 20:30:14.715 W/SignalStrength(503): getGsmLevel. this.mGsmSignalBar=4, getGsmSignalStrength()== 22
01-11 20:30:14.715 W/SignalStrength(503): getGsmLevel=4
01-11 20:30:14.715 W/SignalStrength(503): getLevel=4 (SignalStrength: 22 255 -120 -160 -120 -1 -1 99 2147483647 -32767 2147483647 -32767 gsm|lte 4)
01-11 20:30:16.645 I/NRFW    (1229): profile=wifi
01-11 20:30:16.685 I/NRFW    (1229): serverip=103.235.47.88 localIp=10.0.8.1
01-11 20:30:16.715 W/SignalStrength(503): getGsmLevel. this.mGsmSignalBar=4, getGsmSignalStrength()== 19
01-11 20:30:16.715 W/SignalStrength(503): getGsmLevel=4
01-11 20:30:16.725 W/SignalStrength(503): getLevel=4 (SignalStrength: 19 255 -120 -160 -120 -1 -1 99 2147483647 -32767 2147483647 -32767 gsm|lte 4)
01-11 20:30:16.725 W/SignalStrength(503): getGsmLevel. this.mGsmSignalBar=4, getGsmSignalStrength()== 22
01-11 20:30:16.725 W/SignalStrength(503): getGsmLevel=4
01-11 20:30:16.725 W/SignalStrength(503): getLevel=4 (SignalStrength: 22 255 -120 -160 -120 -1 -1 99 2147483647 -32767 2147483647 -32767 gsm|lte 4)
01-11 20:30:16.865 D/dalvikvm(25285): GC_CONCURRENT freed 7310K, 28% free 24289K/33699K, paused 4ms+18ms
01-11 20:30:17.725 W/SignalStrength(503): getGsmLevel. this.mGsmSignalBar=4, getGsmSignalStrength()== 19
01-11 20:30:17.725 W/SignalStrength(503): getGsmLevel=4
01-11 20:30:17.725 W/SignalStrength(503): getLevel=4 (SignalStrength: 19 255 -120 -160 -120 -1 -1 99 2147483647 -32767 2147483647 -32767 gsm|lte 4)
01-11 20:30:17.725 W/SignalStrength(503): getGsmLevel. this.mGsmSignalBar=4, getGsmSignalStrength()== 22
01-11 20:30:17.725 W/SignalStrength(503): getGsmLevel=4
01-11 20:30:17.725 W/SignalStrength(503): getLevel=4 (SignalStrength: 22 255 -120 -160 -120 -1 -1 99 2147483647 -32767 2147483647 -32767 gsm|lte 4)
01-11 20:30:18.345 D/plugin  (684): getDefaultSubscription()
01-11 20:30:18.345 E/MSimTelephonyManager(24146): MSimTelephonyManager sRegistryMsim != null
01-11 20:30:18.385 I/NRFW    (1229): serverip=180.76.3.90 localIp=10.0.8.1
01-11 20:30:18.405 I/DNS     (1229): 180.76.3.90 h_errno=1
01-11 20:30:19.165 E/AlarmManagerService(377): android_server_AlarmManagerService_set to type=3, 112654.365000000
01-11 20:30:19.185 I/NRFW    (1229): profile=wifi
01-11 20:30:19.725 W/SignalStrength(503): getGsmLevel. this.mGsmSignalBar=4, getGsmSignalStrength()== 19
01-11 20:30:19.725 W/SignalStrength(503): getGsmLevel=4
01-11 20:30:19.725 W/SignalStrength(503): getLevel=4 (SignalStrength: 19 255 -120 -160 -120 -1 -1 99 2147483647 -32767 2147483647 -32767 gsm|lte 4)
01-11 20:30:19.725 W/SignalStrength(503): getGsmLevel. this.mGsmSignalBar=4, getGsmSignalStrength()== 22
01-11 20:30:19.725 W/SignalStrength(503): getGsmLevel=4
01-11 20:30:19.725 W/SignalStrength(503): getLevel=4 (SignalStrength: 22 255 -120 -160 -120 -1 -1 99 2147483647 -32767 2147483647 -32767 gsm|lte 4)
01-11 20:30:20.075 D/dalvikvm(25285): GC_CONCURRENT freed 7349K, 29% free 24261K/33699K, paused 4ms+17ms
01-11 20:30:20.725 W/SignalStrength(503): getGsmLevel. this.mGsmSignalBar=4, getGsmSignalStrength()== 19
01-11 20:30:20.725 W/SignalStrength(503): getGsmLevel=4
01-11 20:30:20.725 W/SignalStrength(503): getLevel=4 (SignalStrength: 19 255 -120 -160 -120 -1 -1 99 2147483647 -32767 2147483647 -32767 gsm|lte 4)
01-11 20:30:20.725 W/SignalStrength(503): getGsmLevel. this.mGsmSignalBar=4, getGsmSignalStrength()== 22
01-11 20:30:20.725 W/SignalStrength(503): getGsmLevel=4
