01-11 20:33:20.105 W/SignalStrength(503): getGsmLevel. this.mGsmSignalBar=4, getGsmSignalStrength()== 22
01-11 20:33:20.105 W/SignalStrength(503): getGsmLevel=4
01-11 20:33:20.105 W/SignalStrength(503): getLevel=4 (SignalStrength: 22 255 -120 -160 -120 -1 -1 99 2147483647 -32767 2147483647 -32767 gsm|lte 4)
01-11 20:33:20.105 W/SignalStrength(503): getGsmLevel. this.mGsmSignalBar=4, getGsmSignalStrength()== 22
01-11 20:33:20.105 W/SignalStrength(503): getGsmLevel=4
01-11 20:33:20.115 W/SignalStrength(503): getLevel=4 (SignalStrength: 22 255 -120 -160 -120 -1 -1 99 2147483647 -32767 2147483647 -32767 gsm|lte 4)
01-11 20:33:20.795 E/AlarmManagerService(377): android_server_AlarmManagerService_set to type=1, 1484163414.000000000
01-11 20:33:21.115 W/SignalStrength(503): getGsmLevel. this.mGsmSignalBar=4, getGsmSignalStrength()== 22
01-11 20:33:21.115 W/SignalStrength(503): getGsmLevel=4
01-11 20:33:21.115 W/SignalStrength(503): getLevel=4 (SignalStrength: 22 255 -120 -160 -120 -1 -1 99 2147483647 -32767 2147483647 -32767 gsm|lte 4)
01-11 20:33:21.115 W/SignalStrength(503): getGsmLevel. this.mGsmSignalBar=4, getGsmSignalStrength()== 22
01-11 20:33:21.115 W/SignalStrength(503): getGsmLevel=4
01-11 20:33:21.115 W/SignalStrength(503): getLevel=4 (SignalStrength: 22 255 -120 -160 -120 -1 -1 99 2147483647 -32767 2147483647 -32767 gsm|lte 4)
01-11 20:33:22.285 D/dalvikvm(25285): GC_CONCURRENT freed 7326K, 28% free 24324K/33699K, paused 4ms+18ms
01-11 20:33:22.585 I/NRFW    (1229): profile=wifi
01-11 20:33:22.605 I/NRFW    (1229): serverip=103.235.47.88 localIp=10.0.8.1
01-11 20:33:23.115 W/SignalStrength(503): getGsmLevel. this.mGsmSignalBar=4, getGsmSignalStrength()== 22
01-11 20:33:23.115 W/SignalStrength(503): getGsmLevel=4
01-11 20:33:23.115 W/SignalStrength(503): getLevel=4 (SignalStrength: 22 255 -120 -160 -120 -1 -1 99 2147483647 -32767 2147483647 -32767 gsm|lte 4)
01-11 20:33:23.115 W/SignalStrength(503): getGsmLevel. this.mGsmSignalBar=4, getGsmSignalStrength()== 22
01-11 20:33:23.115 W/SignalStrength(503): getGsmLevel=4
01-11 20:33:23.115 W/SignalStrength(503): getLevel=4 (SignalStrength: 22 255 -120 -160 -120 -1 -1 99 2147483647 -32767 2147483647 -32767 gsm|lte 4)
01-11 20:33:24.115 W/SignalStrength(503): getGsmLevel. this.mGsmSignalBar=4, getGsmSignalStrength()== 22
01-11 20:33:24.115 W/SignalStrength(503): getGsmLevel=4
01-11 20:33:24.115 W/SignalStrength(503): getLevel=4 (SignalStrength: 22 255 -120 -160 -120 -1 -1 99 2147483647 -32767 2147483647 -32767 gsm|lte 4)
01-11 20:33:24.115 W/SignalStrength(503): getGsmLevel. this.mGsmSignalBar=4, getGsmSignalStrength()== 22
01-11 20:33:24.115 W/SignalStrength(503): getGsmLevel=4
01-11 20:33:24.115 W/SignalStrength(503): getLevel=4 (SignalStrength: 22 255 -120 -160 -120 -1 -1 99 2147483647 -32767 2147483647 -32767 gsm|lte 4)
01-11 20:33:25.005 D/KeyguardUpdateMonitor(377): received broadcast android.intent.action.BATTERY_CHANGED
01-11 20:33:25.005 D/KeyguardUpdateMonitor(377): handleBatteryUpdate
01-11 20:33:25.345 D/dalvikvm(25285): GC_CONCURRENT freed 7351K, 28% free 24302K/33699K, paused 4ms+18ms
01-11 20:33:26.125 W/SignalStrength(503): getGsmLevel. this.mGsmSignalBar=4, getGsmSignalStrength()== 22
01-11 20:33:26.125 W/SignalStrength(503): getGsmLevel=4
01-11 20:33:26.125 W/SignalStrength(503): getLevel=4 (SignalStrength: 22 255 -120 -160 -120 -1 -1 99 2147483647 -32767 2147483647 -32767 gsm|lte 4)
01-11 20:33:26.125 W/SignalStrength(503): getGsmLevel. this.mGsmSignalBar=4, getGsmSignalStrength()== 22
01-11 20:33:26.125 W/SignalStrength(503): getGsmLevel=4
01-11 20:33:26.125 W/SignalStrength(503): getLevel=4 (SignalStrength: 22 255 -120 -160 -120 -1 -1 99 2147483647 -32767 2147483647 -32767 gsm|lte 4)
01-11 20:33:27.125 W/SignalStrength(503): getGsmLevel. this.mGsmSignalBar=4, getGsmSignalStrength()== 22
01-11 20:33:27.125 W/SignalStrength(503): getGsmLevel=4
01-11 20:33:27.125 W/SignalStrength(503): getLevel=4 (SignalStrength: 22 255 -120 -160 -120 -1 -1 99 2147483647 -32767 2147483647 -32767 gsm|lte 4)
01-11 20:33:27.125 W/SignalStrength(503): getGsmLevel. this.mGsmSignalBar=4, getGsmSignalStrength()== 22
01-11 20:33:27.125 W/SignalStrength(503): getGsmLevel=4
01-11 20:33:27.125 W/SignalStrength(503): getLevel=4 (SignalStrength: 22 255 -120 -160 -120 -1 -1 99 2147483647 -32767 2147483647 -32767 gsm|lte 4)
01-11 20:33:28.545 D/dalvikvm(25285): GC_CONCURRENT freed 7320K, 28% free 24300K/33699K, paused 4ms+18ms
01-11 20:33:29.125 W/SignalStrength(503): getGsmLevel. this.mGsmSignalBar=4, getGsmSignalStrength()== 22
01-11 20:33:29.125 W/SignalStrength(503): getGsmLevel=4
01-11 20:33:29.125 W/SignalStrength(503): getLevel=4 (SignalStrength: 22 255 -120 -160 -120 -1 -1 99 2147483647 -32767 2147483647 -32767 gsm|lte 4)
01-11 20:33:29.125 W/SignalStrength(503): getGsmLevel. this.mGsmSignalBar=4, getGsmSignalStrength()== 22
01-11 20:33:29.125 W/SignalStrength(503): getGsmLevel=4
01-11 20:33:29.125 W/SignalStrength(503): getLevel=4 (SignalStrength: 22 255 -120 -160 -120 -1 -1 99 2147483647 -32767 2147483647 -32767 gsm|lte 4)
01-11 20:33:30.135 W/SignalStrength(503): getGsmLevel. this.mGsmSignalBar=4, getGsmSignalStrength()== 22
01-11 20:33:30.135 W/SignalStrength(503): getGsmLevel=4
01-11 20:33:30.135 W/SignalStrength(503): getLevel=4 (SignalStrength: 22 255 -120 -160 -120 -1 -1 99 2147483647 -32767 2147483647 -32767 gsm|lte 4)
01-11 20:33:30.135 W/SignalStrength(503): getGsmLevel. this.mGsmSignalBar=4, getGsmSignalStrength()== 22
01-11 20:33:30.135 W/SignalStrength(503): getGsmLevel=4
01-11 20:33:30.135 W/SignalStrength(503): getLevel=4 (SignalStrength: 22 255 -120 -160 -120 -1 -1 99 2147483647 -32767 2147483647 -32767 gsm|lte 4)
01-11 20:33:31.505 D/dalvikvm(25285): GC_CONCURRENT freed 7306K, 28% free 24312K/33699K, paused 4ms+18ms
01-11 20:33:32.135 W/SignalStrength(503): getGsmLevel. this.mGsmSignalBar=4, getGsmSignalStrength()== 22
01-11 20:33:32.135 W/SignalStrength(503): getGsmLevel=4
01-11 20:33:32.135 W/SignalStrength(503): getLevel=4 (SignalStrength: 22 255 -120 -160 -120 -1 -1 99 2147483647 -32767 2147483647 -32767 gsm|lte 4)
01-11 20:33:32.135 W/SignalStrength(503): getGsmLevel. this.mGsmSignalBar=4, getGsmSignalStrength()== 22
01-11 20:33:32.135 W/SignalStrength(503): getGsmLevel=4
01-11 20:33:32.135 W/SignalStrength(503): getLevel=4 (SignalStrength: 22 255 -120 -160 -120 -1 -1 99 2147483647 -32767 2147483647 -32767 gsm|lte 4)
01-11 20:33:33.135 W/SignalStrength(503): getGsmLevel. this.mGsmSignalBar=4, getGsmSignalStrength()== 22
01-11 20:33:33.135 W/SignalStrength(503): getGsmLevel=4
01-11 20:33:33.135 W/SignalStrength(503): getLevel=4 (SignalStrength: 22 255 -120 -160 -120 -1 -1 99 2147483647 -32767 2147483647 -32767 gsm|lte 4)
01-11 20:33:33.135 W/SignalStrength(503): getGsmLevel. this.mGsmSignalBar=4, getGsmSignalStrength()== 22
01-11 20:33:33.135 W/SignalStrength(503): getGsmLevel=4
01-11 20:33:33.135 W/SignalStrength(503): getLevel=4 (SignalStrength: 22 255 -120 -160 -120 -1 -1 99 2147483647 -32767 2147483647 -32767 gsm|lte 4)
01-11 20:33:34.915 D/dalvikvm(25285): GC_CONCURRENT freed 7347K, 28% free 24295K/33699K, paused 4ms+17ms
01-11 20:33:35.145 W/SignalStrength(503): getGsmLevel. this.mGsmSignalBar=4, getGsmSignalStrength()== 22
01-11 20:33:35.145 W/SignalStrength(503): getGsmLevel=4
01-11 20:33:35.145 W/SignalStrength(503): getLevel=4 (SignalStrength: 22 255 -120 -160 -120 -1 -1 99 2147483647 -32767 2147483647 -32767 gsm|lte 4)
01-11 20:33:35.145 W/SignalStrength(503): getGsmLevel. this.mGsmSignalBar=4, getGsmSignalStrength()== 22
01-11 20:33:35.145 W/SignalStrength(503): getGsmLevel=4
01-11 20:33:35.145 W/SignalStrength(503): getLevel=4 (SignalStrength: 22 255 -120 -160 -120 -1 -1 99 2147483647 -32767 2147483647 -32767 gsm|lte 4)
01-11 20:33:36.145 W/SignalStrength(503): getGsmLevel. this.mGsmSignalBar=4, getGsmSignalStrength()== 22
01-11 20:33:36.145 W/SignalStrength(503): getGsmLevel=4
01-11 20:33:36.145 W/SignalStrength(503): getLevel=4 (SignalStrength: 22 255 -120 -160 -120 -1 -1 99 2147483647 -32767 2147483647 -32767 gsm|lte 4)
01-11 20:33:36.145 W/SignalStrength(503): getGsmLevel. this.mGsmSignalBar=4, getGsmSignalStrength()== 22
01-11 20:33:36.145 W/SignalStrength(503): getGsmLevel=4
01-11 20:33:36.145 W/SignalStrength(503): getLevel=4 (SignalStrength: 22 255 -120 -160 -120 -1 -1 99 2147483647 -32767 2147483647 -32767 gsm|lte 4)
01-11 20:33:36.695 I/NRFW    (1229): profile=wifi
01-11 20:33:36.705 I/NRFW    (1229): serverip=103.235.47.88 localIp=10.0.8.1
01-11 20:33:37.965 D/dalvikvm(25285): GC_CONCURRENT freed 7309K, 28% free 24309K/33699K, paused 4ms+18ms
01-11 20:33:38.145 W/SignalStrength(503): getGsmLevel. this.mGsmSignalBar=4, getGsmSignalStrength()== 22
01-11 20:33:38.145 W/SignalStrength(503): getGsmLevel=4
01-11 20:33:38.145 W/SignalStrength(503): getLevel=4 (SignalStrength: 22 255 -120 -160 -120 -1 -1 99 2147483647 -32767 2147483647 -32767 gsm|lte 4)
01-11 20:33:38.145 W/SignalStrength(503): getGsmLevel. this.mGsmSignalBar=4, getGsmSignalStrength()== 22
01-11 20:33:38.145 W/SignalStrength(503): getGsmLevel=4
01-11 20:33:38.145 W/SignalStrength(503): getLevel=4 (SignalStrength: 22 255 -120 -160 -120 -1 -1 99 2147483647 -32767 2147483647 -32767 gsm|lte 4)
01-11 20:33:39.145 W/SignalStrength(503): getGsmLevel. this.mGsmSignalBar=4, getGsmSignalStrength()== 22
01-11 20:33:39.145 W/SignalStrength(503): getGsmLevel=4
01-11 20:33:39.145 W/SignalStrength(503): getLevel=4 (SignalStrength: 22 255 -120 -160 -120 -1 -1 99 2147483647 -32767 2147483647 -32767 gsm|lte 4)
01-11 20:33:39.145 W/SignalStrength(503): getGsmLevel. this.mGsmSignalBar=4, getGsmSignalStrength()== 22
01-11 20:33:39.145 W/SignalStrength(503): getGsmLevel=4
01-11 20:33:39.145 W/SignalStrength(503): getLevel=4 (SignalStrength: 22 255 -120 -160 -120 -1 -1 99 2147483647 -32767 2147483647 -32767 gsm|lte 4)
01-11 20:33:39.655 D/plugin  (684): getDefaultSubscription()
01-11 20:33:39.675 E/MSimTelephonyManager(24146): MSimTelephonyManager sRegistryMsim != null
01-11 20:33:39.685 I/NRFW    (1229): profile=wifi
01-11 20:33:39.705 I/NRFW    (1229): serverip=180.76.3.90 localIp=10.0.8.1
01-11 20:33:39.725 I/DNS     (1229): 180.76.3.90 h_errno=1
01-11 20:33:39.865 I/NRFW    (1229): serverip=103.235.47.88 localIp=10.0.8.1
01-11 20:33:41.005 D/dalvikvm(25285): GC_CONCURRENT freed 7332K, 28% free 24300K/33699K, paused 4ms+18ms
01-11 20:33:41.155 W/SignalStrength(503): getGsmLevel. this.mGsmSignalBar=4, getGsmSignalStrength()== 22
01-11 20:33:41.155 W/SignalStrength(503): getGsmLevel=4
01-11 20:33:41.155 W/SignalStrength(503): getLevel=4 (SignalStrength: 22 255 -120 -160 -120 -1 -1 99 2147483647 -32767 2147483647 -32767 gsm|lte 4)
01-11 20:33:41.155 W/SignalStrength(503): getGsmLevel. this.mGsmSignalBar=4, getGsmSignalStrength()== 22
01-11 20:33:41.155 W/SignalStrength(503): getGsmLevel=4
01-11 20:33:41.155 W/SignalStrength(503): getLevel=4 (SignalStrength: 22 255 -120 -160 -120 -1 -1 99 2147483647 -32767 2147483647 -32767 gsm|lte 4)
01-11 20:33:41.515 I/PlayCommon(23879): [1113] com.google.android.play.a.g.e(900): Preparing logs for uploading
01-11 20:33:41.565 I/PlayCommon(23879): [1113] com.google.android.play.a.g.e(902): No file ready to send
01-11 20:33:41.575 D/plugin  (684): getDefaultSubscription()
01-11 20:33:42.155 W/SignalStrength(503): getGsmLevel. this.mGsmSignalBar=4, getGsmSignalStrength()== 22
01-11 20:33:42.155 W/SignalStrength(503): getGsmLevel=4
01-11 20:33:42.155 W/SignalStrength(503): getLevel=4 (SignalStrength: 22 255 -120 -160 -120 -1 -1 99 2147483647 -32767 2147483647 -32767 gsm|lte 4)
01-11 20:33:42.155 W/SignalStrength(503): getGsmLevel. this.mGsmSignalBar=4, getGsmSignalStrength()== 22
01-11 20:33:42.155 W/SignalStrength(503): getGsmLevel=4
01-11 20:33:42.155 W/SignalStrength(503): getLevel=4 (SignalStrength: 22 255 -120 -160 -120 -1 -1 99 2147483647 -32767 2147483647 -32767 gsm|lte 4)
01-11 20:33:42.705 I/NRFW    (1229): profile=wifi
01-11 20:33:42.725 I/NRFW    (1229): serverip=180.76.3.90 localIp=10.0.8.1
01-11 20:33:44.155 W/SignalStrength(503): getGsmLevel. this.mGsmSignalBar=4, getGsmSignalStrength()== 22
01-11 20:33:44.155 W/SignalStrength(503): getGsmLevel=4
01-11 20:33:44.155 W/SignalStrength(503): getLevel=4 (SignalStrength: 22 255 -120 -160 -120 -1 -1 99 2147483647 -32767 2147483647 -32767 gsm|lte 4)
01-11 20:33:44.155 W/SignalStrength(503): getGsmLevel. this.mGsmSignalBar=4, getGsmSignalStrength()== 22
01-11 20:33:44.155 W/SignalStrength(503): getGsmLevel=4
01-11 20:33:44.155 W/SignalStrength(503): getLevel=4 (SignalStrength: 22 255 -120 -160 -120 -1 -1 99 2147483647 -32767 2147483647 -32767 gsm|lte 4)
01-11 20:33:44.725 D/dalvikvm(25285): GC_CONCURRENT freed 7322K, 28% free 24302K/33699K, paused 3ms+19ms
01-11 20:33:45.035 D/KeyguardUpdateMonitor(377): received broadcast android.intent.action.BATTERY_CHANGED
01-11 20:33:45.035 D/KeyguardUpdateMonitor(377): handleBatteryUpdate
01-11 20:33:45.155 W/SignalStrength(503): getGsmLevel. this.mGsmSignalBar=4, getGsmSignalStrength()== 22
01-11 20:33:45.155 W/SignalStrength(503): getGsmLevel=4
01-11 20:33:45.155 W/SignalStrength(503): getLevel=4 (SignalStrength: 22 255 -120 -160 -120 -1 -1 99 2147483647 -32767 2147483647 -32767 gsm|lte 4)
01-11 20:33:45.155 W/SignalStrength(503): getGsmLevel. this.mGsmSignalBar=4, getGsmSignalStrength()== 22
01-11 20:33:45.155 W/SignalStrength(503): getGsmLevel=4
01-11 20:33:45.155 W/SignalStrength(503): getLevel=4 (SignalStrength: 22 255 -120 -160 -120 -1 -1 99 2147483647 -32767 2147483647 -32767 gsm|lte 4)
01-11 20:33:45.745 I/NRFW    (1229): profile=wifi
01-11 20:33:45.775 I/NRFW    (1229): serverip=103.235.47.88 localIp=10.0.8.1
01-11 20:33:45.775 I/DNS     (1229): 103.235.47.88 h_errno=1
01-11 20:33:45.795 I/DNS     (1229): 112.80.248.171 h_errno=1
01-11 20:33:45.905 I/NRFW    (1229): serverip=147.251.54.117 localIp=10.0.8.1
01-11 20:33:45.935 I/NRFW    (1229): serverip=147.251.54.117 localIp=10.0.8.1
01-11 20:33:45.985 I/NRFW    (1229): serverip=147.251.54.117 localIp=10.0.8.1
01-11 20:33:46.035 I/NRFW    (1229): serverip=147.251.54.117 localIp=10.0.8.1
01-11 20:33:46.045 D/dalvikvm(1229): GC_CONCURRENT freed 2986K, 41% free 11696K/19555K, paused 2ms+8ms
01-11 20:33:46.165 W/SignalStrength(503): getGsmLevel. this.mGsmSignalBar=4, getGsmSignalStrength()== 22
01-11 20:33:46.165 W/SignalStrength(503): getGsmLevel=4
01-11 20:33:46.165 W/SignalStrength(503): getLevel=4 (SignalStrength: 22 255 -120 -160 -120 -1 -1 99 2147483647 -32767 2147483647 -32767 gsm|lte 4)
01-11 20:33:46.165 W/SignalStrength(503): getGsmLevel. this.mGsmSignalBar=4, getGsmSignalStrength()== 22
01-11 20:33:46.165 W/SignalStrength(503): getGsmLevel=4
01-11 20:33:46.165 W/SignalStrength(503): getLevel=4 (SignalStrength: 22 255 -120 -160 -120 -1 -1 99 2147483647 -32767 2147483647 -32767 gsm|lte 4)
01-11 20:33:46.745 E/SQLiteDatabase(25285): Error inserting image=[B@421c5400 s=52868 z=0 y=43801 x=70137
01-11 20:33:46.745 E/SQLiteDatabase(25285): android.database.sqlite.SQLiteDiskIOException: disk I/O error
01-11 20:33:46.745 E/SQLiteDatabase(25285): 	at android.database.sqlite.SQLiteStatement.native_executeSql(Native Method)
01-11 20:33:46.745 E/SQLiteDatabase(25285): 	at android.database.sqlite.SQLiteStatement.executeUpdateDelete(SQLiteStatement.java:90)
01-11 20:33:46.745 E/SQLiteDatabase(25285): 	at android.database.sqlite.SQLiteDatabase.executeSql(SQLiteDatabase.java:2021)
01-11 20:33:46.745 E/SQLiteDatabase(25285): 	at android.database.sqlite.SQLiteDatabase.execSQL(SQLiteDatabase.java:1961)
01-11 20:33:46.745 E/SQLiteDatabase(25285): 	at android.database.sqlite.SQLiteDatabase.endTransaction(SQLiteDatabase.java:737)
01-11 20:33:46.745 E/SQLiteDatabase(25285): 	at android.database.sqlite.SQLiteStatement.releaseAndUnlock(SQLiteStatement.java:273)
01-11 20:33:46.745 E/SQLiteDatabase(25285): 	at android.database.sqlite.SQLiteStatement.executeInsert(SQLiteStatement.java:115)
01-11 20:33:46.745 E/SQLiteDatabase(25285): 	at android.database.sqlite.SQLiteDatabase.insertWithOnConflict(SQLiteDatabase.java:1840)
01-11 20:33:46.745 E/SQLiteDatabase(25285): 	at android.database.sqlite.SQLiteDatabase.insert(SQLiteDatabase.java:1713)
01-11 20:33:46.745 E/SQLiteDatabase(25285): 	at o.akY.ॱ(:790)
01-11 20:33:46.745 E/SQLiteDatabase(25285): 	at o.ain.ˏ(:99535)
01-11 20:33:46.745 E/SQLiteDatabase(25285): 	at o.ain.ˋ(:1260)
01-11 20:33:46.745 E/SQLiteDatabase(25285): 	at o.Ep.ˊ(:716)
01-11 20:33:46.745 E/SQLiteDatabase(25285): 	at o.Eh.ˎ(:65798)
01-11 20:33:46.745 E/SQLiteDatabase(25285): 	at o.Eh.ˋ(:889)
01-11 20:33:46.745 E/SQLiteDatabase(25285): 	at o.Eh.ˋ(:700)
01-11 20:33:46.745 E/SQLiteDatabase(25285): 	at o.Eh.ˎ(:101727)
01-11 20:33:46.745 E/SQLiteDatabase(25285): 	at o.En.run(:434)
01-11 20:33:46.745 E/SQLiteDatabase(25285): 	at java.lang.Thread.run(Thread.java:856)
01-11 20:33:46.905 D/KeyguardViewMediator(377): setHidden false
01-11 20:33:46.925 D/memalloc(25285): /dev/pmem: Unmapping buffer base:0x534d4000 size:860160 offset:0
01-11 20:33:46.925 D/memalloc(25285): /dev/pmem: Unmapping buffer base:0x54fa5000 size:8462336 offset:7602176
01-11 20:33:46.925 D/memalloc(25285): /dev/pmem: Unmapping buffer base:0x53de2000 size:6864896 offset:6004736
01-11 20:33:46.925 D/memalloc(111): /dev/pmem: Freeing buffer base:0x422d2000 size:860160 offset:7602176 fd:48
01-11 20:33:46.925 D/memalloc(111): /dev/pmem: Freeing buffer base:0x4214c000 size:860160 offset:6004736 fd:54
01-11 20:33:46.925 I/Adreno200-EGLSUB(25285): <ConfigWindowMatch:2218>: Format RGBA_8888.
01-11 20:33:46.925 D/memalloc(111): /dev/pmem: Allocated buffer base:0x41b92000 size:1167360 offset:6004736 fd:48
01-11 20:33:46.925 D/memalloc(25285): /dev/pmem: Mapped buffer base:0x54fa5000 size:7172096 offset:6004736 fd:82
01-11 20:33:46.965 D/memalloc(111): /dev/pmem: Allocated buffer base:0x41b92000 size:1167360 offset:7172096 fd:54
01-11 20:33:46.965 D/memalloc(25285): /dev/pmem: Mapped buffer base:0x559b7000 size:8339456 offset:7172096 fd:85
01-11 20:33:46.975 I/Adreno200-EGLSUB(111): <CreateImage:1017>: Android Image
01-11 20:33:46.975 I/Adreno200-EGLSUB(111): <GetImageAttributes:1226>: RGBA_8888
01-11 20:33:46.975 D/memalloc(111): /dev/pmem: Freeing buffer base:0x41b92000 size:860160 offset:0 fd:42
01-11 20:33:47.035 W/SurfaceFlinger(111): id=498(9) createSurface 0xbbee5c (1x1),1 flag=0
01-11 20:33:47.035 D/KeyguardViewMediator(377): setHidden false
01-11 20:33:47.065 D/KeyguardViewMediator(377): setHidden false
01-11 20:33:47.095 D/memalloc(25285): /dev/pmem: Unmapping buffer base:0x54fa5000 size:7172096 offset:6004736
01-11 20:33:47.095 D/memalloc(25285): /dev/pmem: Unmapping buffer base:0x559b7000 size:8339456 offset:7172096
01-11 20:33:47.095 D/memalloc(111): /dev/pmem: Freeing buffer base:0x42269000 size:1167360 offset:7172096 fd:54
01-11 20:33:47.095 I/Adreno200-EGLSUB(25285): <ConfigWindowMatch:2218>: Format RGBA_8888.
01-11 20:33:47.095 D/memalloc(111): /dev/pmem: Allocated buffer base:0x41b92000 size:1228800 offset:0 fd:42
01-11 20:33:47.105 D/memalloc(25285): /dev/pmem: Mapped buffer base:0x53de2000 size:1228800 offset:0 fd:81
01-11 20:33:47.125 I/Adreno200-EGLSUB(111): <CreateImage:1017>: Android Image
01-11 20:33:47.125 I/Adreno200-EGLSUB(111): <GetImageAttributes:1226>: RGBA_8888
01-11 20:33:47.125 D/memalloc(111): /dev/pmem: Freeing buffer base:0x4214c000 size:1167360 offset:6004736 fd:48
01-11 20:33:47.125 D/memalloc(111): /dev/pmem: Allocated buffer base:0x41b92000 size:1228800 offset:6004736 fd:48
01-11 20:33:47.125 D/memalloc(25285): /dev/pmem: Mapped buffer base:0x54fa5000 size:7233536 offset:6004736 fd:84
01-11 20:33:47.135 D/memalloc(111): /dev/pmem: Allocated buffer base:0x41b92000 size:491520 offset:7233536 fd:54
01-11 20:33:47.135 D/memalloc(25285): /dev/pmem: Mapped buffer base:0x559b7000 size:7725056 offset:7233536 fd:87
01-11 20:33:47.175 I/Adreno200-EGLSUB(111): <CreateImage:1017>: Android Image
01-11 20:33:47.175 I/Adreno200-EGLSUB(111): <GetImageAttributes:1226>: RGBA_8888
01-11 20:33:47.185 D/KeyguardViewMediator(377): setHidden false
01-11 20:33:47.205 D/KeyguardViewMediator(377): setHidden false
01-11 20:33:47.445 D/KeyguardViewMediator(377): setHidden false
01-11 20:33:47.475 D/KeyguardViewMediator(377): setHidden false
01-11 20:33:47.595 D/KeyguardViewMediator(377): setHidden false
01-11 20:33:47.695 D/memalloc(25285): /dev/pmem: Unmapping buffer base:0x53de2000 size:1228800 offset:0
01-11 20:33:47.695 D/memalloc(25285): /dev/pmem: Unmapping buffer base:0x54fa5000 size:7233536 offset:6004736
01-11 20:33:47.695 D/memalloc(111): /dev/pmem: Freeing buffer base:0x4214c000 size:1228800 offset:6004736 fd:48
01-11 20:33:47.695 I/Adreno200-EGLSUB(25285): <ConfigWindowMatch:2218>: Format RGBA_8888.
01-11 20:33:47.705 D/memalloc(111): /dev/pmem: Allocated buffer base:0x41b92000 size:1044480 offset:6004736 fd:48
01-11 20:33:47.715 D/memalloc(25285): /dev/pmem: Mapped buffer base:0x54fa5000 size:7049216 offset:6004736 fd:81
01-11 20:33:47.755 D/memalloc(111): /dev/pmem: Allocated buffer base:0x41b92000 size:1044480 offset:7725056 fd:60
01-11 20:33:47.755 D/memalloc(25285): /dev/pmem: Mapped buffer base:0x56115000 size:8769536 offset:7725056 fd:84
01-11 20:33:47.755 I/Adreno200-EGLSUB(111): <CreateImage:1017>: Android Image
01-11 20:33:47.755 I/Adreno200-EGLSUB(111): <GetImageAttributes:1226>: RGBA_8888
01-11 20:33:47.755 D/memalloc(111): /dev/pmem: Freeing buffer base:0x41b92000 size:1228800 offset:0 fd:42
01-11 20:33:47.775 E/AlarmManagerService(377): android_server_AlarmManagerService_set to type=3, 112834.364000000
01-11 20:33:48.175 W/SignalStrength(503): getGsmLevel. this.mGsmSignalBar=4, getGsmSignalStrength()== 22
01-11 20:33:48.175 W/SignalStrength(503): getGsmLevel=4
01-11 20:33:48.175 W/SignalStrength(503): getLevel=4 (SignalStrength: 22 255 -120 -160 -120 -1 -1 99 2147483647 -32767 2147483647 -32767 gsm|lte 4)
01-11 20:33:48.175 W/SignalStrength(503): getGsmLevel. this.mGsmSignalBar=4, getGsmSignalStrength()== 22
01-11 20:33:48.175 W/SignalStrength(503): getGsmLevel=4
01-11 20:33:48.175 W/SignalStrength(503): getLevel=4 (SignalStrength: 22 255 -120 -160 -120 -1 -1 99 2147483647 -32767 2147483647 -32767 gsm|lte 4)
01-11 20:33:48.725 I/NRFW    (1229): profile=wifi
01-11 20:33:48.765 I/NRFW    (1229): serverip=180.76.3.90 localIp=10.0.8.1
01-11 20:33:48.905 I/NRFW    (1229): serverip=147.251.54.117 localIp=10.0.8.1
01-11 20:33:48.925 I/NRFW    (1229): serverip=147.251.54.117 localIp=10.0.8.1
01-11 20:33:48.945 I/NRFW    (1229): serverip=147.251.54.117 localIp=10.0.8.1
01-11 20:33:49.165 W/SignalStrength(503): getGsmLevel. this.mGsmSignalBar=4, getGsmSignalStrength()== 22
01-11 20:33:49.165 W/SignalStrength(503): getGsmLevel=4
01-11 20:33:49.165 W/SignalStrength(503): getLevel=4 (SignalStrength: 22 255 -120 -160 -120 -1 -1 99 2147483647 -32767 2147483647 -32767 gsm|lte 4)
01-11 20:33:49.165 W/SignalStrength(503): getGsmLevel. this.mGsmSignalBar=4, getGsmSignalStrength()== 22
01-11 20:33:49.165 W/SignalStrength(503): getGsmLevel=4
01-11 20:33:49.175 W/SignalStrength(503): getLevel=4 (SignalStrength: 22 255 -120 -160 -120 -1 -1 99 2147483647 -32767 2147483647 -32767 gsm|lte 4)
01-11 20:33:49.335 D/dalvikvm(25285): GC_FOR_ALLOC freed 4180K, 29% free 24149K/33699K, paused 112ms
01-11 20:33:49.465 D/dalvikvm(25285): GC_FOR_ALLOC freed 319K, 28% free 24411K/33699K, paused 92ms
01-11 20:33:49.465 I/dalvikvm-heap(25285): Grow heap (frag case) to 25.137MB for 262160-byte allocation
01-11 20:33:49.555 D/dalvikvm(25285): GC_FOR_ALLOC freed 0K, 28% free 24667K/34019K, paused 92ms
01-11 20:33:51.015 D/memalloc(25285): /dev/pmem: Unmapping buffer base:0x559b7000 size:7725056 offset:7233536
01-11 20:33:51.015 D/KeyguardViewMediator(377): setHidden false
01-11 20:33:51.035 D/KeyguardViewMediator(377): setHidden false
01-11 20:33:51.035 W/SurfaceFlinger(111): id=498 Removed idx=7 Map Size=6
01-11 20:33:51.035 W/SurfaceFlinger(111): id=498 Removed idx=-2 Map Size=6
01-11 20:33:51.035 D/KeyguardViewMediator(377): setHidden false
01-11 20:33:51.095 D/memalloc(111): /dev/pmem: Freeing buffer base:0x42278000 size:491520 offset:7233536 fd:54
01-11 20:33:51.175 W/SignalStrength(503): getGsmLevel. this.mGsmSignalBar=4, getGsmSignalStrength()== 22
01-11 20:33:51.175 W/SignalStrength(503): getGsmLevel=4
01-11 20:33:51.175 W/SignalStrength(503): getLevel=4 (SignalStrength: 22 255 -120 -160 -120 -1 -1 99 2147483647 -32767 2147483647 -32767 gsm|lte 4)
01-11 20:33:51.175 W/SignalStrength(503): getGsmLevel. this.mGsmSignalBar=4, getGsmSignalStrength()== 22
01-11 20:33:51.175 W/SignalStrength(503): getGsmLevel=4
01-11 20:33:51.175 W/SignalStrength(503): getLevel=4 (SignalStrength: 22 255 -120 -160 -120 -1 -1 99 2147483647 -32767 2147483647 -32767 gsm|lte 4)
01-11 20:33:53.175 W/SignalStrength(503): getGsmLevel. this.mGsmSignalBar=4, getGsmSignalStrength()== 22
01-11 20:33:53.175 W/SignalStrength(503): getGsmLevel=4
01-11 20:33:53.175 W/SignalStrength(503): getLevel=4 (SignalStrength: 22 255 -120 -160 -120 -1 -1 99 2147483647 -32767 2147483647 -32767 gsm|lte 4)
01-11 20:33:53.175 W/SignalStrength(503): getGsmLevel. this.mGsmSignalBar=4, getGsmSignalStrength()== 22
01-11 20:33:53.175 W/SignalStrength(503): getGsmLevel=4
01-11 20:33:53.175 W/SignalStrength(503): getLevel=4 (SignalStrength: 22 255 -120 -160 -120 -1 -1 99 2147483647 -32767 2147483647 -32767 gsm|lte 4)
01-11 20:33:54.185 W/SignalStrength(503): getGsmLevel. this.mGsmSignalBar=4, getGsmSignalStrength()== 22
01-11 20:33:54.185 W/SignalStrength(503): getGsmLevel=4
01-11 20:33:54.185 W/SignalStrength(503): getLevel=4 (SignalStrength: 22 255 -120 -160 -120 -1 -1 99 2147483647 -32767 2147483647 -32767 gsm|lte 4)
01-11 20:33:54.185 W/SignalStrength(503): getGsmLevel. this.mGsmSignalBar=4, getGsmSignalStrength()== 22
01-11 20:33:54.185 W/SignalStrength(503): getGsmLevel=4
01-11 20:33:54.185 W/SignalStrength(503): getLevel=4 (SignalStrength: 22 255 -120 -160 -120 -1 -1 99 2147483647 -32767 2147483647 -32767 gsm|lte 4)
01-11 20:33:55.735 D/Tethering(377): interfaceLinkStateChanged wlan0, true
01-11 20:33:55.735 D/Tethering(377): interfaceStatusChanged wlan0, true
01-11 20:33:56.185 W/SignalStrength(503): getGsmLevel. this.mGsmSignalBar=4, getGsmSignalStrength()== 22
01-11 20:33:56.185 W/SignalStrength(503): getGsmLevel=4
01-11 20:33:56.185 W/SignalStrength(503): getLevel=4 (SignalStrength: 22 255 -120 -160 -120 -1 -1 99 2147483647 -32767 2147483647 -32767 gsm|lte 4)
01-11 20:33:56.185 W/SignalStrength(503): getGsmLevel. this.mGsmSignalBar=4, getGsmSignalStrength()== 22
01-11 20:33:56.185 W/SignalStrength(503): getGsmLevel=4
01-11 20:33:56.185 W/SignalStrength(503): getLevel=4 (SignalStrength: 22 255 -120 -160 -120 -1 -1 99 2147483647 -32767 2147483647 -32767 gsm|lte 4)
01-11 20:33:57.185 W/SignalStrength(503): getGsmLevel. this.mGsmSignalBar=4, getGsmSignalStrength()== 22
01-11 20:33:57.185 W/SignalStrength(503): getGsmLevel=4
01-11 20:33:57.185 W/SignalStrength(503): getLevel=4 (SignalStrength: 22 255 -120 -160 -120 -1 -1 99 2147483647 -32767 2147483647 -32767 gsm|lte 4)
01-11 20:33:57.185 W/SignalStrength(503): getGsmLevel. this.mGsmSignalBar=4, getGsmSignalStrength()== 22
01-11 20:33:57.185 W/SignalStrength(503): getGsmLevel=4
01-11 20:33:57.185 W/SignalStrength(503): getLevel=4 (SignalStrength: 22 255 -120 -160 -120 -1 -1 99 2147483647 -32767 2147483647 -32767 gsm|lte 4)
01-11 20:33:59.185 W/SignalStrength(503): getGsmLevel. this.mGsmSignalBar=4, getGsmSignalStrength()== 22
01-11 20:33:59.185 W/SignalStrength(503): getGsmLevel=4
01-11 20:33:59.185 W/SignalStrength(503): getLevel=4 (SignalStrength: 22 255 -120 -160 -120 -1 -1 99 2147483647 -32767 2147483647 -32767 gsm|lte 4)
01-11 20:33:59.185 W/SignalStrength(503): getGsmLevel. this.mGsmSignalBar=4, getGsmSignalStrength()== 22
01-11 20:33:59.185 W/SignalStrength(503): getGsmLevel=4
01-11 20:33:59.185 W/SignalStrength(503): getLevel=4 (SignalStrength: 22 255 -120 -160 -120 -1 -1 99 2147483647 -32767 2147483647 -32767 gsm|lte 4)
01-11 20:33:59.755 I/NRFW    (1229): profile=wifi
01-11 20:33:59.775 I/NRFW    (1229): serverip=103.235.47.88 localIp=10.0.8.1
01-11 20:33:59.995 E/AlarmManagerService(377): android_server_AlarmManagerService_set to type=3, 112853.587000000
01-11 20:33:59.995 D/KeyguardUpdateMonitor(377): received broadcast android.intent.action.TIME_TICK
01-11 20:33:59.995 D/KeyguardUpdateMonitor(377): handleTimeUpdate
01-11 20:34:00.195 W/SignalStrength(503): getGsmLevel. this.mGsmSignalBar=4, getGsmSignalStrength()== 22
01-11 20:34:00.195 W/SignalStrength(503): getGsmLevel=4
01-11 20:34:00.195 W/SignalStrength(503): getLevel=4 (SignalStrength: 22 255 -120 -160 -120 -1 -1 99 2147483647 -32767 2147483647 -32767 gsm|lte 4)
01-11 20:34:00.195 W/SignalStrength(503): getGsmLevel. this.mGsmSignalBar=4, getGsmSignalStrength()== 22
01-11 20:34:00.195 W/SignalStrength(503): getGsmLevel=4
01-11 20:34:00.195 W/SignalStrength(503): getLevel=4 (SignalStrength: 22 255 -120 -160 -120 -1 -1 99 2147483647 -32767 2147483647 -32767 gsm|lte 4)
01-11 20:34:02.195 W/SignalStrength(503): getGsmLevel. this.mGsmSignalBar=4, getGsmSignalStrength()== 22
01-11 20:34:02.195 W/SignalStrength(503): getGsmLevel=4
01-11 20:34:02.195 W/SignalStrength(503): getLevel=4 (SignalStrength: 22 255 -120 -160 -120 -1 -1 99 2147483647 -32767 2147483647 -32767 gsm|lte 4)
01-11 20:34:02.195 W/SignalStrength(503): getGsmLevel. this.mGsmSignalBar=4, getGsmSignalStrength()== 22
01-11 20:34:02.195 W/SignalStrength(503): getGsmLevel=4
01-11 20:34:02.195 W/SignalStrength(503): getLevel=4 (SignalStrength: 22 255 -120 -160 -120 -1 -1 99 2147483647 -32767 2147483647 -32767 gsm|lte 4)
01-11 20:34:02.785 I/NRFW    (1229): profile=wifi
01-11 20:34:02.795 I/NRFW    (1229): serverip=103.235.47.88 localIp=10.0.8.1
01-11 20:34:03.195 W/SignalStrength(503): getGsmLevel. this.mGsmSignalBar=4, getGsmSignalStrength()== 22
01-11 20:34:03.195 W/SignalStrength(503): getGsmLevel=4
01-11 20:34:03.195 W/SignalStrength(503): getLevel=4 (SignalStrength: 22 255 -120 -160 -120 -1 -1 99 2147483647 -32767 2147483647 -32767 gsm|lte 4)
01-11 20:34:03.195 W/SignalStrength(503): getGsmLevel. this.mGsmSignalBar=4, getGsmSignalStrength()== 22
01-11 20:34:03.195 W/SignalStrength(503): getGsmLevel=4
01-11 20:34:03.195 W/SignalStrength(503): getLevel=4 (SignalStrength: 22 255 -120 -160 -120 -1 -1 99 2147483647 -32767 2147483647 -32767 gsm|lte 4)
01-11 20:34:05.095 D/KeyguardUpdateMonitor(377): received broadcast android.intent.action.BATTERY_CHANGED
01-11 20:34:05.095 D/KeyguardUpdateMonitor(377): handleBatteryUpdate
01-11 20:34:05.205 W/SignalStrength(503): getGsmLevel. this.mGsmSignalBar=4, getGsmSignalStrength()== 22
01-11 20:34:05.205 W/SignalStrength(503): getGsmLevel=4
01-11 20:34:05.205 W/SignalStrength(503): getLevel=4 (SignalStrength: 22 255 -120 -160 -120 -1 -1 99 2147483647 -32767 2147483647 -32767 gsm|lte 4)
01-11 20:34:05.205 W/SignalStrength(503): getGsmLevel. this.mGsmSignalBar=4, getGsmSignalStrength()== 22
01-11 20:34:05.205 W/SignalStrength(503): getGsmLevel=4
01-11 20:34:05.205 W/SignalStrength(503): getLevel=4 (SignalStrength: 22 255 -120 -160 -120 -1 -1 99 2147483647 -32767 2147483647 -32767 gsm|lte 4)
01-11 20:34:06.215 W/SignalStrength(503): getGsmLevel. this.mGsmSignalBar=4, getGsmSignalStrength()== 22
01-11 20:34:06.215 W/SignalStrength(503): getGsmLevel=4
01-11 20:34:06.215 W/SignalStrength(503): getLevel=4 (SignalStrength: 22 255 -120 -160 -120 -1 -1 99 2147483647 -32767 2147483647 -32767 gsm|lte 4)
01-11 20:34:06.215 W/SignalStrength(503): getGsmLevel. this.mGsmSignalBar=4, getGsmSignalStrength()== 22
01-11 20:34:06.215 W/SignalStrength(503): getGsmLevel=4
01-11 20:34:06.215 W/SignalStrength(503): getLevel=4 (SignalStrength: 22 255 -120 -160 -120 -1 -1 99 2147483647 -32767 2147483647 -32767 gsm|lte 4)
01-11 20:34:08.225 W/SignalStrength(503): getGsmLevel. this.mGsmSignalBar=4, getGsmSignalStrength()== 22
01-11 20:34:08.225 W/SignalStrength(503): getGsmLevel=4
01-11 20:34:08.225 W/SignalStrength(503): getLevel=4 (SignalStrength: 22 255 -120 -160 -120 -1 -1 99 2147483647 -32767 2147483647 -32767 gsm|lte 4)
01-11 20:34:08.225 W/SignalStrength(503): getGsmLevel. this.mGsmSignalBar=4, getGsmSignalStrength()== 22
01-11 20:34:08.225 W/SignalStrength(503): getGsmLevel=4
01-11 20:34:08.225 W/SignalStrength(503): getLevel=4 (SignalStrength: 22 255 -120 -160 -120 -1 -1 99 2147483647 -32767 2147483647 -32767 gsm|lte 4)
01-11 20:34:08.805 I/NRFW    (1229): profile=wifi
01-11 20:34:08.815 I/NRFW    (1229): serverip=103.235.47.88 localIp=10.0.8.1
01-11 20:34:09.225 W/SignalStrength(503): getGsmLevel. this.mGsmSignalBar=4, getGsmSignalStrength()== 22
01-11 20:34:09.225 W/SignalStrength(503): getGsmLevel=4
01-11 20:34:09.225 W/SignalStrength(503): getLevel=4 (SignalStrength: 22 255 -120 -160 -120 -1 -1 99 2147483647 -32767 2147483647 -32767 gsm|lte 4)
01-11 20:34:09.225 W/SignalStrength(503): getGsmLevel. this.mGsmSignalBar=4, getGsmSignalStrength()== 22
01-11 20:34:09.225 W/SignalStrength(503): getGsmLevel=4
01-11 20:34:09.225 W/SignalStrength(503): getLevel=4 (SignalStrength: 22 255 -120 -160 -120 -1 -1 99 2147483647 -32767 2147483647 -32767 gsm|lte 4)
01-11 20:34:11.235 W/SignalStrength(503): getGsmLevel. this.mGsmSignalBar=4, getGsmSignalStrength()== 22
01-11 20:34:11.235 W/SignalStrength(503): getGsmLevel=4
01-11 20:34:11.235 W/SignalStrength(503): getLevel=4 (SignalStrength: 22 255 -120 -160 -120 -1 -1 99 2147483647 -32767 2147483647 -32767 gsm|lte 4)
01-11 20:34:11.235 W/SignalStrength(503): getGsmLevel. this.mGsmSignalBar=4, getGsmSignalStrength()== 22
01-11 20:34:11.235 W/SignalStrength(503): getGsmLevel=4
01-11 20:34:11.235 W/SignalStrength(503): getLevel=4 (SignalStrength: 22 255 -120 -160 -120 -1 -1 99 2147483647 -32767 2147483647 -32767 gsm|lte 4)
01-11 20:34:11.295 D/dalvikvm(503): GC_CONCURRENT freed 4333K, 53% free 15675K/32675K, paused 2ms+6ms
01-11 20:34:12.235 W/SignalStrength(503): getGsmLevel. this.mGsmSignalBar=4, getGsmSignalStrength()== 22
01-11 20:34:12.235 W/SignalStrength(503): getGsmLevel=4
01-11 20:34:12.235 W/SignalStrength(503): getLevel=4 (SignalStrength: 22 255 -120 -160 -120 -1 -1 99 2147483647 -32767 2147483647 -32767 gsm|lte 4)
01-11 20:34:12.235 W/SignalStrength(503): getGsmLevel. this.mGsmSignalBar=4, getGsmSignalStrength()== 22
01-11 20:34:12.235 W/SignalStrength(503): getGsmLevel=4
01-11 20:34:12.235 W/SignalStrength(503): getLevel=4 (SignalStrength: 22 255 -120 -160 -120 -1 -1 99 2147483647 -32767 2147483647 -32767 gsm|lte 4)
01-11 20:34:14.245 W/SignalStrength(503): getGsmLevel. this.mGsmSignalBar=4, getGsmSignalStrength()== 22
01-11 20:34:14.245 W/SignalStrength(503): getGsmLevel=4
01-11 20:34:14.245 W/SignalStrength(503): getLevel=4 (SignalStrength: 22 255 -120 -160 -120 -1 -1 99 2147483647 -32767 2147483647 -32767 gsm|lte 4)
01-11 20:34:14.245 W/SignalStrength(503): getGsmLevel. this.mGsmSignalBar=4, getGsmSignalStrength()== 22
01-11 20:34:14.245 W/SignalStrength(503): getGsmLevel=4
01-11 20:34:14.245 W/SignalStrength(503): getLevel=4 (SignalStrength: 22 255 -120 -160 -120 -1 -1 99 2147483647 -32767 2147483647 -32767 gsm|lte 4)
01-11 20:34:15.245 W/SignalStrength(503): getGsmLevel. this.mGsmSignalBar=4, getGsmSignalStrength()== 22
01-11 20:34:15.245 W/SignalStrength(503): getGsmLevel=4
01-11 20:34:15.245 W/SignalStrength(503): getLevel=4 (SignalStrength: 22 255 -120 -160 -120 -1 -1 99 2147483647 -32767 2147483647 -32767 gsm|lte 4)
01-11 20:34:15.245 W/SignalStrength(503): getGsmLevel. this.mGsmSignalBar=4, getGsmSignalStrength()== 22
01-11 20:34:15.245 W/SignalStrength(503): getGsmLevel=4
01-11 20:34:15.245 W/SignalStrength(503): getLevel=4 (SignalStrength: 22 255 -120 -160 -120 -1 -1 99 2147483647 -32767 2147483647 -32767 gsm|lte 4)
01-11 20:34:17.255 W/SignalStrength(503): getGsmLevel. this.mGsmSignalBar=4, getGsmSignalStrength()== 22
01-11 20:34:17.255 W/SignalStrength(503): getGsmLevel=4
01-11 20:34:17.255 W/SignalStrength(503): getLevel=4 (SignalStrength: 22 255 -120 -160 -120 -1 -1 99 2147483647 -32767 2147483647 -32767 gsm|lte 4)
01-11 20:34:17.255 W/SignalStrength(503): getGsmLevel. this.mGsmSignalBar=4, getGsmSignalStrength()== 22
01-11 20:34:17.255 W/SignalStrength(503): getGsmLevel=4
01-11 20:34:17.255 W/SignalStrength(503): getLevel=4 (SignalStrength: 22 255 -120 -160 -120 -1 -1 99 2147483647 -32767 2147483647 -32767 gsm|lte 4)
01-11 20:34:18.255 W/SignalStrength(503): getGsmLevel. this.mGsmSignalBar=4, getGsmSignalStrength()== 22
01-11 20:34:18.255 W/SignalStrength(503): getGsmLevel=4
01-11 20:34:18.255 W/SignalStrength(503): getLevel=4 (SignalStrength: 22 255 -120 -160 -120 -1 -1 99 2147483647 -32767 2147483647 -32767 gsm|lte 4)
01-11 20:34:18.255 W/SignalStrength(503): getGsmLevel. this.mGsmSignalBar=4, getGsmSignalStrength()== 22
01-11 20:34:18.255 W/SignalStrength(503): getGsmLevel=4
01-11 20:34:18.255 W/SignalStrength(503): getLevel=4 (SignalStrength: 22 255 -120 -160 -120 -1 -1 99 2147483647 -32767 2147483647 -32767 gsm|lte 4)
01-11 20:34:19.215 E/AlarmManagerService(377): android_server_AlarmManagerService_set to type=3, 112894.365000000
01-11 20:34:19.235 I/NRFW    (1229): profile=wifi
01-11 20:34:19.255 W/SignalStrength(503): getGsmLevel. this.mGsmSignalBar=4, getGsmSignalStrength()== 22
01-11 20:34:19.255 W/SignalStrength(503): getGsmLevel=4
01-11 20:34:19.255 W/SignalStrength(503): getLevel=4 (SignalStrength: 22 255 -120 -160 -120 -1 -1 99 2147483647 -32767 2147483647 -32767 gsm|lte 4)
01-11 20:34:19.255 W/SignalStrength(503): getGsmLevel. this.mGsmSignalBar=4, getGsmSignalStrength()== 22
01-11 20:34:19.255 W/SignalStrength(503): getGsmLevel=4
01-11 20:34:19.255 W/SignalStrength(503): getLevel=4 (SignalStrength: 22 255 -120 -160 -120 -1 -1 99 2147483647 -32767 2147483647 -32767 gsm|lte 4)
01-11 20:34:21.255 W/SignalStrength(503): getGsmLevel. this.mGsmSignalBar=4, getGsmSignalStrength()== 22
01-11 20:34:21.255 W/SignalStrength(503): getGsmLevel=4
01-11 20:34:21.255 W/SignalStrength(503): getLevel=4 (SignalStrength: 22 255 -120 -160 -120 -1 -1 99 2147483647 -32767 2147483647 -32767 gsm|lte 4)
01-11 20:34:21.255 W/SignalStrength(503): getGsmLevel. this.mGsmSignalBar=4, getGsmSignalStrength()== 22
01-11 20:34:21.255 W/SignalStrength(503): getGsmLevel=4
01-11 20:34:21.255 W/SignalStrength(503): getLevel=4 (SignalStrength: 22 255 -120 -160 -120 -1 -1 99 2147483647 -32767 2147483647 -32767 gsm|lte 4)
01-11 20:34:22.855 I/NRFW    (1229): profile=wifi
01-11 20:34:22.865 I/NRFW    (1229): serverip=103.235.47.88 localIp=10.0.8.1
01-11 20:34:22.875 I/DNS     (1229): 103.235.47.88 h_errno=1
01-11 20:34:22.895 I/DNS     (1229): 112.80.248.171 h_errno=1
01-11 20:34:22.905 I/DNS     (1229): 112.80.248.171 h_errno=1
01-11 20:34:23.265 W/SignalStrength(503): getGsmLevel. this.mGsmSignalBar=4, getGsmSignalStrength()== 22
01-11 20:34:23.265 W/SignalStrength(503): getGsmLevel=4
01-11 20:34:23.265 W/SignalStrength(503): getLevel=4 (SignalStrength: 22 255 -120 -160 -120 -1 -1 99 2147483647 -32767 2147483647 -32767 gsm|lte 4)
01-11 20:34:23.265 W/SignalStrength(503): getGsmLevel. this.mGsmSignalBar=4, getGsmSignalStrength()== 22
01-11 20:34:23.265 W/SignalStrength(503): getGsmLevel=4
01-11 20:34:23.265 W/SignalStrength(503): getLevel=4 (SignalStrength: 22 255 -120 -160 -120 -1 -1 99 2147483647 -32767 2147483647 -32767 gsm|lte 4)
01-11 20:34:24.235 D/Tethering(377): interfaceLinkStateChanged wlan0, true
01-11 20:34:24.245 D/Tethering(377): interfaceStatusChanged wlan0, true
01-11 20:34:25.135 D/KeyguardUpdateMonitor(377): received broadcast android.intent.action.BATTERY_CHANGED
01-11 20:34:25.135 D/KeyguardUpdateMonitor(377): handleBatteryUpdate
01-11 20:34:25.265 W/SignalStrength(503): getGsmLevel. this.mGsmSignalBar=4, getGsmSignalStrength()== 22
01-11 20:34:25.265 W/SignalStrength(503): getGsmLevel=4
01-11 20:34:25.265 W/SignalStrength(503): getLevel=4 (SignalStrength: 22 255 -120 -160 -120 -1 -1 99 2147483647 -32767 2147483647 -32767 gsm|lte 4)
01-11 20:34:25.265 W/SignalStrength(503): getGsmLevel. this.mGsmSignalBar=4, getGsmSignalStrength()== 22
01-11 20:34:25.265 W/SignalStrength(503): getGsmLevel=4
01-11 20:34:25.265 W/SignalStrength(503): getLevel=4 (SignalStrength: 22 255 -120 -160 -120 -1 -1 99 2147483647 -32767 2147483647 -32767 gsm|lte 4)
01-11 20:34:25.875 I/NRFW    (1229): profile=wifi
01-11 20:34:25.885 I/NRFW    (1229): serverip=103.235.47.88 localIp=10.0.8.1
01-11 20:34:26.265 W/SignalStrength(503): getGsmLevel. this.mGsmSignalBar=4, getGsmSignalStrength()== 22
01-11 20:34:26.265 W/SignalStrength(503): getGsmLevel=4
01-11 20:34:26.265 W/SignalStrength(503): getLevel=4 (SignalStrength: 22 255 -120 -160 -120 -1 -1 99 2147483647 -32767 2147483647 -32767 gsm|lte 4)
01-11 20:34:26.265 W/SignalStrength(503): getGsmLevel. this.mGsmSignalBar=4, getGsmSignalStrength()== 22
01-11 20:34:26.265 W/SignalStrength(503): getGsmLevel=4
01-11 20:34:26.265 W/SignalStrength(503): getLevel=4 (SignalStrength: 22 255 -120 -160 -120 -1 -1 99 2147483647 -32767 2147483647 -32767 gsm|lte 4)
01-11 20:34:27.265 W/SignalStrength(503): getGsmLevel. this.mGsmSignalBar=4, getGsmSignalStrength()== 22
01-11 20:34:27.265 W/SignalStrength(503): getGsmLevel=4
01-11 20:34:27.265 W/SignalStrength(503): getLevel=4 (SignalStrength: 22 255 -120 -160 -120 -1 -1 99 2147483647 -32767 2147483647 -32767 gsm|lte 4)
01-11 20:34:27.265 W/SignalStrength(503): getGsmLevel. this.mGsmSignalBar=4, getGsmSignalStrength()== 22
01-11 20:34:27.265 W/SignalStrength(503): getGsmLevel=4
01-11 20:34:27.265 W/SignalStrength(503): getLevel=4 (SignalStrength: 22 255 -120 -160 -120 -1 -1 99 2147483647 -32767 2147483647 -32767 gsm|lte 4)
01-11 20:34:28.135 D/dalvikvm(24146): GC_EXPLICIT freed 1295K, 32% free 12894K/18915K, paused 3ms+7ms
01-11 20:34:29.245 D/Tethering(377): interfaceLinkStateChanged wlan0, true
01-11 20:34:29.245 D/Tethering(377): interfaceStatusChanged wlan0, true
01-11 20:34:29.275 W/SignalStrength(503): getGsmLevel. this.mGsmSignalBar=4, getGsmSignalStrength()== 22
01-11 20:34:29.275 W/SignalStrength(503): getGsmLevel=4
01-11 20:34:29.275 W/SignalStrength(503): getLevel=4 (SignalStrength: 22 255 -120 -160 -120 -1 -1 99 2147483647 -32767 2147483647 -32767 gsm|lte 4)
01-11 20:34:29.275 W/SignalStrength(503): getGsmLevel. this.mGsmSignalBar=4, getGsmSignalStrength()== 22
01-11 20:34:29.275 W/SignalStrength(503): getGsmLevel=4
01-11 20:34:29.275 W/SignalStrength(503): getLevel=4 (SignalStrength: 22 255 -120 -160 -120 -1 -1 99 2147483647 -32767 2147483647 -32767 gsm|lte 4)
01-11 20:34:29.735 D/plugin  (684): getDefaultSubscription()
01-11 20:34:29.735 E/MSimTelephonyManager(24146): MSimTelephonyManager sRegistryMsim != null
01-11 20:34:29.745 I/NRFW    (1229): profile=wifi
01-11 20:34:29.755 I/NRFW    (1229): serverip=180.76.3.90 localIp=10.0.8.1
01-11 20:34:29.765 I/DNS     (1229): 180.76.3.90 h_errno=1
01-11 20:34:30.275 W/SignalStrength(503): getGsmLevel. this.mGsmSignalBar=4, getGsmSignalStrength()== 22
01-11 20:34:30.275 W/SignalStrength(503): getGsmLevel=4
01-11 20:34:30.275 W/SignalStrength(503): getLevel=4 (SignalStrength: 22 255 -120 -160 -120 -1 -1 99 2147483647 -32767 2147483647 -32767 gsm|lte 4)
01-11 20:34:30.275 W/SignalStrength(503): getGsmLevel. this.mGsmSignalBar=4, getGsmSignalStrength()== 22
01-11 20:34:30.275 W/SignalStrength(503): getGsmLevel=4
01-11 20:34:30.275 W/SignalStrength(503): getLevel=4 (SignalStrength: 22 255 -120 -160 -120 -1 -1 99 2147483647 -32767 2147483647 -32767 gsm|lte 4)
01-11 20:34:31.895 I/NRFW    (1229): serverip=103.235.47.88 localIp=10.0.8.1
01-11 20:34:32.285 W/SignalStrength(503): getGsmLevel. this.mGsmSignalBar=4, getGsmSignalStrength()== 22
01-11 20:34:32.285 W/SignalStrength(503): getGsmLevel=4
01-11 20:34:32.285 W/SignalStrength(503): getLevel=4 (SignalStrength: 22 255 -120 -160 -120 -1 -1 99 2147483647 -32767 2147483647 -32767 gsm|lte 4)
01-11 20:34:32.285 W/SignalStrength(503): getGsmLevel. this.mGsmSignalBar=4, getGsmSignalStrength()== 22
01-11 20:34:32.285 W/SignalStrength(503): getGsmLevel=4
01-11 20:34:32.285 W/SignalStrength(503): getLevel=4 (SignalStrength: 22 255 -120 -160 -120 -1 -1 99 2147483647 -32767 2147483647 -32767 gsm|lte 4)
01-11 20:34:32.765 I/NRFW    (1229): profile=wifi
01-11 20:34:32.775 I/NRFW    (1229): serverip=180.76.3.90 localIp=10.0.8.1
01-11 20:34:33.285 W/SignalStrength(503): getGsmLevel. this.mGsmSignalBar=4, getGsmSignalStrength()== 22
01-11 20:34:33.285 W/SignalStrength(503): getGsmLevel=4
01-11 20:34:33.285 W/SignalStrength(503): getLevel=4 (SignalStrength: 22 255 -120 -160 -120 -1 -1 99 2147483647 -32767 2147483647 -32767 gsm|lte 4)
01-11 20:34:33.285 W/SignalStrength(503): getGsmLevel. this.mGsmSignalBar=4, getGsmSignalStrength()== 22
01-11 20:34:33.285 W/SignalStrength(503): getGsmLevel=4
01-11 20:34:33.285 W/SignalStrength(503): getLevel=4 (SignalStrength: 22 255 -120 -160 -120 -1 -1 99 2147483647 -32767 2147483647 -32767 gsm|lte 4)
01-11 20:34:35.295 W/SignalStrength(503): getGsmLevel. this.mGsmSignalBar=4, getGsmSignalStrength()== 22
01-11 20:34:35.295 W/SignalStrength(503): getGsmLevel=4
01-11 20:34:35.295 W/SignalStrength(503): getLevel=4 (SignalStrength: 22 255 -120 -160 -120 -1 -1 99 2147483647 -32767 2147483647 -32767 gsm|lte 4)
01-11 20:34:35.295 W/SignalStrength(503): getGsmLevel. this.mGsmSignalBar=4, getGsmSignalStrength()== 22
01-11 20:34:35.295 W/SignalStrength(503): getGsmLevel=4
01-11 20:34:35.295 W/SignalStrength(503): getLevel=4 (SignalStrength: 22 255 -120 -160 -120 -1 -1 99 2147483647 -32767 2147483647 -32767 gsm|lte 4)
01-11 20:34:36.295 W/SignalStrength(503): getGsmLevel. this.mGsmSignalBar=4, getGsmSignalStrength()== 22
01-11 20:34:36.295 W/SignalStrength(503): getGsmLevel=4
01-11 20:34:36.295 W/SignalStrength(503): getLevel=4 (SignalStrength: 22 255 -120 -160 -120 -1 -1 99 2147483647 -32767 2147483647 -32767 gsm|lte 4)
01-11 20:34:36.295 W/SignalStrength(503): getGsmLevel. this.mGsmSignalBar=4, getGsmSignalStrength()== 22
01-11 20:34:36.295 W/SignalStrength(503): getGsmLevel=4
01-11 20:34:36.295 W/SignalStrength(503): getLevel=4 (SignalStrength: 22 255 -120 -160 -120 -1 -1 99 2147483647 -32767 2147483647 -32767 gsm|lte 4)
01-11 20:34:38.295 W/SignalStrength(503): getGsmLevel. this.mGsmSignalBar=4, getGsmSignalStrength()== 22
01-11 20:34:38.295 W/SignalStrength(503): getGsmLevel=4
01-11 20:34:38.295 W/SignalStrength(503): getLevel=4 (SignalStrength: 22 255 -120 -160 -120 -1 -1 99 2147483647 -32767 2147483647 -32767 gsm|lte 4)
01-11 20:34:38.295 W/SignalStrength(503): getGsmLevel. this.mGsmSignalBar=4, getGsmSignalStrength()== 22
01-11 20:34:38.295 W/SignalStrength(503): getGsmLevel=4
01-11 20:34:38.295 W/SignalStrength(503): getLevel=4 (SignalStrength: 22 255 -120 -160 -120 -1 -1 99 2147483647 -32767 2147483647 -32767 gsm|lte 4)
01-11 20:34:38.785 I/NRFW    (1229): profile=wifi
01-11 20:34:38.795 I/NRFW    (1229): serverip=180.76.3.90 localIp=10.0.8.1
01-11 20:34:39.295 W/SignalStrength(503): getGsmLevel. this.mGsmSignalBar=4, getGsmSignalStrength()== 22
01-11 20:34:39.295 W/SignalStrength(503): getGsmLevel=4
01-11 20:34:39.295 W/SignalStrength(503): getLevel=4 (SignalStrength: 22 255 -120 -160 -120 -1 -1 99 2147483647 -32767 2147483647 -32767 gsm|lte 4)
01-11 20:34:39.295 W/SignalStrength(503): getGsmLevel. this.mGsmSignalBar=4, getGsmSignalStrength()== 22
01-11 20:34:39.295 W/SignalStrength(503): getGsmLevel=4
01-11 20:34:39.295 W/SignalStrength(503): getLevel=4 (SignalStrength: 22 255 -120 -160 -120 -1 -1 99 2147483647 -32767 2147483647 -32767 gsm|lte 4)
01-11 20:34:41.295 W/SignalStrength(503): getGsmLevel. this.mGsmSignalBar=4, getGsmSignalStrength()== 22
01-11 20:34:41.295 W/SignalStrength(503): getGsmLevel=4
01-11 20:34:41.295 W/SignalStrength(503): getLevel=4 (SignalStrength: 22 255 -120 -160 -120 -1 -1 99 2147483647 -32767 2147483647 -32767 gsm|lte 4)
01-11 20:34:41.295 W/SignalStrength(503): getGsmLevel. this.mGsmSignalBar=4, getGsmSignalStrength()== 22
01-11 20:34:41.295 W/SignalStrength(503): getGsmLevel=4
01-11 20:34:41.305 W/SignalStrength(503): getLevel=4 (SignalStrength: 22 255 -120 -160 -120 -1 -1 99 2147483647 -32767 2147483647 -32767 gsm|lte 4)
01-11 20:34:42.305 W/SignalStrength(503): getGsmLevel. this.mGsmSignalBar=4, getGsmSignalStrength()== 22
01-11 20:34:42.305 W/SignalStrength(503): getGsmLevel=4
01-11 20:34:42.305 W/SignalStrength(503): getLevel=4 (SignalStrength: 22 255 -120 -160 -120 -1 -1 99 2147483647 -32767 2147483647 -32767 gsm|lte 4)
01-11 20:34:42.305 W/SignalStrength(503): getGsmLevel. this.mGsmSignalBar=4, getGsmSignalStrength()== 22
01-11 20:34:42.305 W/SignalStrength(503): getGsmLevel=4
01-11 20:34:42.305 W/SignalStrength(503): getLevel=4 (SignalStrength: 22 255 -120 -160 -120 -1 -1 99 2147483647 -32767 2147483647 -32767 gsm|lte 4)
01-11 20:34:43.095 D/plugin  (684): getDefaultSubscription()
01-11 20:34:44.305 W/SignalStrength(503): getGsmLevel. this.mGsmSignalBar=4, getGsmSignalStrength()== 22
01-11 20:34:44.305 W/SignalStrength(503): getGsmLevel=4
01-11 20:34:44.305 W/SignalStrength(503): getLevel=4 (SignalStrength: 22 255 -120 -160 -120 -1 -1 99 2147483647 -32767 2147483647 -32767 gsm|lte 4)
01-11 20:34:44.305 W/SignalStrength(503): getGsmLevel. this.mGsmSignalBar=4, getGsmSignalStrength()== 22
01-11 20:34:44.305 W/SignalStrength(503): getGsmLevel=4
01-11 20:34:44.305 W/SignalStrength(503): getLevel=4 (SignalStrength: 22 255 -120 -160 -120 -1 -1 99 2147483647 -32767 2147483647 -32767 gsm|lte 4)
01-11 20:34:45.155 D/KeyguardUpdateMonitor(377): received broadcast android.intent.action.BATTERY_CHANGED
01-11 20:34:45.155 D/KeyguardUpdateMonitor(377): handleBatteryUpdate
01-11 20:34:45.305 W/SignalStrength(503): getGsmLevel. this.mGsmSignalBar=4, getGsmSignalStrength()== 22
01-11 20:34:45.305 W/SignalStrength(503): getGsmLevel=4
01-11 20:34:45.305 W/SignalStrength(503): getLevel=4 (SignalStrength: 22 255 -120 -160 -120 -1 -1 99 2147483647 -32767 2147483647 -32767 gsm|lte 4)
01-11 20:34:45.305 W/SignalStrength(503): getGsmLevel. this.mGsmSignalBar=4, getGsmSignalStrength()== 22
01-11 20:34:45.305 W/SignalStrength(503): getGsmLevel=4
