01-11 20:37:24.605 D/StatusBar-NetworkControllerDS(503): refreshViews connected={ wifi } level=4|4 combinedSignalIconId=0x7f0200ef/com.android.systemui:drawable/stat_sys_wifi_signal_4 combinedActivityIconId=0x7f0200d8 mAirplaneMode=false mDataActivity1=0 mDataActivity2=0 mPhoneSignalIconId1=0x7f0200d5 mPhoneSignalIconId2=0x7f0200cf mLastPhoneSignalIconId1=0x7f0200d5 mLastPhoneSignalIconId2=0x7f0200cf mDataDirectionIconId1=0x0 mDataDirectionIconId2=0x0 mDataSignalIconId1=0x7f0200d5 mDataSignalIconId2=0x7f0200cf mDataTypeIconId1=0x7f0200a2 mDataTypeIconId2=0x7f0200a2 mWifiIconId=0x7f0200ef mRoamingIconId1=0x0 mRoamingIconId2=0x0 mBluetoothTetherIconId=0x10806ce
01-11 20:37:24.615 D/SignalClusterView(503): wifi: VISIBLE sig=2130837743 act=2130837720
01-11 20:37:24.615 D/SignalClusterView(503): mobile1: VISIBLE sig=2130837717 act=0 typ=2130837666
01-11 20:37:24.615 D/SignalClusterView(503): mobile2: VISIBLE sig=2130837711 act=0 typ=2130837666
01-11 20:37:24.615 D/SignalClusterView(503): wifi: VISIBLE sig=2130837743 act=2130837720
01-11 20:37:24.615 D/SignalClusterView(503): mobile1: VISIBLE sig=2130837717 act=0 typ=2130837666
01-11 20:37:24.615 D/SignalClusterView(503): mobile2: VISIBLE sig=2130837711 act=0 typ=2130837666
01-11 20:37:24.615 D/SignalClusterView(503): wifi: VISIBLE sig=2130837743 act=2130837720
01-11 20:37:24.615 D/SignalClusterView(503): mobile1: VISIBLE sig=2130837717 act=0 typ=2130837666
01-11 20:37:24.615 D/SignalClusterView(503): mobile2: VISIBLE sig=2130837711 act=0 typ=2130837666
01-11 20:37:24.615 D/StatusBar-NetworkControllerDS(503): changing data overlay icon id to 2130837720
01-11 20:37:25.465 D/BatteryService(377): update start
01-11 20:37:25.475 D/KeyguardUpdateMonitor(377): received broadcast android.intent.action.BATTERY_CHANGED
01-11 20:37:25.475 D/KeyguardUpdateMonitor(377): handleBatteryUpdate
01-11 20:37:25.475 D/BatteryService(377): level:29 scale:100 status:3 health:2 present:true voltage: 3717 temperature: 240 technology: Li-ion AC powered:false USB powered:false icon:17303167 invalid charger:0
01-11 20:37:25.475 D/ThermistorObserver(377): mBatteryBRForAMOLED : onReceive() : newTemperature : 240
01-11 20:37:25.475 V/UiModeManager(377): updateLocked, mLastBroadcastState =0 , oldAction = null
01-11 20:37:25.475 D/STATUSBAR-BatteryController(503): onReceive() - ACTION_BATTERY_CHANGED
01-11 20:37:25.485 D/STATUSBAR-BatteryController(503): onReceive() - level:29
01-11 20:37:25.485 D/STATUSBAR-BatteryController(503): onReceive() - plugged:0
01-11 20:37:25.485 D/STATUSBAR-BatteryController(503): onReceive() - BATTERY_STATUS_DISCHARGING: stat_sys_battery
01-11 20:37:25.485 D/STATUSBAR-PhoneStatusBar(503): ACTION_BATTERY_CHANGED
01-11 20:37:25.485 D/STATUSBAR-PhoneStatusBar(503): NORMAL_BATTERY
01-11 20:37:25.485 D/PowerUI (503): getBatteryOnline : battery online file not found
01-11 20:37:26.505 W/SignalStrength(503): getGsmLevel. this.mGsmSignalBar=4, getGsmSignalStrength()== 19
01-11 20:37:26.505 W/SignalStrength(503): getGsmLevel=4
01-11 20:37:26.505 W/SignalStrength(503): getLevel=4 (SignalStrength: 19 255 -120 -160 -120 -1 -1 99 2147483647 -32767 2147483647 -32767 gsm|lte 4)
01-11 20:37:26.505 W/SignalStrength(503): getGsmLevel. this.mGsmSignalBar=4, getGsmSignalStrength()== 25
01-11 20:37:26.505 W/SignalStrength(503): getGsmLevel=4
01-11 20:37:26.505 W/SignalStrength(503): getLevel=4 (SignalStrength: 25 255 -120 -160 -120 -1 -1 99 2147483647 -32767 2147483647 -32767 gsm|lte 4)
01-11 20:37:26.505 D/TWStatusBar-NetworkControllerDS(503): onReceive() - RSSI_CHANGED_ACTION, WIFI_STATE, NETWORK_STATE
01-11 20:37:26.505 D/StatusBar-NetworkControllerDS(503): refreshViews connected={ wifi } level=4|4 combinedSignalIconId=0x7f0200ed/com.android.systemui:drawable/stat_sys_wifi_signal_3 combinedActivityIconId=0x7f0200d8 mAirplaneMode=false mDataActivity1=0 mDataActivity2=0 mPhoneSignalIconId1=0x7f0200d5 mPhoneSignalIconId2=0x7f0200cf mLastPhoneSignalIconId1=0x7f0200d5 mLastPhoneSignalIconId2=0x7f0200cf mDataDirectionIconId1=0x0 mDataDirectionIconId2=0x0 mDataSignalIconId1=0x7f0200d5 mDataSignalIconId2=0x7f0200cf mDataTypeIconId1=0x7f0200a2 mDataTypeIconId2=0x7f0200a2 mWifiIconId=0x7f0200ed mRoamingIconId1=0x0 mRoamingIconId2=0x0 mBluetoothTetherIconId=0x10806ce
01-11 20:37:26.505 D/SignalClusterView(503): wifi: VISIBLE sig=2130837741 act=2130837720
01-11 20:37:26.505 D/SignalClusterView(503): mobile1: VISIBLE sig=2130837717 act=0 typ=2130837666
01-11 20:37:26.505 D/SignalClusterView(503): mobile2: VISIBLE sig=2130837711 act=0 typ=2130837666
01-11 20:37:26.505 D/SignalClusterView(503): wifi: VISIBLE sig=2130837741 act=2130837720
01-11 20:37:26.505 D/SignalClusterView(503): mobile1: VISIBLE sig=2130837717 act=0 typ=2130837666
01-11 20:37:26.505 D/SignalClusterView(503): mobile2: VISIBLE sig=2130837711 act=0 typ=2130837666
01-11 20:37:26.505 D/SignalClusterView(503): wifi: VISIBLE sig=2130837741 act=2130837720
01-11 20:37:26.505 D/SignalClusterView(503): mobile1: VISIBLE sig=2130837717 act=0 typ=2130837666
01-11 20:37:26.505 D/SignalClusterView(503): mobile2: VISIBLE sig=2130837711 act=0 typ=2130837666
01-11 20:37:26.615 W/SignalStrength(503): getGsmLevel. this.mGsmSignalBar=4, getGsmSignalStrength()== 19
01-11 20:37:26.615 W/SignalStrength(503): getGsmLevel=4
01-11 20:37:26.615 W/SignalStrength(503): getLevel=4 (SignalStrength: 19 255 -120 -160 -120 -1 -1 99 2147483647 -32767 2147483647 -32767 gsm|lte 4)
01-11 20:37:26.615 W/SignalStrength(503): getGsmLevel. this.mGsmSignalBar=4, getGsmSignalStrength()== 25
01-11 20:37:26.615 W/SignalStrength(503): getGsmLevel=4
01-11 20:37:26.615 W/SignalStrength(503): getLevel=4 (SignalStrength: 25 255 -120 -160 -120 -1 -1 99 2147483647 -32767 2147483647 -32767 gsm|lte 4)
01-11 20:37:26.615 D/StatusBar-NetworkControllerDS(503): refreshViews connected={ wifi } level=4|4 combinedSignalIconId=0x7f0200ed/com.android.systemui:drawable/stat_sys_wifi_signal_3 combinedActivityIconId=0x7f0200d9 mAirplaneMode=false mDataActivity1=0 mDataActivity2=0 mPhoneSignalIconId1=0x7f0200d5 mPhoneSignalIconId2=0x7f0200cf mLastPhoneSignalIconId1=0x7f0200d5 mLastPhoneSignalIconId2=0x7f0200cf mDataDirectionIconId1=0x0 mDataDirectionIconId2=0x0 mDataSignalIconId1=0x7f0200d5 mDataSignalIconId2=0x7f0200cf mDataTypeIconId1=0x7f0200a2 mDataTypeIconId2=0x7f0200a2 mWifiIconId=0x7f0200ed mRoamingIconId1=0x0 mRoamingIconId2=0x0 mBluetoothTetherIconId=0x10806ce
01-11 20:37:26.615 D/SignalClusterView(503): wifi: VISIBLE sig=2130837741 act=2130837721
01-11 20:37:26.615 D/SignalClusterView(503): mobile1: VISIBLE sig=2130837717 act=0 typ=2130837666
01-11 20:37:26.615 D/SignalClusterView(503): mobile2: VISIBLE sig=2130837711 act=0 typ=2130837666
01-11 20:37:26.615 D/SignalClusterView(503): wifi: VISIBLE sig=2130837741 act=2130837721
01-11 20:37:26.615 D/SignalClusterView(503): mobile1: VISIBLE sig=2130837717 act=0 typ=2130837666
01-11 20:37:26.615 D/SignalClusterView(503): mobile2: VISIBLE sig=2130837711 act=0 typ=2130837666
01-11 20:37:26.615 D/SignalClusterView(503): wifi: VISIBLE sig=2130837741 act=2130837721
01-11 20:37:26.615 D/SignalClusterView(503): mobile1: VISIBLE sig=2130837717 act=0 typ=2130837666
01-11 20:37:26.615 D/SignalClusterView(503): mobile2: VISIBLE sig=2130837711 act=0 typ=2130837666
01-11 20:37:26.615 D/StatusBar-NetworkControllerDS(503): changing data overlay icon id to 2130837721
01-11 20:37:27.615 W/SignalStrength(503): getGsmLevel. this.mGsmSignalBar=4, getGsmSignalStrength()== 19
01-11 20:37:27.615 W/SignalStrength(503): getGsmLevel=4
01-11 20:37:27.615 W/SignalStrength(503): getLevel=4 (SignalStrength: 19 255 -120 -160 -120 -1 -1 99 2147483647 -32767 2147483647 -32767 gsm|lte 4)
01-11 20:37:27.615 W/SignalStrength(503): getGsmLevel. this.mGsmSignalBar=4, getGsmSignalStrength()== 25
01-11 20:37:27.615 W/SignalStrength(503): getGsmLevel=4
01-11 20:37:27.615 W/SignalStrength(503): getLevel=4 (SignalStrength: 25 255 -120 -160 -120 -1 -1 99 2147483647 -32767 2147483647 -32767 gsm|lte 4)
01-11 20:37:27.615 D/StatusBar-NetworkControllerDS(503): refreshViews connected={ wifi } level=4|4 combinedSignalIconId=0x7f0200ed/com.android.systemui:drawable/stat_sys_wifi_signal_3 combinedActivityIconId=0x7f0200d8 mAirplaneMode=false mDataActivity1=0 mDataActivity2=0 mPhoneSignalIconId1=0x7f0200d5 mPhoneSignalIconId2=0x7f0200cf mLastPhoneSignalIconId1=0x7f0200d5 mLastPhoneSignalIconId2=0x7f0200cf mDataDirectionIconId1=0x0 mDataDirectionIconId2=0x0 mDataSignalIconId1=0x7f0200d5 mDataSignalIconId2=0x7f0200cf mDataTypeIconId1=0x7f0200a2 mDataTypeIconId2=0x7f0200a2 mWifiIconId=0x7f0200ed mRoamingIconId1=0x0 mRoamingIconId2=0x0 mBluetoothTetherIconId=0x10806ce
01-11 20:37:27.615 D/SignalClusterView(503): wifi: VISIBLE sig=2130837741 act=2130837720
01-11 20:37:27.615 D/SignalClusterView(503): mobile1: VISIBLE sig=2130837717 act=0 typ=2130837666
01-11 20:37:27.615 D/SignalClusterView(503): mobile2: VISIBLE sig=2130837711 act=0 typ=2130837666
01-11 20:37:27.615 D/SignalClusterView(503): wifi: VISIBLE sig=2130837741 act=2130837720
01-11 20:37:27.615 D/SignalClusterView(503): mobile1: VISIBLE sig=2130837717 act=0 typ=2130837666
01-11 20:37:27.615 D/SignalClusterView(503): mobile2: VISIBLE sig=2130837711 act=0 typ=2130837666
01-11 20:37:27.615 D/SignalClusterView(503): wifi: VISIBLE sig=2130837741 act=2130837720
01-11 20:37:27.615 D/SignalClusterView(503): mobile1: VISIBLE sig=2130837717 act=0 typ=2130837666
01-11 20:37:27.615 D/SignalClusterView(503): mobile2: VISIBLE sig=2130837711 act=0 typ=2130837666
01-11 20:37:27.615 D/StatusBar-NetworkControllerDS(503): changing data overlay icon id to 2130837720
01-11 20:37:29.515 D/TWStatusBar-NetworkControllerDS(503): onReceive() - RSSI_CHANGED_ACTION, WIFI_STATE, NETWORK_STATE
01-11 20:37:29.525 W/SignalStrength(503): getGsmLevel. this.mGsmSignalBar=4, getGsmSignalStrength()== 19
01-11 20:37:29.525 W/SignalStrength(503): getGsmLevel=4
01-11 20:37:29.525 W/SignalStrength(503): getLevel=4 (SignalStrength: 19 255 -120 -160 -120 -1 -1 99 2147483647 -32767 2147483647 -32767 gsm|lte 4)
01-11 20:37:29.525 W/SignalStrength(503): getGsmLevel. this.mGsmSignalBar=4, getGsmSignalStrength()== 25
01-11 20:37:29.525 W/SignalStrength(503): getGsmLevel=4
01-11 20:37:29.525 W/SignalStrength(503): getLevel=4 (SignalStrength: 25 255 -120 -160 -120 -1 -1 99 2147483647 -32767 2147483647 -32767 gsm|lte 4)
01-11 20:37:29.525 D/StatusBar-NetworkControllerDS(503): refreshViews connected={ wifi } level=4|4 combinedSignalIconId=0x7f0200ef/com.android.systemui:drawable/stat_sys_wifi_signal_4 combinedActivityIconId=0x7f0200d8 mAirplaneMode=false mDataActivity1=0 mDataActivity2=0 mPhoneSignalIconId1=0x7f0200d5 mPhoneSignalIconId2=0x7f0200cf mLastPhoneSignalIconId1=0x7f0200d5 mLastPhoneSignalIconId2=0x7f0200cf mDataDirectionIconId1=0x0 mDataDirectionIconId2=0x0 mDataSignalIconId1=0x7f0200d5 mDataSignalIconId2=0x7f0200cf mDataTypeIconId1=0x7f0200a2 mDataTypeIconId2=0x7f0200a2 mWifiIconId=0x7f0200ef mRoamingIconId1=0x0 mRoamingIconId2=0x0 mBluetoothTetherIconId=0x10806ce
01-11 20:37:29.525 D/SignalClusterView(503): wifi: VISIBLE sig=2130837743 act=2130837720
01-11 20:37:29.525 D/SignalClusterView(503): mobile1: VISIBLE sig=2130837717 act=0 typ=2130837666
01-11 20:37:29.525 D/SignalClusterView(503): mobile2: VISIBLE sig=2130837711 act=0 typ=2130837666
01-11 20:37:29.525 D/SignalClusterView(503): wifi: VISIBLE sig=2130837743 act=2130837720
01-11 20:37:29.525 D/SignalClusterView(503): mobile1: VISIBLE sig=2130837717 act=0 typ=2130837666
01-11 20:37:29.525 D/SignalClusterView(503): mobile2: VISIBLE sig=2130837711 act=0 typ=2130837666
01-11 20:37:29.525 D/SignalClusterView(503): wifi: VISIBLE sig=2130837743 act=2130837720
01-11 20:37:29.525 D/SignalClusterView(503): mobile1: VISIBLE sig=2130837717 act=0 typ=2130837666
01-11 20:37:29.525 D/SignalClusterView(503): mobile2: VISIBLE sig=2130837711 act=0 typ=2130837666
01-11 20:37:29.615 W/SignalStrength(503): getGsmLevel. this.mGsmSignalBar=4, getGsmSignalStrength()== 19
01-11 20:37:29.615 W/SignalStrength(503): getGsmLevel=4
01-11 20:37:29.615 W/SignalStrength(503): getLevel=4 (SignalStrength: 19 255 -120 -160 -120 -1 -1 99 2147483647 -32767 2147483647 -32767 gsm|lte 4)
01-11 20:37:29.615 W/SignalStrength(503): getGsmLevel. this.mGsmSignalBar=4, getGsmSignalStrength()== 25
01-11 20:37:29.615 W/SignalStrength(503): getGsmLevel=4
01-11 20:37:29.615 W/SignalStrength(503): getLevel=4 (SignalStrength: 25 255 -120 -160 -120 -1 -1 99 2147483647 -32767 2147483647 -32767 gsm|lte 4)
01-11 20:37:29.615 D/StatusBar-NetworkControllerDS(503): refreshViews connected={ wifi } level=4|4 combinedSignalIconId=0x7f0200ef/com.android.systemui:drawable/stat_sys_wifi_signal_4 combinedActivityIconId=0x7f0200d9 mAirplaneMode=false mDataActivity1=0 mDataActivity2=0 mPhoneSignalIconId1=0x7f0200d5 mPhoneSignalIconId2=0x7f0200cf mLastPhoneSignalIconId1=0x7f0200d5 mLastPhoneSignalIconId2=0x7f0200cf mDataDirectionIconId1=0x0 mDataDirectionIconId2=0x0 mDataSignalIconId1=0x7f0200d5 mDataSignalIconId2=0x7f0200cf mDataTypeIconId1=0x7f0200a2 mDataTypeIconId2=0x7f0200a2 mWifiIconId=0x7f0200ef mRoamingIconId1=0x0 mRoamingIconId2=0x0 mBluetoothTetherIconId=0x10806ce
01-11 20:37:29.615 D/SignalClusterView(503): wifi: VISIBLE sig=2130837743 act=2130837721
01-11 20:37:29.615 D/SignalClusterView(503): mobile1: VISIBLE sig=2130837717 act=0 typ=2130837666
01-11 20:37:29.615 D/SignalClusterView(503): mobile2: VISIBLE sig=2130837711 act=0 typ=2130837666
01-11 20:37:29.615 D/SignalClusterView(503): wifi: VISIBLE sig=2130837743 act=2130837721
01-11 20:37:29.615 D/SignalClusterView(503): mobile1: VISIBLE sig=2130837717 act=0 typ=2130837666
01-11 20:37:29.615 D/SignalClusterView(503): mobile2: VISIBLE sig=2130837711 act=0 typ=2130837666
01-11 20:37:29.615 D/SignalClusterView(503): wifi: VISIBLE sig=2130837743 act=2130837721
01-11 20:37:29.615 D/SignalClusterView(503): mobile1: VISIBLE sig=2130837717 act=0 typ=2130837666
01-11 20:37:29.615 D/SignalClusterView(503): mobile2: VISIBLE sig=2130837711 act=0 typ=2130837666
01-11 20:37:29.615 D/StatusBar-NetworkControllerDS(503): changing data overlay icon id to 2130837721
01-11 20:37:30.545 I/NRFW    (1229): profile=wifi
01-11 20:37:30.555 I/NRFW    (1229): serverip=103.235.47.88 localIp=10.0.8.1
01-11 20:37:30.615 W/SignalStrength(503): getGsmLevel. this.mGsmSignalBar=4, getGsmSignalStrength()== 19
01-11 20:37:30.615 W/SignalStrength(503): getGsmLevel=4
01-11 20:37:30.615 W/SignalStrength(503): getLevel=4 (SignalStrength: 19 255 -120 -160 -120 -1 -1 99 2147483647 -32767 2147483647 -32767 gsm|lte 4)
01-11 20:37:30.615 W/SignalStrength(503): getGsmLevel. this.mGsmSignalBar=4, getGsmSignalStrength()== 25
01-11 20:37:30.615 W/SignalStrength(503): getGsmLevel=4
01-11 20:37:30.615 W/SignalStrength(503): getLevel=4 (SignalStrength: 25 255 -120 -160 -120 -1 -1 99 2147483647 -32767 2147483647 -32767 gsm|lte 4)
01-11 20:37:30.615 D/StatusBar-NetworkControllerDS(503): refreshViews connected={ wifi } level=4|4 combinedSignalIconId=0x7f0200ef/com.android.systemui:drawable/stat_sys_wifi_signal_4 combinedActivityIconId=0x7f0200d8 mAirplaneMode=false mDataActivity1=0 mDataActivity2=0 mPhoneSignalIconId1=0x7f0200d5 mPhoneSignalIconId2=0x7f0200cf mLastPhoneSignalIconId1=0x7f0200d5 mLastPhoneSignalIconId2=0x7f0200cf mDataDirectionIconId1=0x0 mDataDirectionIconId2=0x0 mDataSignalIconId1=0x7f0200d5 mDataSignalIconId2=0x7f0200cf mDataTypeIconId1=0x7f0200a2 mDataTypeIconId2=0x7f0200a2 mWifiIconId=0x7f0200ef mRoamingIconId1=0x0 mRoamingIconId2=0x0 mBluetoothTetherIconId=0x10806ce
01-11 20:37:30.615 D/SignalClusterView(503): wifi: VISIBLE sig=2130837743 act=2130837720
01-11 20:37:30.615 D/SignalClusterView(503): mobile1: VISIBLE sig=2130837717 act=0 typ=2130837666
01-11 20:37:30.615 D/SignalClusterView(503): mobile2: VISIBLE sig=2130837711 act=0 typ=2130837666
01-11 20:37:30.615 D/SignalClusterView(503): wifi: VISIBLE sig=2130837743 act=2130837720
01-11 20:37:30.625 D/SignalClusterView(503): mobile1: VISIBLE sig=2130837717 act=0 typ=2130837666
01-11 20:37:30.625 D/SignalClusterView(503): mobile2: VISIBLE sig=2130837711 act=0 typ=2130837666
01-11 20:37:30.625 D/SignalClusterView(503): wifi: VISIBLE sig=2130837743 act=2130837720
01-11 20:37:30.625 D/SignalClusterView(503): mobile1: VISIBLE sig=2130837717 act=0 typ=2130837666
01-11 20:37:30.625 D/SignalClusterView(503): mobile2: VISIBLE sig=2130837711 act=0 typ=2130837666
01-11 20:37:30.625 D/StatusBar-NetworkControllerDS(503): changing data overlay icon id to 2130837720
01-11 20:37:32.625 W/SignalStrength(503): getGsmLevel. this.mGsmSignalBar=4, getGsmSignalStrength()== 19
01-11 20:37:32.625 W/SignalStrength(503): getGsmLevel=4
01-11 20:37:32.625 W/SignalStrength(503): getLevel=4 (SignalStrength: 19 255 -120 -160 -120 -1 -1 99 2147483647 -32767 2147483647 -32767 gsm|lte 4)
01-11 20:37:32.625 W/SignalStrength(503): getGsmLevel. this.mGsmSignalBar=4, getGsmSignalStrength()== 25
01-11 20:37:32.625 W/SignalStrength(503): getGsmLevel=4
01-11 20:37:32.625 W/SignalStrength(503): getLevel=4 (SignalStrength: 25 255 -120 -160 -120 -1 -1 99 2147483647 -32767 2147483647 -32767 gsm|lte 4)
01-11 20:37:32.625 D/StatusBar-NetworkControllerDS(503): refreshViews connected={ wifi } level=4|4 combinedSignalIconId=0x7f0200ef/com.android.systemui:drawable/stat_sys_wifi_signal_4 combinedActivityIconId=0x7f0200d9 mAirplaneMode=false mDataActivity1=0 mDataActivity2=0 mPhoneSignalIconId1=0x7f0200d5 mPhoneSignalIconId2=0x7f0200cf mLastPhoneSignalIconId1=0x7f0200d5 mLastPhoneSignalIconId2=0x7f0200cf mDataDirectionIconId1=0x0 mDataDirectionIconId2=0x0 mDataSignalIconId1=0x7f0200d5 mDataSignalIconId2=0x7f0200cf mDataTypeIconId1=0x7f0200a2 mDataTypeIconId2=0x7f0200a2 mWifiIconId=0x7f0200ef mRoamingIconId1=0x0 mRoamingIconId2=0x0 mBluetoothTetherIconId=0x10806ce
01-11 20:37:32.625 D/SignalClusterView(503): wifi: VISIBLE sig=2130837743 act=2130837721
01-11 20:37:32.625 D/SignalClusterView(503): mobile1: VISIBLE sig=2130837717 act=0 typ=2130837666
01-11 20:37:32.625 D/SignalClusterView(503): mobile2: VISIBLE sig=2130837711 act=0 typ=2130837666
01-11 20:37:32.625 D/SignalClusterView(503): wifi: VISIBLE sig=2130837743 act=2130837721
01-11 20:37:32.625 D/SignalClusterView(503): mobile1: VISIBLE sig=2130837717 act=0 typ=2130837666
01-11 20:37:32.625 D/SignalClusterView(503): mobile2: VISIBLE sig=2130837711 act=0 typ=2130837666
01-11 20:37:32.625 D/SignalClusterView(503): wifi: VISIBLE sig=2130837743 act=2130837721
01-11 20:37:32.625 D/SignalClusterView(503): mobile1: VISIBLE sig=2130837717 act=0 typ=2130837666
01-11 20:37:32.625 D/SignalClusterView(503): mobile2: VISIBLE sig=2130837711 act=0 typ=2130837666
01-11 20:37:32.625 D/StatusBar-NetworkControllerDS(503): changing data overlay icon id to 2130837721
01-11 20:37:33.625 W/SignalStrength(503): getGsmLevel. this.mGsmSignalBar=4, getGsmSignalStrength()== 19
01-11 20:37:33.625 W/SignalStrength(503): getGsmLevel=4
01-11 20:37:33.625 W/SignalStrength(503): getLevel=4 (SignalStrength: 19 255 -120 -160 -120 -1 -1 99 2147483647 -32767 2147483647 -32767 gsm|lte 4)
01-11 20:37:33.625 W/SignalStrength(503): getGsmLevel. this.mGsmSignalBar=4, getGsmSignalStrength()== 25
01-11 20:37:33.625 W/SignalStrength(503): getGsmLevel=4
01-11 20:37:33.625 W/SignalStrength(503): getLevel=4 (SignalStrength: 25 255 -120 -160 -120 -1 -1 99 2147483647 -32767 2147483647 -32767 gsm|lte 4)
01-11 20:37:33.625 D/StatusBar-NetworkControllerDS(503): refreshViews connected={ wifi } level=4|4 combinedSignalIconId=0x7f0200ef/com.android.systemui:drawable/stat_sys_wifi_signal_4 combinedActivityIconId=0x7f0200d8 mAirplaneMode=false mDataActivity1=0 mDataActivity2=0 mPhoneSignalIconId1=0x7f0200d5 mPhoneSignalIconId2=0x7f0200cf mLastPhoneSignalIconId1=0x7f0200d5 mLastPhoneSignalIconId2=0x7f0200cf mDataDirectionIconId1=0x0 mDataDirectionIconId2=0x0 mDataSignalIconId1=0x7f0200d5 mDataSignalIconId2=0x7f0200cf mDataTypeIconId1=0x7f0200a2 mDataTypeIconId2=0x7f0200a2 mWifiIconId=0x7f0200ef mRoamingIconId1=0x0 mRoamingIconId2=0x0 mBluetoothTetherIconId=0x10806ce
01-11 20:37:33.625 D/SignalClusterView(503): wifi: VISIBLE sig=2130837743 act=2130837720
01-11 20:37:33.625 D/SignalClusterView(503): mobile1: VISIBLE sig=2130837717 act=0 typ=2130837666
01-11 20:37:33.625 D/SignalClusterView(503): mobile2: VISIBLE sig=2130837711 act=0 typ=2130837666
01-11 20:37:33.625 D/SignalClusterView(503): wifi: VISIBLE sig=2130837743 act=2130837720
01-11 20:37:33.625 D/SignalClusterView(503): mobile1: VISIBLE sig=2130837717 act=0 typ=2130837666
01-11 20:37:33.625 D/SignalClusterView(503): mobile2: VISIBLE sig=2130837711 act=0 typ=2130837666
01-11 20:37:33.625 D/SignalClusterView(503): wifi: VISIBLE sig=2130837743 act=2130837720
01-11 20:37:33.625 D/SignalClusterView(503): mobile1: VISIBLE sig=2130837717 act=0 typ=2130837666
01-11 20:37:33.625 D/SignalClusterView(503): mobile2: VISIBLE sig=2130837711 act=0 typ=2130837666
01-11 20:37:33.625 D/StatusBar-NetworkControllerDS(503): changing data overlay icon id to 2130837720
01-11 20:37:35.625 W/SignalStrength(503): getGsmLevel. this.mGsmSignalBar=4, getGsmSignalStrength()== 19
01-11 20:37:35.625 W/SignalStrength(503): getGsmLevel=4
01-11 20:37:35.625 W/SignalStrength(503): getLevel=4 (SignalStrength: 19 255 -120 -160 -120 -1 -1 99 2147483647 -32767 2147483647 -32767 gsm|lte 4)
01-11 20:37:35.625 W/SignalStrength(503): getGsmLevel. this.mGsmSignalBar=4, getGsmSignalStrength()== 25
01-11 20:37:35.625 W/SignalStrength(503): getGsmLevel=4
01-11 20:37:35.625 W/SignalStrength(503): getLevel=4 (SignalStrength: 25 255 -120 -160 -120 -1 -1 99 2147483647 -32767 2147483647 -32767 gsm|lte 4)
01-11 20:37:35.625 D/StatusBar-NetworkControllerDS(503): refreshViews connected={ wifi } level=4|4 combinedSignalIconId=0x7f0200ef/com.android.systemui:drawable/stat_sys_wifi_signal_4 combinedActivityIconId=0x7f0200d9 mAirplaneMode=false mDataActivity1=0 mDataActivity2=0 mPhoneSignalIconId1=0x7f0200d5 mPhoneSignalIconId2=0x7f0200cf mLastPhoneSignalIconId1=0x7f0200d5 mLastPhoneSignalIconId2=0x7f0200cf mDataDirectionIconId1=0x0 mDataDirectionIconId2=0x0 mDataSignalIconId1=0x7f0200d5 mDataSignalIconId2=0x7f0200cf mDataTypeIconId1=0x7f0200a2 mDataTypeIconId2=0x7f0200a2 mWifiIconId=0x7f0200ef mRoamingIconId1=0x0 mRoamingIconId2=0x0 mBluetoothTetherIconId=0x10806ce
01-11 20:37:35.625 D/SignalClusterView(503): wifi: VISIBLE sig=2130837743 act=2130837721
01-11 20:37:35.625 D/SignalClusterView(503): mobile1: VISIBLE sig=2130837717 act=0 typ=2130837666
01-11 20:37:35.625 D/SignalClusterView(503): mobile2: VISIBLE sig=2130837711 act=0 typ=2130837666
01-11 20:37:35.625 D/SignalClusterView(503): wifi: VISIBLE sig=2130837743 act=2130837721
01-11 20:37:35.625 D/SignalClusterView(503): mobile1: VISIBLE sig=2130837717 act=0 typ=2130837666
01-11 20:37:35.625 D/SignalClusterView(503): mobile2: VISIBLE sig=2130837711 act=0 typ=2130837666
01-11 20:37:35.625 D/SignalClusterView(503): wifi: VISIBLE sig=2130837743 act=2130837721
01-11 20:37:35.625 D/SignalClusterView(503): mobile1: VISIBLE sig=2130837717 act=0 typ=2130837666
01-11 20:37:35.625 D/SignalClusterView(503): mobile2: VISIBLE sig=2130837711 act=0 typ=2130837666
01-11 20:37:35.625 D/StatusBar-NetworkControllerDS(503): changing data overlay icon id to 2130837721
01-11 20:37:36.625 W/SignalStrength(503): getGsmLevel. this.mGsmSignalBar=4, getGsmSignalStrength()== 19
01-11 20:37:36.625 W/SignalStrength(503): getGsmLevel=4
01-11 20:37:36.625 W/SignalStrength(503): getLevel=4 (SignalStrength: 19 255 -120 -160 -120 -1 -1 99 2147483647 -32767 2147483647 -32767 gsm|lte 4)
01-11 20:37:36.625 W/SignalStrength(503): getGsmLevel. this.mGsmSignalBar=4, getGsmSignalStrength()== 25
01-11 20:37:36.625 W/SignalStrength(503): getGsmLevel=4
01-11 20:37:36.625 W/SignalStrength(503): getLevel=4 (SignalStrength: 25 255 -120 -160 -120 -1 -1 99 2147483647 -32767 2147483647 -32767 gsm|lte 4)
01-11 20:37:36.625 D/StatusBar-NetworkControllerDS(503): refreshViews connected={ wifi } level=4|4 combinedSignalIconId=0x7f0200ef/com.android.systemui:drawable/stat_sys_wifi_signal_4 combinedActivityIconId=0x7f0200d8 mAirplaneMode=false mDataActivity1=0 mDataActivity2=0 mPhoneSignalIconId1=0x7f0200d5 mPhoneSignalIconId2=0x7f0200cf mLastPhoneSignalIconId1=0x7f0200d5 mLastPhoneSignalIconId2=0x7f0200cf mDataDirectionIconId1=0x0 mDataDirectionIconId2=0x0 mDataSignalIconId1=0x7f0200d5 mDataSignalIconId2=0x7f0200cf mDataTypeIconId1=0x7f0200a2 mDataTypeIconId2=0x7f0200a2 mWifiIconId=0x7f0200ef mRoamingIconId1=0x0 mRoamingIconId2=0x0 mBluetoothTetherIconId=0x10806ce
01-11 20:37:36.625 D/SignalClusterView(503): wifi: VISIBLE sig=2130837743 act=2130837720
01-11 20:37:36.625 D/SignalClusterView(503): mobile1: VISIBLE sig=2130837717 act=0 typ=2130837666
01-11 20:37:36.625 D/SignalClusterView(503): mobile2: VISIBLE sig=2130837711 act=0 typ=2130837666
01-11 20:37:36.625 D/SignalClusterView(503): wifi: VISIBLE sig=2130837743 act=2130837720
01-11 20:37:36.625 D/SignalClusterView(503): mobile1: VISIBLE sig=2130837717 act=0 typ=2130837666
01-11 20:37:36.625 D/SignalClusterView(503): mobile2: VISIBLE sig=2130837711 act=0 typ=2130837666
01-11 20:37:36.625 D/SignalClusterView(503): wifi: VISIBLE sig=2130837743 act=2130837720
01-11 20:37:36.625 D/SignalClusterView(503): mobile1: VISIBLE sig=2130837717 act=0 typ=2130837666
01-11 20:37:36.625 D/SignalClusterView(503): mobile2: VISIBLE sig=2130837711 act=0 typ=2130837666
01-11 20:37:36.625 D/StatusBar-NetworkControllerDS(503): changing data overlay icon id to 2130837720
01-11 20:37:38.635 W/SignalStrength(503): getGsmLevel. this.mGsmSignalBar=4, getGsmSignalStrength()== 19
01-11 20:37:38.635 W/SignalStrength(503): getGsmLevel=4
01-11 20:37:38.635 W/SignalStrength(503): getLevel=4 (SignalStrength: 19 255 -120 -160 -120 -1 -1 99 2147483647 -32767 2147483647 -32767 gsm|lte 4)
01-11 20:37:38.635 W/SignalStrength(503): getGsmLevel. this.mGsmSignalBar=4, getGsmSignalStrength()== 25
01-11 20:37:38.635 W/SignalStrength(503): getGsmLevel=4
01-11 20:37:38.635 W/SignalStrength(503): getLevel=4 (SignalStrength: 25 255 -120 -160 -120 -1 -1 99 2147483647 -32767 2147483647 -32767 gsm|lte 4)
01-11 20:37:38.635 D/StatusBar-NetworkControllerDS(503): refreshViews connected={ wifi } level=4|4 combinedSignalIconId=0x7f0200ef/com.android.systemui:drawable/stat_sys_wifi_signal_4 combinedActivityIconId=0x7f0200d9 mAirplaneMode=false mDataActivity1=0 mDataActivity2=0 mPhoneSignalIconId1=0x7f0200d5 mPhoneSignalIconId2=0x7f0200cf mLastPhoneSignalIconId1=0x7f0200d5 mLastPhoneSignalIconId2=0x7f0200cf mDataDirectionIconId1=0x0 mDataDirectionIconId2=0x0 mDataSignalIconId1=0x7f0200d5 mDataSignalIconId2=0x7f0200cf mDataTypeIconId1=0x7f0200a2 mDataTypeIconId2=0x7f0200a2 mWifiIconId=0x7f0200ef mRoamingIconId1=0x0 mRoamingIconId2=0x0 mBluetoothTetherIconId=0x10806ce
01-11 20:37:38.635 D/SignalClusterView(503): wifi: VISIBLE sig=2130837743 act=2130837721
01-11 20:37:38.635 D/SignalClusterView(503): mobile1: VISIBLE sig=2130837717 act=0 typ=2130837666
01-11 20:37:38.635 D/SignalClusterView(503): mobile2: VISIBLE sig=2130837711 act=0 typ=2130837666
01-11 20:37:38.635 D/SignalClusterView(503): wifi: VISIBLE sig=2130837743 act=2130837721
01-11 20:37:38.635 D/SignalClusterView(503): mobile1: VISIBLE sig=2130837717 act=0 typ=2130837666
01-11 20:37:38.635 D/SignalClusterView(503): mobile2: VISIBLE sig=2130837711 act=0 typ=2130837666
01-11 20:37:38.635 D/SignalClusterView(503): wifi: VISIBLE sig=2130837743 act=2130837721
01-11 20:37:38.635 D/SignalClusterView(503): mobile1: VISIBLE sig=2130837717 act=0 typ=2130837666
01-11 20:37:38.635 D/SignalClusterView(503): mobile2: VISIBLE sig=2130837711 act=0 typ=2130837666
01-11 20:37:38.635 D/StatusBar-NetworkControllerDS(503): changing data overlay icon id to 2130837721
01-11 20:37:39.635 W/SignalStrength(503): getGsmLevel. this.mGsmSignalBar=4, getGsmSignalStrength()== 19
01-11 20:37:39.635 W/SignalStrength(503): getGsmLevel=4
01-11 20:37:39.635 W/SignalStrength(503): getLevel=4 (SignalStrength: 19 255 -120 -160 -120 -1 -1 99 2147483647 -32767 2147483647 -32767 gsm|lte 4)
01-11 20:37:39.635 W/SignalStrength(503): getGsmLevel. this.mGsmSignalBar=4, getGsmSignalStrength()== 25
01-11 20:37:39.635 W/SignalStrength(503): getGsmLevel=4
01-11 20:37:39.635 W/SignalStrength(503): getLevel=4 (SignalStrength: 25 255 -120 -160 -120 -1 -1 99 2147483647 -32767 2147483647 -32767 gsm|lte 4)
01-11 20:37:39.635 D/StatusBar-NetworkControllerDS(503): refreshViews connected={ wifi } level=4|4 combinedSignalIconId=0x7f0200ef/com.android.systemui:drawable/stat_sys_wifi_signal_4 combinedActivityIconId=0x7f0200d8 mAirplaneMode=false mDataActivity1=0 mDataActivity2=0 mPhoneSignalIconId1=0x7f0200d5 mPhoneSignalIconId2=0x7f0200cf mLastPhoneSignalIconId1=0x7f0200d5 mLastPhoneSignalIconId2=0x7f0200cf mDataDirectionIconId1=0x0 mDataDirectionIconId2=0x0 mDataSignalIconId1=0x7f0200d5 mDataSignalIconId2=0x7f0200cf mDataTypeIconId1=0x7f0200a2 mDataTypeIconId2=0x7f0200a2 mWifiIconId=0x7f0200ef mRoamingIconId1=0x0 mRoamingIconId2=0x0 mBluetoothTetherIconId=0x10806ce
01-11 20:37:39.635 D/SignalClusterView(503): wifi: VISIBLE sig=2130837743 act=2130837720
01-11 20:37:39.635 D/SignalClusterView(503): mobile1: VISIBLE sig=2130837717 act=0 typ=2130837666
01-11 20:37:39.635 D/SignalClusterView(503): mobile2: VISIBLE sig=2130837711 act=0 typ=2130837666
01-11 20:37:39.635 D/SignalClusterView(503): wifi: VISIBLE sig=2130837743 act=2130837720
01-11 20:37:39.635 D/SignalClusterView(503): mobile1: VISIBLE sig=2130837717 act=0 typ=2130837666
01-11 20:37:39.635 D/SignalClusterView(503): mobile2: VISIBLE sig=2130837711 act=0 typ=2130837666
01-11 20:37:39.635 D/SignalClusterView(503): wifi: VISIBLE sig=2130837743 act=2130837720
01-11 20:37:39.635 D/SignalClusterView(503): mobile1: VISIBLE sig=2130837717 act=0 typ=2130837666
01-11 20:37:39.635 D/SignalClusterView(503): mobile2: VISIBLE sig=2130837711 act=0 typ=2130837666
01-11 20:37:39.635 D/StatusBar-NetworkControllerDS(503): changing data overlay icon id to 2130837720
01-11 20:37:41.635 W/SignalStrength(503): getGsmLevel. this.mGsmSignalBar=4, getGsmSignalStrength()== 19
01-11 20:37:41.635 W/SignalStrength(503): getGsmLevel=4
01-11 20:37:41.635 W/SignalStrength(503): getLevel=4 (SignalStrength: 19 255 -120 -160 -120 -1 -1 99 2147483647 -32767 2147483647 -32767 gsm|lte 4)
01-11 20:37:41.635 W/SignalStrength(503): getGsmLevel. this.mGsmSignalBar=4, getGsmSignalStrength()== 25
01-11 20:37:41.635 W/SignalStrength(503): getGsmLevel=4
01-11 20:37:41.635 W/SignalStrength(503): getLevel=4 (SignalStrength: 25 255 -120 -160 -120 -1 -1 99 2147483647 -32767 2147483647 -32767 gsm|lte 4)
01-11 20:37:41.635 D/StatusBar-NetworkControllerDS(503): refreshViews connected={ wifi } level=4|4 combinedSignalIconId=0x7f0200ef/com.android.systemui:drawable/stat_sys_wifi_signal_4 combinedActivityIconId=0x7f0200d9 mAirplaneMode=false mDataActivity1=0 mDataActivity2=0 mPhoneSignalIconId1=0x7f0200d5 mPhoneSignalIconId2=0x7f0200cf mLastPhoneSignalIconId1=0x7f0200d5 mLastPhoneSignalIconId2=0x7f0200cf mDataDirectionIconId1=0x0 mDataDirectionIconId2=0x0 mDataSignalIconId1=0x7f0200d5 mDataSignalIconId2=0x7f0200cf mDataTypeIconId1=0x7f0200a2 mDataTypeIconId2=0x7f0200a2 mWifiIconId=0x7f0200ef mRoamingIconId1=0x0 mRoamingIconId2=0x0 mBluetoothTetherIconId=0x10806ce
01-11 20:37:41.635 D/SignalClusterView(503): wifi: VISIBLE sig=2130837743 act=2130837721
01-11 20:37:41.635 D/SignalClusterView(503): mobile1: VISIBLE sig=2130837717 act=0 typ=2130837666
01-11 20:37:41.635 D/SignalClusterView(503): mobile2: VISIBLE sig=2130837711 act=0 typ=2130837666
01-11 20:37:41.635 D/SignalClusterView(503): wifi: VISIBLE sig=2130837743 act=2130837721
01-11 20:37:41.635 D/SignalClusterView(503): mobile1: VISIBLE sig=2130837717 act=0 typ=2130837666
01-11 20:37:41.635 D/SignalClusterView(503): mobile2: VISIBLE sig=2130837711 act=0 typ=2130837666
01-11 20:37:41.635 D/SignalClusterView(503): wifi: VISIBLE sig=2130837743 act=2130837721
01-11 20:37:41.635 D/SignalClusterView(503): mobile1: VISIBLE sig=2130837717 act=0 typ=2130837666
01-11 20:37:41.635 D/SignalClusterView(503): mobile2: VISIBLE sig=2130837711 act=0 typ=2130837666
01-11 20:37:41.635 D/StatusBar-NetworkControllerDS(503): changing data overlay icon id to 2130837721
01-11 20:37:42.635 W/SignalStrength(503): getGsmLevel. this.mGsmSignalBar=4, getGsmSignalStrength()== 19
01-11 20:37:42.635 W/SignalStrength(503): getGsmLevel=4
01-11 20:37:42.635 W/SignalStrength(503): getLevel=4 (SignalStrength: 19 255 -120 -160 -120 -1 -1 99 2147483647 -32767 2147483647 -32767 gsm|lte 4)
01-11 20:37:42.635 W/SignalStrength(503): getGsmLevel. this.mGsmSignalBar=4, getGsmSignalStrength()== 25
01-11 20:37:42.635 W/SignalStrength(503): getGsmLevel=4
01-11 20:37:42.635 W/SignalStrength(503): getLevel=4 (SignalStrength: 25 255 -120 -160 -120 -1 -1 99 2147483647 -32767 2147483647 -32767 gsm|lte 4)
01-11 20:37:42.635 D/StatusBar-NetworkControllerDS(503): refreshViews connected={ wifi } level=4|4 combinedSignalIconId=0x7f0200ef/com.android.systemui:drawable/stat_sys_wifi_signal_4 combinedActivityIconId=0x7f0200d8 mAirplaneMode=false mDataActivity1=0 mDataActivity2=0 mPhoneSignalIconId1=0x7f0200d5 mPhoneSignalIconId2=0x7f0200cf mLastPhoneSignalIconId1=0x7f0200d5 mLastPhoneSignalIconId2=0x7f0200cf mDataDirectionIconId1=0x0 mDataDirectionIconId2=0x0 mDataSignalIconId1=0x7f0200d5 mDataSignalIconId2=0x7f0200cf mDataTypeIconId1=0x7f0200a2 mDataTypeIconId2=0x7f0200a2 mWifiIconId=0x7f0200ef mRoamingIconId1=0x0 mRoamingIconId2=0x0 mBluetoothTetherIconId=0x10806ce
01-11 20:37:42.635 D/SignalClusterView(503): wifi: VISIBLE sig=2130837743 act=2130837720
01-11 20:37:42.635 D/SignalClusterView(503): mobile1: VISIBLE sig=2130837717 act=0 typ=2130837666
01-11 20:37:42.635 D/SignalClusterView(503): mobile2: VISIBLE sig=2130837711 act=0 typ=2130837666
01-11 20:37:42.635 D/SignalClusterView(503): wifi: VISIBLE sig=2130837743 act=2130837720
01-11 20:37:42.635 D/SignalClusterView(503): mobile1: VISIBLE sig=2130837717 act=0 typ=2130837666
01-11 20:37:42.635 D/SignalClusterView(503): mobile2: VISIBLE sig=2130837711 act=0 typ=2130837666
01-11 20:37:42.635 D/SignalClusterView(503): wifi: VISIBLE sig=2130837743 act=2130837720
01-11 20:37:42.645 D/SignalClusterView(503): mobile1: VISIBLE sig=2130837717 act=0 typ=2130837666
01-11 20:37:42.645 D/SignalClusterView(503): mobile2: VISIBLE sig=2130837711 act=0 typ=2130837666
01-11 20:37:42.645 D/StatusBar-NetworkControllerDS(503): changing data overlay icon id to 2130837720
01-11 20:37:43.695 D/plugin  (684): getDefaultSubscription()
01-11 20:37:44.615 I/NRFW    (1229): profile=wifi
01-11 20:37:44.625 I/NRFW    (1229): serverip=103.235.47.88 localIp=10.0.8.1
01-11 20:37:44.635 I/DNS     (1229): 103.235.47.88 h_errno=1
01-11 20:37:44.645 W/SignalStrength(503): getGsmLevel. this.mGsmSignalBar=4, getGsmSignalStrength()== 19
01-11 20:37:44.645 W/SignalStrength(503): getGsmLevel=4
01-11 20:37:44.645 W/SignalStrength(503): getLevel=4 (SignalStrength: 19 255 -120 -160 -120 -1 -1 99 2147483647 -32767 2147483647 -32767 gsm|lte 4)
01-11 20:37:44.645 W/SignalStrength(503): getGsmLevel. this.mGsmSignalBar=4, getGsmSignalStrength()== 25
01-11 20:37:44.645 W/SignalStrength(503): getGsmLevel=4
01-11 20:37:44.645 W/SignalStrength(503): getLevel=4 (SignalStrength: 25 255 -120 -160 -120 -1 -1 99 2147483647 -32767 2147483647 -32767 gsm|lte 4)
01-11 20:37:44.645 D/StatusBar-NetworkControllerDS(503): refreshViews connected={ wifi } level=4|4 combinedSignalIconId=0x7f0200ef/com.android.systemui:drawable/stat_sys_wifi_signal_4 combinedActivityIconId=0x7f0200d9 mAirplaneMode=false mDataActivity1=0 mDataActivity2=0 mPhoneSignalIconId1=0x7f0200d5 mPhoneSignalIconId2=0x7f0200cf mLastPhoneSignalIconId1=0x7f0200d5 mLastPhoneSignalIconId2=0x7f0200cf mDataDirectionIconId1=0x0 mDataDirectionIconId2=0x0 mDataSignalIconId1=0x7f0200d5 mDataSignalIconId2=0x7f0200cf mDataTypeIconId1=0x7f0200a2 mDataTypeIconId2=0x7f0200a2 mWifiIconId=0x7f0200ef mRoamingIconId1=0x0 mRoamingIconId2=0x0 mBluetoothTetherIconId=0x10806ce
01-11 20:37:44.645 D/SignalClusterView(503): wifi: VISIBLE sig=2130837743 act=2130837721
01-11 20:37:44.645 D/SignalClusterView(503): mobile1: VISIBLE sig=2130837717 act=0 typ=2130837666
01-11 20:37:44.645 D/SignalClusterView(503): mobile2: VISIBLE sig=2130837711 act=0 typ=2130837666
01-11 20:37:44.645 D/SignalClusterView(503): wifi: VISIBLE sig=2130837743 act=2130837721
01-11 20:37:44.645 D/SignalClusterView(503): mobile1: VISIBLE sig=2130837717 act=0 typ=2130837666
01-11 20:37:44.645 D/SignalClusterView(503): mobile2: VISIBLE sig=2130837711 act=0 typ=2130837666
01-11 20:37:44.645 D/SignalClusterView(503): wifi: VISIBLE sig=2130837743 act=2130837721
01-11 20:37:44.645 D/SignalClusterView(503): mobile1: VISIBLE sig=2130837717 act=0 typ=2130837666
01-11 20:37:44.645 D/SignalClusterView(503): mobile2: VISIBLE sig=2130837711 act=0 typ=2130837666
01-11 20:37:44.645 D/StatusBar-NetworkControllerDS(503): changing data overlay icon id to 2130837721
01-11 20:37:44.665 I/DNS     (1229): 112.80.248.171 h_errno=1
01-11 20:37:44.675 I/DNS     (1229): 112.80.248.171 h_errno=1
01-11 20:37:45.515 D/BatteryService(377): update start
01-11 20:37:45.515 D/BatteryService(377): level:29 scale:100 status:3 health:2 present:true voltage: 3707 temperature: 240 technology: Li-ion AC powered:false USB powered:false icon:17303167 invalid charger:0
01-11 20:37:45.525 D/KeyguardUpdateMonitor(377): received broadcast android.intent.action.BATTERY_CHANGED
01-11 20:37:45.525 D/KeyguardUpdateMonitor(377): handleBatteryUpdate
01-11 20:37:45.525 D/ThermistorObserver(377): mBatteryBRForAMOLED : onReceive() : newTemperature : 240
01-11 20:37:45.525 V/UiModeManager(377): updateLocked, mLastBroadcastState =0 , oldAction = null
01-11 20:37:45.525 D/STATUSBAR-BatteryController(503): onReceive() - ACTION_BATTERY_CHANGED
01-11 20:37:45.525 D/STATUSBAR-BatteryController(503): onReceive() - level:29
01-11 20:37:45.525 D/STATUSBAR-BatteryController(503): onReceive() - plugged:0
01-11 20:37:45.525 D/STATUSBAR-BatteryController(503): onReceive() - BATTERY_STATUS_DISCHARGING: stat_sys_battery
01-11 20:37:45.535 D/STATUSBAR-PhoneStatusBar(503): ACTION_BATTERY_CHANGED
01-11 20:37:45.535 D/STATUSBAR-PhoneStatusBar(503): NORMAL_BATTERY
01-11 20:37:45.535 D/PowerUI (503): getBatteryOnline : battery online file not found
01-11 20:37:45.645 W/SignalStrength(503): getGsmLevel. this.mGsmSignalBar=4, getGsmSignalStrength()== 19
01-11 20:37:45.645 W/SignalStrength(503): getGsmLevel=4
01-11 20:37:45.645 W/SignalStrength(503): getLevel=4 (SignalStrength: 19 255 -120 -160 -120 -1 -1 99 2147483647 -32767 2147483647 -32767 gsm|lte 4)
01-11 20:37:45.645 W/SignalStrength(503): getGsmLevel. this.mGsmSignalBar=4, getGsmSignalStrength()== 25
01-11 20:37:45.645 W/SignalStrength(503): getGsmLevel=4
01-11 20:37:45.645 W/SignalStrength(503): getLevel=4 (SignalStrength: 25 255 -120 -160 -120 -1 -1 99 2147483647 -32767 2147483647 -32767 gsm|lte 4)
01-11 20:37:45.645 D/StatusBar-NetworkControllerDS(503): refreshViews connected={ wifi } level=4|4 combinedSignalIconId=0x7f0200ef/com.android.systemui:drawable/stat_sys_wifi_signal_4 combinedActivityIconId=0x7f0200d8 mAirplaneMode=false mDataActivity1=0 mDataActivity2=0 mPhoneSignalIconId1=0x7f0200d5 mPhoneSignalIconId2=0x7f0200cf mLastPhoneSignalIconId1=0x7f0200d5 mLastPhoneSignalIconId2=0x7f0200cf mDataDirectionIconId1=0x0 mDataDirectionIconId2=0x0 mDataSignalIconId1=0x7f0200d5 mDataSignalIconId2=0x7f0200cf mDataTypeIconId1=0x7f0200a2 mDataTypeIconId2=0x7f0200a2 mWifiIconId=0x7f0200ef mRoamingIconId1=0x0 mRoamingIconId2=0x0 mBluetoothTetherIconId=0x10806ce
01-11 20:37:45.645 D/SignalClusterView(503): wifi: VISIBLE sig=2130837743 act=2130837720
01-11 20:37:45.645 D/SignalClusterView(503): mobile1: VISIBLE sig=2130837717 act=0 typ=2130837666
01-11 20:37:45.645 D/SignalClusterView(503): mobile2: VISIBLE sig=2130837711 act=0 typ=2130837666
01-11 20:37:45.645 D/SignalClusterView(503): wifi: VISIBLE sig=2130837743 act=2130837720
01-11 20:37:45.645 D/SignalClusterView(503): mobile1: VISIBLE sig=2130837717 act=0 typ=2130837666
01-11 20:37:45.645 D/SignalClusterView(503): mobile2: VISIBLE sig=2130837711 act=0 typ=2130837666
01-11 20:37:45.645 D/SignalClusterView(503): wifi: VISIBLE sig=2130837743 act=2130837720
01-11 20:37:45.655 D/SignalClusterView(503): mobile1: VISIBLE sig=2130837717 act=0 typ=2130837666
01-11 20:37:45.655 D/SignalClusterView(503): mobile2: VISIBLE sig=2130837711 act=0 typ=2130837666
01-11 20:37:45.655 D/StatusBar-NetworkControllerDS(503): changing data overlay icon id to 2130837720
01-11 20:37:47.635 I/NRFW    (1229): profile=wifi
01-11 20:37:47.645 I/NRFW    (1229): serverip=103.235.47.88 localIp=10.0.8.1
01-11 20:37:47.655 W/SignalStrength(503): getGsmLevel. this.mGsmSignalBar=4, getGsmSignalStrength()== 19
01-11 20:37:47.655 W/SignalStrength(503): getGsmLevel=4
01-11 20:37:47.655 W/SignalStrength(503): getLevel=4 (SignalStrength: 19 255 -120 -160 -120 -1 -1 99 2147483647 -32767 2147483647 -32767 gsm|lte 4)
01-11 20:37:47.655 W/SignalStrength(503): getGsmLevel. this.mGsmSignalBar=4, getGsmSignalStrength()== 25
01-11 20:37:47.655 W/SignalStrength(503): getGsmLevel=4
01-11 20:37:47.655 W/SignalStrength(503): getLevel=4 (SignalStrength: 25 255 -120 -160 -120 -1 -1 99 2147483647 -32767 2147483647 -32767 gsm|lte 4)
01-11 20:37:47.655 D/StatusBar-NetworkControllerDS(503): refreshViews connected={ wifi } level=4|4 combinedSignalIconId=0x7f0200ef/com.android.systemui:drawable/stat_sys_wifi_signal_4 combinedActivityIconId=0x7f0200d9 mAirplaneMode=false mDataActivity1=0 mDataActivity2=0 mPhoneSignalIconId1=0x7f0200d5 mPhoneSignalIconId2=0x7f0200cf mLastPhoneSignalIconId1=0x7f0200d5 mLastPhoneSignalIconId2=0x7f0200cf mDataDirectionIconId1=0x0 mDataDirectionIconId2=0x0 mDataSignalIconId1=0x7f0200d5 mDataSignalIconId2=0x7f0200cf mDataTypeIconId1=0x7f0200a2 mDataTypeIconId2=0x7f0200a2 mWifiIconId=0x7f0200ef mRoamingIconId1=0x0 mRoamingIconId2=0x0 mBluetoothTetherIconId=0x10806ce
01-11 20:37:47.655 D/SignalClusterView(503): wifi: VISIBLE sig=2130837743 act=2130837721
01-11 20:37:47.655 D/SignalClusterView(503): mobile1: VISIBLE sig=2130837717 act=0 typ=2130837666
01-11 20:37:47.655 D/SignalClusterView(503): mobile2: VISIBLE sig=2130837711 act=0 typ=2130837666
01-11 20:37:47.655 D/SignalClusterView(503): wifi: VISIBLE sig=2130837743 act=2130837721
01-11 20:37:47.655 D/SignalClusterView(503): mobile1: VISIBLE sig=2130837717 act=0 typ=2130837666
01-11 20:37:47.655 D/SignalClusterView(503): mobile2: VISIBLE sig=2130837711 act=0 typ=2130837666
01-11 20:37:47.655 D/SignalClusterView(503): wifi: VISIBLE sig=2130837743 act=2130837721
01-11 20:37:47.655 D/SignalClusterView(503): mobile1: VISIBLE sig=2130837717 act=0 typ=2130837666
01-11 20:37:47.655 D/SignalClusterView(503): mobile2: VISIBLE sig=2130837711 act=0 typ=2130837666
01-11 20:37:47.655 D/StatusBar-NetworkControllerDS(503): changing data overlay icon id to 2130837721
01-11 20:37:48.655 W/SignalStrength(503): getGsmLevel. this.mGsmSignalBar=4, getGsmSignalStrength()== 19
01-11 20:37:48.655 W/SignalStrength(503): getGsmLevel=4
01-11 20:37:48.655 W/SignalStrength(503): getLevel=4 (SignalStrength: 19 255 -120 -160 -120 -1 -1 99 2147483647 -32767 2147483647 -32767 gsm|lte 4)
01-11 20:37:48.655 W/SignalStrength(503): getGsmLevel. this.mGsmSignalBar=4, getGsmSignalStrength()== 25
01-11 20:37:48.655 W/SignalStrength(503): getGsmLevel=4
01-11 20:37:48.655 W/SignalStrength(503): getLevel=4 (SignalStrength: 25 255 -120 -160 -120 -1 -1 99 2147483647 -32767 2147483647 -32767 gsm|lte 4)
01-11 20:37:48.655 D/StatusBar-NetworkControllerDS(503): refreshViews connected={ wifi } level=4|4 combinedSignalIconId=0x7f0200ef/com.android.systemui:drawable/stat_sys_wifi_signal_4 combinedActivityIconId=0x7f0200d8 mAirplaneMode=false mDataActivity1=0 mDataActivity2=0 mPhoneSignalIconId1=0x7f0200d5 mPhoneSignalIconId2=0x7f0200cf mLastPhoneSignalIconId1=0x7f0200d5 mLastPhoneSignalIconId2=0x7f0200cf mDataDirectionIconId1=0x0 mDataDirectionIconId2=0x0 mDataSignalIconId1=0x7f0200d5 mDataSignalIconId2=0x7f0200cf mDataTypeIconId1=0x7f0200a2 mDataTypeIconId2=0x7f0200a2 mWifiIconId=0x7f0200ef mRoamingIconId1=0x0 mRoamingIconId2=0x0 mBluetoothTetherIconId=0x10806ce
01-11 20:37:48.655 D/SignalClusterView(503): wifi: VISIBLE sig=2130837743 act=2130837720
01-11 20:37:48.655 D/SignalClusterView(503): mobile1: VISIBLE sig=2130837717 act=0 typ=2130837666
01-11 20:37:48.655 D/SignalClusterView(503): mobile2: VISIBLE sig=2130837711 act=0 typ=2130837666
01-11 20:37:48.655 D/SignalClusterView(503): wifi: VISIBLE sig=2130837743 act=2130837720
01-11 20:37:48.655 D/SignalClusterView(503): mobile1: VISIBLE sig=2130837717 act=0 typ=2130837666
01-11 20:37:48.655 D/SignalClusterView(503): mobile2: VISIBLE sig=2130837711 act=0 typ=2130837666
01-11 20:37:48.655 D/SignalClusterView(503): wifi: VISIBLE sig=2130837743 act=2130837720
01-11 20:37:48.655 D/SignalClusterView(503): mobile1: VISIBLE sig=2130837717 act=0 typ=2130837666
01-11 20:37:48.655 D/SignalClusterView(503): mobile2: VISIBLE sig=2130837711 act=0 typ=2130837666
01-11 20:37:48.655 D/StatusBar-NetworkControllerDS(503): changing data overlay icon id to 2130837720
01-11 20:37:49.935 D/plugin  (684): getDefaultSubscription()
01-11 20:37:49.935 E/MSimTelephonyManager(24146): MSimTelephonyManager sRegistryMsim != null
01-11 20:37:49.945 I/NRFW    (1229): serverip=180.76.3.90 localIp=10.0.8.1
01-11 20:37:49.955 I/DNS     (1229): 180.76.3.90 h_errno=1
01-11 20:37:50.665 W/SignalStrength(503): getGsmLevel. this.mGsmSignalBar=4, getGsmSignalStrength()== 19
01-11 20:37:50.665 W/SignalStrength(503): getGsmLevel=4
01-11 20:37:50.665 W/SignalStrength(503): getLevel=4 (SignalStrength: 19 255 -120 -160 -120 -1 -1 99 2147483647 -32767 2147483647 -32767 gsm|lte 4)
01-11 20:37:50.665 W/SignalStrength(503): getGsmLevel. this.mGsmSignalBar=4, getGsmSignalStrength()== 25
01-11 20:37:50.665 W/SignalStrength(503): getGsmLevel=4
01-11 20:37:50.665 W/SignalStrength(503): getLevel=4 (SignalStrength: 25 255 -120 -160 -120 -1 -1 99 2147483647 -32767 2147483647 -32767 gsm|lte 4)
01-11 20:37:50.665 D/StatusBar-NetworkControllerDS(503): refreshViews connected={ wifi } level=4|4 combinedSignalIconId=0x7f0200ef/com.android.systemui:drawable/stat_sys_wifi_signal_4 combinedActivityIconId=0x7f0200d9 mAirplaneMode=false mDataActivity1=0 mDataActivity2=0 mPhoneSignalIconId1=0x7f0200d5 mPhoneSignalIconId2=0x7f0200cf mLastPhoneSignalIconId1=0x7f0200d5 mLastPhoneSignalIconId2=0x7f0200cf mDataDirectionIconId1=0x0 mDataDirectionIconId2=0x0 mDataSignalIconId1=0x7f0200d5 mDataSignalIconId2=0x7f0200cf mDataTypeIconId1=0x7f0200a2 mDataTypeIconId2=0x7f0200a2 mWifiIconId=0x7f0200ef mRoamingIconId1=0x0 mRoamingIconId2=0x0 mBluetoothTetherIconId=0x10806ce
01-11 20:37:50.665 D/SignalClusterView(503): wifi: VISIBLE sig=2130837743 act=2130837721
01-11 20:37:50.665 D/SignalClusterView(503): mobile1: VISIBLE sig=2130837717 act=0 typ=2130837666
01-11 20:37:50.665 D/SignalClusterView(503): mobile2: VISIBLE sig=2130837711 act=0 typ=2130837666
01-11 20:37:50.665 D/SignalClusterView(503): wifi: VISIBLE sig=2130837743 act=2130837721
01-11 20:37:50.665 D/SignalClusterView(503): mobile1: VISIBLE sig=2130837717 act=0 typ=2130837666
01-11 20:37:50.665 D/SignalClusterView(503): mobile2: VISIBLE sig=2130837711 act=0 typ=2130837666
01-11 20:37:50.665 D/SignalClusterView(503): wifi: VISIBLE sig=2130837743 act=2130837721
01-11 20:37:50.665 D/SignalClusterView(503): mobile1: VISIBLE sig=2130837717 act=0 typ=2130837666
01-11 20:37:50.665 D/SignalClusterView(503): mobile2: VISIBLE sig=2130837711 act=0 typ=2130837666
01-11 20:37:50.665 D/StatusBar-NetworkControllerDS(503): changing data overlay icon id to 2130837721
01-11 20:37:51.665 W/SignalStrength(503): getGsmLevel. this.mGsmSignalBar=4, getGsmSignalStrength()== 19
01-11 20:37:51.665 W/SignalStrength(503): getGsmLevel=4
01-11 20:37:51.665 W/SignalStrength(503): getLevel=4 (SignalStrength: 19 255 -120 -160 -120 -1 -1 99 2147483647 -32767 2147483647 -32767 gsm|lte 4)
01-11 20:37:51.665 W/SignalStrength(503): getGsmLevel. this.mGsmSignalBar=4, getGsmSignalStrength()== 25
01-11 20:37:51.665 W/SignalStrength(503): getGsmLevel=4
01-11 20:37:51.665 W/SignalStrength(503): getLevel=4 (SignalStrength: 25 255 -120 -160 -120 -1 -1 99 2147483647 -32767 2147483647 -32767 gsm|lte 4)
01-11 20:37:51.665 D/StatusBar-NetworkControllerDS(503): refreshViews connected={ wifi } level=4|4 combinedSignalIconId=0x7f0200ef/com.android.systemui:drawable/stat_sys_wifi_signal_4 combinedActivityIconId=0x7f0200d8 mAirplaneMode=false mDataActivity1=0 mDataActivity2=0 mPhoneSignalIconId1=0x7f0200d5 mPhoneSignalIconId2=0x7f0200cf mLastPhoneSignalIconId1=0x7f0200d5 mLastPhoneSignalIconId2=0x7f0200cf mDataDirectionIconId1=0x0 mDataDirectionIconId2=0x0 mDataSignalIconId1=0x7f0200d5 mDataSignalIconId2=0x7f0200cf mDataTypeIconId1=0x7f0200a2 mDataTypeIconId2=0x7f0200a2 mWifiIconId=0x7f0200ef mRoamingIconId1=0x0 mRoamingIconId2=0x0 mBluetoothTetherIconId=0x10806ce
01-11 20:37:51.665 D/SignalClusterView(503): wifi: VISIBLE sig=2130837743 act=2130837720
01-11 20:37:51.665 D/SignalClusterView(503): mobile1: VISIBLE sig=2130837717 act=0 typ=2130837666
01-11 20:37:51.665 D/SignalClusterView(503): mobile2: VISIBLE sig=2130837711 act=0 typ=2130837666
01-11 20:37:51.665 D/SignalClusterView(503): wifi: VISIBLE sig=2130837743 act=2130837720
01-11 20:37:51.665 D/SignalClusterView(503): mobile1: VISIBLE sig=2130837717 act=0 typ=2130837666
01-11 20:37:51.665 D/SignalClusterView(503): mobile2: VISIBLE sig=2130837711 act=0 typ=2130837666
01-11 20:37:51.665 D/SignalClusterView(503): wifi: VISIBLE sig=2130837743 act=2130837720
01-11 20:37:51.665 D/SignalClusterView(503): mobile1: VISIBLE sig=2130837717 act=0 typ=2130837666
01-11 20:37:51.665 D/SignalClusterView(503): mobile2: VISIBLE sig=2130837711 act=0 typ=2130837666
01-11 20:37:51.665 D/StatusBar-NetworkControllerDS(503): changing data overlay icon id to 2130837720
01-11 20:37:52.955 I/NRFW    (1229): profile=wifi
01-11 20:37:52.965 I/NRFW    (1229): serverip=180.76.3.90 localIp=10.0.8.1
